66.249.70.109 - - [28/Jul/2024:00:07:57 +0200] "GET /?m=pdf]-quran-surah-81-at-takwir-%D8%A7%D9%84%D9%82%D8%B1%D8%A2%D9%86-%D8%B3%D9%88%D8%B1%D8%A9-%D8%A7%D9%84%D8%AA%D9%83%D9%88%D9%8A%D8%B1-zz-PoxQMYf9 HTTP/1.1" 200 6925 "-" "Mozilla/5.0 (Linux; Android 6.0.1; Nexus 5X Build/MMB29P) AppleWebKit/537.36 (KHTML, like Gecko) Chrome/126.0.6478.126 Mobile Safari/537.36 (compatible; GoogleOther)"
66.249.70.4 - - [28/Jul/2024:00:07:58 +0200] "GET /?i=romanian-village-finds-that-the-affection-of-prince-charles-mm-e3qEVEtg HTTP/1.1" 200 7061 "-" "Mozilla/5.0 (Linux; Android 6.0.1; Nexus 5X Build/MMB29P) AppleWebKit/537.36 (KHTML, like Gecko) Chrome/126.0.6478.126 Mobile Safari/537.36 (compatible; Googlebot/2.1; +http://www.google.com/bot.html)"
66.249.70.5 - - [28/Jul/2024:00:07:58 +0200] "GET /de/?i=tan-black-cakes-demos-ben-s-%E2%80%9Cteam-fortress-2%E2%80%9D-mm-MR5jMBFo HTTP/1.1" 200 6917 "-" "Mozilla/5.0 (Linux; Android 6.0.1; Nexus 5X Build/MMB29P) AppleWebKit/537.36 (KHTML, like Gecko) Chrome/126.0.6478.126 Mobile Safari/537.36 (compatible; Googlebot/2.1; +http://www.google.com/bot.html)"
66.249.70.5 - - [28/Jul/2024:00:07:58 +0200] "GET /?i=salty-dog-salt-spray-salon-bowie-mm-D1wqKjTk HTTP/1.1" 200 10877 "-" "Mozilla/5.0 (Linux; Android 6.0.1; Nexus 5X Build/MMB29P) AppleWebKit/537.36 (KHTML, like Gecko) Chrome/126.0.6478.126 Mobile Safari/537.36 (compatible; Googlebot/2.1; +http://www.google.com/bot.html)"
66.249.70.8 - - [28/Jul/2024:00:07:58 +0200] "GET /?i=installing-oh-my-zsh-and-oh-my-posh-on-mm-vJ4bdGsV HTTP/1.1" 200 7238 "-" "Mozilla/5.0 (Linux; Android 6.0.1; Nexus 5X Build/MMB29P) AppleWebKit/537.36 (KHTML, like Gecko) Chrome/126.0.6478.126 Mobile Safari/537.36 (compatible; Googlebot/2.1; +http://www.google.com/bot.html)"
172.56.46.217 - - [28/Jul/2024:00:07:58 +0200] "GET /?i=superdrive-driving-wheel-sv200-for-pc-ps3-ps4-xone-mm-xmGw6Hq HTTP/1.1" 200 4353 "https://www.google.com/" "Mozilla/5.0 (iPhone; CPU iPhone OS 17_3 like Mac OS X) AppleWebKit/605.1.15 (KHTML, like Gecko) GSA/307.0.613445279 Mobile/15E148 Safari/604.1"
66.249.70.3 - - [28/Jul/2024:00:07:58 +0200] "GET /?i=insect-collecting-jar-glass-with-ethyl-acetate-1108-1116-mm-X56ObwSX HTTP/1.1" 200 6426 "-" "Mozilla/5.0 (Linux; Android 6.0.1; Nexus 5X Build/MMB29P) AppleWebKit/537.36 (KHTML, like Gecko) Chrome/126.0.6478.126 Mobile Safari/537.36 (compatible; Googlebot/2.1; +http://www.google.com/bot.html)"
195.91.104.181 - - [28/Jul/2024:00:07:58 +0200] "GET /?i=rieky-slovenska-slep%C3%A1-mapa-quiz-mm-k2Vmnzho HTTP/1.1" 200 4355 "https://www.google.com/" "Mozilla/5.0 (Linux; Android 10; K) AppleWebKit/537.36 (KHTML, like Gecko) Chrome/126.0.0.0 Mobile Safari/537.36"
66.249.70.7 - - [28/Jul/2024:00:07:58 +0200] "GET /?i=another-word-for-buried-synonyms-antonyms-mm-eY0WMOTg HTTP/1.1" 200 6475 "-" "Mozilla/5.0 (Linux; Android 6.0.1; Nexus 5X Build/MMB29P) AppleWebKit/537.36 (KHTML, like Gecko) Chrome/126.0.6478.126 Mobile Safari/537.36 (compatible; Googlebot/2.1; +http://www.google.com/bot.html)"
108.87.106.255 - - [28/Jul/2024:00:07:58 +0200] "GET /?i=eishero-on-x-@israelkicksass-read-the-bible-which-is-mm-gPa1YAU7 HTTP/1.1" 200 4354 "https://www.google.com/" "Mozilla/5.0 (iPhone; CPU iPhone OS 17_5_1 like Mac OS X) AppleWebKit/605.1.15 (KHTML, like Gecko) Version/17.5 Mobile/15E148 Safari/604.1"
66.249.70.4 - - [28/Jul/2024:00:07:58 +0200] "GET /?i=menu-of-fast-wok-in-parkesburg-pa-19365-mm-VNGY3qt6 HTTP/1.1" 200 6473 "-" "Mozilla/5.0 (Linux; Android 6.0.1; Nexus 5X Build/MMB29P) AppleWebKit/537.36 (KHTML, like Gecko) Chrome/126.0.6478.126 Mobile Safari/537.36 (compatible; Googlebot/2.1; +http://www.google.com/bot.html)"
208.118.204.4 - - [28/Jul/2024:00:07:58 +0200] "GET /?i=pssst-you-wanna-buy-a-jet-powered-go-kart-mm-L6OeLzfd HTTP/1.1" 200 4354 "https://www.google.com/" "Mozilla/5.0 (Linux; Android 10; K) AppleWebKit/537.36 (KHTML, like Gecko) Chrome/126.0.0.0 Mobile Safari/537.36"
66.249.70.1 - - [28/Jul/2024:00:07:58 +0200] "GET /?i=annapurna-bewitching-natural-beauty-%C2%AB-khabarhub-mm-x5poBWiq HTTP/1.1" 200 7483 "-" "Mozilla/5.0 (Linux; Android 6.0.1; Nexus 5X Build/MMB29P) AppleWebKit/537.36 (KHTML, like Gecko) Chrome/126.0.6478.126 Mobile Safari/537.36 (compatible; Googlebot/2.1; +http://www.google.com/bot.html)"
66.249.70.8 - - [28/Jul/2024:00:07:59 +0200] "GET /?i=cheap-hotel-a-o-hamburg-reeperbahn-hamburg-from-9%E2%82%AC-mm-BwdwXXhV HTTP/1.1" 200 6712 "-" "Mozilla/5.0 (Linux; Android 6.0.1; Nexus 5X Build/MMB29P) AppleWebKit/537.36 (KHTML, like Gecko) Chrome/126.0.6478.126 Mobile Safari/537.36 (compatible; Googlebot/2.1; +http://www.google.com/bot.html)"
51.194.240.115 - - [28/Jul/2024:00:07:59 +0200] "GET /en/?i=english-queen-anne-chinoiserie-dining-chairs-mm-MEELMeho HTTP/1.1" 200 4355 "https://www.google.co.uk/" "Mozilla/5.0 (iPhone; CPU iPhone OS 17_5_1 like Mac OS X) AppleWebKit/605.1.15 (KHTML, like Gecko) Version/17.5 Mobile/15E148 Safari/604.1"
66.249.70.7 - - [28/Jul/2024:00:07:59 +0200] "GET /?i=nimes-25th-aug-the-officers-of-crs-and-raid-mm-qEv6GdUj HTTP/1.1" 200 8593 "-" "Mozilla/5.0 (Linux; Android 6.0.1; Nexus 5X Build/MMB29P) AppleWebKit/537.36 (KHTML, like Gecko) Chrome/126.0.6478.126 Mobile Safari/537.36 (compatible; Googlebot/2.1; +http://www.google.com/bot.html)"
136.243.228.194 - - [28/Jul/2024:00:07:59 +0200] "GET /?i=top-samsung-galaxy-s-series-to-buy-2021-mm-701bb6u0 HTTP/1.1" 200 1816 "-" "Mozilla/5.0 (compatible; DataForSeoBot/1.0; +https://dataforseo.com/dataforseo-bot)"
66.249.70.5 - - [28/Jul/2024:00:07:59 +0200] "GET /?i=caf%C3%A9-tables-dimensions-drawings-mm-YGOpjjCn HTTP/1.1" 200 7105 "-" "Mozilla/5.0 (Linux; Android 6.0.1; Nexus 5X Build/MMB29P) AppleWebKit/537.36 (KHTML, like Gecko) Chrome/126.0.6478.126 Mobile Safari/537.36 (compatible; Googlebot/2.1; +http://www.google.com/bot.html)"
66.249.70.4 - - [28/Jul/2024:00:07:59 +0200] "GET /?i=marine-channel-frequencies-vhf-uhf-radio-programming-radiomaster-reports-mm-g7kVgAT7 HTTP/1.1" 200 6615 "-" "Mozilla/5.0 (Linux; Android 6.0.1; Nexus 5X Build/MMB29P) AppleWebKit/537.36 (KHTML, like Gecko) Chrome/126.0.6478.126 Mobile Safari/537.36 (compatible; Googlebot/2.1; +http://www.google.com/bot.html)"
66.249.70.6 - - [28/Jul/2024:00:07:59 +0200] "GET /?i=review-symbiote-spider-man-crossroads-3-comic-crusaders-mm-kkbaPjco HTTP/1.1" 200 7441 "-" "Mozilla/5.0 (Linux; Android 6.0.1; Nexus 5X Build/MMB29P) AppleWebKit/537.36 (KHTML, like Gecko) Chrome/126.0.6478.126 Mobile Safari/537.36 (compatible; Googlebot/2.1; +http://www.google.com/bot.html)"
66.249.70.5 - - [28/Jul/2024:00:07:59 +0200] "GET /?i=fallout-new-vegas-10-choices-that-will-effect-which-mm-j1XqE1I9 HTTP/1.1" 200 6849 "-" "Mozilla/5.0 (Linux; Android 6.0.1; Nexus 5X Build/MMB29P) AppleWebKit/537.36 (KHTML, like Gecko) Chrome/126.0.6478.126 Mobile Safari/537.36 (compatible; Googlebot/2.1; +http://www.google.com/bot.html)"
66.249.70.7 - - [28/Jul/2024:00:07:59 +0200] "GET /?i=disney-is-releasing-a-nightmare-before-christmas-starbucks-cup-mm-JrQQVwT1 HTTP/1.1" 200 7391 "-" "Mozilla/5.0 (Linux; Android 6.0.1; Nexus 5X Build/MMB29P) AppleWebKit/537.36 (KHTML, like Gecko) Chrome/126.0.6478.126 Mobile Safari/537.36 (compatible; Googlebot/2.1; +http://www.google.com/bot.html)"
23.247.159.82 - - [28/Jul/2024:00:08:00 +0200] "GET /?i=french-drain-solutions-french-drain-system-align-foundation-repair-mm-AxJrpOuO HTTP/1.1" 200 4355 "https://www.google.com/" "Mozilla/5.0 (iPhone; CPU iPhone OS 17_5 like Mac OS X) AppleWebKit/605.1.15 (KHTML, like Gecko) CriOS/126.0.6478.153 Mobile/15E148 Safari/604.1"
157.55.39.62 - - [28/Jul/2024:00:08:00 +0200] "GET /?i=trx2-games-m-YGmAvjin HTTP/1.1" 200 4631 "-" "Mozilla/5.0 AppleWebKit/537.36 (KHTML, like Gecko; compatible; bingbot/2.0; +http://www.bing.com/bingbot.htm) Chrome/116.0.1938.76 Safari/537.36"
66.249.70.8 - - [28/Jul/2024:00:08:00 +0200] "GET /index.php/8bdenzaido28bd4549077564887?i=free-line-01-pdf-angling-fishing-tackle-mm-xw2g0qHq HTTP/1.1" 200 10917 "-" "Mozilla/5.0 (Linux; Android 6.0.1; Nexus 5X Build/MMB29P) AppleWebKit/537.36 (KHTML, like Gecko) Chrome/126.0.6478.126 Mobile Safari/537.36 (compatible; GoogleOther)"
66.249.70.4 - - [28/Jul/2024:00:08:00 +0200] "GET /?i=top-10-blocks-fiba-basketball-world-cup-qualifiers-window-mm-aexzYjtN HTTP/1.1" 200 7912 "-" "Mozilla/5.0 (Linux; Android 6.0.1; Nexus 5X Build/MMB29P) AppleWebKit/537.36 (KHTML, like Gecko) Chrome/126.0.6478.126 Mobile Safari/537.36 (compatible; Googlebot/2.1; +http://www.google.com/bot.html)"
66.249.70.6 - - [28/Jul/2024:00:08:00 +0200] "GET /?i=acer-h7531d-prix-m-0jgMYtx HTTP/1.1" 200 4361 "-" "Mozilla/5.0 (Linux; Android 6.0.1; Nexus 5X Build/MMB29P) AppleWebKit/537.36 (KHTML, like Gecko) Chrome/126.0.6478.126 Mobile Safari/537.36 (compatible; Googlebot/2.1; +http://www.google.com/bot.html)"
66.249.70.1 - - [28/Jul/2024:00:08:00 +0200] "GET /?i=task-7-mind-map-of-vitamins-fila-table-for-mm-kB2nV0Io HTTP/1.1" 200 7028 "-" "Mozilla/5.0 (Linux; Android 6.0.1; Nexus 5X Build/MMB29P) AppleWebKit/537.36 (KHTML, like Gecko) Chrome/126.0.6478.126 Mobile Safari/537.36 (compatible; Googlebot/2.1; +http://www.google.com/bot.html)"
23.247.159.82 - - [28/Jul/2024:00:08:00 +0200] "GET /favicon.ico HTTP/1.1" 200 5359 "-" "Mozilla/5.0 (iPhone; CPU iPhone OS 17_5 like Mac OS X) AppleWebKit/605.1.15 (KHTML, like Gecko) CriOS/126.0.6478.153 Mobile/15E148 Safari/604.1"
66.249.70.6 - - [28/Jul/2024:00:08:00 +0200] "GET /?i=keeping-up-foreign-relations-phlydaily-merch-new-t-shirt-mm-GxkWL5Td HTTP/1.1" 200 10831 "-" "Mozilla/5.0 (Linux; Android 6.0.1; Nexus 5X Build/MMB29P) AppleWebKit/537.36 (KHTML, like Gecko) Chrome/126.0.6478.126 Mobile Safari/537.36 (compatible; Googlebot/2.1; +http://www.google.com/bot.html)"
66.249.70.2 - - [28/Jul/2024:00:08:00 +0200] "GET /?i=jane-wyman-biography-movies-facts-britannica-mm-v16jPGcV HTTP/1.1" 200 7036 "-" "Mozilla/5.0 (Linux; Android 6.0.1; Nexus 5X Build/MMB29P) AppleWebKit/537.36 (KHTML, like Gecko) Chrome/126.0.6478.126 Mobile Safari/537.36 (compatible; Googlebot/2.1; +http://www.google.com/bot.html)"
66.249.70.5 - - [28/Jul/2024:00:08:00 +0200] "GET /en/?i=endangered-animals-list-with-pictures-mm-vL52N9uV HTTP/1.1" 200 6893 "-" "Mozilla/5.0 (Linux; Android 6.0.1; Nexus 5X Build/MMB29P) AppleWebKit/537.36 (KHTML, like Gecko) Chrome/126.0.6478.126 Mobile Safari/537.36 (compatible; Googlebot/2.1; +http://www.google.com/bot.html)"
66.249.70.3 - - [28/Jul/2024:00:08:00 +0200] "GET /?i=xbee-usb-adapter-miniusb-dan-xbee-zigbee-modul-komunikasi-mm-w23bEQSk HTTP/1.1" 200 7553 "-" "Mozilla/5.0 (Linux; Android 6.0.1; Nexus 5X Build/MMB29P) AppleWebKit/537.36 (KHTML, like Gecko) Chrome/126.0.6478.126 Mobile Safari/537.36 (compatible; Googlebot/2.1; +http://www.google.com/bot.html)"
66.249.70.5 - - [28/Jul/2024:00:08:00 +0200] "GET /?i=qatar-airways-delays-the-delivery-of-the-first-airbus-mm-BEbQd2tV HTTP/1.1" 200 8127 "-" "Mozilla/5.0 (Linux; Android 6.0.1; Nexus 5X Build/MMB29P) AppleWebKit/537.36 (KHTML, like Gecko) Chrome/126.0.6478.126 Mobile Safari/537.36 (compatible; Googlebot/2.1; +http://www.google.com/bot.html)"
66.249.70.7 - - [28/Jul/2024:00:08:00 +0200] "GET /?i=bacb-association-for-behavior-analysis-international-mm-VGbaEeS6 HTTP/1.1" 200 6911 "-" "Mozilla/5.0 (Linux; Android 6.0.1; Nexus 5X Build/MMB29P) AppleWebKit/537.36 (KHTML, like Gecko) Chrome/126.0.6478.126 Mobile Safari/537.36 (compatible; Googlebot/2.1; +http://www.google.com/bot.html)"
71.135.216.27 - - [28/Jul/2024:00:08:01 +0200] "GET /?i=top-10-best-faith-over-fear-tattoo-ideas-for-mm-DdM3dQIk HTTP/1.1" 200 4354 "https://www.google.com/" "Mozilla/5.0 (iPhone; CPU iPhone OS 17_5_1 like Mac OS X) AppleWebKit/605.1.15 (KHTML, like Gecko) Version/17.5 Mobile/15E148 Safari/604.1"
66.249.70.8 - - [28/Jul/2024:00:08:01 +0200] "GET /?i=bengaluru-lucknow-super-giants-players-and-support-staff-during-mm-dYAWJXFe HTTP/1.1" 200 7240 "-" "Mozilla/5.0 (Linux; Android 6.0.1; Nexus 5X Build/MMB29P) AppleWebKit/537.36 (KHTML, like Gecko) Chrome/126.0.6478.126 Mobile Safari/537.36 (compatible; Googlebot/2.1; +http://www.google.com/bot.html)"
66.249.70.5 - - [28/Jul/2024:00:08:01 +0200] "GET /?i=basketball-terms-60+-interesting-basketball-vocabulary-you-should-know-mm-vjJvNrsV HTTP/1.1" 200 7070 "-" "Mozilla/5.0 (Linux; Android 6.0.1; Nexus 5X Build/MMB29P) AppleWebKit/537.36 (KHTML, like Gecko) Chrome/126.0.6478.126 Mobile Safari/537.36 (compatible; Googlebot/2.1; +http://www.google.com/bot.html)"
66.249.70.1 - - [28/Jul/2024:00:08:01 +0200] "GET /?i=how-to-fill-in-the-canon-cartridge-445-446-mm-zYv7oWH5 HTTP/1.1" 200 7599 "-" "Mozilla/5.0 (Linux; Android 6.0.1; Nexus 5X Build/MMB29P) AppleWebKit/537.36 (KHTML, like Gecko) Chrome/126.0.6478.126 Mobile Safari/537.36 (compatible; Googlebot/2.1; +http://www.google.com/bot.html)"
66.249.70.2 - - [28/Jul/2024:00:08:01 +0200] "GET /?i=github-ichtrojan-go-todo-a-simple-todo-list-application-mm-1kBQVzh7 HTTP/1.1" 200 7633 "-" "Mozilla/5.0 (Linux; Android 6.0.1; Nexus 5X Build/MMB29P) AppleWebKit/537.36 (KHTML, like Gecko) Chrome/126.0.6478.126 Mobile Safari/537.36 (compatible; Googlebot/2.1; +http://www.google.com/bot.html)"
217.113.194.87 - - [28/Jul/2024:00:08:01 +0200] "GET /fr/initiative/48-radikalle%C5%9Fme--bir-kavram%C4%B1n-yolculu%C4%9Fu--kundnani--2012-.html HTTP/1.1" 200 2488 "-" "Mozilla/5.0 (compatible; Barkrowler/0.9; +https://babbar.tech/crawler)"
66.249.70.109 - - [28/Jul/2024:00:08:01 +0200] "GET /?m=v8fr-ii-v8r7-ii-pdf-transmitter-wireless-zz-7gkqzAsW HTTP/1.1" 200 6906 "-" "Mozilla/5.0 (Linux; Android 6.0.1; Nexus 5X Build/MMB29P) AppleWebKit/537.36 (KHTML, like Gecko) Chrome/126.0.6478.126 Mobile Safari/537.36 (compatible; GoogleOther)"
66.249.70.8 - - [28/Jul/2024:00:08:01 +0200] "GET /?i=joe-biden-the-president-the-white-house-mm-A93pekuO HTTP/1.1" 200 7453 "-" "Mozilla/5.0 (Linux; Android 6.0.1; Nexus 5X Build/MMB29P) AppleWebKit/537.36 (KHTML, like Gecko) Chrome/126.0.6478.126 Mobile Safari/537.36 (compatible; Googlebot/2.1; +http://www.google.com/bot.html)"
66.249.70.3 - - [28/Jul/2024:00:08:01 +0200] "GET /?i=academics-should-stand-with-fry-against-anti-gay-russia-mm-2QqoxRHj HTTP/1.1" 200 7187 "-" "Mozilla/5.0 (Linux; Android 6.0.1; Nexus 5X Build/MMB29P) AppleWebKit/537.36 (KHTML, like Gecko) Chrome/126.0.6478.126 Mobile Safari/537.36 (compatible; Googlebot/2.1; +http://www.google.com/bot.html)"
66.249.70.1 - - [28/Jul/2024:00:08:01 +0200] "GET /?i=fmaj9-guitar-chord-chart-f-major-easy-guitarfluence-mm-QR5q39fX HTTP/1.1" 200 10704 "-" "Mozilla/5.0 (Linux; Android 6.0.1; Nexus 5X Build/MMB29P) AppleWebKit/537.36 (KHTML, like Gecko) Chrome/126.0.6478.126 Mobile Safari/537.36 (compatible; Googlebot/2.1; +http://www.google.com/bot.html)"
66.249.70.5 - - [28/Jul/2024:00:08:01 +0200] "GET /?i=clyde-tattoos-room-shambles-super-fun-trafalgar-facebook-mm-96Wm1JU7 HTTP/1.1" 200 7280 "-" "Mozilla/5.0 (Linux; Android 6.0.1; Nexus 5X Build/MMB29P) AppleWebKit/537.36 (KHTML, like Gecko) Chrome/126.0.6478.126 Mobile Safari/537.36 (compatible; Googlebot/2.1; +http://www.google.com/bot.html)"
37.47.96.6 - - [28/Jul/2024:00:08:01 +0200] "GET /?i=%C5%BByczenia-na-imieniny-anny-mm-pb0z4YSj HTTP/1.1" 200 4355 "https://www.google.com/" "Mozilla/5.0 (Linux; Android 10; K) AppleWebKit/537.36 (KHTML, like Gecko) Chrome/126.0.0.0 Mobile Safari/537.36"
66.249.70.6 - - [28/Jul/2024:00:08:01 +0200] "GET /?i=does-anyone-know-how-to-set-up-qq-mail-mm-M0AMWeio HTTP/1.1" 200 7000 "-" "Mozilla/5.0 (Linux; Android 6.0.1; Nexus 5X Build/MMB29P) AppleWebKit/537.36 (KHTML, like Gecko) Chrome/126.0.6478.126 Mobile Safari/537.36 (compatible; Googlebot/2.1; +http://www.google.com/bot.html)"
66.249.70.5 - - [28/Jul/2024:00:08:01 +0200] "GET /?i=olive-green-high-neck-bridesmaid-dresses-mm-DoNX70ck HTTP/1.1" 200 7135 "-" "Mozilla/5.0 (Linux; Android 6.0.1; Nexus 5X Build/MMB29P) AppleWebKit/537.36 (KHTML, like Gecko) Chrome/126.0.6478.126 Mobile Safari/537.36 (compatible; Googlebot/2.1; +http://www.google.com/bot.html)"
66.249.70.4 - - [28/Jul/2024:00:08:02 +0200] "GET /?i=sierra-johnson-food-service-worker-luca-pizza-linkedin-mm-JdwopOu1 HTTP/1.1" 200 6971 "-" "Mozilla/5.0 (Linux; Android 6.0.1; Nexus 5X Build/MMB29P) AppleWebKit/537.36 (KHTML, like Gecko) Chrome/126.0.6478.126 Mobile Safari/537.36 (compatible; Googlebot/2.1; +http://www.google.com/bot.html)"
66.249.70.3 - - [28/Jul/2024:00:08:02 +0200] "GET /?i=fantasy-map-making-i-like-vintage-style-with-a-mm-kp0nBkco HTTP/1.1" 200 7168 "-" "Mozilla/5.0 (Linux; Android 6.0.1; Nexus 5X Build/MMB29P) AppleWebKit/537.36 (KHTML, like Gecko) Chrome/126.0.6478.126 Mobile Safari/537.36 (compatible; Googlebot/2.1; +http://www.google.com/bot.html)"
66.249.70.6 - - [28/Jul/2024:00:08:02 +0200] "GET /?i=neosine-forte-500mg-5ml-syrop-100ml-aflofarm-%E2%80%93-apteczka-mm-92YGDDu7 HTTP/1.1" 200 7327 "-" "Mozilla/5.0 (Linux; Android 6.0.1; Nexus 5X Build/MMB29P) AppleWebKit/537.36 (KHTML, like Gecko) Chrome/126.0.6478.126 Mobile Safari/537.36 (compatible; Googlebot/2.1; +http://www.google.com/bot.html)"
66.249.70.3 - - [28/Jul/2024:00:08:02 +0200] "GET /?i=uss-boise-ssn-764-los-angeles-class-attack-submarine-mm-o4zMLQHL HTTP/1.1" 200 10745 "-" "Mozilla/5.0 (Linux; Android 6.0.1; Nexus 5X Build/MMB29P) AppleWebKit/537.36 (KHTML, like Gecko) Chrome/126.0.6478.126 Mobile Safari/537.36 (compatible; Googlebot/2.1; +http://www.google.com/bot.html)"
66.249.70.2 - - [28/Jul/2024:00:08:02 +0200] "GET /tr/?i=pomato-concept-of-grafting-related-potatoes-and-tomatoes-so-mm-z9Ew34H5 HTTP/1.1" 200 6812 "-" "Mozilla/5.0 (Linux; Android 6.0.1; Nexus 5X Build/MMB29P) AppleWebKit/537.36 (KHTML, like Gecko) Chrome/126.0.6478.126 Mobile Safari/537.36 (compatible; Googlebot/2.1; +http://www.google.com/bot.html)"
66.249.70.4 - - [28/Jul/2024:00:08:02 +0200] "GET /?i=the-old-inn-wikipedia-mm-Qg53mRcX HTTP/1.1" 200 10902 "-" "Mozilla/5.0 (Linux; Android 6.0.1; Nexus 5X Build/MMB29P) AppleWebKit/537.36 (KHTML, like Gecko) Chrome/126.0.6478.126 Mobile Safari/537.36 (compatible; Googlebot/2.1; +http://www.google.com/bot.html)"
66.249.70.1 - - [28/Jul/2024:00:08:02 +0200] "GET /?i=josef-stalin-nikita-khrushchev-lavrenty-beria-matvei-shkiryatov-first-mm-0Y9mEEFx HTTP/1.1" 200 7147 "-" "Mozilla/5.0 (Linux; Android 6.0.1; Nexus 5X Build/MMB29P) AppleWebKit/537.36 (KHTML, like Gecko) Chrome/126.0.6478.126 Mobile Safari/537.36 (compatible; Googlebot/2.1; +http://www.google.com/bot.html)"
66.249.70.2 - - [28/Jul/2024:00:08:02 +0200] "GET /?i=%E0%B7%83%E0%B7%92%E0%B6%82%E0%B7%84%E0%B6%BD-geek-review-marvo-km800-gaming-keyboard-and-mouse-mm-nYOmNRhE HTTP/1.1" 200 11118 "-" "Mozilla/5.0 (Linux; Android 6.0.1; Nexus 5X Build/MMB29P) AppleWebKit/537.36 (KHTML, like Gecko) Chrome/126.0.6478.126 Mobile Safari/537.36 (compatible; Googlebot/2.1; +http://www.google.com/bot.html)"
66.249.70.6 - - [28/Jul/2024:00:08:02 +0200] "GET /?i=oppo-n1-review-the-most-fun-you-can-have-mm-kKVaXBho HTTP/1.1" 200 7162 "-" "Mozilla/5.0 (Linux; Android 6.0.1; Nexus 5X Build/MMB29P) AppleWebKit/537.36 (KHTML, like Gecko) Chrome/126.0.6478.126 Mobile Safari/537.36 (compatible; Googlebot/2.1; +http://www.google.com/bot.html)"
66.249.70.6 - - [28/Jul/2024:00:08:02 +0200] "GET /it/?i=lesson-explainer-carbohydrates-nagwa-mm-RK3M2zI5 HTTP/1.1" 200 6961 "-" "Mozilla/5.0 (Linux; Android 6.0.1; Nexus 5X Build/MMB29P) AppleWebKit/537.36 (KHTML, like Gecko) Chrome/126.0.6478.126 Mobile Safari/537.36 (compatible; Googlebot/2.1; +http://www.google.com/bot.html)"
66.249.70.7 - - [28/Jul/2024:00:08:03 +0200] "GET /?i=729-state-street-lancaster-pa-17603-mls-pala131108-listing-mm-N0dVbnHd HTTP/1.1" 200 6994 "-" "Mozilla/5.0 (Linux; Android 6.0.1; Nexus 5X Build/MMB29P) AppleWebKit/537.36 (KHTML, like Gecko) Chrome/126.0.6478.126 Mobile Safari/537.36 (compatible; Googlebot/2.1; +http://www.google.com/bot.html)"
66.249.70.2 - - [28/Jul/2024:00:08:03 +0200] "GET /?i=figure-from-immediate-effects-of-rapid-maxillary-expansion-on-mm-VgJEKMI6 HTTP/1.1" 200 7304 "-" "Mozilla/5.0 (Linux; Android 6.0.1; Nexus 5X Build/MMB29P) AppleWebKit/537.36 (KHTML, like Gecko) Chrome/126.0.6478.126 Mobile Safari/537.36 (compatible; Googlebot/2.1; +http://www.google.com/bot.html)"
66.249.70.3 - - [28/Jul/2024:00:08:03 +0200] "GET /index.php?i=assignment-elite-theory-pdf-mm-O76BNdSX HTTP/1.1" 200 10899 "-" "Mozilla/5.0 (Linux; Android 6.0.1; Nexus 5X Build/MMB29P) AppleWebKit/537.36 (KHTML, like Gecko) Chrome/126.0.6478.126 Mobile Safari/537.36 (compatible; GoogleOther)"
66.249.70.3 - - [28/Jul/2024:00:08:03 +0200] "GET /?i=vz-61-skorpion-on-ar-fgc-platform-new-beta-mm-JNwVvvH1 HTTP/1.1" 200 7061 "-" "Mozilla/5.0 (Linux; Android 6.0.1; Nexus 5X Build/MMB29P) AppleWebKit/537.36 (KHTML, like Gecko) Chrome/126.0.6478.126 Mobile Safari/537.36 (compatible; Googlebot/2.1; +http://www.google.com/bot.html)"
66.249.70.2 - - [28/Jul/2024:00:08:03 +0200] "GET /ru/?i=inches-to-fraction-m-M6L6W5ho HTTP/1.1" 200 4540 "-" "Mozilla/5.0 (Linux; Android 6.0.1; Nexus 5X Build/MMB29P) AppleWebKit/537.36 (KHTML, like Gecko) Chrome/126.0.6478.126 Mobile Safari/537.36 (compatible; Googlebot/2.1; +http://www.google.com/bot.html)"
66.249.70.1 - - [28/Jul/2024:00:08:03 +0200] "GET /it/?i=hacer-conjugation-in-spanish-verb-tables-quizzes-pdf-more-mm-LNMD10Id HTTP/1.1" 200 7291 "-" "Mozilla/5.0 (Linux; Android 6.0.1; Nexus 5X Build/MMB29P) AppleWebKit/537.36 (KHTML, like Gecko) Chrome/126.0.6478.126 Mobile Safari/537.36 (compatible; Googlebot/2.1; +http://www.google.com/bot.html)"
66.249.70.5 - - [28/Jul/2024:00:08:03 +0200] "GET /it/?i=top-25-80s-quotes-of-511-a-z-quotes-mm-YDg1Lbfn HTTP/1.1" 200 7075 "-" "Mozilla/5.0 (Linux; Android 6.0.1; Nexus 5X Build/MMB29P) AppleWebKit/537.36 (KHTML, like Gecko) Chrome/126.0.6478.126 Mobile Safari/537.36 (compatible; Googlebot/2.1; +http://www.google.com/bot.html)"
182.3.44.51 - - [28/Jul/2024:00:08:02 +0200] "GET /it/?i=video-syakirah-twitter-terbaru-masih-diburu-motif-seleb-tiktok-mm-WKqNBVse HTTP/1.1" 200 5719 "-" "Mozilla/5.0 (Linux; U; Android 13; in-id; CPH2375 Build/TP1A.220905.001) AppleWebKit/537.36 (KHTML, like Gecko) Chrome/91.0.4472.88 Mobile Safari/537.36 HeyTapBrowser/45.11.0.1.1"
66.249.70.3 - - [28/Jul/2024:00:08:03 +0200] "GET /?i=why-you-ll-love-new-smyrna-beach-mm-w2o5wgfk HTTP/1.1" 200 6987 "-" "Mozilla/5.0 (Linux; Android 6.0.1; Nexus 5X Build/MMB29P) AppleWebKit/537.36 (KHTML, like Gecko) Chrome/126.0.6478.126 Mobile Safari/537.36 (compatible; Googlebot/2.1; +http://www.google.com/bot.html)"
74.15.193.210 - - [28/Jul/2024:00:08:03 +0200] "GET /tr/?i=source-cheap-factory-price-ada4700-1ardz-r7-with-the-mm-0L3A6wCx HTTP/1.1" 200 5693 "-" "Mozilla/5.0 (compatible; TinEye-Web/2.0.1; +http://www.tineye.com/cr.html)"
66.249.70.7 - - [28/Jul/2024:00:08:03 +0200] "GET /?i=sim-locked-apple-community-mm-dK7mMVFe HTTP/1.1" 200 7192 "-" "Mozilla/5.0 (Linux; Android 6.0.1; Nexus 5X Build/MMB29P) AppleWebKit/537.36 (KHTML, like Gecko) Chrome/126.0.6478.126 Mobile Safari/537.36 (compatible; Googlebot/2.1; +http://www.google.com/bot.html)"
66.249.70.3 - - [28/Jul/2024:00:08:03 +0200] "GET /?i=d-g-dolce-gabbana-day-night-uhr-gold-dw-mm-J5o9XBc1 HTTP/1.1" 200 6987 "-" "Mozilla/5.0 (Linux; Android 6.0.1; Nexus 5X Build/MMB29P) AppleWebKit/537.36 (KHTML, like Gecko) Chrome/126.0.6478.126 Mobile Safari/537.36 (compatible; Googlebot/2.1; +http://www.google.com/bot.html)"
136.243.228.194 - - [28/Jul/2024:00:08:03 +0200] "GET /?i=hp-flagship-barunya-11-juta-sekarang-cuma-900ribuan-unboxing-mm-mOrKdaiX HTTP/1.1" 200 1816 "-" "Mozilla/5.0 (compatible; DataForSeoBot/1.0; +https://dataforseo.com/dataforseo-bot)"
66.249.70.7 - - [28/Jul/2024:00:08:04 +0200] "GET /?i=ybn-nahmir-@ybnnahmir-%E2%80%A2-instagram-photos-and-videos-mm-0QMxoYFx HTTP/1.1" 200 6803 "-" "Mozilla/5.0 (Linux; Android 6.0.1; Nexus 5X Build/MMB29P) AppleWebKit/537.36 (KHTML, like Gecko) Chrome/126.0.6478.126 Mobile Safari/537.36 (compatible; Googlebot/2.1; +http://www.google.com/bot.html)"
66.249.70.4 - - [28/Jul/2024:00:08:03 +0200] "GET /?i=solved-the-diagram-above-illustrates-a-person-who-starting-mm-do0KzNue HTTP/1.1" 200 7439 "-" "Mozilla/5.0 (Linux; Android 6.0.1; Nexus 5X Build/MMB29P) AppleWebKit/537.36 (KHTML, like Gecko) Chrome/126.0.6478.126 Mobile Safari/537.36 (compatible; Googlebot/2.1; +http://www.google.com/bot.html)"
66.249.70.3 - - [28/Jul/2024:00:08:04 +0200] "GET /?i=muslims-mark-ramadan-in-pandemic-s-shadow-amid-new-mm-N3DbPEHd HTTP/1.1" 200 11439 "-" "Mozilla/5.0 (Linux; Android 6.0.1; Nexus 5X Build/MMB29P) AppleWebKit/537.36 (KHTML, like Gecko) Chrome/126.0.6478.126 Mobile Safari/537.36 (compatible; Googlebot/2.1; +http://www.google.com/bot.html)"
66.249.70.2 - - [28/Jul/2024:00:08:04 +0200] "GET /?i=mitsubishi-eclipse-1995-1999-eagle-talon-1995-1998-blits-mm-0m0PzJUx HTTP/1.1" 200 6855 "-" "Mozilla/5.0 (Linux; Android 6.0.1; Nexus 5X Build/MMB29P) AppleWebKit/537.36 (KHTML, like Gecko) Chrome/126.0.6478.126 Mobile Safari/537.36 (compatible; Googlebot/2.1; +http://www.google.com/bot.html)"
66.249.70.5 - - [28/Jul/2024:00:08:04 +0200] "GET /?i=best-rap-songs-from-2000-2010-vs-best-rap-mm-5N12e9cm HTTP/1.1" 200 6463 "-" "Mozilla/5.0 (Linux; Android 6.0.1; Nexus 5X Build/MMB29P) AppleWebKit/537.36 (KHTML, like Gecko) Chrome/126.0.6478.126 Mobile Safari/537.36 (compatible; Googlebot/2.1; +http://www.google.com/bot.html)"
66.249.70.1 - - [28/Jul/2024:00:08:04 +0200] "GET /?i=kappa-kappa-gamma-clemson-outfits-gameday-outfit-clemson-gameday-mm-J5506BS1 HTTP/1.1" 200 6903 "-" "Mozilla/5.0 (Linux; Android 6.0.1; Nexus 5X Build/MMB29P) AppleWebKit/537.36 (KHTML, like Gecko) Chrome/126.0.6478.126 Mobile Safari/537.36 (compatible; Googlebot/2.1; +http://www.google.com/bot.html)"
78.131.54.240 - - [28/Jul/2024:00:08:04 +0200] "GET /?i=pourquoi-cette-pi%C3%A8ce-de-euro-2014-luxembourg-ne-vaut-mm-7AV2xws0 HTTP/1.1" 200 4355 "https://www.google.com/" "Mozilla/5.0 (Windows NT 10.0; Win64; x64) AppleWebKit/537.36 (KHTML, like Gecko) Chrome/126.0.0.0 Safari/537.36"
66.249.70.4 - - [28/Jul/2024:00:08:04 +0200] "GET /?i=intsup-koku-bombas%C4%B1-koku-giderici-klima-spreyi-tiryaki-oto-mm-7o4EeAI0 HTTP/1.1" 200 7435 "-" "Mozilla/5.0 (Linux; Android 6.0.1; Nexus 5X Build/MMB29P) AppleWebKit/537.36 (KHTML, like Gecko) Chrome/126.0.6478.126 Mobile Safari/537.36 (compatible; Googlebot/2.1; +http://www.google.com/bot.html)"
66.249.70.6 - - [28/Jul/2024:00:08:04 +0200] "GET /?i=prius-is-appealing-with-the-right-colour-toyota-prius-mm-rqxNX1C4 HTTP/1.1" 200 7484 "-" "Mozilla/5.0 (Linux; Android 6.0.1; Nexus 5X Build/MMB29P) AppleWebKit/537.36 (KHTML, like Gecko) Chrome/126.0.6478.126 Mobile Safari/537.36 (compatible; Googlebot/2.1; +http://www.google.com/bot.html)"
66.249.70.6 - - [28/Jul/2024:00:08:04 +0200] "GET /?i=6pcs-pastel-highlighter-sets-mm-5R7m1jIm HTTP/1.1" 200 7473 "-" "Mozilla/5.0 (Linux; Android 6.0.1; Nexus 5X Build/MMB29P) AppleWebKit/537.36 (KHTML, like Gecko) Chrome/126.0.6478.126 Mobile Safari/537.36 (compatible; Googlebot/2.1; +http://www.google.com/bot.html)"
66.249.70.4 - - [28/Jul/2024:00:08:04 +0200] "GET /?i=freddy-and-jason-join-michael-and-leatherface-at-universalhhn-mm-qA9LMAIj HTTP/1.1" 200 8173 "-" "Mozilla/5.0 (Linux; Android 6.0.1; Nexus 5X Build/MMB29P) AppleWebKit/537.36 (KHTML, like Gecko) Chrome/126.0.6478.126 Mobile Safari/537.36 (compatible; Googlebot/2.1; +http://www.google.com/bot.html)"
66.249.70.4 - - [28/Jul/2024:00:08:04 +0200] "GET /?i=art-of-coop-mastodon-mm-WkNnR4Te HTTP/1.1" 200 7731 "-" "Mozilla/5.0 (Linux; Android 6.0.1; Nexus 5X Build/MMB29P) AppleWebKit/537.36 (KHTML, like Gecko) Chrome/126.0.6478.126 Mobile Safari/537.36 (compatible; Googlebot/2.1; +http://www.google.com/bot.html)"
66.249.70.6 - - [28/Jul/2024:00:08:04 +0200] "GET /?i=caterpillar-excavator-324-325-41mt-24v-12t-mas-starter-mm-MzmVxxio HTTP/1.1" 200 7638 "-" "Mozilla/5.0 (Linux; Android 6.0.1; Nexus 5X Build/MMB29P) AppleWebKit/537.36 (KHTML, like Gecko) Chrome/126.0.6478.126 Mobile Safari/537.36 (compatible; Googlebot/2.1; +http://www.google.com/bot.html)"
182.3.44.51 - - [28/Jul/2024:00:08:04 +0200] "GET /fonts/opensans-condlight-webfont.woff HTTP/1.1" 200 1881 "https://www.congress-intercultural.eu/css/style.css?v=1" "Mozilla/5.0 (Linux; U; Android 13; in-id; CPH2375 Build/TP1A.220905.001) AppleWebKit/537.36 (KHTML, like Gecko) Chrome/91.0.4472.88 Mobile Safari/537.36 HeyTapBrowser/45.11.0.1.1"
166.198.252.37 - - [28/Jul/2024:00:08:05 +0200] "GET /?i=jeep-grand-cherokee-zj-with-fenders-rc-body-313mm-mm-9Kw0PDi7 HTTP/1.1" 200 4354 "https://www.google.com/" "Mozilla/5.0 (Linux; Android 10; K) AppleWebKit/537.36 (KHTML, like Gecko) Chrome/127.0.0.0 Mobile Safari/537.36"
66.249.70.5 - - [28/Jul/2024:00:08:05 +0200] "GET /?i=meptin-procaterol-50mcg-tablet-online-pharmacy-healthcare-store-delivery-mm-VPjPwzs6 HTTP/1.1" 200 7029 "-" "Mozilla/5.0 (Linux; Android 6.0.1; Nexus 5X Build/MMB29P) AppleWebKit/537.36 (KHTML, like Gecko) Chrome/126.0.6478.126 Mobile Safari/537.36 (compatible; Googlebot/2.1; +http://www.google.com/bot.html)"
66.249.70.4 - - [28/Jul/2024:00:08:05 +0200] "GET /?i=%EC%82%BC%EC%84%B1-%EC%84%BC%EC%8A%A4-14%EC%9D%B8%EC%B9%98-%EB%85%B8%ED%8A%B8%EB%B6%81-nt-r430-%EB%93%80%EC%96%BC%EC%BD%94%EC%96%B4-%EB%85%B8%ED%8A%B8%EB%B6%81-%EB%84%B7%EB%B6%81-mm-gLWxwvU7 HTTP/1.1" 200 7637 "-" "Mozilla/5.0 (Linux; Android 6.0.1; Nexus 5X Build/MMB29P) AppleWebKit/537.36 (KHTML, like Gecko) Chrome/126.0.6478.126 Mobile Safari/537.36 (compatible; Googlebot/2.1; +http://www.google.com/bot.html)"
66.249.70.4 - - [28/Jul/2024:00:08:05 +0200] "GET /?i=rong-electric-led-menampilkan-power-supply-ma200sh5-5v40a-200w-mm-JX0RMgC1 HTTP/1.1" 200 11283 "-" "Mozilla/5.0 (Linux; Android 6.0.1; Nexus 5X Build/MMB29P) AppleWebKit/537.36 (KHTML, like Gecko) Chrome/126.0.6478.126 Mobile Safari/537.36 (compatible; GoogleOther)"
66.249.70.5 - - [28/Jul/2024:00:08:05 +0200] "GET /ru/?i=yuridia-enamor%C3%B3-al-p%C3%BAblico-local-las-vegas-review-journal-mm-xWdK5cq HTTP/1.1" 200 6424 "-" "Mozilla/5.0 (Linux; Android 6.0.1; Nexus 5X Build/MMB29P) AppleWebKit/537.36 (KHTML, like Gecko) Chrome/126.0.6478.126 Mobile Safari/537.36 (compatible; Googlebot/2.1; +http://www.google.com/bot.html)"
66.249.70.3 - - [28/Jul/2024:00:08:05 +0200] "GET /?i=halloween-makeup-looks-b-u-t-t-e-r-mm-abDXWrtN HTTP/1.1" 200 7102 "-" "Mozilla/5.0 (Linux; Android 6.0.1; Nexus 5X Build/MMB29P) AppleWebKit/537.36 (KHTML, like Gecko) Chrome/126.0.6478.126 Mobile Safari/537.36 (compatible; Googlebot/2.1; +http://www.google.com/bot.html)"
66.249.70.3 - - [28/Jul/2024:00:08:05 +0200] "GET /?i=hur-jag-byter-b%C3%A4lgar-p%C3%A5-en-bmw-f11-mm-22RgkPSj HTTP/1.1" 200 6887 "-" "Mozilla/5.0 (Linux; Android 6.0.1; Nexus 5X Build/MMB29P) AppleWebKit/537.36 (KHTML, like Gecko) Chrome/126.0.6478.126 Mobile Safari/537.36 (compatible; Googlebot/2.1; +http://www.google.com/bot.html)"
66.249.70.5 - - [28/Jul/2024:00:08:05 +0200] "GET /?i=nashik-trekking-group-mm-PKqJLsB HTTP/1.1" 200 6483 "-" "Mozilla/5.0 (Linux; Android 6.0.1; Nexus 5X Build/MMB29P) AppleWebKit/537.36 (KHTML, like Gecko) Chrome/126.0.6478.126 Mobile Safari/537.36 (compatible; Googlebot/2.1; +http://www.google.com/bot.html)"
66.249.70.4 - - [28/Jul/2024:00:08:05 +0200] "GET /?i=how-to-validate-wrong-type-of-data-vs-empty-mm-jGB0EnF9 HTTP/1.1" 200 6937 "-" "Mozilla/5.0 (Linux; Android 6.0.1; Nexus 5X Build/MMB29P) AppleWebKit/537.36 (KHTML, like Gecko) Chrome/126.0.6478.126 Mobile Safari/537.36 (compatible; Googlebot/2.1; +http://www.google.com/bot.html)"
66.249.70.8 - - [28/Jul/2024:00:08:05 +0200] "GET /?i=mojzat-e-nabvi-free-download-mm-gz5bWMH7 HTTP/1.1" 200 7183 "-" "Mozilla/5.0 (Linux; Android 6.0.1; Nexus 5X Build/MMB29P) AppleWebKit/537.36 (KHTML, like Gecko) Chrome/126.0.6478.126 Mobile Safari/537.36 (compatible; Googlebot/2.1; +http://www.google.com/bot.html)"
98.212.109.92 - - [28/Jul/2024:00:08:05 +0200] "GET /it/?i=sonic-jacket-sonic-costume-hoodies-hoodie-jacket-zippers-mm-gKxgkgC7 HTTP/1.1" 200 4354 "https://www.google.com/" "Mozilla/5.0 (Linux; Android 10; K) AppleWebKit/537.36 (KHTML, like Gecko) Chrome/127.0.0.0 Mobile Safari/537.36"
66.249.70.1 - - [28/Jul/2024:00:08:05 +0200] "GET /?i=wd-black-nvme-ssd-2018-review-rock-paper-shotgun-mm-2pbmXzij HTTP/1.1" 200 8008 "-" "Mozilla/5.0 (Linux; Android 6.0.1; Nexus 5X Build/MMB29P) AppleWebKit/537.36 (KHTML, like Gecko) Chrome/126.0.6478.126 Mobile Safari/537.36 (compatible; Googlebot/2.1; +http://www.google.com/bot.html)"
207.46.13.54 - - [28/Jul/2024:00:08:05 +0200] "GET /?i=karens-bakery-danish-puff-pastries-m-5g1wBmTm HTTP/1.1" 200 5272 "-" "Mozilla/5.0 AppleWebKit/537.36 (KHTML, like Gecko; compatible; bingbot/2.0; +http://www.bing.com/bingbot.htm) Chrome/116.0.1938.76 Safari/537.36"
148.252.132.67 - - [28/Jul/2024:00:08:05 +0200] "GET /?i=individuals-wear-dog-masks-as-the-take-part-in-mm-pOVMpmij HTTP/1.1" 200 5777 "-" "Mozilla/5.0 (iPhone; CPU iPhone OS 17_5_1 like Mac OS X) AppleWebKit/605.1.15 (KHTML, like Gecko) Version/17.5 Mobile/15E148 Safari/604.1"
148.252.132.67 - - [28/Jul/2024:00:08:06 +0200] "GET /css/style.css?v=1 HTTP/1.1" 200 11362 "https://www.congress-intercultural.eu/?i=individuals-wear-dog-masks-as-the-take-part-in-mm-pOVMpmij" "Mozilla/5.0 (iPhone; CPU iPhone OS 17_5_1 like Mac OS X) AppleWebKit/605.1.15 (KHTML, like Gecko) Version/17.5 Mobile/15E148 Safari/604.1"
66.249.70.4 - - [28/Jul/2024:00:08:05 +0200] "GET /?i=hard-reset-nokia-x-formatage-mm-rOQpnpf4 HTTP/1.1" 200 6892 "-" "Mozilla/5.0 (Linux; Android 6.0.1; Nexus 5X Build/MMB29P) AppleWebKit/537.36 (KHTML, like Gecko) Chrome/126.0.6478.126 Mobile Safari/537.36 (compatible; Googlebot/2.1; +http://www.google.com/bot.html)"
148.252.132.67 - - [28/Jul/2024:00:08:06 +0200] "GET /js/libs/jquery-1.7.1.min.js HTTP/1.1" 200 33696 "https://www.congress-intercultural.eu/?i=individuals-wear-dog-masks-as-the-take-part-in-mm-pOVMpmij" "Mozilla/5.0 (iPhone; CPU iPhone OS 17_5_1 like Mac OS X) AppleWebKit/605.1.15 (KHTML, like Gecko) Version/17.5 Mobile/15E148 Safari/604.1"
66.249.70.8 - - [28/Jul/2024:00:08:06 +0200] "GET /?i=%E8%A8%8E%E8%AB%96]-volvo-xc40-%E5%93%81%E5%91%B3%EF%BC%8B%E8%B1%AA%E6%B0%A3%EF%BC%8B%E9%9C%B8%E6%B0%A3%EF%BC%8B%E5%AE%89%E5%85%A8%EF%BC%9F-%E7%9C%8B%E6%9D%BFcar-%E6%89%B9%E8%B8%A2%E8%B8%A2%E5%AF%A6%E6%A5%AD%E5%9D%8A-mm-A0wQQMTO HTTP/1.1" 200 7297 "-" "Mozilla/5.0 (Linux; Android 6.0.1; Nexus 5X Build/MMB29P) AppleWebKit/537.36 (KHTML, like Gecko) Chrome/126.0.6478.126 Mobile Safari/537.36 (compatible; Googlebot/2.1; +http://www.google.com/bot.html)"
66.249.70.8 - - [28/Jul/2024:00:08:06 +0200] "GET /it/?i=classic-football-shirts-happy-birthday-fc-barcelona-which-is-mm-GP0POHd HTTP/1.1" 200 11594 "-" "Mozilla/5.0 (Linux; Android 6.0.1; Nexus 5X Build/MMB29P) AppleWebKit/537.36 (KHTML, like Gecko) Chrome/126.0.6478.126 Mobile Safari/537.36 (compatible; Googlebot/2.1; +http://www.google.com/bot.html)"
148.252.132.67 - - [28/Jul/2024:00:08:06 +0200] "GET /css/jquery.selectBox.css HTTP/1.1" 200 5176 "https://www.congress-intercultural.eu/?i=individuals-wear-dog-masks-as-the-take-part-in-mm-pOVMpmij" "Mozilla/5.0 (iPhone; CPU iPhone OS 17_5_1 like Mac OS X) AppleWebKit/605.1.15 (KHTML, like Gecko) Version/17.5 Mobile/15E148 Safari/604.1"
148.252.132.67 - - [28/Jul/2024:00:08:06 +0200] "GET /css/font-awesome.min.css HTTP/1.1" 200 10956 "https://www.congress-intercultural.eu/?i=individuals-wear-dog-masks-as-the-take-part-in-mm-pOVMpmij" "Mozilla/5.0 (iPhone; CPU iPhone OS 17_5_1 like Mac OS X) AppleWebKit/605.1.15 (KHTML, like Gecko) Version/17.5 Mobile/15E148 Safari/604.1"
148.252.132.67 - - [28/Jul/2024:00:08:06 +0200] "GET /js/libs/modernizr.js HTTP/1.1" 200 10201 "https://www.congress-intercultural.eu/?i=individuals-wear-dog-masks-as-the-take-part-in-mm-pOVMpmij" "Mozilla/5.0 (iPhone; CPU iPhone OS 17_5_1 like Mac OS X) AppleWebKit/605.1.15 (KHTML, like Gecko) Version/17.5 Mobile/15E148 Safari/604.1"
148.252.132.67 - - [28/Jul/2024:00:08:06 +0200] "GET /js/fancybox/jquery.fancybox.css HTTP/1.1" 200 5347 "https://www.congress-intercultural.eu/?i=individuals-wear-dog-masks-as-the-take-part-in-mm-pOVMpmij" "Mozilla/5.0 (iPhone; CPU iPhone OS 17_5_1 like Mac OS X) AppleWebKit/605.1.15 (KHTML, like Gecko) Version/17.5 Mobile/15E148 Safari/604.1"
148.252.132.67 - - [28/Jul/2024:00:08:06 +0200] "GET /css/slicknav.css HTTP/1.1" 200 5167 "https://www.congress-intercultural.eu/?i=individuals-wear-dog-masks-as-the-take-part-in-mm-pOVMpmij" "Mozilla/5.0 (iPhone; CPU iPhone OS 17_5_1 like Mac OS X) AppleWebKit/605.1.15 (KHTML, like Gecko) Version/17.5 Mobile/15E148 Safari/604.1"
148.252.132.67 - - [28/Jul/2024:00:08:06 +0200] "GET /js/libs/jquery.imagesloaded.min.js HTTP/1.1" 200 976 "https://www.congress-intercultural.eu/?i=individuals-wear-dog-masks-as-the-take-part-in-mm-pOVMpmij" "Mozilla/5.0 (iPhone; CPU iPhone OS 17_5_1 like Mac OS X) AppleWebKit/605.1.15 (KHTML, like Gecko) Version/17.5 Mobile/15E148 Safari/604.1"
66.249.70.2 - - [28/Jul/2024:00:08:06 +0200] "GET /?i=bulking-meal-plan-for-4000-calories-high-calorie-meals-mm-XgXEw3cX HTTP/1.1" 200 6853 "-" "Mozilla/5.0 (Linux; Android 6.0.1; Nexus 5X Build/MMB29P) AppleWebKit/537.36 (KHTML, like Gecko) Chrome/126.0.6478.126 Mobile Safari/537.36 (compatible; Googlebot/2.1; +http://www.google.com/bot.html)"
148.252.132.67 - - [28/Jul/2024:00:08:06 +0200] "GET /js/fancybox/jquery.mousewheel-3.0.6.pack.js HTTP/1.1" 200 1132 "https://www.congress-intercultural.eu/?i=individuals-wear-dog-masks-as-the-take-part-in-mm-pOVMpmij" "Mozilla/5.0 (iPhone; CPU iPhone OS 17_5_1 like Mac OS X) AppleWebKit/605.1.15 (KHTML, like Gecko) Version/17.5 Mobile/15E148 Safari/604.1"
148.252.132.67 - - [28/Jul/2024:00:08:06 +0200] "GET /js/libs/jquery.masonry.min.js HTTP/1.1" 200 2656 "https://www.congress-intercultural.eu/?i=individuals-wear-dog-masks-as-the-take-part-in-mm-pOVMpmij" "Mozilla/5.0 (iPhone; CPU iPhone OS 17_5_1 like Mac OS X) AppleWebKit/605.1.15 (KHTML, like Gecko) Version/17.5 Mobile/15E148 Safari/604.1"
148.252.132.67 - - [28/Jul/2024:00:08:06 +0200] "GET /js/fancybox/jquery.fancybox.pack.js HTTP/1.1" 200 6327 "https://www.congress-intercultural.eu/?i=individuals-wear-dog-masks-as-the-take-part-in-mm-pOVMpmij" "Mozilla/5.0 (iPhone; CPU iPhone OS 17_5_1 like Mac OS X) AppleWebKit/605.1.15 (KHTML, like Gecko) Version/17.5 Mobile/15E148 Safari/604.1"
148.252.132.67 - - [28/Jul/2024:00:08:06 +0200] "GET /js/jquery.slicknav.js HTTP/1.1" 200 5102 "https://www.congress-intercultural.eu/?i=individuals-wear-dog-masks-as-the-take-part-in-mm-pOVMpmij" "Mozilla/5.0 (iPhone; CPU iPhone OS 17_5_1 like Mac OS X) AppleWebKit/605.1.15 (KHTML, like Gecko) Version/17.5 Mobile/15E148 Safari/604.1"
148.252.132.67 - - [28/Jul/2024:00:08:06 +0200] "GET /js/jquery.selectBox.min.js HTTP/1.1" 200 3755 "https://www.congress-intercultural.eu/?i=individuals-wear-dog-masks-as-the-take-part-in-mm-pOVMpmij" "Mozilla/5.0 (iPhone; CPU iPhone OS 17_5_1 like Mac OS X) AppleWebKit/605.1.15 (KHTML, like Gecko) Version/17.5 Mobile/15E148 Safari/604.1"
148.252.132.67 - - [28/Jul/2024:00:08:06 +0200] "GET /js/script.js HTTP/1.1" 200 1108 "https://www.congress-intercultural.eu/?i=individuals-wear-dog-masks-as-the-take-part-in-mm-pOVMpmij" "Mozilla/5.0 (iPhone; CPU iPhone OS 17_5_1 like Mac OS X) AppleWebKit/605.1.15 (KHTML, like Gecko) Version/17.5 Mobile/15E148 Safari/604.1"
148.252.132.67 - - [28/Jul/2024:00:08:06 +0200] "GET /fonts/roboto-regular-webfont.woff2 HTTP/1.1" 200 69206 "https://www.congress-intercultural.eu/?i=individuals-wear-dog-masks-as-the-take-part-in-mm-pOVMpmij" "Mozilla/5.0 (iPhone; CPU iPhone OS 17_5_1 like Mac OS X) AppleWebKit/605.1.15 (KHTML, like Gecko) Version/17.5 Mobile/15E148 Safari/604.1"
207.46.13.54 - - [28/Jul/2024:00:08:06 +0200] "GET /?i=pandemia-significado-m-E5W0KdS3 HTTP/1.1" 200 4485 "-" "Mozilla/5.0 AppleWebKit/537.36 (KHTML, like Gecko; compatible; bingbot/2.0; +http://www.bing.com/bingbot.htm) Chrome/116.0.1938.76 Safari/537.36"
66.249.70.1 - - [28/Jul/2024:00:08:06 +0200] "GET /?i=memories-middle-school-267-mm-vj00wPHV HTTP/1.1" 200 6192 "-" "Mozilla/5.0 (Linux; Android 6.0.1; Nexus 5X Build/MMB29P) AppleWebKit/537.36 (KHTML, like Gecko) Chrome/126.0.6478.126 Mobile Safari/537.36 (compatible; Googlebot/2.1; +http://www.google.com/bot.html)"
148.252.132.67 - - [28/Jul/2024:00:08:06 +0200] "GET /fonts/opensans-condbold-webfont.woff HTTP/1.1" 200 23438 "https://www.congress-intercultural.eu/?i=individuals-wear-dog-masks-as-the-take-part-in-mm-pOVMpmij" "Mozilla/5.0 (iPhone; CPU iPhone OS 17_5_1 like Mac OS X) AppleWebKit/605.1.15 (KHTML, like Gecko) Version/17.5 Mobile/15E148 Safari/604.1"
212.129.78.79 - - [28/Jul/2024:00:08:06 +0200] "GET /ru/?i=rapier-umbrella-windlass-steelcrafts-mm-4w63OOc6 HTTP/1.1" 200 4355 "https://www.google.com/" "Mozilla/5.0 (Linux; Android 10; K) AppleWebKit/537.36 (KHTML, like Gecko) Chrome/126.0.0.0 Mobile Safari/537.36"
66.249.70.109 - - [28/Jul/2024:00:08:06 +0200] "GET /?m=childhood-autism-rating-scale-second-edition-cars2-manual-pdf-zz-JdWvqVUg HTTP/1.1" 200 11592 "-" "Mozilla/5.0 (Linux; Android 6.0.1; Nexus 5X Build/MMB29P) AppleWebKit/537.36 (KHTML, like Gecko) Chrome/126.0.6478.126 Mobile Safari/537.36 (compatible; GoogleOther)"
66.249.70.6 - - [28/Jul/2024:00:08:06 +0200] "GET /?i=solved-learning-task-9-take-the-materials-needed-in-mm-anN9obsN HTTP/1.1" 200 7194 "-" "Mozilla/5.0 (Linux; Android 6.0.1; Nexus 5X Build/MMB29P) AppleWebKit/537.36 (KHTML, like Gecko) Chrome/126.0.6478.126 Mobile Safari/537.36 (compatible; Googlebot/2.1; +http://www.google.com/bot.html)"
66.249.70.1 - - [28/Jul/2024:00:08:06 +0200] "GET /?i=big-sour-patch-kids-are-double-the-size-of-mm-qDVzR3cj HTTP/1.1" 200 10926 "-" "Mozilla/5.0 (Linux; Android 6.0.1; Nexus 5X Build/MMB29P) AppleWebKit/537.36 (KHTML, like Gecko) Chrome/126.0.6478.126 Mobile Safari/537.36 (compatible; Googlebot/2.1; +http://www.google.com/bot.html)"
66.249.70.1 - - [28/Jul/2024:00:08:06 +0200] "GET /?i=professional-mortgage-loan-officer-resume-examples-mm-NzMaPOsd HTTP/1.1" 200 10841 "-" "Mozilla/5.0 (Linux; Android 6.0.1; Nexus 5X Build/MMB29P) AppleWebKit/537.36 (KHTML, like Gecko) Chrome/126.0.6478.126 Mobile Safari/537.36 (compatible; Googlebot/2.1; +http://www.google.com/bot.html)"
66.249.70.1 - - [28/Jul/2024:00:08:06 +0200] "GET /?i=artstation-rohu-fish-3d-model-mm-vLY05nCV HTTP/1.1" 200 7087 "-" "Mozilla/5.0 (Linux; Android 6.0.1; Nexus 5X Build/MMB29P) AppleWebKit/537.36 (KHTML, like Gecko) Chrome/126.0.6478.126 Mobile Safari/537.36 (compatible; Googlebot/2.1; +http://www.google.com/bot.html)"
148.252.132.67 - - [28/Jul/2024:00:08:06 +0200] "GET /fonts/opensans-condlight-webfont.woff HTTP/1.1" 200 1881 "https://www.congress-intercultural.eu/?i=individuals-wear-dog-masks-as-the-take-part-in-mm-pOVMpmij" "Mozilla/5.0 (iPhone; CPU iPhone OS 17_5_1 like Mac OS X) AppleWebKit/605.1.15 (KHTML, like Gecko) Version/17.5 Mobile/15E148 Safari/604.1"
207.46.13.54 - - [28/Jul/2024:00:08:06 +0200] "GET /?i=m%C3%A1quinas-de-vapor-de-newcomen-y-de-savery-mm-v3bzXKcV HTTP/1.1" 200 7266 "-" "Mozilla/5.0 AppleWebKit/537.36 (KHTML, like Gecko; compatible; bingbot/2.0; +http://www.bing.com/bingbot.htm) Chrome/116.0.1938.76 Safari/537.36"
66.249.70.5 - - [28/Jul/2024:00:08:06 +0200] "GET /?i=my-new-to-me-2010-xc90-awd-executive-i6-mm-53moOdfm HTTP/1.1" 200 6998 "-" "Mozilla/5.0 (Linux; Android 6.0.1; Nexus 5X Build/MMB29P) AppleWebKit/537.36 (KHTML, like Gecko) Chrome/126.0.6478.126 Mobile Safari/537.36 (compatible; Googlebot/2.1; +http://www.google.com/bot.html)"
148.252.132.67 - - [28/Jul/2024:00:08:06 +0200] "GET /fonts/OpenSans-CondLight-webfont.ttf HTTP/1.1" 200 36843 "https://www.congress-intercultural.eu/?i=individuals-wear-dog-masks-as-the-take-part-in-mm-pOVMpmij" "Mozilla/5.0 (iPhone; CPU iPhone OS 17_5_1 like Mac OS X) AppleWebKit/605.1.15 (KHTML, like Gecko) Version/17.5 Mobile/15E148 Safari/604.1"
148.252.132.67 - - [28/Jul/2024:00:08:06 +0200] "GET /images/favicon.ico HTTP/1.1" 200 1521 "https://www.congress-intercultural.eu/?i=individuals-wear-dog-masks-as-the-take-part-in-mm-pOVMpmij" "Mozilla/5.0 (iPhone; CPU iPhone OS 17_5_1 like Mac OS X) AppleWebKit/605.1.15 (KHTML, like Gecko) Version/17.5 Mobile/15E148 Safari/604.1"
148.252.132.67 - - [28/Jul/2024:00:08:06 +0200] "GET /favicon.ico HTTP/1.1" 200 1521 "https://www.congress-intercultural.eu/?i=individuals-wear-dog-masks-as-the-take-part-in-mm-pOVMpmij" "Mozilla/5.0 (iPhone; CPU iPhone OS 17_5_1 like Mac OS X) AppleWebKit/605.1.15 (KHTML, like Gecko) Version/17.5 Mobile/15E148 Safari/604.1"
66.249.70.5 - - [28/Jul/2024:00:08:06 +0200] "GET /?i=seiko-alt%C4%B1n-ton-jubilee-bileklik-alt%C4%B1n-kadran-21-ta%C5%9Fl%C4%B1-mm-ExA5edU3 HTTP/1.1" 200 7595 "-" "Mozilla/5.0 (Linux; Android 6.0.1; Nexus 5X Build/MMB29P) AppleWebKit/537.36 (KHTML, like Gecko) Chrome/126.0.6478.126 Mobile Safari/537.36 (compatible; Googlebot/2.1; +http://www.google.com/bot.html)"
66.249.70.2 - - [28/Jul/2024:00:08:06 +0200] "GET /?i=file-kodimaram-of-pallikonda-perumal-wikimedia-commons-mm-QL5qkIX HTTP/1.1" 200 7065 "-" "Mozilla/5.0 (Linux; Android 6.0.1; Nexus 5X Build/MMB29P) AppleWebKit/537.36 (KHTML, like Gecko) Chrome/126.0.6478.126 Mobile Safari/537.36 (compatible; Googlebot/2.1; +http://www.google.com/bot.html)"
66.249.70.3 - - [28/Jul/2024:00:08:07 +0200] "GET /?i=2017-18-school-calendar-pdf-secondary-school-schools-mm-MqBW4Bho HTTP/1.1" 200 6560 "-" "Mozilla/5.0 (Linux; Android 6.0.1; Nexus 5X Build/MMB29P) AppleWebKit/537.36 (KHTML, like Gecko) Chrome/126.0.6478.126 Mobile Safari/537.36 (compatible; Googlebot/2.1; +http://www.google.com/bot.html)"
66.249.70.3 - - [28/Jul/2024:00:08:07 +0200] "GET /?i=how-to-pronounce-zoe-pronunciation-academy-mm-W0eX64fe HTTP/1.1" 200 6930 "-" "Mozilla/5.0 (Linux; Android 6.0.1; Nexus 5X Build/MMB29P) AppleWebKit/537.36 (KHTML, like Gecko) Chrome/126.0.6478.126 Mobile Safari/537.36 (compatible; Googlebot/2.1; +http://www.google.com/bot.html)"
66.249.70.3 - - [28/Jul/2024:00:08:07 +0200] "GET /?i=the-flappy-plane%EF%BD%9Ctiktok-search-mm-Pn342PcB HTTP/1.1" 200 6768 "-" "Mozilla/5.0 (Linux; Android 6.0.1; Nexus 5X Build/MMB29P) AppleWebKit/537.36 (KHTML, like Gecko) Chrome/126.0.6478.126 Mobile Safari/537.36 (compatible; Googlebot/2.1; +http://www.google.com/bot.html)"
66.249.70.6 - - [28/Jul/2024:00:08:07 +0200] "GET /?i=protect-your-honda-activa-with-the-best-crash-guard-mm-D0nqGVIk HTTP/1.1" 200 7153 "-" "Mozilla/5.0 (Linux; Android 6.0.1; Nexus 5X Build/MMB29P) AppleWebKit/537.36 (KHTML, like Gecko) Chrome/126.0.6478.126 Mobile Safari/537.36 (compatible; Googlebot/2.1; +http://www.google.com/bot.html)"
66.249.70.1 - - [28/Jul/2024:00:08:07 +0200] "GET /?i=start-now-challenge-six-week-challenge-$79-starts-september-mm-X1004mFX HTTP/1.1" 200 7597 "-" "Mozilla/5.0 (Linux; Android 6.0.1; Nexus 5X Build/MMB29P) AppleWebKit/537.36 (KHTML, like Gecko) Chrome/126.0.6478.126 Mobile Safari/537.36 (compatible; Googlebot/2.1; +http://www.google.com/bot.html)"
66.249.70.5 - - [28/Jul/2024:00:08:07 +0200] "GET /?i=first-look-2006-jeep-grand-cherokee-srt8-mm-QbPAmmIX HTTP/1.1" 200 7017 "-" "Mozilla/5.0 (Linux; Android 6.0.1; Nexus 5X Build/MMB29P) AppleWebKit/537.36 (KHTML, like Gecko) Chrome/126.0.6478.126 Mobile Safari/537.36 (compatible; Googlebot/2.1; +http://www.google.com/bot.html)"
207.46.13.54 - - [28/Jul/2024:00:08:07 +0200] "GET /?i=indian-cabin-close-to-alyeska-resort-anchorage-%E2%80%93-updated-mm-KK9BqLIN HTTP/1.1" 200 6818 "-" "Mozilla/5.0 AppleWebKit/537.36 (KHTML, like Gecko; compatible; bingbot/2.0; +http://www.bing.com/bingbot.htm) Chrome/116.0.1938.76 Safari/537.36"
66.249.70.109 - - [28/Jul/2024:00:08:07 +0200] "GET /?m=vocabulary-words-with-meaning-in-urdu-%E2%80%93-download-pdf-zz-w79E4WS7 HTTP/1.1" 200 7157 "-" "Mozilla/5.0 (Linux; Android 6.0.1; Nexus 5X Build/MMB29P) AppleWebKit/537.36 (KHTML, like Gecko) Chrome/126.0.6478.126 Mobile Safari/537.36 (compatible; GoogleOther)"
66.249.70.8 - - [28/Jul/2024:00:08:07 +0200] "GET /?i=how-to-cull-bad-pvp-iv-pokemon-mid-cday-mm-LJqE5Lhd HTTP/1.1" 200 7353 "-" "Mozilla/5.0 (Linux; Android 6.0.1; Nexus 5X Build/MMB29P) AppleWebKit/537.36 (KHTML, like Gecko) Chrome/126.0.6478.126 Mobile Safari/537.36 (compatible; Googlebot/2.1; +http://www.google.com/bot.html)"
66.249.70.4 - - [28/Jul/2024:00:08:07 +0200] "GET /fr/?i=gilbert-arenas-wikipedia-mm-n5Yok9tE HTTP/1.1" 200 7291 "-" "Mozilla/5.0 (Linux; Android 6.0.1; Nexus 5X Build/MMB29P) AppleWebKit/537.36 (KHTML, like Gecko) Chrome/126.0.6478.126 Mobile Safari/537.36 (compatible; Googlebot/2.1; +http://www.google.com/bot.html)"
66.249.70.3 - - [28/Jul/2024:00:08:07 +0200] "GET /?i=como-funciona-uma-placa-de-captura-mm-K3ApdaCN HTTP/1.1" 200 7588 "-" "Mozilla/5.0 (Linux; Android 6.0.1; Nexus 5X Build/MMB29P) AppleWebKit/537.36 (KHTML, like Gecko) Chrome/126.0.6478.126 Mobile Safari/537.36 (compatible; Googlebot/2.1; +http://www.google.com/bot.html)"
136.243.228.194 - - [28/Jul/2024:00:08:07 +0200] "GET /?i=best-phones-under-rs-50-000-in-india-2023-mm-dgnW7Die HTTP/1.1" 200 1816 "-" "Mozilla/5.0 (compatible; DataForSeoBot/1.0; +https://dataforseo.com/dataforseo-bot)"
66.249.70.7 - - [28/Jul/2024:00:08:07 +0200] "GET /?i=exide-equipment-gel-marine-caravan-and-leisure-battery-exide-mm-VG9jnAs6 HTTP/1.1" 200 7490 "-" "Mozilla/5.0 (Linux; Android 6.0.1; Nexus 5X Build/MMB29P) AppleWebKit/537.36 (KHTML, like Gecko) Chrome/126.0.6478.126 Mobile Safari/537.36 (compatible; Googlebot/2.1; +http://www.google.com/bot.html)"
66.249.70.6 - - [28/Jul/2024:00:08:08 +0200] "GET /?i=sipc-siddhartha-institute-of-pharmacy-ghatkesar-tseamcet-2022-b-mm-09vxgux HTTP/1.1" 200 8145 "-" "Mozilla/5.0 (Linux; Android 6.0.1; Nexus 5X Build/MMB29P) AppleWebKit/537.36 (KHTML, like Gecko) Chrome/126.0.6478.126 Mobile Safari/537.36 (compatible; Googlebot/2.1; +http://www.google.com/bot.html)"
