66.249.70.7 - - [28/Jul/2024:00:02:55 +0200] "GET /?i=%E5%85%AC%E5%BC%8F%E3%80%91%E3%82%A2%E3%82%A4%E3%83%89%E3%83%AA%E3%83%83%E3%82%B7%E3%83%A5%E3%82%BB%E3%83%96%E3%83%B3-visiblive-tour-good-you-on-x-%E3%80%90g4y%E6%9D%B1%E4%BA%AC%E5%85%AC%E6%BC%94%E3%80%91-%E6%9D%B1%E4%BA%AC%E6%8B%85%E5%BD%93%E3%81%AE%E5%92%8C%E6%B3%89%E4%B8%80%E7%B9%94%E3%83%BB%E4%B8%83%E7%80%AC%E9%99%B8%E3%81%AE%E6%96%B0%E8%A6%8F%E6%92%AE%E3%82%8A%E4%B8%8B%E3%82%8D%E3%81%97%E3%83%93%E3%82%B8%E3%83%A5%E3%82%A2%E3%83%AB%E5%85%AC%E9%96%8B%EF%BC%81-mm-nJKb9vCE HTTP/1.1" 200 7873 "-" "Mozilla/5.0 (Linux; Android 6.0.1; Nexus 5X Build/MMB29P) AppleWebKit/537.36 (KHTML, like Gecko) Chrome/126.0.6478.126 Mobile Safari/537.36 (compatible; Googlebot/2.1; +http://www.google.com/bot.html)"
66.249.70.3 - - [28/Jul/2024:00:02:55 +0200] "GET /?i=kohler-toilet-flappers-at-mm-eK1eJ5Fg HTTP/1.1" 200 7439 "-" "Mozilla/5.0 (Linux; Android 6.0.1; Nexus 5X Build/MMB29P) AppleWebKit/537.36 (KHTML, like Gecko) Chrome/126.0.6478.126 Mobile Safari/537.36 (compatible; Googlebot/2.1; +http://www.google.com/bot.html)"
66.249.70.2 - - [28/Jul/2024:00:02:55 +0200] "GET /ru/?i=fujifilm-gf20-35mm-f4-r-wr-w-manual-lens-mm-AvR2GaCO HTTP/1.1" 200 7149 "-" "Mozilla/5.0 (Linux; Android 6.0.1; Nexus 5X Build/MMB29P) AppleWebKit/537.36 (KHTML, like Gecko) Chrome/126.0.6478.126 Mobile Safari/537.36 (compatible; Googlebot/2.1; +http://www.google.com/bot.html)"
157.55.39.51 - - [28/Jul/2024:00:02:55 +0200] "GET /?i=anime-waifus-%D8%B9%D9%84%D9%89-x-cinnamoroll-and-miku-[vocaloid-x-mm-Wkk0pQse HTTP/1.1" 200 8629 "-" "Mozilla/5.0 (iPhone; CPU iPhone OS 7_0 like Mac OS X) AppleWebKit/537.51.1 (KHTML, like Gecko) Version/7.0 Mobile/11A465 Safari/9537.53 (compatible; bingbot/2.0; +http://www.bing.com/bingbot.htm)"
66.249.70.7 - - [28/Jul/2024:00:02:55 +0200] "GET /?i=compatible-for-philips-fc-9925-9924-9926x9125-9751-9919-mm-Q0B67IX HTTP/1.1" 200 7625 "-" "Mozilla/5.0 (Linux; Android 6.0.1; Nexus 5X Build/MMB29P) AppleWebKit/537.36 (KHTML, like Gecko) Chrome/126.0.6478.126 Mobile Safari/537.36 (compatible; Googlebot/2.1; +http://www.google.com/bot.html)"
66.249.72.166 - - [28/Jul/2024:00:02:55 +0200] "GET /?i=aras-river-pollution-a-critical-menace-to-iran-s-mm-B0xnJYHV HTTP/1.1" 200 10478 "-" "Mozilla/5.0 (Linux; Android 6.0.1; Nexus 5X Build/MMB29P) AppleWebKit/537.36 (KHTML, like Gecko) Chrome/126.0.6478.126 Mobile Safari/537.36 (compatible; Googlebot/2.1; +http://www.google.com/bot.html)"
91.106.43.78 - - [28/Jul/2024:00:02:55 +0200] "GET /favicon.ico HTTP/1.1" 200 5359 "-" "Mozilla/5.0 (iPad; CPU OS 15_6 like Mac OS X) AppleWebKit/605.1.15 (KHTML, like Gecko) CriOS/125.0.6422.145 Mobile/15E148 Safari/604.1"
66.249.70.1 - - [28/Jul/2024:00:02:55 +0200] "GET /?i=hotel-alojamento-para-empresas-campinas-sao-paulo-mm-E0wg4kT3 HTTP/1.1" 200 7089 "-" "Mozilla/5.0 (Linux; Android 6.0.1; Nexus 5X Build/MMB29P) AppleWebKit/537.36 (KHTML, like Gecko) Chrome/126.0.6478.126 Mobile Safari/537.36 (compatible; Googlebot/2.1; +http://www.google.com/bot.html)"
66.249.70.3 - - [28/Jul/2024:00:02:55 +0200] "GET /?i=how-can-we-make-2=5-quora-mm-KM9PkaCN HTTP/1.1" 200 6673 "-" "Mozilla/5.0 (Linux; Android 6.0.1; Nexus 5X Build/MMB29P) AppleWebKit/537.36 (KHTML, like Gecko) Chrome/126.0.6478.126 Mobile Safari/537.36 (compatible; Googlebot/2.1; +http://www.google.com/bot.html)"
111.88.122.199 - - [28/Jul/2024:00:02:55 +0200] "GET /?i=1969-chevrolet-camaro-sunnyside-classics-1-classic-car-dealership-mm-4NGRr1T6 HTTP/1.1" 200 4355 "https://www.google.com/" "Mozilla/5.0 (Linux; Android 10; K) AppleWebKit/537.36 (KHTML, like Gecko) Chrome/127.0.0.0 Mobile Safari/537.36"
66.249.70.5 - - [28/Jul/2024:00:02:55 +0200] "GET /?i=samsung-a13-brand-new-sealed-5g-metropcs-never-been-mm-d2xQL9fe HTTP/1.1" 200 7904 "-" "Mozilla/5.0 (Linux; Android 6.0.1; Nexus 5X Build/MMB29P) AppleWebKit/537.36 (KHTML, like Gecko) Chrome/126.0.6478.126 Mobile Safari/537.36 (compatible; Googlebot/2.1; +http://www.google.com/bot.html)"
66.249.70.3 - - [28/Jul/2024:00:02:55 +0200] "GET /?i=pin-on-happy-birthday-mm-N5OYnXTd HTTP/1.1" 200 6808 "-" "Mozilla/5.0 (Linux; Android 6.0.1; Nexus 5X Build/MMB29P) AppleWebKit/537.36 (KHTML, like Gecko) Chrome/126.0.6478.126 Mobile Safari/537.36 (compatible; Googlebot/2.1; +http://www.google.com/bot.html)"
66.249.70.8 - - [28/Jul/2024:00:02:55 +0200] "GET /index.php?i=van-klia-genting-taxi-rental-my-sg-thai-@raffie_vipvantransport-mm-AvxX4QHO HTTP/1.1" 200 6656 "-" "Mozilla/5.0 (Linux; Android 6.0.1; Nexus 5X Build/MMB29P) AppleWebKit/537.36 (KHTML, like Gecko) Chrome/126.0.6478.126 Mobile Safari/537.36 (compatible; Googlebot/2.1; +http://www.google.com/bot.html)"
157.55.39.51 - - [28/Jul/2024:00:02:55 +0200] "GET /?i=christopher-nolan-7-movie-collection-4k-bluray-mm-dYV7p9Fe HTTP/1.1" 200 7158 "-" "Mozilla/5.0 (iPhone; CPU iPhone OS 7_0 like Mac OS X) AppleWebKit/537.51.1 (KHTML, like Gecko) Version/7.0 Mobile/11A465 Safari/9537.53 (compatible; bingbot/2.0; +http://www.bing.com/bingbot.htm)"
66.249.70.6 - - [28/Jul/2024:00:02:55 +0200] "GET /?i=couverts-pour-douze-personnes-en-argent-espagnol-poin%C3%A7on%E2%80%A6-mm-L5apWLhd HTTP/1.1" 200 8015 "-" "Mozilla/5.0 (Linux; Android 6.0.1; Nexus 5X Build/MMB29P) AppleWebKit/537.36 (KHTML, like Gecko) Chrome/126.0.6478.126 Mobile Safari/537.36 (compatible; Googlebot/2.1; +http://www.google.com/bot.html)"
66.249.70.3 - - [28/Jul/2024:00:02:56 +0200] "GET /?i=xlwrini-klinex-advance-33s-mm-LRBNqdcd HTTP/1.1" 200 7830 "-" "Mozilla/5.0 (Linux; Android 6.0.1; Nexus 5X Build/MMB29P) AppleWebKit/537.36 (KHTML, like Gecko) Chrome/126.0.6478.126 Mobile Safari/537.36 (compatible; Googlebot/2.1; +http://www.google.com/bot.html)"
66.249.70.1 - - [28/Jul/2024:00:02:56 +0200] "GET /?i=usb-c-docking-station-tripp-lite-digikey-mm-nJjDqAsE HTTP/1.1" 200 7134 "-" "Mozilla/5.0 (Linux; Android 6.0.1; Nexus 5X Build/MMB29P) AppleWebKit/537.36 (KHTML, like Gecko) Chrome/126.0.6478.126 Mobile Safari/537.36 (compatible; Googlebot/2.1; +http://www.google.com/bot.html)"
66.249.70.2 - - [28/Jul/2024:00:02:56 +0200] "GET /?i=hd-wallpapers-1366x768-wallpaper-cave-mm-gLKzavU7 HTTP/1.1" 200 6599 "-" "Mozilla/5.0 (Linux; Android 6.0.1; Nexus 5X Build/MMB29P) AppleWebKit/537.36 (KHTML, like Gecko) Chrome/126.0.6478.126 Mobile Safari/537.36 (compatible; Googlebot/2.1; +http://www.google.com/bot.html)"
66.249.70.8 - - [28/Jul/2024:00:02:56 +0200] "GET /?i=hip-hop-50-official-site-mm-ORKExkIX HTTP/1.1" 200 7319 "-" "Mozilla/5.0 (Linux; Android 6.0.1; Nexus 5X Build/MMB29P) AppleWebKit/537.36 (KHTML, like Gecko) Chrome/126.0.6478.126 Mobile Safari/537.36 (compatible; Googlebot/2.1; +http://www.google.com/bot.html)"
66.249.70.4 - - [28/Jul/2024:00:02:56 +0200] "GET /?i=review-unboxing-tova-tunebowl-in-mm-PNbg3bhB HTTP/1.1" 200 7235 "-" "Mozilla/5.0 (Linux; Android 6.0.1; Nexus 5X Build/MMB29P) AppleWebKit/537.36 (KHTML, like Gecko) Chrome/126.0.6478.126 Mobile Safari/537.36 (compatible; Googlebot/2.1; +http://www.google.com/bot.html)"
177.227.22.95 - - [28/Jul/2024:00:02:56 +0200] "GET /?i=plumbing-connector-for-washing-machine-to-kitchen-faucet-home-mm-WWoeOBse HTTP/1.1" 200 4353 "https://www.google.com/" "Mozilla/5.0 (Linux; Android 10; K) AppleWebKit/537.36 (KHTML, like Gecko) Chrome/127.0.0.0 Mobile Safari/537.36"
66.249.70.8 - - [28/Jul/2024:00:02:56 +0200] "GET /?i=%D0%94%D1%80%D0%B0%D0%B9%D0%B2%D0%B5%D1%80%D0%B0-%D0%B4%D0%BB%D1%8F-sharp-ar-5516-mm-VWoa9nU6 HTTP/1.1" 200 10204 "-" "Mozilla/5.0 (Linux; Android 6.0.1; Nexus 5X Build/MMB29P) AppleWebKit/537.36 (KHTML, like Gecko) Chrome/126.0.6478.126 Mobile Safari/537.36 (compatible; Googlebot/2.1; +http://www.google.com/bot.html)"
66.249.70.6 - - [28/Jul/2024:00:02:56 +0200] "GET /ru/?i=the-complexities-of-traveling-to-saudi-arabia-cond%C3%A9-nast-mm-X2bMqmHX HTTP/1.1" 200 8026 "-" "Mozilla/5.0 (Linux; Android 6.0.1; Nexus 5X Build/MMB29P) AppleWebKit/537.36 (KHTML, like Gecko) Chrome/126.0.6478.126 Mobile Safari/537.36 (compatible; Googlebot/2.1; +http://www.google.com/bot.html)"
66.249.70.109 - - [28/Jul/2024:00:02:56 +0200] "GET /?m=joshua-foer-einsteinnel-a-holdra-pdf-zz-0Eq8kgtJ HTTP/1.1" 200 6986 "-" "Mozilla/5.0 (Linux; Android 6.0.1; Nexus 5X Build/MMB29P) AppleWebKit/537.36 (KHTML, like Gecko) Chrome/126.0.6478.126 Mobile Safari/537.36 (compatible; GoogleOther)"
66.249.70.6 - - [28/Jul/2024:00:02:56 +0200] "GET /?i=halloumi-veggie-burgers-a-giveaway-for-green-kitchen-travels-mm-KjmrXaFN HTTP/1.1" 200 7291 "-" "Mozilla/5.0 (Linux; Android 6.0.1; Nexus 5X Build/MMB29P) AppleWebKit/537.36 (KHTML, like Gecko) Chrome/126.0.6478.126 Mobile Safari/537.36 (compatible; Googlebot/2.1; +http://www.google.com/bot.html)"
66.249.70.4 - - [28/Jul/2024:00:02:56 +0200] "GET /?i=world-rugby-passport-10-offside-and-onside-in-open-mm-VWJnMnT6 HTTP/1.1" 200 11119 "-" "Mozilla/5.0 (Linux; Android 6.0.1; Nexus 5X Build/MMB29P) AppleWebKit/537.36 (KHTML, like Gecko) Chrome/126.0.6478.126 Mobile Safari/537.36 (compatible; Googlebot/2.1; +http://www.google.com/bot.html)"
66.249.70.8 - - [28/Jul/2024:00:02:56 +0200] "GET /?i=photo-essay-wikipedia-mm-6ABRYfN HTTP/1.1" 200 6629 "-" "Mozilla/5.0 (Linux; Android 6.0.1; Nexus 5X Build/MMB29P) AppleWebKit/537.36 (KHTML, like Gecko) Chrome/126.0.6478.126 Mobile Safari/537.36 (compatible; Googlebot/2.1; +http://www.google.com/bot.html)"
66.249.70.1 - - [28/Jul/2024:00:02:57 +0200] "GET /?i=rani-bagh-market-akuukka-flickr-mm-Grq5Vztd HTTP/1.1" 200 6992 "-" "Mozilla/5.0 (Linux; Android 6.0.1; Nexus 5X Build/MMB29P) AppleWebKit/537.36 (KHTML, like Gecko) Chrome/126.0.6478.126 Mobile Safari/537.36 (compatible; Googlebot/2.1; +http://www.google.com/bot.html)"
66.249.70.3 - - [28/Jul/2024:00:02:57 +0200] "GET /?i=guincho-big-bag-panter-guincho-big-bag-panter-big-mm-W0WGMVhe HTTP/1.1" 200 7225 "-" "Mozilla/5.0 (Linux; Android 6.0.1; Nexus 5X Build/MMB29P) AppleWebKit/537.36 (KHTML, like Gecko) Chrome/126.0.6478.126 Mobile Safari/537.36 (compatible; Googlebot/2.1; +http://www.google.com/bot.html)"
66.249.70.1 - - [28/Jul/2024:00:02:57 +0200] "GET /?i=explorer-the-last-tepui-microsoft-apps-mm-kkQgQBuo HTTP/1.1" 200 10717 "-" "Mozilla/5.0 (Linux; Android 6.0.1; Nexus 5X Build/MMB29P) AppleWebKit/537.36 (KHTML, like Gecko) Chrome/126.0.6478.126 Mobile Safari/537.36 (compatible; Googlebot/2.1; +http://www.google.com/bot.html)"
66.249.70.6 - - [28/Jul/2024:00:02:57 +0200] "GET /?i=khus-khus-gasagasalu-poppy-seeds-100-grams-%E2%80%93-vintage-mm-71Bp6eC0 HTTP/1.1" 200 7241 "-" "Mozilla/5.0 (Linux; Android 6.0.1; Nexus 5X Build/MMB29P) AppleWebKit/537.36 (KHTML, like Gecko) Chrome/126.0.6478.126 Mobile Safari/537.36 (compatible; Googlebot/2.1; +http://www.google.com/bot.html)"
66.249.70.8 - - [28/Jul/2024:00:02:57 +0200] "GET /?i=oppenheimer-cillian-murphy-emily-blunt-matt-damon-robert-downey-mm-pOJOAmTj HTTP/1.1" 200 8465 "-" "Mozilla/5.0 (Linux; Android 6.0.1; Nexus 5X Build/MMB29P) AppleWebKit/537.36 (KHTML, like Gecko) Chrome/126.0.6478.126 Mobile Safari/537.36 (compatible; Googlebot/2.1; +http://www.google.com/bot.html)"
66.249.70.1 - - [28/Jul/2024:00:02:57 +0200] "GET /?i=usb-type-c-to-rj45-gigabit-ethernet-lan-network-mm-E04xkt3 HTTP/1.1" 200 11251 "-" "Mozilla/5.0 (Linux; Android 6.0.1; Nexus 5X Build/MMB29P) AppleWebKit/537.36 (KHTML, like Gecko) Chrome/126.0.6478.126 Mobile Safari/537.36 (compatible; Googlebot/2.1; +http://www.google.com/bot.html)"
66.249.70.2 - - [28/Jul/2024:00:02:57 +0200] "GET /?i=arts-council-asks-alaskans-to-pick-a-new-license-mm-WadWnvUe HTTP/1.1" 200 6968 "-" "Mozilla/5.0 (Linux; Android 6.0.1; Nexus 5X Build/MMB29P) AppleWebKit/537.36 (KHTML, like Gecko) Chrome/126.0.6478.126 Mobile Safari/537.36 (compatible; Googlebot/2.1; +http://www.google.com/bot.html)"
136.243.228.194 - - [28/Jul/2024:00:02:57 +0200] "GET /?i=buy-galaxy-s23-ultra-512gb-unlocked-phones-samsung-us-mm-MQqjGxCo HTTP/1.1" 200 1816 "-" "Mozilla/5.0 (compatible; DataForSeoBot/1.0; +https://dataforseo.com/dataforseo-bot)"
66.249.70.1 - - [28/Jul/2024:00:02:57 +0200] "GET /?i=15-winter-rainy-day-outfits-that-look-cute-who-mm-YK0RGVun HTTP/1.1" 200 6938 "-" "Mozilla/5.0 (Linux; Android 6.0.1; Nexus 5X Build/MMB29P) AppleWebKit/537.36 (KHTML, like Gecko) Chrome/126.0.6478.126 Mobile Safari/537.36 (compatible; Googlebot/2.1; +http://www.google.com/bot.html)"
66.249.70.4 - - [28/Jul/2024:00:02:57 +0200] "GET /?i=the-spookiest-part-are-the-ears-alex-versus-the-mm-k3kqYWHo HTTP/1.1" 200 11527 "-" "Mozilla/5.0 (Linux; Android 6.0.1; Nexus 5X Build/MMB29P) AppleWebKit/537.36 (KHTML, like Gecko) Chrome/126.0.6478.126 Mobile Safari/537.36 (compatible; GoogleOther)"
66.249.70.2 - - [28/Jul/2024:00:02:57 +0200] "GET /?i=hahndorf-main-street-hi-res-stock-photography-and-images-mm-J0NvnBt1 HTTP/1.1" 200 10519 "-" "Mozilla/5.0 (Linux; Android 6.0.1; Nexus 5X Build/MMB29P) AppleWebKit/537.36 (KHTML, like Gecko) Chrome/126.0.6478.126 Mobile Safari/537.36 (compatible; Googlebot/2.1; +http://www.google.com/bot.html)"
66.249.70.5 - - [28/Jul/2024:00:02:57 +0200] "GET /?i=xl-digital-air-fryer-oven-%E2%80%93-west-bend-mm-nK4eK1fE HTTP/1.1" 200 7458 "-" "Mozilla/5.0 (Linux; Android 6.0.1; Nexus 5X Build/MMB29P) AppleWebKit/537.36 (KHTML, like Gecko) Chrome/126.0.6478.126 Mobile Safari/537.36 (compatible; Googlebot/2.1; +http://www.google.com/bot.html)"
66.249.70.8 - - [28/Jul/2024:00:02:58 +0200] "GET /?i=pin-on-witchcraft-spell-books-mm-MvAAzho HTTP/1.1" 200 6898 "-" "Mozilla/5.0 (Linux; Android 6.0.1; Nexus 5X Build/MMB29P) AppleWebKit/537.36 (KHTML, like Gecko) Chrome/126.0.6478.126 Mobile Safari/537.36 (compatible; Googlebot/2.1; +http://www.google.com/bot.html)"
66.249.70.8 - - [28/Jul/2024:00:02:58 +0200] "GET /?i=ocean-city-marks-20-years-since-infamous-sifrit-slayings-mm-MoVvqzto HTTP/1.1" 200 7441 "-" "Mozilla/5.0 (Linux; Android 6.0.1; Nexus 5X Build/MMB29P) AppleWebKit/537.36 (KHTML, like Gecko) Chrome/126.0.6478.126 Mobile Safari/537.36 (compatible; Googlebot/2.1; +http://www.google.com/bot.html)"
66.249.70.5 - - [28/Jul/2024:00:02:58 +0200] "GET /?i=bac-1-11-%E2%80%93-wikipedie-mm-vL9dn5CV HTTP/1.1" 200 10707 "-" "Mozilla/5.0 (Linux; Android 6.0.1; Nexus 5X Build/MMB29P) AppleWebKit/537.36 (KHTML, like Gecko) Chrome/126.0.6478.126 Mobile Safari/537.36 (compatible; Googlebot/2.1; +http://www.google.com/bot.html)"
66.249.70.8 - - [28/Jul/2024:00:02:58 +0200] "GET /?i=han%E2%80%93xiongnu-war-wikipedia-mm-ENbopKt3 HTTP/1.1" 200 7086 "-" "Mozilla/5.0 (Linux; Android 6.0.1; Nexus 5X Build/MMB29P) AppleWebKit/537.36 (KHTML, like Gecko) Chrome/126.0.6478.126 Mobile Safari/537.36 (compatible; Googlebot/2.1; +http://www.google.com/bot.html)"
66.249.70.4 - - [28/Jul/2024:00:02:58 +0200] "GET /?i=xpg-summoner-rgb-gaming-keyboard-review-mm-oYKv5wsL HTTP/1.1" 200 6697 "-" "Mozilla/5.0 (Linux; Android 6.0.1; Nexus 5X Build/MMB29P) AppleWebKit/537.36 (KHTML, like Gecko) Chrome/126.0.6478.126 Mobile Safari/537.36 (compatible; Googlebot/2.1; +http://www.google.com/bot.html)"
66.249.70.7 - - [28/Jul/2024:00:02:58 +0200] "GET /?i=maps-and-directions-augustana-university-mm-k2Ypgjco HTTP/1.1" 200 6796 "-" "Mozilla/5.0 (Linux; Android 6.0.1; Nexus 5X Build/MMB29P) AppleWebKit/537.36 (KHTML, like Gecko) Chrome/126.0.6478.126 Mobile Safari/537.36 (compatible; Googlebot/2.1; +http://www.google.com/bot.html)"
66.249.70.8 - - [28/Jul/2024:00:02:58 +0200] "GET /?i=jitni-dafa-%E2%80%93-parmanu-song-whatsapp-status-lyrical-%E2%80%93-mm-Lr96kVId HTTP/1.1" 200 10774 "-" "Mozilla/5.0 (Linux; Android 6.0.1; Nexus 5X Build/MMB29P) AppleWebKit/537.36 (KHTML, like Gecko) Chrome/126.0.6478.126 Mobile Safari/537.36 (compatible; Googlebot/2.1; +http://www.google.com/bot.html)"
66.249.70.2 - - [28/Jul/2024:00:02:58 +0200] "GET /?i=nokia-g21-pros-and-cons-detailed-specs-mm-mLdAneUX HTTP/1.1" 200 7320 "-" "Mozilla/5.0 (Linux; Android 6.0.1; Nexus 5X Build/MMB29P) AppleWebKit/537.36 (KHTML, like Gecko) Chrome/126.0.6478.126 Mobile Safari/537.36 (compatible; Googlebot/2.1; +http://www.google.com/bot.html)"
66.249.70.109 - - [28/Jul/2024:00:02:58 +0200] "GET /?m=pdf]-serological-diagnosis-of-untreated-early-importance-of-the-zz-lVaa5Gcv HTTP/1.1" 200 7576 "-" "Mozilla/5.0 (Linux; Android 6.0.1; Nexus 5X Build/MMB29P) AppleWebKit/537.36 (KHTML, like Gecko) Chrome/126.0.6478.126 Mobile Safari/537.36 (compatible; GoogleOther)"
66.249.70.3 - - [28/Jul/2024:00:02:58 +0200] "GET /?i=everymarket-mm-6YBnA0TN HTTP/1.1" 200 6769 "-" "Mozilla/5.0 (Linux; Android 6.0.1; Nexus 5X Build/MMB29P) AppleWebKit/537.36 (KHTML, like Gecko) Chrome/126.0.6478.126 Mobile Safari/537.36 (compatible; Googlebot/2.1; +http://www.google.com/bot.html)"
66.249.70.3 - - [28/Jul/2024:00:02:58 +0200] "GET /?i=amira-farhanah-jaffar-berikut-merupakan-rukun-hibah-sekiranya-tuan-mm-QazBqBhX HTTP/1.1" 200 7426 "-" "Mozilla/5.0 (Linux; Android 6.0.1; Nexus 5X Build/MMB29P) AppleWebKit/537.36 (KHTML, like Gecko) Chrome/126.0.6478.126 Mobile Safari/537.36 (compatible; Googlebot/2.1; +http://www.google.com/bot.html)"
66.249.70.5 - - [28/Jul/2024:00:02:59 +0200] "GET /?i=bab-al-wardi-perfume-maroc-m-oddKetL HTTP/1.1" 200 3818 "-" "Mozilla/5.0 (Linux; Android 6.0.1; Nexus 5X Build/MMB29P) AppleWebKit/537.36 (KHTML, like Gecko) Chrome/126.0.6478.126 Mobile Safari/537.36 (compatible; Googlebot/2.1; +http://www.google.com/bot.html)"
66.249.70.1 - - [28/Jul/2024:00:02:59 +0200] "GET /?i=coconut-chin-chin-with-video-yummieliciouz-mm-xYJvjEUq HTTP/1.1" 200 6913 "-" "Mozilla/5.0 (Linux; Android 6.0.1; Nexus 5X Build/MMB29P) AppleWebKit/537.36 (KHTML, like Gecko) Chrome/126.0.6478.126 Mobile Safari/537.36 (compatible; Googlebot/2.1; +http://www.google.com/bot.html)"
66.249.70.3 - - [28/Jul/2024:00:02:59 +0200] "GET /it/?i=antenna-theory-terms-in-wave-propagation-mm-7wPbzni0 HTTP/1.1" 200 10674 "-" "Mozilla/5.0 (Linux; Android 6.0.1; Nexus 5X Build/MMB29P) AppleWebKit/537.36 (KHTML, like Gecko) Chrome/126.0.6478.126 Mobile Safari/537.36 (compatible; Googlebot/2.1; +http://www.google.com/bot.html)"
66.249.70.4 - - [28/Jul/2024:00:02:59 +0200] "GET /?i=frsc-training-allowance-and-structure-waybackstudy-mm-E2YbVps3 HTTP/1.1" 200 6872 "-" "Mozilla/5.0 (Linux; Android 6.0.1; Nexus 5X Build/MMB29P) AppleWebKit/537.36 (KHTML, like Gecko) Chrome/126.0.6478.126 Mobile Safari/537.36 (compatible; Googlebot/2.1; +http://www.google.com/bot.html)"
47.208.240.206 - - [28/Jul/2024:00:02:59 +0200] "GET /?i=how-well-a-30-pound-bag-of-dog-food-mm-xM52aWcq HTTP/1.1" 200 4355 "https://www.google.com/" "Mozilla/5.0 (Macintosh; Intel Mac OS X 10_15_7) AppleWebKit/605.1.15 (KHTML, like Gecko) Version/17.5 Safari/605.1.15"
52.167.144.174 - - [28/Jul/2024:00:02:59 +0200] "GET /?i=occiam-earbuds-not-pairing-m-46WbGBC6 HTTP/1.1" 200 8200 "-" "Mozilla/5.0 AppleWebKit/537.36 (KHTML, like Gecko; compatible; bingbot/2.0; +http://www.bing.com/bingbot.htm) Chrome/116.0.1938.76 Safari/537.36"
66.249.70.6 - - [28/Jul/2024:00:02:59 +0200] "GET /?i=process-flow-chart-in-manufacturing-symbols-for-process-flow-mm-OKVJRJsX HTTP/1.1" 200 6825 "-" "Mozilla/5.0 (Linux; Android 6.0.1; Nexus 5X Build/MMB29P) AppleWebKit/537.36 (KHTML, like Gecko) Chrome/126.0.6478.126 Mobile Safari/537.36 (compatible; Googlebot/2.1; +http://www.google.com/bot.html)"
66.249.70.7 - - [28/Jul/2024:00:02:59 +0200] "GET /?i=imac-dijual-di-curitiba-facebook-marketplace-facebook-mm-B0nz1mCV HTTP/1.1" 200 8060 "-" "Mozilla/5.0 (Linux; Android 6.0.1; Nexus 5X Build/MMB29P) AppleWebKit/537.36 (KHTML, like Gecko) Chrome/126.0.6478.126 Mobile Safari/537.36 (compatible; Googlebot/2.1; +http://www.google.com/bot.html)"
66.249.70.2 - - [28/Jul/2024:00:02:59 +0200] "GET /?i=umbilical-cord-compression-and-your-baby-s-health-birth-mm-4Ra4AC6 HTTP/1.1" 200 7099 "-" "Mozilla/5.0 (Linux; Android 6.0.1; Nexus 5X Build/MMB29P) AppleWebKit/537.36 (KHTML, like Gecko) Chrome/126.0.6478.126 Mobile Safari/537.36 (compatible; Googlebot/2.1; +http://www.google.com/bot.html)"
66.249.70.4 - - [28/Jul/2024:00:02:59 +0200] "GET /?i=shengyi-pan-linkedin-mm-1k12ozi7 HTTP/1.1" 200 10492 "-" "Mozilla/5.0 (Linux; Android 6.0.1; Nexus 5X Build/MMB29P) AppleWebKit/537.36 (KHTML, like Gecko) Chrome/126.0.6478.126 Mobile Safari/537.36 (compatible; Googlebot/2.1; +http://www.google.com/bot.html)"
52.167.144.174 - - [28/Jul/2024:00:02:59 +0200] "GET /?i=discover-art-deco-design-everything-you-need-to-know-mm-K03boacN HTTP/1.1" 200 7427 "-" "Mozilla/5.0 AppleWebKit/537.36 (KHTML, like Gecko; compatible; bingbot/2.0; +http://www.bing.com/bingbot.htm) Chrome/116.0.1938.76 Safari/537.36"
66.249.70.8 - - [28/Jul/2024:00:02:59 +0200] "GET /?i=bolo-instagram-70-modelos-lindos-para-decora%C3%A7%C3%A3o-do-bolo-mm-zVnkzDc5 HTTP/1.1" 200 6902 "-" "Mozilla/5.0 (Linux; Android 6.0.1; Nexus 5X Build/MMB29P) AppleWebKit/537.36 (KHTML, like Gecko) Chrome/126.0.6478.126 Mobile Safari/537.36 (compatible; Googlebot/2.1; +http://www.google.com/bot.html)"
66.249.70.7 - - [28/Jul/2024:00:03:00 +0200] "GET /?i=archives-redmi-6a-anti-relock-mi-account-arenafile-mm-a1e9pYCN HTTP/1.1" 200 10694 "-" "Mozilla/5.0 (Linux; Android 6.0.1; Nexus 5X Build/MMB29P) AppleWebKit/537.36 (KHTML, like Gecko) Chrome/126.0.6478.126 Mobile Safari/537.36 (compatible; Googlebot/2.1; +http://www.google.com/bot.html)"
217.113.194.90 - - [28/Jul/2024:00:02:59 +0200] "GET /de/initiative/28-il-ruolo-e-le-responsabilita-degli-enti-locali-di-fronte-al-terrorismo---risoluzione-159--2003-.html HTTP/1.1" 200 2488 "-" "Mozilla/5.0 (compatible; Barkrowler/0.9; +https://babbar.tech/crawler)"
66.249.70.5 - - [28/Jul/2024:00:03:00 +0200] "GET /en/?i=leaflet-batuk-pilek-pada-anak-pdf-mm-O61JWPiX HTTP/1.1" 200 10442 "-" "Mozilla/5.0 (Linux; Android 6.0.1; Nexus 5X Build/MMB29P) AppleWebKit/537.36 (KHTML, like Gecko) Chrome/126.0.6478.126 Mobile Safari/537.36 (compatible; GoogleOther)"
66.249.70.8 - - [28/Jul/2024:00:03:00 +0200] "GET /?i=nissan-skyline-r34-in-legendary-pennzoil-livery-mm-aXkMo6sN HTTP/1.1" 200 7048 "-" "Mozilla/5.0 (Linux; Android 6.0.1; Nexus 5X Build/MMB29P) AppleWebKit/537.36 (KHTML, like Gecko) Chrome/126.0.6478.126 Mobile Safari/537.36 (compatible; Googlebot/2.1; +http://www.google.com/bot.html)"
66.249.70.2 - - [28/Jul/2024:00:03:00 +0200] "GET /?i=metabo-sds-plus-combination-hammers-mm-pqdo6Xuj HTTP/1.1" 200 7437 "-" "Mozilla/5.0 (Linux; Android 6.0.1; Nexus 5X Build/MMB29P) AppleWebKit/537.36 (KHTML, like Gecko) Chrome/126.0.6478.126 Mobile Safari/537.36 (compatible; Googlebot/2.1; +http://www.google.com/bot.html)"
66.249.70.8 - - [28/Jul/2024:00:03:00 +0200] "GET /?i=understand-cefr-level-in-ielts-a-score-comparison-mm-bW1G9kIX HTTP/1.1" 200 7159 "-" "Mozilla/5.0 (Linux; Android 6.0.1; Nexus 5X Build/MMB29P) AppleWebKit/537.36 (KHTML, like Gecko) Chrome/126.0.6478.126 Mobile Safari/537.36 (compatible; Googlebot/2.1; +http://www.google.com/bot.html)"
66.249.70.7 - - [28/Jul/2024:00:03:00 +0200] "GET /?i=home-page-journal-of-oral-and-maxillofacial-surgery-mm-GjBRVBUd HTTP/1.1" 200 7445 "-" "Mozilla/5.0 (Linux; Android 6.0.1; Nexus 5X Build/MMB29P) AppleWebKit/537.36 (KHTML, like Gecko) Chrome/126.0.6478.126 Mobile Safari/537.36 (compatible; Googlebot/2.1; +http://www.google.com/bot.html)"
73.51.248.127 - - [28/Jul/2024:00:03:00 +0200] "GET /tr/?i=brown-vaginal-discharge-all-you-need-to-know-mm-akmwmYtN HTTP/1.1" 200 4355 "https://www.google.com/" "Mozilla/5.0 (Linux; Android 10; K) AppleWebKit/537.36 (KHTML, like Gecko) Chrome/127.0.0.0 Mobile Safari/537.36"
66.249.70.3 - - [28/Jul/2024:00:03:00 +0200] "GET /?i=hey-boo-print-halloween-print-halloween-wall-art-halloween-mm-d1w1nXUe HTTP/1.1" 200 6755 "-" "Mozilla/5.0 (Linux; Android 6.0.1; Nexus 5X Build/MMB29P) AppleWebKit/537.36 (KHTML, like Gecko) Chrome/126.0.6478.126 Mobile Safari/537.36 (compatible; Googlebot/2.1; +http://www.google.com/bot.html)"
66.249.70.2 - - [28/Jul/2024:00:03:00 +0200] "GET /?i=seeds-of-wild-chicory-cichorium-intybus-the-original-garden-mm-rAaKaoC4 HTTP/1.1" 200 7424 "-" "Mozilla/5.0 (Linux; Android 6.0.1; Nexus 5X Build/MMB29P) AppleWebKit/537.36 (KHTML, like Gecko) Chrome/126.0.6478.126 Mobile Safari/537.36 (compatible; Googlebot/2.1; +http://www.google.com/bot.html)"
66.249.70.3 - - [28/Jul/2024:00:03:00 +0200] "GET /?i=kum-kum-leng-chinese-restaurant-%E9%87%91%E9%99%B5%E6%A8%93-koondoola-mm-j1eX6XU9 HTTP/1.1" 200 7425 "-" "Mozilla/5.0 (Linux; Android 6.0.1; Nexus 5X Build/MMB29P) AppleWebKit/537.36 (KHTML, like Gecko) Chrome/126.0.6478.126 Mobile Safari/537.36 (compatible; Googlebot/2.1; +http://www.google.com/bot.html)"
66.249.70.7 - - [28/Jul/2024:00:03:00 +0200] "GET /?i=u2%C3%A2%E2%82%AC%E2%84%A2s-%C3%A2%E2%82%AC%CB%9Cboy%C3%A2%E2%82%AC%E2%84%A2-at-35-classic-track-by-track-album-mm-0LPEDKCx HTTP/1.1" 200 7464 "-" "Mozilla/5.0 (Linux; Android 6.0.1; Nexus 5X Build/MMB29P) AppleWebKit/537.36 (KHTML, like Gecko) Chrome/126.0.6478.126 Mobile Safari/537.36 (compatible; Googlebot/2.1; +http://www.google.com/bot.html)"
66.249.70.5 - - [28/Jul/2024:00:03:00 +0200] "GET /?i=grohe-dal-automatic-flush-valve-for-wc-37139000-mm-9BY4e5u7 HTTP/1.1" 200 7732 "-" "Mozilla/5.0 (Linux; Android 6.0.1; Nexus 5X Build/MMB29P) AppleWebKit/537.36 (KHTML, like Gecko) Chrome/126.0.6478.126 Mobile Safari/537.36 (compatible; Googlebot/2.1; +http://www.google.com/bot.html)"
66.249.70.6 - - [28/Jul/2024:00:03:00 +0200] "GET /?i=treat-yourself-on-rainy-days-hico-ice-cream-pakistan-mm-aeW6QkCN HTTP/1.1" 200 7172 "-" "Mozilla/5.0 (Linux; Android 6.0.1; Nexus 5X Build/MMB29P) AppleWebKit/537.36 (KHTML, like Gecko) Chrome/126.0.6478.126 Mobile Safari/537.36 (compatible; Googlebot/2.1; +http://www.google.com/bot.html)"
66.249.70.5 - - [28/Jul/2024:00:03:01 +0200] "GET /?i=bath-and-body-works-sensual-amber-fine-fragrance-body-mm-rNP6e5f4 HTTP/1.1" 200 6940 "-" "Mozilla/5.0 (Linux; Android 6.0.1; Nexus 5X Build/MMB29P) AppleWebKit/537.36 (KHTML, like Gecko) Chrome/126.0.6478.126 Mobile Safari/537.36 (compatible; Googlebot/2.1; +http://www.google.com/bot.html)"
66.249.70.3 - - [28/Jul/2024:00:03:00 +0200] "GET /?i=icky-sticky-bubble-gum-virginia-s-crazy-children-s-mm-nNBEb9sE HTTP/1.1" 200 6865 "-" "Mozilla/5.0 (Linux; Android 6.0.1; Nexus 5X Build/MMB29P) AppleWebKit/537.36 (KHTML, like Gecko) Chrome/126.0.6478.126 Mobile Safari/537.36 (compatible; Googlebot/2.1; +http://www.google.com/bot.html)"
181.174.72.227 - - [28/Jul/2024:00:03:01 +0200] "GET /?i=el-patr%C3%B3n-video-original-%C2%BFde-que-trata-la-grabaci%C3%B3n-mm-gG5eDbF7 HTTP/1.1" 200 4355 "https://www.google.com/" "Mozilla/5.0 (Linux; Android 10; K) AppleWebKit/537.36 (KHTML, like Gecko) Chrome/126.0.0.0 Mobile Safari/537.36"
66.249.70.5 - - [28/Jul/2024:00:03:01 +0200] "GET /?i=macam-macam-ukuran-foto-sesuai-standar-bingkai-pas-foto-mm-4e6kkBs6 HTTP/1.1" 200 7378 "-" "Mozilla/5.0 (Linux; Android 6.0.1; Nexus 5X Build/MMB29P) AppleWebKit/537.36 (KHTML, like Gecko) Chrome/126.0.6478.126 Mobile Safari/537.36 (compatible; Googlebot/2.1; +http://www.google.com/bot.html)"
173.208.193.186 - - [28/Jul/2024:00:03:00 +0200] "GET / HTTP/1.1" 200 5039 "-" "Mozilla/5.0 (iPhone; CPU iPhone OS 13_2_3 like Mac OS X) AppleWebKit/605.1.15 (KHTML, like Gecko) Version/13.0.3 Mobile/15E148 Safari/604.1"
66.249.70.7 - - [28/Jul/2024:00:03:01 +0200] "GET /?i=salt-glazed-pottery-%E2%80%93-all-about-salt-glazing-past-mm-wkGAB6ck HTTP/1.1" 200 7065 "-" "Mozilla/5.0 (Linux; Android 6.0.1; Nexus 5X Build/MMB29P) AppleWebKit/537.36 (KHTML, like Gecko) Chrome/126.0.6478.126 Mobile Safari/537.36 (compatible; Googlebot/2.1; +http://www.google.com/bot.html)"
136.243.228.194 - - [28/Jul/2024:00:03:01 +0200] "GET /?i=samsung-galaxy-m72-specifications-price-specs-tech-mm-eKv325hg HTTP/1.1" 200 1816 "-" "Mozilla/5.0 (compatible; DataForSeoBot/1.0; +https://dataforseo.com/dataforseo-bot)"
52.167.144.174 - - [28/Jul/2024:00:03:00 +0200] "GET /?i=itasha HTTP/1.1" 200 2598 "-" "Mozilla/5.0 (iPhone; CPU iPhone OS 7_0 like Mac OS X) AppleWebKit/537.51.1 (KHTML, like Gecko) Version/7.0 Mobile/11A465 Safari/9537.53 (compatible; bingbot/2.0; +http://www.bing.com/bingbot.htm)"
66.249.70.7 - - [28/Jul/2024:00:03:01 +0200] "GET /?i=texas-wage-claim-login-fill-out-sign-online-dochub-mm-k227dzho HTTP/1.1" 200 6796 "-" "Mozilla/5.0 (Linux; Android 6.0.1; Nexus 5X Build/MMB29P) AppleWebKit/537.36 (KHTML, like Gecko) Chrome/126.0.6478.126 Mobile Safari/537.36 (compatible; Googlebot/2.1; +http://www.google.com/bot.html)"
66.249.70.5 - - [28/Jul/2024:00:03:01 +0200] "GET /?i=ferrari-ff-on-hre-vintage-501-hre-performance-wheels-mm-ngVBdRtE HTTP/1.1" 200 10701 "-" "Mozilla/5.0 (Linux; Android 6.0.1; Nexus 5X Build/MMB29P) AppleWebKit/537.36 (KHTML, like Gecko) Chrome/126.0.6478.126 Mobile Safari/537.36 (compatible; Googlebot/2.1; +http://www.google.com/bot.html)"
66.249.70.8 - - [28/Jul/2024:00:03:01 +0200] "GET /de/?i=harga-stainless-steel-pipa-hollow-berbagai-ukuran-per-batang-mm-Ax9mnkCO HTTP/1.1" 200 7326 "-" "Mozilla/5.0 (Linux; Android 6.0.1; Nexus 5X Build/MMB29P) AppleWebKit/537.36 (KHTML, like Gecko) Chrome/126.0.6478.126 Mobile Safari/537.36 (compatible; Googlebot/2.1; +http://www.google.com/bot.html)"
66.249.70.4 - - [28/Jul/2024:00:03:01 +0200] "GET /it/?i=curly-fries-bollywood-ishtyle-kareena-s-spring-sparkle-in-mm-7xKOeAs0 HTTP/1.1" 200 6862 "-" "Mozilla/5.0 (Linux; Android 6.0.1; Nexus 5X Build/MMB29P) AppleWebKit/537.36 (KHTML, like Gecko) Chrome/126.0.6478.126 Mobile Safari/537.36 (compatible; Googlebot/2.1; +http://www.google.com/bot.html)"
66.249.70.109 - - [28/Jul/2024:00:03:01 +0200] "GET /?m=nmrao-resume-pdf-cardiology-medicine-zz-JMNQYVUg HTTP/1.1" 200 6757 "-" "Mozilla/5.0 (Linux; Android 6.0.1; Nexus 5X Build/MMB29P) AppleWebKit/537.36 (KHTML, like Gecko) Chrome/126.0.6478.126 Mobile Safari/537.36 (compatible; GoogleOther)"
66.249.70.2 - - [28/Jul/2024:00:03:01 +0200] "GET /?i=ncert-solutions-for-class-evs-chapter-in-english-and-mm-RL6paAH5 HTTP/1.1" 200 6253 "-" "Mozilla/5.0 (Linux; Android 6.0.1; Nexus 5X Build/MMB29P) AppleWebKit/537.36 (KHTML, like Gecko) Chrome/126.0.6478.126 Mobile Safari/537.36 (compatible; Googlebot/2.1; +http://www.google.com/bot.html)"
66.249.70.8 - - [28/Jul/2024:00:03:01 +0200] "GET /?i=%E6%96%B0%E5%93%81%E3%80%91thrasher-%E3%82%B9%E3%83%A9%E3%83%83%E3%82%B7%E3%83%A3%E3%83%BC-%E5%81%8F%E5%85%89%E3%82%B5%E3%83%B3%E3%82%B0%E3%83%A9%E3%82%B9-mm-gPPDorT7 HTTP/1.1" 200 6890 "-" "Mozilla/5.0 (Linux; Android 6.0.1; Nexus 5X Build/MMB29P) AppleWebKit/537.36 (KHTML, like Gecko) Chrome/126.0.6478.126 Mobile Safari/537.36 (compatible; Googlebot/2.1; +http://www.google.com/bot.html)"
52.167.144.174 - - [28/Jul/2024:00:03:01 +0200] "GET /?i=magnaflow-catalytic-converter-m-KvD2xFN HTTP/1.1" 200 4207 "-" "Mozilla/5.0 (iPhone; CPU iPhone OS 7_0 like Mac OS X) AppleWebKit/537.51.1 (KHTML, like Gecko) Version/7.0 Mobile/11A465 Safari/9537.53 (compatible; bingbot/2.0; +http://www.bing.com/bingbot.htm)"
66.249.70.3 - - [28/Jul/2024:00:03:01 +0200] "GET /?i=how-to-choose-the-best-types-of-charts-for-mm-nJk7ORTE HTTP/1.1" 200 7578 "-" "Mozilla/5.0 (Linux; Android 6.0.1; Nexus 5X Build/MMB29P) AppleWebKit/537.36 (KHTML, like Gecko) Chrome/126.0.6478.126 Mobile Safari/537.36 (compatible; Googlebot/2.1; +http://www.google.com/bot.html)"
66.249.70.7 - - [28/Jul/2024:00:03:02 +0200] "GET /?i=tehreek-labbaik-pakistan-tlp-fashion-gadgets-media-logo-logo-mm-G150nNCd HTTP/1.1" 200 6705 "-" "Mozilla/5.0 (Linux; Android 6.0.1; Nexus 5X Build/MMB29P) AppleWebKit/537.36 (KHTML, like Gecko) Chrome/126.0.6478.126 Mobile Safari/537.36 (compatible; Googlebot/2.1; +http://www.google.com/bot.html)"
66.249.70.3 - - [28/Jul/2024:00:03:02 +0200] "GET /?i=places-to-go-in-chicago-bowling%EF%BD%9Ctiktok-search-mm-o4GD01HL HTTP/1.1" 200 7671 "-" "Mozilla/5.0 (Linux; Android 6.0.1; Nexus 5X Build/MMB29P) AppleWebKit/537.36 (KHTML, like Gecko) Chrome/126.0.6478.126 Mobile Safari/537.36 (compatible; Googlebot/2.1; +http://www.google.com/bot.html)"
66.249.70.2 - - [28/Jul/2024:00:03:02 +0200] "GET /?i=enzo-ch%C3%A1vez-on-x-salmo-79-el-salmista-tiene-mm-jbY2GEu9 HTTP/1.1" 200 7423 "-" "Mozilla/5.0 (Linux; Android 6.0.1; Nexus 5X Build/MMB29P) AppleWebKit/537.36 (KHTML, like Gecko) Chrome/126.0.6478.126 Mobile Safari/537.36 (compatible; Googlebot/2.1; +http://www.google.com/bot.html)"
66.249.70.4 - - [28/Jul/2024:00:03:02 +0200] "GET /?i=application-information-electrical-joint-apprenticeship-training-center-mm-bDK41pFX HTTP/1.1" 200 7015 "-" "Mozilla/5.0 (Linux; Android 6.0.1; Nexus 5X Build/MMB29P) AppleWebKit/537.36 (KHTML, like Gecko) Chrome/126.0.6478.126 Mobile Safari/537.36 (compatible; Googlebot/2.1; +http://www.google.com/bot.html)"
66.249.70.5 - - [28/Jul/2024:00:03:02 +0200] "GET /?i=t-rex-evolution-1900-2022-jurassic-park-jurassic-world-mm-2wO2rPUj HTTP/1.1" 200 7152 "-" "Mozilla/5.0 (Linux; Android 6.0.1; Nexus 5X Build/MMB29P) AppleWebKit/537.36 (KHTML, like Gecko) Chrome/126.0.6478.126 Mobile Safari/537.36 (compatible; Googlebot/2.1; +http://www.google.com/bot.html)"
66.249.70.6 - - [28/Jul/2024:00:03:02 +0200] "GET /?i=colgate-keep-deep-clean-toothbrush-reviews-in-toothbrushes-familyrated-mm-rWvbnGH4 HTTP/1.1" 200 7114 "-" "Mozilla/5.0 (Linux; Android 6.0.1; Nexus 5X Build/MMB29P) AppleWebKit/537.36 (KHTML, like Gecko) Chrome/126.0.6478.126 Mobile Safari/537.36 (compatible; Googlebot/2.1; +http://www.google.com/bot.html)"
174.201.82.131 - - [28/Jul/2024:00:03:02 +0200] "GET /?i=what-is-consignment-definition-and-how-it-works-2023-mm-geMgBOi7 HTTP/1.1" 200 4356 "https://www.google.com/" "Mozilla/5.0 (iPhone; CPU iPhone OS 17_5 like Mac OS X) AppleWebKit/605.1.15 (KHTML, like Gecko) GSA/326.0.653331328 Mobile/15E148 Safari/604.1"
66.249.70.8 - - [28/Jul/2024:00:03:02 +0200] "GET /?i=26q90b-629-hp-deskjet-4120e-all-in-one-printer-mm-GbVvbBCd HTTP/1.1" 200 6899 "-" "Mozilla/5.0 (Linux; Android 6.0.1; Nexus 5X Build/MMB29P) AppleWebKit/537.36 (KHTML, like Gecko) Chrome/126.0.6478.126 Mobile Safari/537.36 (compatible; Googlebot/2.1; +http://www.google.com/bot.html)"
24.115.32.219 - - [28/Jul/2024:00:03:02 +0200] "GET /?i=how-to-make-inside-out-diy-costumes-mm-2zzM0NFj HTTP/1.1" 200 4356 "https://www.google.com/" "Mozilla/5.0 (iPhone; CPU iPhone OS 17_5_1 like Mac OS X) AppleWebKit/605.1.15 (KHTML, like Gecko) Version/17.5 Mobile/15E148 Safari/604.1"
66.249.70.3 - - [28/Jul/2024:00:03:02 +0200] "GET /ru/?i=what-is-high-tide-flooding-mm-D1KQqDik HTTP/1.1" 200 7104 "-" "Mozilla/5.0 (Linux; Android 6.0.1; Nexus 5X Build/MMB29P) AppleWebKit/537.36 (KHTML, like Gecko) Chrome/126.0.6478.126 Mobile Safari/537.36 (compatible; Googlebot/2.1; +http://www.google.com/bot.html)"
66.249.70.4 - - [28/Jul/2024:00:03:02 +0200] "GET /?i=found-vintage-oval-wooden-tray-mm-05793Efx HTTP/1.1" 200 7193 "-" "Mozilla/5.0 (Linux; Android 6.0.1; Nexus 5X Build/MMB29P) AppleWebKit/537.36 (KHTML, like Gecko) Chrome/126.0.6478.126 Mobile Safari/537.36 (compatible; Googlebot/2.1; +http://www.google.com/bot.html)"
66.249.70.5 - - [28/Jul/2024:00:03:02 +0200] "GET /?i=pdf]-traffic-performance-of-three-typical-designs-of-new-mm-MQQO1zio HTTP/1.1" 200 7236 "-" "Mozilla/5.0 (Linux; Android 6.0.1; Nexus 5X Build/MMB29P) AppleWebKit/537.36 (KHTML, like Gecko) Chrome/126.0.6478.126 Mobile Safari/537.36 (compatible; Googlebot/2.1; +http://www.google.com/bot.html)"
66.249.70.6 - - [28/Jul/2024:00:03:02 +0200] "GET /?i=sasa-appliances-worried-about-food-hygiene-sasa-appliances-perfectly-mm-YXr61Kcn HTTP/1.1" 200 7435 "-" "Mozilla/5.0 (Linux; Android 6.0.1; Nexus 5X Build/MMB29P) AppleWebKit/537.36 (KHTML, like Gecko) Chrome/126.0.6478.126 Mobile Safari/537.36 (compatible; Googlebot/2.1; +http://www.google.com/bot.html)"
66.249.70.7 - - [28/Jul/2024:00:03:03 +0200] "GET /it/?i=20-profound-quotes-by-carl-jung-that-will-help-mm-xoqNagHq HTTP/1.1" 200 7566 "-" "Mozilla/5.0 (Linux; Android 6.0.1; Nexus 5X Build/MMB29P) AppleWebKit/537.36 (KHTML, like Gecko) Chrome/126.0.6478.126 Mobile Safari/537.36 (compatible; Googlebot/2.1; +http://www.google.com/bot.html)"
66.249.70.2 - - [28/Jul/2024:00:03:03 +0200] "GET /?i=voyager-token-price-prediction-as-vgx-surges-on-this-mm-Wa5DOLhe HTTP/1.1" 200 7222 "-" "Mozilla/5.0 (Linux; Android 6.0.1; Nexus 5X Build/MMB29P) AppleWebKit/537.36 (KHTML, like Gecko) Chrome/126.0.6478.126 Mobile Safari/537.36 (compatible; Googlebot/2.1; +http://www.google.com/bot.html)"
66.249.70.109 - - [28/Jul/2024:00:03:03 +0200] "GET /?m=5th-grade-math-worksheets-pdf-printable-pdf-worksheets-zz-j1j3gJCl HTTP/1.1" 200 6883 "-" "Mozilla/5.0 (Linux; Android 6.0.1; Nexus 5X Build/MMB29P) AppleWebKit/537.36 (KHTML, like Gecko) Chrome/126.0.6478.126 Mobile Safari/537.36 (compatible; GoogleOther)"
66.249.70.3 - - [28/Jul/2024:00:03:03 +0200] "GET /?i=m-met-mads-on-x-madison-beer-s-halloween-mm-P31qRJIB HTTP/1.1" 200 6825 "-" "Mozilla/5.0 (Linux; Android 6.0.1; Nexus 5X Build/MMB29P) AppleWebKit/537.36 (KHTML, like Gecko) Chrome/126.0.6478.126 Mobile Safari/537.36 (compatible; Googlebot/2.1; +http://www.google.com/bot.html)"
66.249.70.3 - - [28/Jul/2024:00:03:03 +0200] "GET /?i=ktronics-u-ktronics09-reddit-mm-qErBedtj HTTP/1.1" 200 6624 "-" "Mozilla/5.0 (Linux; Android 6.0.1; Nexus 5X Build/MMB29P) AppleWebKit/537.36 (KHTML, like Gecko) Chrome/126.0.6478.126 Mobile Safari/537.36 (compatible; Googlebot/2.1; +http://www.google.com/bot.html)"
66.249.70.7 - - [28/Jul/2024:00:03:03 +0200] "GET /?i=volkswagen-golf-gti-mk7-review-2023-top-gear-mm-doAPpaIe HTTP/1.1" 200 7015 "-" "Mozilla/5.0 (Linux; Android 6.0.1; Nexus 5X Build/MMB29P) AppleWebKit/537.36 (KHTML, like Gecko) Chrome/126.0.6478.126 Mobile Safari/537.36 (compatible; Googlebot/2.1; +http://www.google.com/bot.html)"
66.249.70.8 - - [28/Jul/2024:00:03:03 +0200] "GET /?i=edifix-suspension-drugmed-pharma-mm-1kAXAPH7 HTTP/1.1" 200 6774 "-" "Mozilla/5.0 (Linux; Android 6.0.1; Nexus 5X Build/MMB29P) AppleWebKit/537.36 (KHTML, like Gecko) Chrome/126.0.6478.126 Mobile Safari/537.36 (compatible; Googlebot/2.1; +http://www.google.com/bot.html)"
66.249.70.3 - - [28/Jul/2024:00:03:03 +0200] "GET /?i=alpha-nutrition-mm-x3Oe3Ouq HTTP/1.1" 200 6972 "-" "Mozilla/5.0 (Linux; Android 6.0.1; Nexus 5X Build/MMB29P) AppleWebKit/537.36 (KHTML, like Gecko) Chrome/126.0.6478.126 Mobile Safari/537.36 (compatible; Googlebot/2.1; +http://www.google.com/bot.html)"
66.249.70.4 - - [28/Jul/2024:00:03:03 +0200] "GET /?i=the-cr7-on-x-cristiano-ronaldo-has-always-been-mm-NbgbgdUd HTTP/1.1" 200 6873 "-" "Mozilla/5.0 (Linux; Android 6.0.1; Nexus 5X Build/MMB29P) AppleWebKit/537.36 (KHTML, like Gecko) Chrome/126.0.6478.126 Mobile Safari/537.36 (compatible; Googlebot/2.1; +http://www.google.com/bot.html)"
66.249.70.1 - - [28/Jul/2024:00:03:03 +0200] "GET /?i=national-voters-day-drawing-%E0%A4%AE%E0%A4%A4%E0%A4%A6%E0%A4%BE%E0%A4%A4%E0%A4%BE-%E0%A4%9C%E0%A4%BE%E0%A4%97%E0%A4%B0%E0%A5%82%E0%A4%95%E0%A4%A4%E0%A4%BE-%E0%A4%A1%E0%A5%8D%E0%A4%B0%E0%A4%BE%E0%A4%87%E0%A4%82%E0%A4%97-voters-awareness-mm-zbE2d0S5 HTTP/1.1" 200 10506 "-" "Mozilla/5.0 (Linux; Android 6.0.1; Nexus 5X Build/MMB29P) AppleWebKit/537.36 (KHTML, like Gecko) Chrome/126.0.6478.126 Mobile Safari/537.36 (compatible; Googlebot/2.1; +http://www.google.com/bot.html)"
66.249.70.7 - - [28/Jul/2024:00:03:04 +0200] "GET /?i=nutrition-month-2014-kalamidad-paghandaan-gutom-at-malnutrisyon-agapan-mm-2Mk0Prfj HTTP/1.1" 200 7985 "-" "Mozilla/5.0 (Linux; Android 6.0.1; Nexus 5X Build/MMB29P) AppleWebKit/537.36 (KHTML, like Gecko) Chrome/126.0.6478.126 Mobile Safari/537.36 (compatible; Googlebot/2.1; +http://www.google.com/bot.html)"
66.249.70.1 - - [28/Jul/2024:00:03:04 +0200] "GET /?i=liters-in-kg-liters-to-kilograms-how-many-kg-mm-mQrjWGTX HTTP/1.1" 200 10716 "-" "Mozilla/5.0 (Linux; Android 6.0.1; Nexus 5X Build/MMB29P) AppleWebKit/537.36 (KHTML, like Gecko) Chrome/126.0.6478.126 Mobile Safari/537.36 (compatible; Googlebot/2.1; +http://www.google.com/bot.html)"
66.249.70.8 - - [28/Jul/2024:00:03:04 +0200] "GET /?i=amjad-name-meaning-mm-3nMbW4T6 HTTP/1.1" 200 6440 "-" "Mozilla/5.0 (Linux; Android 6.0.1; Nexus 5X Build/MMB29P) AppleWebKit/537.36 (KHTML, like Gecko) Chrome/126.0.6478.126 Mobile Safari/537.36 (compatible; Googlebot/2.1; +http://www.google.com/bot.html)"
66.249.70.6 - - [28/Jul/2024:00:03:04 +0200] "GET /?i=profile-crown-led-bulbs-the-retrofit-source-led1461-mm-9bMYNDU7 HTTP/1.1" 200 7478 "-" "Mozilla/5.0 (Linux; Android 6.0.1; Nexus 5X Build/MMB29P) AppleWebKit/537.36 (KHTML, like Gecko) Chrome/126.0.6478.126 Mobile Safari/537.36 (compatible; Googlebot/2.1; +http://www.google.com/bot.html)"
104.28.48.155 - - [28/Jul/2024:00:03:04 +0200] "GET /?i=40-trendy-french-tip-nails-for-a-modern-twist-mm-Qn0JLLhX HTTP/1.1" 200 4355 "https://www.google.com/" "Mozilla/5.0 (Macintosh; Intel Mac OS X 10_15_7) AppleWebKit/605.1.15 (KHTML, like Gecko) Version/17.5 Safari/605.1.15"
66.249.70.8 - - [28/Jul/2024:00:03:04 +0200] "GET /?i=all-you-wanted-to-know-about-bts-jungkook-mm-OP9wWBIX HTTP/1.1" 200 7634 "-" "Mozilla/5.0 (Linux; Android 6.0.1; Nexus 5X Build/MMB29P) AppleWebKit/537.36 (KHTML, like Gecko) Chrome/126.0.6478.126 Mobile Safari/537.36 (compatible; Googlebot/2.1; +http://www.google.com/bot.html)"
66.249.70.6 - - [28/Jul/2024:00:03:04 +0200] "GET /?i=ben-jerry-s-peanut-butter-cup-peanut-butter-ice-mm-kRBNP0So HTTP/1.1" 200 11042 "-" "Mozilla/5.0 (Linux; Android 6.0.1; Nexus 5X Build/MMB29P) AppleWebKit/537.36 (KHTML, like Gecko) Chrome/126.0.6478.126 Mobile Safari/537.36 (compatible; Googlebot/2.1; +http://www.google.com/bot.html)"
66.249.70.6 - - [28/Jul/2024:00:03:04 +0200] "GET /?i=70-birthday-wishes-in-hindi-images-pictures-photos-mm-dX7owVSe HTTP/1.1" 200 7243 "-" "Mozilla/5.0 (Linux; Android 6.0.1; Nexus 5X Build/MMB29P) AppleWebKit/537.36 (KHTML, like Gecko) Chrome/126.0.6478.126 Mobile Safari/537.36 (compatible; Googlebot/2.1; +http://www.google.com/bot.html)"
66.249.70.6 - - [28/Jul/2024:00:03:04 +0200] "GET /?i=following-ian-snow-ltd-machynlleth-facebook-mm-7L0eYU0 HTTP/1.1" 200 9993 "-" "Mozilla/5.0 (Linux; Android 6.0.1; Nexus 5X Build/MMB29P) AppleWebKit/537.36 (KHTML, like Gecko) Chrome/126.0.6478.126 Mobile Safari/537.36 (compatible; Googlebot/2.1; +http://www.google.com/bot.html)"
66.249.70.7 - - [28/Jul/2024:00:03:04 +0200] "GET /?i=super-amole-untuk-lenovo-p2-tampilan-lcd-layar-sentuh-mm-7wEWWvt0 HTTP/1.1" 200 7480 "-" "Mozilla/5.0 (Linux; Android 6.0.1; Nexus 5X Build/MMB29P) AppleWebKit/537.36 (KHTML, like Gecko) Chrome/126.0.6478.126 Mobile Safari/537.36 (compatible; Googlebot/2.1; +http://www.google.com/bot.html)"
66.249.70.3 - - [28/Jul/2024:00:03:04 +0200] "GET /?i=140-awesome-examples-of-full-sleeve-tattoo-ideas-art-mm-GAVqM6Ud HTTP/1.1" 200 7219 "-" "Mozilla/5.0 (Linux; Android 6.0.1; Nexus 5X Build/MMB29P) AppleWebKit/537.36 (KHTML, like Gecko) Chrome/126.0.6478.126 Mobile Safari/537.36 (compatible; Googlebot/2.1; +http://www.google.com/bot.html)"
66.249.70.2 - - [28/Jul/2024:00:03:04 +0200] "GET /?i=quan-55-bar-in-southport-qld-restaurant-reviews-menu-mm-531pxdfm HTTP/1.1" 200 7328 "-" "Mozilla/5.0 (Linux; Android 6.0.1; Nexus 5X Build/MMB29P) AppleWebKit/537.36 (KHTML, like Gecko) Chrome/126.0.6478.126 Mobile Safari/537.36 (compatible; Googlebot/2.1; +http://www.google.com/bot.html)"
66.249.70.3 - - [28/Jul/2024:00:03:04 +0200] "GET /?i=jann-wenner-john-lennon-and-the-greatest-rolling-stone-mm-xjYgDEcq HTTP/1.1" 200 7521 "-" "Mozilla/5.0 (Linux; Android 6.0.1; Nexus 5X Build/MMB29P) AppleWebKit/537.36 (KHTML, like Gecko) Chrome/126.0.6478.126 Mobile Safari/537.36 (compatible; Googlebot/2.1; +http://www.google.com/bot.html)"
66.249.70.2 - - [28/Jul/2024:00:03:05 +0200] "GET /?i=why-is-lord-ganesha-known-as-ekdant-pratha-mm-kbo7Bjco HTTP/1.1" 200 11587 "-" "Mozilla/5.0 (Linux; Android 6.0.1; Nexus 5X Build/MMB29P) AppleWebKit/537.36 (KHTML, like Gecko) Chrome/126.0.6478.126 Mobile Safari/537.36 (compatible; Googlebot/2.1; +http://www.google.com/bot.html)"
66.249.70.7 - - [28/Jul/2024:00:03:05 +0200] "GET /?i=pin-on-yap-island-mm-GrK4NNsd HTTP/1.1" 200 6989 "-" "Mozilla/5.0 (Linux; Android 6.0.1; Nexus 5X Build/MMB29P) AppleWebKit/537.36 (KHTML, like Gecko) Chrome/126.0.6478.126 Mobile Safari/537.36 (compatible; Googlebot/2.1; +http://www.google.com/bot.html)"
66.249.70.5 - - [28/Jul/2024:00:03:05 +0200] "GET /?i=2023-black-friday-deals-furniture-more-ikea-mm-KQBrkaTN HTTP/1.1" 200 7197 "-" "Mozilla/5.0 (Linux; Android 6.0.1; Nexus 5X Build/MMB29P) AppleWebKit/537.36 (KHTML, like Gecko) Chrome/126.0.6478.126 Mobile Safari/537.36 (compatible; Googlebot/2.1; +http://www.google.com/bot.html)"
66.249.70.6 - - [28/Jul/2024:00:03:05 +0200] "GET /en/?i=pdf]-tennessee-tcap-science-scale-scores-1990-1997-implications-mm-vgQgAnfV HTTP/1.1" 200 11134 "-" "Mozilla/5.0 (Linux; Android 6.0.1; Nexus 5X Build/MMB29P) AppleWebKit/537.36 (KHTML, like Gecko) Chrome/126.0.6478.126 Mobile Safari/537.36 (compatible; GoogleOther)"
66.249.70.3 - - [28/Jul/2024:00:03:05 +0200] "GET /it/?i=golden-guard-the-owl-house-gif-golden-guard-the-mm-PeL67bUB HTTP/1.1" 200 7727 "-" "Mozilla/5.0 (Linux; Android 6.0.1; Nexus 5X Build/MMB29P) AppleWebKit/537.36 (KHTML, like Gecko) Chrome/126.0.6478.126 Mobile Safari/537.36 (compatible; Googlebot/2.1; +http://www.google.com/bot.html)"
187.39.108.252 - - [28/Jul/2024:00:03:05 +0200] "GET /?i=loja-cearamor-camisa-padr%C3%A3o-manga-longa-toc-apenas-r$70-mm-16MozeF7 HTTP/1.1" 200 1097 "https://www.google.com.br/" "Mozilla/5.0 (Windows NT 10.0; Win64; x64) AppleWebKit/537.36 (KHTML, like Gecko) Chrome/126.0.0.0 Safari/537.36"
66.249.70.4 - - [28/Jul/2024:00:03:05 +0200] "GET /?i=vertyanov-svod-io-programmer-software-download-mm-nmNKk9HE HTTP/1.1" 200 7174 "-" "Mozilla/5.0 (Linux; Android 6.0.1; Nexus 5X Build/MMB29P) AppleWebKit/537.36 (KHTML, like Gecko) Chrome/126.0.6478.126 Mobile Safari/537.36 (compatible; Googlebot/2.1; +http://www.google.com/bot.html)"
66.249.70.7 - - [28/Jul/2024:00:03:05 +0200] "GET /?i=fujifilm-s200exr-vs-canon-700d-detailed-comparison-mm-jOgQoXS9 HTTP/1.1" 200 10517 "-" "Mozilla/5.0 (Linux; Android 6.0.1; Nexus 5X Build/MMB29P) AppleWebKit/537.36 (KHTML, like Gecko) Chrome/126.0.6478.126 Mobile Safari/537.36 (compatible; Googlebot/2.1; +http://www.google.com/bot.html)"
136.243.228.194 - - [28/Jul/2024:00:03:05 +0200] "GET /?i=best-camera-phone-of-2023-cnet-mm-oEq5VzIL HTTP/1.1" 200 1816 "-" "Mozilla/5.0 (compatible; DataForSeoBot/1.0; +https://dataforseo.com/dataforseo-bot)"
66.249.70.1 - - [28/Jul/2024:00:03:05 +0200] "GET /?i=lenovo-ideapad-15itl6-intel-core-i5-8gb-ram-512gb-mm-q4dznPhj HTTP/1.1" 200 7589 "-" "Mozilla/5.0 (Linux; Android 6.0.1; Nexus 5X Build/MMB29P) AppleWebKit/537.36 (KHTML, like Gecko) Chrome/126.0.6478.126 Mobile Safari/537.36 (compatible; Googlebot/2.1; +http://www.google.com/bot.html)"
66.249.70.1 - - [28/Jul/2024:00:03:05 +0200] "GET /?i=feather-flower-headdress-%E2%99%A5-diy-mm-X1eBDwfX HTTP/1.1" 200 7373 "-" "Mozilla/5.0 (Linux; Android 6.0.1; Nexus 5X Build/MMB29P) AppleWebKit/537.36 (KHTML, like Gecko) Chrome/126.0.6478.126 Mobile Safari/537.36 (compatible; Googlebot/2.1; +http://www.google.com/bot.html)"
66.249.70.8 - - [28/Jul/2024:00:03:06 +0200] "GET /?i=presso-xi-portable-coffee-maker-travel-coffee-maker-%E2%80%93-mm-wmER4Tk HTTP/1.1" 200 6963 "-" "Mozilla/5.0 (Linux; Android 6.0.1; Nexus 5X Build/MMB29P) AppleWebKit/537.36 (KHTML, like Gecko) Chrome/126.0.6478.126 Mobile Safari/537.36 (compatible; Googlebot/2.1; +http://www.google.com/bot.html)"
66.249.70.6 - - [28/Jul/2024:00:03:06 +0200] "GET /?i=floor-luigi-s-mansion-walkthrough-guide-gamefaqs-mm-A77voQhO HTTP/1.1" 200 6628 "-" "Mozilla/5.0 (Linux; Android 6.0.1; Nexus 5X Build/MMB29P) AppleWebKit/537.36 (KHTML, like Gecko) Chrome/126.0.6478.126 Mobile Safari/537.36 (compatible; Googlebot/2.1; +http://www.google.com/bot.html)"
66.249.70.4 - - [28/Jul/2024:00:03:06 +0200] "GET /it/?i=how-thailand-s-maya-bay-is-balancing-tourism-with-mm-zwA1nNs5 HTTP/1.1" 200 11047 "-" "Mozilla/5.0 (Linux; Android 6.0.1; Nexus 5X Build/MMB29P) AppleWebKit/537.36 (KHTML, like Gecko) Chrome/126.0.6478.126 Mobile Safari/537.36 (compatible; Googlebot/2.1; +http://www.google.com/bot.html)"
85.208.96.198 - - [28/Jul/2024:00:03:05 +0200] "GET /?i=iprimary-early-years-reception-mm-EMWXpkS3 HTTP/1.1" 200 5693 "-" "Mozilla/5.0 (compatible; SemrushBot/7~bl; +http://www.semrush.com/bot.html)"
66.249.70.7 - - [28/Jul/2024:00:03:06 +0200] "GET /?i=dry-ice-available-at-iceburg-xavier-boulevard-084-452-mm-2wYnzij HTTP/1.1" 200 7174 "-" "Mozilla/5.0 (Linux; Android 6.0.1; Nexus 5X Build/MMB29P) AppleWebKit/537.36 (KHTML, like Gecko) Chrome/126.0.6478.126 Mobile Safari/537.36 (compatible; Googlebot/2.1; +http://www.google.com/bot.html)"
66.249.70.2 - - [28/Jul/2024:00:03:06 +0200] "GET /?i=pattern-khmer-kbach-tamplate-frame-background-wallpaper-image-for-mm-akVGgruN HTTP/1.1" 200 7111 "-" "Mozilla/5.0 (Linux; Android 6.0.1; Nexus 5X Build/MMB29P) AppleWebKit/537.36 (KHTML, like Gecko) Chrome/126.0.6478.126 Mobile Safari/537.36 (compatible; Googlebot/2.1; +http://www.google.com/bot.html)"
66.249.70.8 - - [28/Jul/2024:00:03:06 +0200] "GET /?i=new-arrival-fodsports-fx8-pro-riders-1000m-fm-full-mm-vVgNxPCV HTTP/1.1" 200 7433 "-" "Mozilla/5.0 (Linux; Android 6.0.1; Nexus 5X Build/MMB29P) AppleWebKit/537.36 (KHTML, like Gecko) Chrome/126.0.6478.126 Mobile Safari/537.36 (compatible; Googlebot/2.1; +http://www.google.com/bot.html)"
66.249.70.7 - - [28/Jul/2024:00:03:06 +0200] "GET /?i=nds-pvc-s-d-45%C2%B0-wye-hub-x-hub-mm-JjEe4XC1 HTTP/1.1" 200 7080 "-" "Mozilla/5.0 (Linux; Android 6.0.1; Nexus 5X Build/MMB29P) AppleWebKit/537.36 (KHTML, like Gecko) Chrome/126.0.6478.126 Mobile Safari/537.36 (compatible; Googlebot/2.1; +http://www.google.com/bot.html)"
66.249.70.2 - - [28/Jul/2024:00:03:06 +0200] "GET /?i=the-punisher-2004-profiles-in-celluloid-a-film-blog-mm-zwJbDdc5 HTTP/1.1" 200 7145 "-" "Mozilla/5.0 (Linux; Android 6.0.1; Nexus 5X Build/MMB29P) AppleWebKit/537.36 (KHTML, like Gecko) Chrome/126.0.6478.126 Mobile Safari/537.36 (compatible; Googlebot/2.1; +http://www.google.com/bot.html)"
