36.85.57.27 - - [28/Jul/2024:00:05:55 +0200] "GET /fonts/roboto-regular-webfont.woff2 HTTP/1.1" 200 69206 "https://www.congress-intercultural.eu/css/style.css?v=1" "Mozilla/5.0 (Linux; Android 12; V2166 Build/SP1A.210812.003) AppleWebKit/537.36 (KHTML, like Gecko) Chrome/126.0.6478.135 Mobile Safari/537.36"
66.249.70.2 - - [28/Jul/2024:00:05:55 +0200] "GET /?i=zotac-geforce-gtx-1660-ti-desktop-graphics-card-review-mm-xeWrM9Hq HTTP/1.1" 200 7047 "-" "Mozilla/5.0 (Linux; Android 6.0.1; Nexus 5X Build/MMB29P) AppleWebKit/537.36 (KHTML, like Gecko) Chrome/126.0.6478.126 Mobile Safari/537.36 (compatible; Googlebot/2.1; +http://www.google.com/bot.html)"
66.249.70.2 - - [28/Jul/2024:00:05:55 +0200] "GET /?i=amd-radeon-rx-580-2048sp-specs-techpowerup-gpu-database-mm-E2pojds3 HTTP/1.1" 200 7351 "-" "Mozilla/5.0 (Linux; Android 6.0.1; Nexus 5X Build/MMB29P) AppleWebKit/537.36 (KHTML, like Gecko) Chrome/126.0.6478.126 Mobile Safari/537.36 (compatible; Googlebot/2.1; +http://www.google.com/bot.html)"
66.249.70.6 - - [28/Jul/2024:00:05:55 +0200] "GET /?i=2011-bmw-335d-diesel-in-alpine-street-car-market-mm-pbJOOXIj HTTP/1.1" 200 7262 "-" "Mozilla/5.0 (Linux; Android 6.0.1; Nexus 5X Build/MMB29P) AppleWebKit/537.36 (KHTML, like Gecko) Chrome/126.0.6478.126 Mobile Safari/537.36 (compatible; Googlebot/2.1; +http://www.google.com/bot.html)"
66.249.70.5 - - [28/Jul/2024:00:05:56 +0200] "GET /?i=lower-elwha-food-and-fuel-port-angeles-washington-food-mm-RW1DaLs5 HTTP/1.1" 200 6650 "-" "Mozilla/5.0 (Linux; Android 6.0.1; Nexus 5X Build/MMB29P) AppleWebKit/537.36 (KHTML, like Gecko) Chrome/126.0.6478.126 Mobile Safari/537.36 (compatible; Googlebot/2.1; +http://www.google.com/bot.html)"
36.85.57.27 - - [28/Jul/2024:00:05:56 +0200] "GET /fonts/opensans-condbold-webfont.woff HTTP/1.1" 200 23438 "https://www.congress-intercultural.eu/css/style.css?v=1" "Mozilla/5.0 (Linux; Android 12; V2166 Build/SP1A.210812.003) AppleWebKit/537.36 (KHTML, like Gecko) Chrome/126.0.6478.135 Mobile Safari/537.36"
66.249.70.1 - - [28/Jul/2024:00:05:56 +0200] "GET /?i=scindia-gets-new-address-in-bhopal-becomes-neighbour-of-mm-jYWbnwU9 HTTP/1.1" 200 7432 "-" "Mozilla/5.0 (Linux; Android 6.0.1; Nexus 5X Build/MMB29P) AppleWebKit/537.36 (KHTML, like Gecko) Chrome/126.0.6478.126 Mobile Safari/537.36 (compatible; Googlebot/2.1; +http://www.google.com/bot.html)"
66.249.70.5 - - [28/Jul/2024:00:05:56 +0200] "GET /it/?i=top-best-ai-photo-editors-2023-for-android-iphone-mm-7w02E6i0 HTTP/1.1" 200 10884 "-" "Mozilla/5.0 (Linux; Android 6.0.1; Nexus 5X Build/MMB29P) AppleWebKit/537.36 (KHTML, like Gecko) Chrome/126.0.6478.126 Mobile Safari/537.36 (compatible; Googlebot/2.1; +http://www.google.com/bot.html)"
66.249.70.5 - - [28/Jul/2024:00:05:56 +0200] "GET /?i=211215-blackpink-global-official-fanclub-blink-membership-will-open-mm-dGpn5DHe HTTP/1.1" 200 7596 "-" "Mozilla/5.0 (Linux; Android 6.0.1; Nexus 5X Build/MMB29P) AppleWebKit/537.36 (KHTML, like Gecko) Chrome/126.0.6478.126 Mobile Safari/537.36 (compatible; Googlebot/2.1; +http://www.google.com/bot.html)"
66.249.70.1 - - [28/Jul/2024:00:05:56 +0200] "GET /?i=extra-large-wall-art-ideas-how-to-get-oversized-mm-6A70AGSN HTTP/1.1" 200 11901 "-" "Mozilla/5.0 (Linux; Android 6.0.1; Nexus 5X Build/MMB29P) AppleWebKit/537.36 (KHTML, like Gecko) Chrome/126.0.6478.126 Mobile Safari/537.36 (compatible; Googlebot/2.1; +http://www.google.com/bot.html)"
66.249.70.109 - - [28/Jul/2024:00:05:56 +0200] "GET /?m=quality-assurance-in-diagnostic-radiology-aerb-pdf-quality-assurance-zz-dk6q7NTD HTTP/1.1" 200 7271 "-" "Mozilla/5.0 (Linux; Android 6.0.1; Nexus 5X Build/MMB29P) AppleWebKit/537.36 (KHTML, like Gecko) Chrome/126.0.6478.126 Mobile Safari/537.36 (compatible; GoogleOther)"
66.249.70.8 - - [28/Jul/2024:00:05:56 +0200] "GET /it/?i=bluefish-terrapins-turbines-trouble-%E2%80%A2-the-fish-wrap-writer-mm-vO4oviV HTTP/1.1" 200 7031 "-" "Mozilla/5.0 (Linux; Android 6.0.1; Nexus 5X Build/MMB29P) AppleWebKit/537.36 (KHTML, like Gecko) Chrome/126.0.6478.126 Mobile Safari/537.36 (compatible; Googlebot/2.1; +http://www.google.com/bot.html)"
66.249.70.5 - - [28/Jul/2024:00:05:56 +0200] "GET /?i=tax-rates-by-income-level-cato-at-liberty-blog-mm-gew1AvS7 HTTP/1.1" 200 11022 "-" "Mozilla/5.0 (Linux; Android 6.0.1; Nexus 5X Build/MMB29P) AppleWebKit/537.36 (KHTML, like Gecko) Chrome/126.0.6478.126 Mobile Safari/537.36 (compatible; Googlebot/2.1; +http://www.google.com/bot.html)"
66.249.70.7 - - [28/Jul/2024:00:05:56 +0200] "GET /?i=microwave-repair-costs-in-2023-by-type-part-homeguide-mm-NbrQKEud HTTP/1.1" 200 6965 "-" "Mozilla/5.0 (Linux; Android 6.0.1; Nexus 5X Build/MMB29P) AppleWebKit/537.36 (KHTML, like Gecko) Chrome/126.0.6478.126 Mobile Safari/537.36 (compatible; Googlebot/2.1; +http://www.google.com/bot.html)"
70.161.112.66 - - [28/Jul/2024:00:05:56 +0200] "GET /?i=what-it-means-if-you-re-a-girl-who-mm-Mqp4aFo HTTP/1.1" 200 4353 "https://www.google.com/" "Mozilla/5.0 (iPhone; CPU iPhone OS 17_5_1 like Mac OS X) AppleWebKit/605.1.15 (KHTML, like Gecko) Version/17.5 Mobile/15E148 Safari/604.1"
66.249.70.3 - - [28/Jul/2024:00:05:56 +0200] "GET /?i=skyrim-gtx-550-ti-intel-celeron-e3400-mm-wWgWoghk HTTP/1.1" 200 7452 "-" "Mozilla/5.0 (Linux; Android 6.0.1; Nexus 5X Build/MMB29P) AppleWebKit/537.36 (KHTML, like Gecko) Chrome/126.0.6478.126 Mobile Safari/537.36 (compatible; Googlebot/2.1; +http://www.google.com/bot.html)"
36.85.57.27 - - [28/Jul/2024:00:05:56 +0200] "GET /fonts/opensans-condlight-webfont.woff HTTP/1.1" 200 1881 "https://www.congress-intercultural.eu/css/style.css?v=1" "Mozilla/5.0 (Linux; Android 12; V2166 Build/SP1A.210812.003) AppleWebKit/537.36 (KHTML, like Gecko) Chrome/126.0.6478.135 Mobile Safari/537.36"
77.12.73.239 - - [28/Jul/2024:00:05:56 +0200] "GET /de/?i=unboxing-lady-dior-small-my-abcdior-bag-mm-rPdvPoS4 HTTP/1.1" 200 4355 "https://www.google.com/" "Mozilla/5.0 (iPhone; CPU iPhone OS 16_7 like Mac OS X) AppleWebKit/605.1.15 (KHTML, like Gecko) Version/16.6 Mobile/15E148 Safari/604.1"
66.249.70.1 - - [28/Jul/2024:00:05:56 +0200] "GET /?i=richard-linklater-s-hit-man-should-be-seen-in-mm-0mvVEDTx HTTP/1.1" 200 7670 "-" "Mozilla/5.0 (Linux; Android 6.0.1; Nexus 5X Build/MMB29P) AppleWebKit/537.36 (KHTML, like Gecko) Chrome/126.0.6478.126 Mobile Safari/537.36 (compatible; Googlebot/2.1; +http://www.google.com/bot.html)"
66.249.70.1 - - [28/Jul/2024:00:05:57 +0200] "GET /?i=functional-testing-espresso-maker-rommelsbacher-eko-mm-gdM06MU7 HTTP/1.1" 200 7278 "-" "Mozilla/5.0 (Linux; Android 6.0.1; Nexus 5X Build/MMB29P) AppleWebKit/537.36 (KHTML, like Gecko) Chrome/126.0.6478.126 Mobile Safari/537.36 (compatible; Googlebot/2.1; +http://www.google.com/bot.html)"
66.249.70.5 - - [28/Jul/2024:00:05:57 +0200] "GET /?i=create-a-full-database-backup-sql-server-microsoft-learn-mm-oYzmKXuL HTTP/1.1" 200 6628 "-" "Mozilla/5.0 (Linux; Android 6.0.1; Nexus 5X Build/MMB29P) AppleWebKit/537.36 (KHTML, like Gecko) Chrome/126.0.6478.126 Mobile Safari/537.36 (compatible; Googlebot/2.1; +http://www.google.com/bot.html)"
36.85.57.27 - - [28/Jul/2024:00:05:57 +0200] "GET /fonts/OpenSans-CondLight-webfont.ttf HTTP/1.1" 200 36843 "https://www.congress-intercultural.eu/css/style.css?v=1" "Mozilla/5.0 (Linux; Android 12; V2166 Build/SP1A.210812.003) AppleWebKit/537.36 (KHTML, like Gecko) Chrome/126.0.6478.135 Mobile Safari/537.36"
66.249.70.3 - - [28/Jul/2024:00:05:57 +0200] "GET /?i=kks-urology-gallery-mm-YWXKVMSn HTTP/1.1" 200 6930 "-" "Mozilla/5.0 (Linux; Android 6.0.1; Nexus 5X Build/MMB29P) AppleWebKit/537.36 (KHTML, like Gecko) Chrome/126.0.6478.126 Mobile Safari/537.36 (compatible; Googlebot/2.1; +http://www.google.com/bot.html)"
66.249.70.7 - - [28/Jul/2024:00:05:57 +0200] "GET /?i=french-numbers-to-100-how-to-count-in-french-mm-6JveYYFN HTTP/1.1" 200 6944 "-" "Mozilla/5.0 (Linux; Android 6.0.1; Nexus 5X Build/MMB29P) AppleWebKit/537.36 (KHTML, like Gecko) Chrome/126.0.6478.126 Mobile Safari/537.36 (compatible; Googlebot/2.1; +http://www.google.com/bot.html)"
136.243.228.194 - - [28/Jul/2024:00:05:57 +0200] "GET /?i=samsung-convertible-5-in-1-cooling-2023-model-ton-mm-QbNggmIX HTTP/1.1" 200 1816 "-" "Mozilla/5.0 (compatible; DataForSeoBot/1.0; +https://dataforseo.com/dataforseo-bot)"
66.249.70.5 - - [28/Jul/2024:00:05:57 +0200] "GET /?i=sher-oppo-f3-plus-premium-emboss-mobile-cover-%E2%80%93-mm-4ev6VmH6 HTTP/1.1" 200 8072 "-" "Mozilla/5.0 (Linux; Android 6.0.1; Nexus 5X Build/MMB29P) AppleWebKit/537.36 (KHTML, like Gecko) Chrome/126.0.6478.126 Mobile Safari/537.36 (compatible; Googlebot/2.1; +http://www.google.com/bot.html)"
66.249.70.3 - - [28/Jul/2024:00:05:57 +0200] "GET /?i=hematite-rings-black-non-magnetic-couple-stone-ring-anxiety-mm-4m404WS6 HTTP/1.1" 200 7652 "-" "Mozilla/5.0 (Linux; Android 6.0.1; Nexus 5X Build/MMB29P) AppleWebKit/537.36 (KHTML, like Gecko) Chrome/126.0.6478.126 Mobile Safari/537.36 (compatible; Googlebot/2.1; +http://www.google.com/bot.html)"
66.249.70.6 - - [28/Jul/2024:00:05:57 +0200] "GET /?i=science-behind-idli-fermentation-omilights-connecting-world-with-the-mm-dJGg20fe HTTP/1.1" 200 7334 "-" "Mozilla/5.0 (Linux; Android 6.0.1; Nexus 5X Build/MMB29P) AppleWebKit/537.36 (KHTML, like Gecko) Chrome/126.0.6478.126 Mobile Safari/537.36 (compatible; Googlebot/2.1; +http://www.google.com/bot.html)"
66.249.70.2 - - [28/Jul/2024:00:05:57 +0200] "GET /?i=manga-like-villainess-level-99-i-may-be-the-mm-MJdA5eFo HTTP/1.1" 200 7883 "-" "Mozilla/5.0 (Linux; Android 6.0.1; Nexus 5X Build/MMB29P) AppleWebKit/537.36 (KHTML, like Gecko) Chrome/126.0.6478.126 Mobile Safari/537.36 (compatible; Googlebot/2.1; +http://www.google.com/bot.html)"
66.249.70.8 - - [28/Jul/2024:00:05:57 +0200] "GET /en/?i=shirdi-sai-baba-blessings-experiences-part-3475-miracles-of-mm-jn6rbXH9 HTTP/1.1" 200 7838 "-" "Mozilla/5.0 (Linux; Android 6.0.1; Nexus 5X Build/MMB29P) AppleWebKit/537.36 (KHTML, like Gecko) Chrome/126.0.6478.126 Mobile Safari/537.36 (compatible; Googlebot/2.1; +http://www.google.com/bot.html)"
66.249.70.1 - - [28/Jul/2024:00:05:57 +0200] "GET /?i=kirk-hammett-s-esp-kh-2-the-mummy-music-mm-zwbVxNT5 HTTP/1.1" 200 7441 "-" "Mozilla/5.0 (Linux; Android 6.0.1; Nexus 5X Build/MMB29P) AppleWebKit/537.36 (KHTML, like Gecko) Chrome/126.0.6478.126 Mobile Safari/537.36 (compatible; Googlebot/2.1; +http://www.google.com/bot.html)"
66.249.70.8 - - [28/Jul/2024:00:05:58 +0200] "GET /?i=topwit-electric-pot-mini-ramen-cooker-noodles-pot-hot-mm-z7J0Pxh5 HTTP/1.1" 200 7439 "-" "Mozilla/5.0 (Linux; Android 6.0.1; Nexus 5X Build/MMB29P) AppleWebKit/537.36 (KHTML, like Gecko) Chrome/126.0.6478.126 Mobile Safari/537.36 (compatible; Googlebot/2.1; +http://www.google.com/bot.html)"
36.85.57.27 - - [28/Jul/2024:00:05:58 +0200] "GET /images/favicon.ico HTTP/1.1" 200 1521 "https://www.congress-intercultural.eu/?i=indah-jaya-pabrik-paving-@indahjayapaving-%E2%80%A2-instagram-photos-and-mm-jGaz5eI9" "Mozilla/5.0 (Linux; Android 12; V2166 Build/SP1A.210812.003) AppleWebKit/537.36 (KHTML, like Gecko) Chrome/126.0.6478.135 Mobile Safari/537.36"
66.249.70.7 - - [28/Jul/2024:00:05:58 +0200] "GET /?i=which-washing-machine-are-for-visually-impaired-people-mm-Wnn36vfe HTTP/1.1" 200 8092 "-" "Mozilla/5.0 (Linux; Android 6.0.1; Nexus 5X Build/MMB29P) AppleWebKit/537.36 (KHTML, like Gecko) Chrome/126.0.6478.126 Mobile Safari/537.36 (compatible; Googlebot/2.1; +http://www.google.com/bot.html)"
36.85.57.27 - - [28/Jul/2024:00:05:58 +0200] "GET /favicon.ico HTTP/1.1" 200 1521 "https://www.congress-intercultural.eu/?i=indah-jaya-pabrik-paving-@indahjayapaving-%E2%80%A2-instagram-photos-and-mm-jGaz5eI9" "Mozilla/5.0 (Linux; Android 12; V2166 Build/SP1A.210812.003) AppleWebKit/537.36 (KHTML, like Gecko) Chrome/126.0.6478.135 Mobile Safari/537.36"
66.249.70.1 - - [28/Jul/2024:00:05:58 +0200] "GET /?i=may-is-melanoma-awareness-month-american-dermatology-associates-mm-Kb1gDJfN HTTP/1.1" 200 7036 "-" "Mozilla/5.0 (Linux; Android 6.0.1; Nexus 5X Build/MMB29P) AppleWebKit/537.36 (KHTML, like Gecko) Chrome/126.0.6478.126 Mobile Safari/537.36 (compatible; Googlebot/2.1; +http://www.google.com/bot.html)"
92.88.171.220 - - [28/Jul/2024:00:05:58 +0200] "GET /?i=this-94-year-old-johanna-quaas-is-the-world-mm-wMvERXCk HTTP/1.1" 200 5811 "-" "Mozilla/5.0 (Linux; Android 10; K) AppleWebKit/537.36 (KHTML, like Gecko) Chrome/125.0.0.0 Mobile Safari/537.36"
82.64.109.209 - - [28/Jul/2024:00:05:58 +0200] "GET /?i=o-tacos-gap-voici-le-menu-facebook-mm-XQrwMOiX HTTP/1.1" 200 4354 "https://www.google.fr/" "Mozilla/5.0 (Macintosh; Intel Mac OS X 10_15_7) AppleWebKit/605.1.15 (KHTML, like Gecko) Version/16.6 Safari/605.1.15"
66.249.70.1 - - [28/Jul/2024:00:05:58 +0200] "GET /?i=fire-rated-doors-fire-rated-doors-mm-Bk4eLzUV HTTP/1.1" 200 7080 "-" "Mozilla/5.0 (Linux; Android 6.0.1; Nexus 5X Build/MMB29P) AppleWebKit/537.36 (KHTML, like Gecko) Chrome/126.0.6478.126 Mobile Safari/537.36 (compatible; Googlebot/2.1; +http://www.google.com/bot.html)"
92.88.171.220 - - [28/Jul/2024:00:05:58 +0200] "GET /css/style.css?v=1 HTTP/1.1" 200 11362 "https://www.congress-intercultural.eu/?i=this-94-year-old-johanna-quaas-is-the-world-mm-wMvERXCk" "Mozilla/5.0 (Linux; Android 10; K) AppleWebKit/537.36 (KHTML, like Gecko) Chrome/125.0.0.0 Mobile Safari/537.36"
66.249.70.4 - - [28/Jul/2024:00:05:58 +0200] "GET /en/?i=pixilart-thwomp-mario-64-by-nintendo-fan-mm-PPkYz4IB HTTP/1.1" 200 6777 "-" "Mozilla/5.0 (Linux; Android 6.0.1; Nexus 5X Build/MMB29P) AppleWebKit/537.36 (KHTML, like Gecko) Chrome/126.0.6478.126 Mobile Safari/537.36 (compatible; Googlebot/2.1; +http://www.google.com/bot.html)"
92.88.171.220 - - [28/Jul/2024:00:05:58 +0200] "GET /js/fancybox/jquery.fancybox.css HTTP/1.1" 200 1509 "https://www.congress-intercultural.eu/?i=this-94-year-old-johanna-quaas-is-the-world-mm-wMvERXCk" "Mozilla/5.0 (Linux; Android 10; K) AppleWebKit/537.36 (KHTML, like Gecko) Chrome/125.0.0.0 Mobile Safari/537.36"
66.249.70.8 - - [28/Jul/2024:00:05:58 +0200] "GET /?i=crowd-gathers-to-protest-in-the-san-fernando-valley-mm-mpN52AHX HTTP/1.1" 200 6860 "-" "Mozilla/5.0 (Linux; Android 6.0.1; Nexus 5X Build/MMB29P) AppleWebKit/537.36 (KHTML, like Gecko) Chrome/126.0.6478.126 Mobile Safari/537.36 (compatible; Googlebot/2.1; +http://www.google.com/bot.html)"
92.88.171.220 - - [28/Jul/2024:00:05:58 +0200] "GET /css/slicknav.css HTTP/1.1" 200 1909 "https://www.congress-intercultural.eu/?i=this-94-year-old-johanna-quaas-is-the-world-mm-wMvERXCk" "Mozilla/5.0 (Linux; Android 10; K) AppleWebKit/537.36 (KHTML, like Gecko) Chrome/125.0.0.0 Mobile Safari/537.36"
92.88.171.220 - - [28/Jul/2024:00:05:58 +0200] "GET /css/jquery.selectBox.css HTTP/1.1" 200 1918 "https://www.congress-intercultural.eu/?i=this-94-year-old-johanna-quaas-is-the-world-mm-wMvERXCk" "Mozilla/5.0 (Linux; Android 10; K) AppleWebKit/537.36 (KHTML, like Gecko) Chrome/125.0.0.0 Mobile Safari/537.36"
92.88.171.220 - - [28/Jul/2024:00:05:58 +0200] "GET /css/font-awesome.min.css HTTP/1.1" 200 10956 "https://www.congress-intercultural.eu/?i=this-94-year-old-johanna-quaas-is-the-world-mm-wMvERXCk" "Mozilla/5.0 (Linux; Android 10; K) AppleWebKit/537.36 (KHTML, like Gecko) Chrome/125.0.0.0 Mobile Safari/537.36"
92.88.171.220 - - [28/Jul/2024:00:05:58 +0200] "GET /js/libs/jquery-1.7.1.min.js HTTP/1.1" 200 37534 "https://www.congress-intercultural.eu/?i=this-94-year-old-johanna-quaas-is-the-world-mm-wMvERXCk" "Mozilla/5.0 (Linux; Android 10; K) AppleWebKit/537.36 (KHTML, like Gecko) Chrome/125.0.0.0 Mobile Safari/537.36"
92.88.171.220 - - [28/Jul/2024:00:05:58 +0200] "GET /js/libs/modernizr.js HTTP/1.1" 200 10201 "https://www.congress-intercultural.eu/?i=this-94-year-old-johanna-quaas-is-the-world-mm-wMvERXCk" "Mozilla/5.0 (Linux; Android 10; K) AppleWebKit/537.36 (KHTML, like Gecko) Chrome/125.0.0.0 Mobile Safari/537.36"
92.88.171.220 - - [28/Jul/2024:00:05:58 +0200] "GET /js/libs/jquery.imagesloaded.min.js HTTP/1.1" 200 976 "https://www.congress-intercultural.eu/?i=this-94-year-old-johanna-quaas-is-the-world-mm-wMvERXCk" "Mozilla/5.0 (Linux; Android 10; K) AppleWebKit/537.36 (KHTML, like Gecko) Chrome/125.0.0.0 Mobile Safari/537.36"
66.249.70.109 - - [28/Jul/2024:00:05:58 +0200] "GET /?m=wyrazenia-algebraiczne-i-rownania-pdf-pdf-zz-DDJX7Mf7 HTTP/1.1" 200 7014 "-" "Mozilla/5.0 (Linux; Android 6.0.1; Nexus 5X Build/MMB29P) AppleWebKit/537.36 (KHTML, like Gecko) Chrome/126.0.6478.126 Mobile Safari/537.36 (compatible; GoogleOther)"
92.88.171.220 - - [28/Jul/2024:00:05:58 +0200] "GET /js/libs/jquery.masonry.min.js HTTP/1.1" 200 2656 "https://www.congress-intercultural.eu/?i=this-94-year-old-johanna-quaas-is-the-world-mm-wMvERXCk" "Mozilla/5.0 (Linux; Android 10; K) AppleWebKit/537.36 (KHTML, like Gecko) Chrome/125.0.0.0 Mobile Safari/537.36"
92.88.171.220 - - [28/Jul/2024:00:05:58 +0200] "GET /js/fancybox/jquery.mousewheel-3.0.6.pack.js HTTP/1.1" 200 1132 "https://www.congress-intercultural.eu/?i=this-94-year-old-johanna-quaas-is-the-world-mm-wMvERXCk" "Mozilla/5.0 (Linux; Android 10; K) AppleWebKit/537.36 (KHTML, like Gecko) Chrome/125.0.0.0 Mobile Safari/537.36"
92.88.171.220 - - [28/Jul/2024:00:05:58 +0200] "GET /js/fancybox/jquery.fancybox.pack.js HTTP/1.1" 200 6327 "https://www.congress-intercultural.eu/?i=this-94-year-old-johanna-quaas-is-the-world-mm-wMvERXCk" "Mozilla/5.0 (Linux; Android 10; K) AppleWebKit/537.36 (KHTML, like Gecko) Chrome/125.0.0.0 Mobile Safari/537.36"
92.88.171.220 - - [28/Jul/2024:00:05:58 +0200] "GET /js/jquery.slicknav.js HTTP/1.1" 200 5102 "https://www.congress-intercultural.eu/?i=this-94-year-old-johanna-quaas-is-the-world-mm-wMvERXCk" "Mozilla/5.0 (Linux; Android 10; K) AppleWebKit/537.36 (KHTML, like Gecko) Chrome/125.0.0.0 Mobile Safari/537.36"
92.88.171.220 - - [28/Jul/2024:00:05:58 +0200] "GET /js/jquery.selectBox.min.js HTTP/1.1" 200 3755 "https://www.congress-intercultural.eu/?i=this-94-year-old-johanna-quaas-is-the-world-mm-wMvERXCk" "Mozilla/5.0 (Linux; Android 10; K) AppleWebKit/537.36 (KHTML, like Gecko) Chrome/125.0.0.0 Mobile Safari/537.36"
92.88.171.220 - - [28/Jul/2024:00:05:58 +0200] "GET /js/script.js HTTP/1.1" 200 1108 "https://www.congress-intercultural.eu/?i=this-94-year-old-johanna-quaas-is-the-world-mm-wMvERXCk" "Mozilla/5.0 (Linux; Android 10; K) AppleWebKit/537.36 (KHTML, like Gecko) Chrome/125.0.0.0 Mobile Safari/537.36"
92.88.171.220 - - [28/Jul/2024:00:05:58 +0200] "GET /fonts/roboto-regular-webfont.woff2 HTTP/1.1" 200 69206 "https://www.congress-intercultural.eu/css/style.css?v=1" "Mozilla/5.0 (Linux; Android 10; K) AppleWebKit/537.36 (KHTML, like Gecko) Chrome/125.0.0.0 Mobile Safari/537.36"
66.249.70.6 - - [28/Jul/2024:00:05:58 +0200] "GET /?i=hairul-azreen-is-thrilled-the-assistant-made-over-rm1-mm-3nDaJeH6 HTTP/1.1" 200 7005 "-" "Mozilla/5.0 (Linux; Android 6.0.1; Nexus 5X Build/MMB29P) AppleWebKit/537.36 (KHTML, like Gecko) Chrome/126.0.6478.126 Mobile Safari/537.36 (compatible; Googlebot/2.1; +http://www.google.com/bot.html)"
66.249.70.2 - - [28/Jul/2024:00:05:58 +0200] "GET /?i=one-piece-tcg-leader-alternative-trafalgar-law-op01-002-mm-wYNexkHk HTTP/1.1" 200 7370 "-" "Mozilla/5.0 (Linux; Android 6.0.1; Nexus 5X Build/MMB29P) AppleWebKit/537.36 (KHTML, like Gecko) Chrome/126.0.6478.126 Mobile Safari/537.36 (compatible; Googlebot/2.1; +http://www.google.com/bot.html)"
92.88.171.220 - - [28/Jul/2024:00:05:59 +0200] "GET /fonts/opensans-condbold-webfont.woff HTTP/1.1" 200 23438 "https://www.congress-intercultural.eu/css/style.css?v=1" "Mozilla/5.0 (Linux; Android 10; K) AppleWebKit/537.36 (KHTML, like Gecko) Chrome/125.0.0.0 Mobile Safari/537.36"
66.249.70.2 - - [28/Jul/2024:00:05:58 +0200] "GET /?i=banking-sales-resume-samples-velvet-jobs-mm-wYQ9bQCk HTTP/1.1" 200 6123 "-" "Mozilla/5.0 (Linux; Android 6.0.1; Nexus 5X Build/MMB29P) AppleWebKit/537.36 (KHTML, like Gecko) Chrome/126.0.6478.126 Mobile Safari/537.36 (compatible; Googlebot/2.1; +http://www.google.com/bot.html)"
66.249.70.5 - - [28/Jul/2024:00:05:59 +0200] "GET /?i=woulff-bottle-images-stock-photos-3d-objects-vectors-shutterstock-mm-5AVdLJUm HTTP/1.1" 200 7821 "-" "Mozilla/5.0 (Linux; Android 6.0.1; Nexus 5X Build/MMB29P) AppleWebKit/537.36 (KHTML, like Gecko) Chrome/126.0.6478.126 Mobile Safari/537.36 (compatible; Googlebot/2.1; +http://www.google.com/bot.html)"
66.249.70.5 - - [28/Jul/2024:00:05:59 +0200] "GET /?i=%D7%9E%D7%A7%D7%95%D7%A8%D7%95%D7%AA-%D7%9E%D7%99%D7%9C%D7%99%D7%9D-mm-xYJLwWhq HTTP/1.1" 200 7322 "-" "Mozilla/5.0 (Linux; Android 6.0.1; Nexus 5X Build/MMB29P) AppleWebKit/537.36 (KHTML, like Gecko) Chrome/126.0.6478.126 Mobile Safari/537.36 (compatible; Googlebot/2.1; +http://www.google.com/bot.html)"
66.249.70.1 - - [28/Jul/2024:00:05:59 +0200] "GET /?i=axomor-dhuniya-suwali-added-a-axomor-dhuniya-suwali-mm-Q5bk4RTX HTTP/1.1" 200 6835 "-" "Mozilla/5.0 (Linux; Android 6.0.1; Nexus 5X Build/MMB29P) AppleWebKit/537.36 (KHTML, like Gecko) Chrome/126.0.6478.126 Mobile Safari/537.36 (compatible; Googlebot/2.1; +http://www.google.com/bot.html)"
66.249.70.4 - - [28/Jul/2024:00:05:59 +0200] "GET /?i=light-vehicle-polished-creta-alloy-wheels-size-17-inches-mm-aOLRYKFN HTTP/1.1" 200 7040 "-" "Mozilla/5.0 (Linux; Android 6.0.1; Nexus 5X Build/MMB29P) AppleWebKit/537.36 (KHTML, like Gecko) Chrome/126.0.6478.126 Mobile Safari/537.36 (compatible; Googlebot/2.1; +http://www.google.com/bot.html)"
66.249.70.7 - - [28/Jul/2024:00:05:59 +0200] "GET /?i=a-jellycat-skiffles-mouse-soft-toy-mm-d2Dk9Se HTTP/1.1" 200 7275 "-" "Mozilla/5.0 (Linux; Android 6.0.1; Nexus 5X Build/MMB29P) AppleWebKit/537.36 (KHTML, like Gecko) Chrome/126.0.6478.126 Mobile Safari/537.36 (compatible; Googlebot/2.1; +http://www.google.com/bot.html)"
92.88.171.220 - - [28/Jul/2024:00:05:59 +0200] "GET /fonts/opensans-condlight-webfont.woff HTTP/1.1" 200 1915 "https://www.congress-intercultural.eu/css/style.css?v=1" "Mozilla/5.0 (Linux; Android 10; K) AppleWebKit/537.36 (KHTML, like Gecko) Chrome/125.0.0.0 Mobile Safari/537.36"
92.88.171.220 - - [28/Jul/2024:00:05:59 +0200] "GET /fonts/OpenSans-CondLight-webfont.ttf HTTP/1.1" 200 36843 "https://www.congress-intercultural.eu/css/style.css?v=1" "Mozilla/5.0 (Linux; Android 10; K) AppleWebKit/537.36 (KHTML, like Gecko) Chrome/125.0.0.0 Mobile Safari/537.36"
66.249.70.8 - - [28/Jul/2024:00:05:59 +0200] "GET /?i=newspaper-ends-daily-print-edition-after-320-yrs-mm-BaE7o2iV HTTP/1.1" 200 7645 "-" "Mozilla/5.0 (Linux; Android 6.0.1; Nexus 5X Build/MMB29P) AppleWebKit/537.36 (KHTML, like Gecko) Chrome/126.0.6478.126 Mobile Safari/537.36 (compatible; Googlebot/2.1; +http://www.google.com/bot.html)"
66.249.70.2 - - [28/Jul/2024:00:05:59 +0200] "GET /?i=architect-construction-in-marathi-mm-1A32VPc7 HTTP/1.1" 200 7363 "-" "Mozilla/5.0 (Linux; Android 6.0.1; Nexus 5X Build/MMB29P) AppleWebKit/537.36 (KHTML, like Gecko) Chrome/126.0.6478.126 Mobile Safari/537.36 (compatible; Googlebot/2.1; +http://www.google.com/bot.html)"
92.88.171.220 - - [28/Jul/2024:00:05:59 +0200] "GET /favicon.ico HTTP/1.1" 200 1521 "https://www.congress-intercultural.eu/?i=this-94-year-old-johanna-quaas-is-the-world-mm-wMvERXCk" "Mozilla/5.0 (Linux; Android 10; K) AppleWebKit/537.36 (KHTML, like Gecko) Chrome/125.0.0.0 Mobile Safari/537.36"
66.249.70.8 - - [28/Jul/2024:00:05:59 +0200] "GET /?i=world-artistic-championships-2023-mm-20kKYkSj HTTP/1.1" 200 7798 "-" "Mozilla/5.0 (Linux; Android 6.0.1; Nexus 5X Build/MMB29P) AppleWebKit/537.36 (KHTML, like Gecko) Chrome/126.0.6478.126 Mobile Safari/537.36 (compatible; Googlebot/2.1; +http://www.google.com/bot.html)"
66.249.70.5 - - [28/Jul/2024:00:05:59 +0200] "GET /?i=bf15d3lh-honda-portable-outboard-mm-7B6j1Yu0 HTTP/1.1" 200 7525 "-" "Mozilla/5.0 (Linux; Android 6.0.1; Nexus 5X Build/MMB29P) AppleWebKit/537.36 (KHTML, like Gecko) Chrome/126.0.6478.126 Mobile Safari/537.36 (compatible; Googlebot/2.1; +http://www.google.com/bot.html)"
179.68.4.64 - - [28/Jul/2024:00:05:59 +0200] "GET /?i=balc%C3%A3o-de-pia-de-cozinha-em-l-roldan-marcenaria-mm-x3mJLmsq HTTP/1.1" 200 4355 "https://www.google.com/" "Mozilla/5.0 (Linux; Android 10; K) AppleWebKit/537.36 (KHTML, like Gecko) Chrome/127.0.0.0 Mobile Safari/537.36"
66.249.70.6 - - [28/Jul/2024:00:05:59 +0200] "GET /?i=1pcs-for-skoda-octavia-2010-2020-led-drl-daytime-mm-6RLwM4fN HTTP/1.1" 200 7684 "-" "Mozilla/5.0 (Linux; Android 6.0.1; Nexus 5X Build/MMB29P) AppleWebKit/537.36 (KHTML, like Gecko) Chrome/126.0.6478.126 Mobile Safari/537.36 (compatible; Googlebot/2.1; +http://www.google.com/bot.html)"
66.249.70.109 - - [28/Jul/2024:00:05:59 +0200] "GET /?m=high-pressure-multistage-pumps-en-iso-9001-2-pdf-zz-6YpJpeFD HTTP/1.1" 200 7376 "-" "Mozilla/5.0 (Linux; Android 6.0.1; Nexus 5X Build/MMB29P) AppleWebKit/537.36 (KHTML, like Gecko) Chrome/126.0.6478.126 Mobile Safari/537.36 (compatible; GoogleOther)"
66.249.70.6 - - [28/Jul/2024:00:06:00 +0200] "GET /?i=i-beat-night-in-fnaf-r-fivenightsatfreddys-mm-22rr92Sj HTTP/1.1" 200 6870 "-" "Mozilla/5.0 (Linux; Android 6.0.1; Nexus 5X Build/MMB29P) AppleWebKit/537.36 (KHTML, like Gecko) Chrome/126.0.6478.126 Mobile Safari/537.36 (compatible; Googlebot/2.1; +http://www.google.com/bot.html)"
66.249.70.5 - - [28/Jul/2024:00:06:00 +0200] "GET /?i=pinecil-%E2%80%93-smart-mini-portable-soldering-iron-version-2-mm-7Abmwzt0 HTTP/1.1" 200 7619 "-" "Mozilla/5.0 (Linux; Android 6.0.1; Nexus 5X Build/MMB29P) AppleWebKit/537.36 (KHTML, like Gecko) Chrome/126.0.6478.126 Mobile Safari/537.36 (compatible; Googlebot/2.1; +http://www.google.com/bot.html)"
85.74.4.91 - - [28/Jul/2024:00:06:00 +0200] "GET /?i=male-right-lymph-nodes-and-regions-of-the-neck-mm-rAXGVOu4 HTTP/1.1" 200 4356 "https://www.google.com/" "Mozilla/5.0 (iPhone; CPU iPhone OS 17_5_1 like Mac OS X) AppleWebKit/605.1.15 (KHTML, like Gecko) Version/17.5 Mobile/15E148 Safari/604.1"
66.249.70.7 - - [28/Jul/2024:00:06:00 +0200] "GET /?i=top-25-romantic-i-love-you-quotes-of-67-mm-eYxqRatg HTTP/1.1" 200 7620 "-" "Mozilla/5.0 (Linux; Android 6.0.1; Nexus 5X Build/MMB29P) AppleWebKit/537.36 (KHTML, like Gecko) Chrome/126.0.6478.126 Mobile Safari/537.36 (compatible; Googlebot/2.1; +http://www.google.com/bot.html)"
66.249.70.6 - - [28/Jul/2024:00:06:00 +0200] "GET /?i=windows-11-may-switch-to-refs-from-ntfs-file-mm-KM1xoLFN HTTP/1.1" 200 10655 "-" "Mozilla/5.0 (Linux; Android 6.0.1; Nexus 5X Build/MMB29P) AppleWebKit/537.36 (KHTML, like Gecko) Chrome/126.0.6478.126 Mobile Safari/537.36 (compatible; Googlebot/2.1; +http://www.google.com/bot.html)"
66.249.70.6 - - [28/Jul/2024:00:06:00 +0200] "GET /?i=goliath-wise-muslim-women-mm-rOwvkOF4 HTTP/1.1" 200 11048 "-" "Mozilla/5.0 (Linux; Android 6.0.1; Nexus 5X Build/MMB29P) AppleWebKit/537.36 (KHTML, like Gecko) Chrome/126.0.6478.126 Mobile Safari/537.36 (compatible; Googlebot/2.1; +http://www.google.com/bot.html)"
66.249.70.1 - - [28/Jul/2024:00:06:00 +0200] "GET /?i=authentic-hocus-pocus-sarah-sanderson-costume-for-women-mm-17b6QPF7 HTTP/1.1" 200 7403 "-" "Mozilla/5.0 (Linux; Android 6.0.1; Nexus 5X Build/MMB29P) AppleWebKit/537.36 (KHTML, like Gecko) Chrome/126.0.6478.126 Mobile Safari/537.36 (compatible; Googlebot/2.1; +http://www.google.com/bot.html)"
66.249.70.8 - - [28/Jul/2024:00:06:00 +0200] "GET /?i=like-star-replacement-strap-for-mi-m4-and-mi-mm-v5jKRJFV HTTP/1.1" 200 7658 "-" "Mozilla/5.0 (Linux; Android 6.0.1; Nexus 5X Build/MMB29P) AppleWebKit/537.36 (KHTML, like Gecko) Chrome/126.0.6478.126 Mobile Safari/537.36 (compatible; Googlebot/2.1; +http://www.google.com/bot.html)"
66.249.70.3 - - [28/Jul/2024:00:06:00 +0200] "GET /?i=electric-hot-water-heater-cost-monthly-and-annually-inspire-mm-nJYJ6bCE HTTP/1.1" 200 7096 "-" "Mozilla/5.0 (Linux; Android 6.0.1; Nexus 5X Build/MMB29P) AppleWebKit/537.36 (KHTML, like Gecko) Chrome/126.0.6478.126 Mobile Safari/537.36 (compatible; Googlebot/2.1; +http://www.google.com/bot.html)"
52.167.144.174 - - [28/Jul/2024:00:06:00 +0200] "GET /?i=tejash-vachhani-on-x-topic-which-bjp-does-not-mm-w2MdAefk HTTP/1.1" 200 11221 "-" "Mozilla/5.0 (iPhone; CPU iPhone OS 7_0 like Mac OS X) AppleWebKit/537.51.1 (KHTML, like Gecko) Version/7.0 Mobile/11A465 Safari/9537.53 (compatible; bingbot/2.0; +http://www.bing.com/bingbot.htm)"
37.169.78.87 - - [28/Jul/2024:00:06:00 +0200] "GET /?i=lyn-fire-emblem-guide-fe-fanatics-mm-MoWpzVCo HTTP/1.1" 200 4355 "https://www.google.com/" "Mozilla/5.0 (Linux; Android 10; K) AppleWebKit/537.36 (KHTML, like Gecko) Chrome/126.0.0.0 Mobile Safari/537.36"
66.249.70.4 - - [28/Jul/2024:00:06:00 +0200] "GET /?i=forbes-centroam%C3%A9rica-mayo-2022-by-forbes-en-espa%C3%B1ol-issuu-mm-X5oj9gcX HTTP/1.1" 200 7448 "-" "Mozilla/5.0 (Linux; Android 6.0.1; Nexus 5X Build/MMB29P) AppleWebKit/537.36 (KHTML, like Gecko) Chrome/126.0.6478.126 Mobile Safari/537.36 (compatible; Googlebot/2.1; +http://www.google.com/bot.html)"
66.249.70.6 - - [28/Jul/2024:00:06:00 +0200] "GET /it/?i=rooftop-restaurants-in-navi-mumbai-by-dipshika-medium-mm-goX69rI7 HTTP/1.1" 200 6643 "-" "Mozilla/5.0 (Linux; Android 6.0.1; Nexus 5X Build/MMB29P) AppleWebKit/537.36 (KHTML, like Gecko) Chrome/126.0.6478.126 Mobile Safari/537.36 (compatible; Googlebot/2.1; +http://www.google.com/bot.html)"
66.249.70.8 - - [28/Jul/2024:00:06:00 +0200] "GET /?i=tcmt-gpm-6l-portable-tankless-water-heater-lpg-liquid-mm-vQ9xoKiV HTTP/1.1" 200 7406 "-" "Mozilla/5.0 (Linux; Android 6.0.1; Nexus 5X Build/MMB29P) AppleWebKit/537.36 (KHTML, like Gecko) Chrome/126.0.6478.126 Mobile Safari/537.36 (compatible; Googlebot/2.1; +http://www.google.com/bot.html)"
66.249.70.3 - - [28/Jul/2024:00:06:01 +0200] "GET /it/?i=solution-class-11th-biology-handwritten-notes-living-world-chapter-mm-KMmPMJiN HTTP/1.1" 200 7348 "-" "Mozilla/5.0 (Linux; Android 6.0.1; Nexus 5X Build/MMB29P) AppleWebKit/537.36 (KHTML, like Gecko) Chrome/126.0.6478.126 Mobile Safari/537.36 (compatible; Googlebot/2.1; +http://www.google.com/bot.html)"
66.249.70.6 - - [28/Jul/2024:00:06:01 +0200] "GET /?i=pentair-pipe-asy-lower-tr60-clear-pro-155284-mm-Wkqkr4ue HTTP/1.1" 200 7091 "-" "Mozilla/5.0 (Linux; Android 6.0.1; Nexus 5X Build/MMB29P) AppleWebKit/537.36 (KHTML, like Gecko) Chrome/126.0.6478.126 Mobile Safari/537.36 (compatible; Googlebot/2.1; +http://www.google.com/bot.html)"
52.167.144.174 - - [28/Jul/2024:00:06:01 +0200] "GET /?i=yt16542-m-dGYAXie HTTP/1.1" 200 4743 "-" "Mozilla/5.0 AppleWebKit/537.36 (KHTML, like Gecko; compatible; bingbot/2.0; +http://www.bing.com/bingbot.htm) Chrome/116.0.1938.76 Safari/537.36"
66.249.70.6 - - [28/Jul/2024:00:06:01 +0200] "GET /?i=rod-bearing-replacement-still-provided-gratis-by-dealer-e46-mm-Ek19KH3 HTTP/1.1" 200 7204 "-" "Mozilla/5.0 (Linux; Android 6.0.1; Nexus 5X Build/MMB29P) AppleWebKit/537.36 (KHTML, like Gecko) Chrome/126.0.6478.126 Mobile Safari/537.36 (compatible; Googlebot/2.1; +http://www.google.com/bot.html)"
66.249.70.3 - - [28/Jul/2024:00:06:01 +0200] "GET /?i=wear-it-wear-it-right-life-jackets-save-lives-mm-0vAzXwux HTTP/1.1" 200 11535 "-" "Mozilla/5.0 (Linux; Android 6.0.1; Nexus 5X Build/MMB29P) AppleWebKit/537.36 (KHTML, like Gecko) Chrome/126.0.6478.126 Mobile Safari/537.36 (compatible; Googlebot/2.1; +http://www.google.com/bot.html)"
66.249.70.8 - - [28/Jul/2024:00:06:01 +0200] "GET /?i=asus-tuf-gaming-b550-plus-4600mhz-oc-ddr4-soket-mm-eK9oGRfg HTTP/1.1" 200 7571 "-" "Mozilla/5.0 (Linux; Android 6.0.1; Nexus 5X Build/MMB29P) AppleWebKit/537.36 (KHTML, like Gecko) Chrome/126.0.6478.126 Mobile Safari/537.36 (compatible; Googlebot/2.1; +http://www.google.com/bot.html)"
105.67.132.6 - - [28/Jul/2024:00:06:01 +0200] "GET /?i=jnen-maroc-fkih-ben-salah-mm-759kjnu0 HTTP/1.1" 200 4355 "https://www.google.com/" "Mozilla/5.0 (iPhone; CPU iPhone OS 15_4_1 like Mac OS X) AppleWebKit/605.1.15 (KHTML, like Gecko) Version/15.4 Mobile/15E148 Safari/604.1"
99.248.38.22 - - [28/Jul/2024:00:06:01 +0200] "GET /?i=ontario-government-extends-health-card-renewal-deadline-mm-X701VwhX HTTP/1.1" 200 4355 "https://www.google.com/" "Mozilla/5.0 (Windows NT 10.0; Win64; x64) AppleWebKit/537.36 (KHTML, like Gecko) Chrome/127.0.0.0 Safari/537.36"
66.249.70.7 - - [28/Jul/2024:00:06:01 +0200] "GET /?i=how-to-read-your-eye-prescription-warby-parker-mm-1BRgEqS7 HTTP/1.1" 200 7429 "-" "Mozilla/5.0 (Linux; Android 6.0.1; Nexus 5X Build/MMB29P) AppleWebKit/537.36 (KHTML, like Gecko) Chrome/126.0.6478.126 Mobile Safari/537.36 (compatible; Googlebot/2.1; +http://www.google.com/bot.html)"
66.249.70.8 - - [28/Jul/2024:00:06:01 +0200] "GET /?i=fierce-feline-costume-catwoman-costume-mm-Gb7RNNtd HTTP/1.1" 200 7012 "-" "Mozilla/5.0 (Linux; Android 6.0.1; Nexus 5X Build/MMB29P) AppleWebKit/537.36 (KHTML, like Gecko) Chrome/126.0.6478.126 Mobile Safari/537.36 (compatible; Googlebot/2.1; +http://www.google.com/bot.html)"
52.167.144.174 - - [28/Jul/2024:00:06:01 +0200] "GET /?i=ecgc-po-2022-exam-shift-timings-exam-center-guidelines-mm-XnjB9KUX HTTP/1.1" 200 6673 "-" "Mozilla/5.0 AppleWebKit/537.36 (KHTML, like Gecko; compatible; bingbot/2.0; +http://www.bing.com/bingbot.htm) Chrome/116.0.1938.76 Safari/537.36"
66.249.70.5 - - [28/Jul/2024:00:06:01 +0200] "GET /?i=buddhist-fellowship-special-dhamma-talk-by-ayya-upekkha-buddhist-mm-vLBWrrCV HTTP/1.1" 200 7500 "-" "Mozilla/5.0 (Linux; Android 6.0.1; Nexus 5X Build/MMB29P) AppleWebKit/537.36 (KHTML, like Gecko) Chrome/126.0.6478.126 Mobile Safari/537.36 (compatible; Googlebot/2.1; +http://www.google.com/bot.html)"
66.249.70.3 - - [28/Jul/2024:00:06:01 +0200] "GET /?i=apple-iphone-11-red-3d-model-download-mm-9AajGWs7 HTTP/1.1" 200 7928 "-" "Mozilla/5.0 (Linux; Android 6.0.1; Nexus 5X Build/MMB29P) AppleWebKit/537.36 (KHTML, like Gecko) Chrome/126.0.6478.126 Mobile Safari/537.36 (compatible; Googlebot/2.1; +http://www.google.com/bot.html)"
66.249.70.7 - - [28/Jul/2024:00:06:02 +0200] "GET /?i=blur-song-official-music-video-celebrating-25-years-of-mm-1Qj3eT7 HTTP/1.1" 200 7027 "-" "Mozilla/5.0 (Linux; Android 6.0.1; Nexus 5X Build/MMB29P) AppleWebKit/537.36 (KHTML, like Gecko) Chrome/126.0.6478.126 Mobile Safari/537.36 (compatible; Googlebot/2.1; +http://www.google.com/bot.html)"
66.249.70.1 - - [28/Jul/2024:00:06:02 +0200] "GET /?i=should-bojangles-come-to-south-jersey-some-already-say-mm-gGn5mgT7 HTTP/1.1" 200 7417 "-" "Mozilla/5.0 (Linux; Android 6.0.1; Nexus 5X Build/MMB29P) AppleWebKit/537.36 (KHTML, like Gecko) Chrome/126.0.6478.126 Mobile Safari/537.36 (compatible; Googlebot/2.1; +http://www.google.com/bot.html)"
66.249.70.7 - - [28/Jul/2024:00:06:02 +0200] "GET /?i=compound-interest-chemistry-infographics-on-x-august-kekul%C3%A9-was-mm-bpd20ViX HTTP/1.1" 200 7148 "-" "Mozilla/5.0 (Linux; Android 6.0.1; Nexus 5X Build/MMB29P) AppleWebKit/537.36 (KHTML, like Gecko) Chrome/126.0.6478.126 Mobile Safari/537.36 (compatible; Googlebot/2.1; +http://www.google.com/bot.html)"
52.167.144.174 - - [28/Jul/2024:00:06:02 +0200] "GET /?i=sm-entertainment-s-first-k-pop-group-were-paid-mm-YLdxkdcn HTTP/1.1" 200 7197 "-" "Mozilla/5.0 AppleWebKit/537.36 (KHTML, like Gecko; compatible; bingbot/2.0; +http://www.bing.com/bingbot.htm) Chrome/116.0.1938.76 Safari/537.36"
66.249.70.109 - - [28/Jul/2024:00:06:01 +0200] "GET /?m=minutos-lucas-sugo-pdf-zz-Y3j2w8Sq HTTP/1.1" 200 6294 "-" "Mozilla/5.0 (Linux; Android 6.0.1; Nexus 5X Build/MMB29P) AppleWebKit/537.36 (KHTML, like Gecko) Chrome/126.0.6478.126 Mobile Safari/537.36 (compatible; GoogleOther)"
66.249.70.6 - - [28/Jul/2024:00:06:01 +0200] "GET /?i=ex-astris-scientia-a-close-look-at-enterprise-nx-mm-1nPL0DF7 HTTP/1.1" 200 6935 "-" "Mozilla/5.0 (Linux; Android 6.0.1; Nexus 5X Build/MMB29P) AppleWebKit/537.36 (KHTML, like Gecko) Chrome/126.0.6478.126 Mobile Safari/537.36 (compatible; Googlebot/2.1; +http://www.google.com/bot.html)"
66.249.70.1 - - [28/Jul/2024:00:06:02 +0200] "GET /?i=best-beaches-in-north-devon-uk-between-england-everywhere-mm-90AWMvC7 HTTP/1.1" 200 6963 "-" "Mozilla/5.0 (Linux; Android 6.0.1; Nexus 5X Build/MMB29P) AppleWebKit/537.36 (KHTML, like Gecko) Chrome/126.0.6478.126 Mobile Safari/537.36 (compatible; Googlebot/2.1; +http://www.google.com/bot.html)"
217.113.194.88 - - [28/Jul/2024:00:06:02 +0200] "GET /fr/initiative/309-%D0%9F%D0%BE%D0%BB%D0%B8%D1%82%D0%B8%D0%BA%D0%B0-%D0%BF%EF%BF%BD-%D0%B8%D0%B5%D0%BC%D0%B0--%D0%98%D1%81%D0%BF%D0%B0%D0%BD%D0%B8%D1%8F-.html HTTP/1.1" 200 2488 "-" "Mozilla/5.0 (compatible; Barkrowler/0.9; +https://babbar.tech/crawler)"
136.243.228.194 - - [28/Jul/2024:00:06:01 +0200] "GET /?i=oppo-a19-specifications-price-and-features-specs-tech-mm-kq1nbBuo HTTP/1.1" 200 1816 "-" "Mozilla/5.0 (compatible; DataForSeoBot/1.0; +https://dataforseo.com/dataforseo-bot)"
66.249.70.8 - - [28/Jul/2024:00:06:02 +0200] "GET /?i=lions-of-carthage-hannibal-s-african-infantry-at-the-mm-2Ab4kIj HTTP/1.1" 200 7768 "-" "Mozilla/5.0 (Linux; Android 6.0.1; Nexus 5X Build/MMB29P) AppleWebKit/537.36 (KHTML, like Gecko) Chrome/126.0.6478.126 Mobile Safari/537.36 (compatible; Googlebot/2.1; +http://www.google.com/bot.html)"
66.249.70.8 - - [28/Jul/2024:00:06:02 +0200] "GET /?i=atelier-linah-atelier-linah-added-a-new-photo-mm-EvaJz7C3 HTTP/1.1" 200 6594 "-" "Mozilla/5.0 (Linux; Android 6.0.1; Nexus 5X Build/MMB29P) AppleWebKit/537.36 (KHTML, like Gecko) Chrome/126.0.6478.126 Mobile Safari/537.36 (compatible; Googlebot/2.1; +http://www.google.com/bot.html)"
66.249.70.7 - - [28/Jul/2024:00:06:02 +0200] "GET /ru/?i=the-glasgow-chronicles-carfin-street-with-cathcart-road-behind-mm-jMMzNqu9 HTTP/1.1" 200 7755 "-" "Mozilla/5.0 (Linux; Android 6.0.1; Nexus 5X Build/MMB29P) AppleWebKit/537.36 (KHTML, like Gecko) Chrome/126.0.6478.126 Mobile Safari/537.36 (compatible; Googlebot/2.1; +http://www.google.com/bot.html)"
66.249.70.2 - - [28/Jul/2024:00:06:02 +0200] "GET /?i=just-discovered-this-page-today-containing-modern-words-translated-mm-jgD5R1I9 HTTP/1.1" 200 6923 "-" "Mozilla/5.0 (Linux; Android 6.0.1; Nexus 5X Build/MMB29P) AppleWebKit/537.36 (KHTML, like Gecko) Chrome/126.0.6478.126 Mobile Safari/537.36 (compatible; Googlebot/2.1; +http://www.google.com/bot.html)"
52.167.144.174 - - [28/Jul/2024:00:06:02 +0200] "GET /?i=analytics-real-time-error-reports-and-client-metrics-crash-mm-onOYnbuL HTTP/1.1" 200 6852 "-" "Mozilla/5.0 AppleWebKit/537.36 (KHTML, like Gecko; compatible; bingbot/2.0; +http://www.bing.com/bingbot.htm) Chrome/116.0.1938.76 Safari/537.36"
66.249.70.1 - - [28/Jul/2024:00:06:02 +0200] "GET /?i=oneplus-pad-vs-apple-ipad-10th-gen-compare-price-mm-2MdwdPFj HTTP/1.1" 200 7797 "-" "Mozilla/5.0 (Linux; Android 6.0.1; Nexus 5X Build/MMB29P) AppleWebKit/537.36 (KHTML, like Gecko) Chrome/126.0.6478.126 Mobile Safari/537.36 (compatible; Googlebot/2.1; +http://www.google.com/bot.html)"
66.249.70.7 - - [28/Jul/2024:00:06:03 +0200] "GET /?i=new-helicopter-gunner-eaten-alive-first-person-view-jurassic-mm-Qbjn4LcX HTTP/1.1" 200 10830 "-" "Mozilla/5.0 (Linux; Android 6.0.1; Nexus 5X Build/MMB29P) AppleWebKit/537.36 (KHTML, like Gecko) Chrome/126.0.6478.126 Mobile Safari/537.36 (compatible; Googlebot/2.1; +http://www.google.com/bot.html)"
66.249.70.3 - - [28/Jul/2024:00:06:03 +0200] "GET /?i=t-max-3w-wireless-14-minute-timer-tanning-bed-mm-909zVXU7 HTTP/1.1" 200 7582 "-" "Mozilla/5.0 (Linux; Android 6.0.1; Nexus 5X Build/MMB29P) AppleWebKit/537.36 (KHTML, like Gecko) Chrome/126.0.6478.126 Mobile Safari/537.36 (compatible; Googlebot/2.1; +http://www.google.com/bot.html)"
66.249.70.6 - - [28/Jul/2024:00:06:03 +0200] "GET /?i=900h-75-or-85-inch-replacing-55-and-will-mm-7B2Y2zH0 HTTP/1.1" 200 7724 "-" "Mozilla/5.0 (Linux; Android 6.0.1; Nexus 5X Build/MMB29P) AppleWebKit/537.36 (KHTML, like Gecko) Chrome/126.0.6478.126 Mobile Safari/537.36 (compatible; Googlebot/2.1; +http://www.google.com/bot.html)"
66.249.70.1 - - [28/Jul/2024:00:06:03 +0200] "GET /?i=netac-nv5000-tb-specs-techpowerup-ssd-database-mm-X1KzDmiX HTTP/1.1" 200 7604 "-" "Mozilla/5.0 (Linux; Android 6.0.1; Nexus 5X Build/MMB29P) AppleWebKit/537.36 (KHTML, like Gecko) Chrome/126.0.6478.126 Mobile Safari/537.36 (compatible; Googlebot/2.1; +http://www.google.com/bot.html)"
66.249.70.5 - - [28/Jul/2024:00:06:03 +0200] "GET /?i=how-everyone-in-netflix-s-dark-is-connected-tv-mm-5QDBa3tm HTTP/1.1" 200 7242 "-" "Mozilla/5.0 (Linux; Android 6.0.1; Nexus 5X Build/MMB29P) AppleWebKit/537.36 (KHTML, like Gecko) Chrome/126.0.6478.126 Mobile Safari/537.36 (compatible; Googlebot/2.1; +http://www.google.com/bot.html)"
66.249.70.4 - - [28/Jul/2024:00:06:03 +0200] "GET /?i=getting-to-know-the-russian-battalion-tactical-group-royal-mm-o4V7RBUL HTTP/1.1" 200 7342 "-" "Mozilla/5.0 (Linux; Android 6.0.1; Nexus 5X Build/MMB29P) AppleWebKit/537.36 (KHTML, like Gecko) Chrome/126.0.6478.126 Mobile Safari/537.36 (compatible; Googlebot/2.1; +http://www.google.com/bot.html)"
66.249.70.1 - - [28/Jul/2024:00:06:03 +0200] "GET /?i=oig-at-hhs-on-x-an-effective-health-care-mm-QRN1gkfX HTTP/1.1" 200 7156 "-" "Mozilla/5.0 (Linux; Android 6.0.1; Nexus 5X Build/MMB29P) AppleWebKit/537.36 (KHTML, like Gecko) Chrome/126.0.6478.126 Mobile Safari/537.36 (compatible; Googlebot/2.1; +http://www.google.com/bot.html)"
66.249.70.3 - - [28/Jul/2024:00:06:03 +0200] "GET /ru/?i=reloj-multimetro-%E2%8C%9A-%E2%80%8D-%E2%9A%A1-aprender-electricidad-facebook-mm-MweeLjfo HTTP/1.1" 200 7398 "-" "Mozilla/5.0 (Linux; Android 6.0.1; Nexus 5X Build/MMB29P) AppleWebKit/537.36 (KHTML, like Gecko) Chrome/126.0.6478.126 Mobile Safari/537.36 (compatible; Googlebot/2.1; +http://www.google.com/bot.html)"
66.249.70.3 - - [28/Jul/2024:00:06:03 +0200] "GET /?i=su-ge%C3%A7irmez-sabit-bas%C4%B1n%C3%A7-de%C4%9Fi%C5%9Fken-h%C4%B1zl%C4%B1-su-pompas%C4%B1-kontrol%C3%B6r%C3%BC-mm-KEqYLFN HTTP/1.1" 200 7158 "-" "Mozilla/5.0 (Linux; Android 6.0.1; Nexus 5X Build/MMB29P) AppleWebKit/537.36 (KHTML, like Gecko) Chrome/126.0.6478.126 Mobile Safari/537.36 (compatible; Googlebot/2.1; +http://www.google.com/bot.html)"
66.249.70.7 - - [28/Jul/2024:00:06:03 +0200] "GET /?i=shot-glass-of-tears-mm-0YGz0wCx HTTP/1.1" 200 7241 "-" "Mozilla/5.0 (Linux; Android 6.0.1; Nexus 5X Build/MMB29P) AppleWebKit/537.36 (KHTML, like Gecko) Chrome/126.0.6478.126 Mobile Safari/537.36 (compatible; Googlebot/2.1; +http://www.google.com/bot.html)"
66.249.70.6 - - [28/Jul/2024:00:06:03 +0200] "GET /?i=tm28-on-x-seven-big-lion-tiger-leopard-jaguar-mm-6wD4v4CN HTTP/1.1" 200 7963 "-" "Mozilla/5.0 (Linux; Android 6.0.1; Nexus 5X Build/MMB29P) AppleWebKit/537.36 (KHTML, like Gecko) Chrome/126.0.6478.126 Mobile Safari/537.36 (compatible; Googlebot/2.1; +http://www.google.com/bot.html)"
66.249.70.6 - - [28/Jul/2024:00:06:03 +0200] "GET /?i=how-to-use-search-enhancement-siemens-nx-plm-tech-mm-KgdWpPUN HTTP/1.1" 200 6609 "-" "Mozilla/5.0 (Linux; Android 6.0.1; Nexus 5X Build/MMB29P) AppleWebKit/537.36 (KHTML, like Gecko) Chrome/126.0.6478.126 Mobile Safari/537.36 (compatible; Googlebot/2.1; +http://www.google.com/bot.html)"
66.249.70.1 - - [28/Jul/2024:00:06:04 +0200] "GET /?i=edwin-pendant-lamp-apple-blossom-mm-97R1gYu7 HTTP/1.1" 200 6696 "-" "Mozilla/5.0 (Linux; Android 6.0.1; Nexus 5X Build/MMB29P) AppleWebKit/537.36 (KHTML, like Gecko) Chrome/126.0.6478.126 Mobile Safari/537.36 (compatible; Googlebot/2.1; +http://www.google.com/bot.html)"
66.249.70.3 - - [28/Jul/2024:00:06:04 +0200] "GET /?i=riyah-name-meaning-origin-history-and-popularity-mm-1rP1ePi7 HTTP/1.1" 200 6902 "-" "Mozilla/5.0 (Linux; Android 6.0.1; Nexus 5X Build/MMB29P) AppleWebKit/537.36 (KHTML, like Gecko) Chrome/126.0.6478.126 Mobile Safari/537.36 (compatible; Googlebot/2.1; +http://www.google.com/bot.html)"
66.249.70.8 - - [28/Jul/2024:00:06:04 +0200] "GET /?i=d9dt-8-bspp-bonded-seal-mm-oM159XHL HTTP/1.1" 200 7267 "-" "Mozilla/5.0 (Linux; Android 6.0.1; Nexus 5X Build/MMB29P) AppleWebKit/537.36 (KHTML, like Gecko) Chrome/126.0.6478.126 Mobile Safari/537.36 (compatible; Googlebot/2.1; +http://www.google.com/bot.html)"
66.249.70.3 - - [28/Jul/2024:00:06:04 +0200] "GET /en/?i=the-besorah-of-yahusha-pdfdrive-pdf-names-of-god-mm-Oe4LQUX HTTP/1.1" 200 10938 "-" "Mozilla/5.0 (Linux; Android 6.0.1; Nexus 5X Build/MMB29P) AppleWebKit/537.36 (KHTML, like Gecko) Chrome/126.0.6478.126 Mobile Safari/537.36 (compatible; GoogleOther)"
66.249.70.2 - - [28/Jul/2024:00:06:04 +0200] "GET /?i=elden-ring-godfrey-and-hoarah-loux-boss-fight-walkthrough-mm-Pxq9EviB HTTP/1.1" 200 7047 "-" "Mozilla/5.0 (Linux; Android 6.0.1; Nexus 5X Build/MMB29P) AppleWebKit/537.36 (KHTML, like Gecko) Chrome/126.0.6478.126 Mobile Safari/537.36 (compatible; Googlebot/2.1; +http://www.google.com/bot.html)"
66.249.70.5 - - [28/Jul/2024:00:06:04 +0200] "GET /?i=a-casa-azul-vestido-de-moletom-vans-r$-229-mm-Mz0nzzio HTTP/1.1" 200 7354 "-" "Mozilla/5.0 (Linux; Android 6.0.1; Nexus 5X Build/MMB29P) AppleWebKit/537.36 (KHTML, like Gecko) Chrome/126.0.6478.126 Mobile Safari/537.36 (compatible; Googlebot/2.1; +http://www.google.com/bot.html)"
66.249.70.4 - - [28/Jul/2024:00:06:04 +0200] "GET /?i=dii-home-sweet-farmhouse-kitchen-textiles-18x28-assorted-pieces-mm-4BE6v5s6 HTTP/1.1" 200 7515 "-" "Mozilla/5.0 (Linux; Android 6.0.1; Nexus 5X Build/MMB29P) AppleWebKit/537.36 (KHTML, like Gecko) Chrome/126.0.6478.126 Mobile Safari/537.36 (compatible; Googlebot/2.1; +http://www.google.com/bot.html)"
66.249.70.2 - - [28/Jul/2024:00:06:04 +0200] "GET /?i=80s-style-art-and-design-by-ryanjlane-mm-jG73VXT9 HTTP/1.1" 200 7989 "-" "Mozilla/5.0 (Linux; Android 6.0.1; Nexus 5X Build/MMB29P) AppleWebKit/537.36 (KHTML, like Gecko) Chrome/126.0.6478.126 Mobile Safari/537.36 (compatible; Googlebot/2.1; +http://www.google.com/bot.html)"
66.249.70.4 - - [28/Jul/2024:00:06:04 +0200] "GET /?i=afenia-by-balaji-food-products-dry-fruit-store-in-mm-eDJ4dGUg HTTP/1.1" 200 11601 "-" "Mozilla/5.0 (Linux; Android 6.0.1; Nexus 5X Build/MMB29P) AppleWebKit/537.36 (KHTML, like Gecko) Chrome/126.0.6478.126 Mobile Safari/537.36 (compatible; Googlebot/2.1; +http://www.google.com/bot.html)"
66.249.70.1 - - [28/Jul/2024:00:06:04 +0200] "GET /?i=ferro-b12-forte-physalis-mm-aMOg05cN HTTP/1.1" 200 7397 "-" "Mozilla/5.0 (Linux; Android 6.0.1; Nexus 5X Build/MMB29P) AppleWebKit/537.36 (KHTML, like Gecko) Chrome/126.0.6478.126 Mobile Safari/537.36 (compatible; Googlebot/2.1; +http://www.google.com/bot.html)"
66.249.70.4 - - [28/Jul/2024:00:06:04 +0200] "GET /?i=pdf-angels-of-care-and-houses-of-healing-in-mm-QLQ7zkcX HTTP/1.1" 200 11268 "-" "Mozilla/5.0 (Linux; Android 6.0.1; Nexus 5X Build/MMB29P) AppleWebKit/537.36 (KHTML, like Gecko) Chrome/126.0.6478.126 Mobile Safari/537.36 (compatible; Googlebot/2.1; +http://www.google.com/bot.html)"
66.249.70.6 - - [28/Jul/2024:00:06:05 +0200] "GET /?i=astm-c1202-rcpt-concrete-chloride-penetration-tester-china-rapid-mm-9kW32Dt7 HTTP/1.1" 200 6886 "-" "Mozilla/5.0 (Linux; Android 6.0.1; Nexus 5X Build/MMB29P) AppleWebKit/537.36 (KHTML, like Gecko) Chrome/126.0.6478.126 Mobile Safari/537.36 (compatible; Googlebot/2.1; +http://www.google.com/bot.html)"
66.249.70.1 - - [28/Jul/2024:00:06:05 +0200] "GET /?i=how-ghana-is-using-graphic-pictures-to-cut-tobacco-mm-nJY7vRtE HTTP/1.1" 200 7820 "-" "Mozilla/5.0 (Linux; Android 6.0.1; Nexus 5X Build/MMB29P) AppleWebKit/537.36 (KHTML, like Gecko) Chrome/126.0.6478.126 Mobile Safari/537.36 (compatible; Googlebot/2.1; +http://www.google.com/bot.html)"
66.249.70.2 - - [28/Jul/2024:00:06:05 +0200] "GET /?i=kate-middleton-s-veja-esplar-sneakers-in-white-rose-mm-6xaKmVFN HTTP/1.1" 200 7800 "-" "Mozilla/5.0 (Linux; Android 6.0.1; Nexus 5X Build/MMB29P) AppleWebKit/537.36 (KHTML, like Gecko) Chrome/126.0.6478.126 Mobile Safari/537.36 (compatible; Googlebot/2.1; +http://www.google.com/bot.html)"
66.249.70.6 - - [28/Jul/2024:00:06:05 +0200] "GET /?i=everything-you-need-to-know-about-3pl-warehousing-simple-mm-MwpXajuo HTTP/1.1" 200 7246 "-" "Mozilla/5.0 (Linux; Android 6.0.1; Nexus 5X Build/MMB29P) AppleWebKit/537.36 (KHTML, like Gecko) Chrome/126.0.6478.126 Mobile Safari/537.36 (compatible; Googlebot/2.1; +http://www.google.com/bot.html)"
52.167.144.174 - - [28/Jul/2024:00:06:05 +0200] "GET /?i=what-is-the-difference-between-flowchart-wireflow-task-flow-mm-AqonmbiO HTTP/1.1" 200 6993 "-" "Mozilla/5.0 AppleWebKit/537.36 (KHTML, like Gecko; compatible; bingbot/2.0; +http://www.bing.com/bingbot.htm) Chrome/116.0.1938.76 Safari/537.36"
66.249.70.6 - - [28/Jul/2024:00:06:05 +0200] "GET /?i=piel%C4%99gnacja-z%C4%99b%C3%B3w-u-os%C3%B3b-doros%C5%82ych-oral-care-mm-1A6KxzF7 HTTP/1.1" 200 7651 "-" "Mozilla/5.0 (Linux; Android 6.0.1; Nexus 5X Build/MMB29P) AppleWebKit/537.36 (KHTML, like Gecko) Chrome/126.0.6478.126 Mobile Safari/537.36 (compatible; Googlebot/2.1; +http://www.google.com/bot.html)"
136.243.228.194 - - [28/Jul/2024:00:06:05 +0200] "GET /?i=samsung-galaxy-s21-5g-gcam-download-g-cam-for-mm-q70P9Ghj HTTP/1.1" 200 1816 "-" "Mozilla/5.0 (compatible; DataForSeoBot/1.0; +https://dataforseo.com/dataforseo-bot)"
66.249.70.7 - - [28/Jul/2024:00:06:05 +0200] "GET /?i=hymn-will-your-anchor-hold-in-the-storms-of-mm-nGnRL7sE HTTP/1.1" 200 6665 "-" "Mozilla/5.0 (Linux; Android 6.0.1; Nexus 5X Build/MMB29P) AppleWebKit/537.36 (KHTML, like Gecko) Chrome/126.0.6478.126 Mobile Safari/537.36 (compatible; Googlebot/2.1; +http://www.google.com/bot.html)"
66.249.70.5 - - [28/Jul/2024:00:06:05 +0200] "GET /it/?i=vori-wedding-al-amin-jewellers-facebook-mm-D91kzAHk HTTP/1.1" 200 6869 "-" "Mozilla/5.0 (Linux; Android 6.0.1; Nexus 5X Build/MMB29P) AppleWebKit/537.36 (KHTML, like Gecko) Chrome/126.0.6478.126 Mobile Safari/537.36 (compatible; Googlebot/2.1; +http://www.google.com/bot.html)"
66.249.70.1 - - [28/Jul/2024:00:06:05 +0200] "GET /?i=green-your-waste-the-4r-strategy-mokhoyeungdicky-mm-2jm5wPSj HTTP/1.1" 200 7062 "-" "Mozilla/5.0 (Linux; Android 6.0.1; Nexus 5X Build/MMB29P) AppleWebKit/537.36 (KHTML, like Gecko) Chrome/126.0.6478.126 Mobile Safari/537.36 (compatible; Googlebot/2.1; +http://www.google.com/bot.html)"
66.249.70.6 - - [28/Jul/2024:00:06:05 +0200] "GET /?i=inagbe-grand-resorts-leisure-lagos-do-not-miss-out-mm-1V00zqS7 HTTP/1.1" 200 6761 "-" "Mozilla/5.0 (Linux; Android 6.0.1; Nexus 5X Build/MMB29P) AppleWebKit/537.36 (KHTML, like Gecko) Chrome/126.0.6478.126 Mobile Safari/537.36 (compatible; Googlebot/2.1; +http://www.google.com/bot.html)"
