66.249.70.5 - - [28/Jul/2024:00:03:23 +0200] "GET /?i=nigeria-abacha-and-ugba-finmail-mm-a5LX7riN HTTP/1.1" 200 6757 "-" "Mozilla/5.0 (Linux; Android 6.0.1; Nexus 5X Build/MMB29P) AppleWebKit/537.36 (KHTML, like Gecko) Chrome/126.0.6478.126 Mobile Safari/537.36 (compatible; Googlebot/2.1; +http://www.google.com/bot.html)"
66.249.70.8 - - [28/Jul/2024:00:03:23 +0200] "GET /?i=nigerian-english-words-added-to-oxford-dictionary-mm-oKXwxwHL HTTP/1.1" 200 6639 "-" "Mozilla/5.0 (Linux; Android 6.0.1; Nexus 5X Build/MMB29P) AppleWebKit/537.36 (KHTML, like Gecko) Chrome/126.0.6478.126 Mobile Safari/537.36 (compatible; Googlebot/2.1; +http://www.google.com/bot.html)"
88.124.61.224 - - [28/Jul/2024:00:03:23 +0200] "GET /?m=atn-ps22-cgt-night-vision-clipon-system-nvdnps22c0-zz-lXMB2Dtv HTTP/1.1" 200 4354 "https://www.google.com/" "Mozilla/5.0 (Linux; Android 10; K) AppleWebKit/537.36 (KHTML, like Gecko) Chrome/127.0.0.0 Mobile Safari/537.36"
157.55.39.51 - - [28/Jul/2024:00:03:23 +0200] "GET /?i=military-gum-in-india-m-3LvbpAt6 HTTP/1.1" 200 5026 "-" "Mozilla/5.0 (iPhone; CPU iPhone OS 7_0 like Mac OS X) AppleWebKit/537.51.1 (KHTML, like Gecko) Version/7.0 Mobile/11A465 Safari/9537.53 (compatible; bingbot/2.0; +http://www.bing.com/bingbot.htm)"
66.249.70.8 - - [28/Jul/2024:00:03:23 +0200] "GET /?i=9-air-circulator-fan-desk-fan-90undefined-tilt-60undefined-mm-X9NLeRhX HTTP/1.1" 200 7892 "-" "Mozilla/5.0 (Linux; Android 6.0.1; Nexus 5X Build/MMB29P) AppleWebKit/537.36 (KHTML, like Gecko) Chrome/126.0.6478.126 Mobile Safari/537.36 (compatible; Googlebot/2.1; +http://www.google.com/bot.html)"
66.249.70.3 - - [28/Jul/2024:00:03:23 +0200] "GET /?i=shop-most-trending-sling-bags-handbags-for-women-viraasi-mm-5RzvRJFm HTTP/1.1" 200 8112 "-" "Mozilla/5.0 (Linux; Android 6.0.1; Nexus 5X Build/MMB29P) AppleWebKit/537.36 (KHTML, like Gecko) Chrome/126.0.6478.126 Mobile Safari/537.36 (compatible; Googlebot/2.1; +http://www.google.com/bot.html)"
66.249.70.1 - - [28/Jul/2024:00:03:23 +0200] "GET /?i=berger-luxol-oil-paint-oil-paint-colour-catalogue-mm-65PMn4TN HTTP/1.1" 200 10335 "-" "Mozilla/5.0 (Linux; Android 6.0.1; Nexus 5X Build/MMB29P) AppleWebKit/537.36 (KHTML, like Gecko) Chrome/126.0.6478.126 Mobile Safari/537.36 (compatible; Googlebot/2.1; +http://www.google.com/bot.html)"
66.249.70.4 - - [28/Jul/2024:00:03:24 +0200] "GET /?i=p6-raffles-girls-2020-sa2-prelims-paper-full-paper-mm-5bOKX9cm HTTP/1.1" 200 7170 "-" "Mozilla/5.0 (Linux; Android 6.0.1; Nexus 5X Build/MMB29P) AppleWebKit/537.36 (KHTML, like Gecko) Chrome/126.0.6478.126 Mobile Safari/537.36 (compatible; Googlebot/2.1; +http://www.google.com/bot.html)"
66.249.70.109 - - [28/Jul/2024:00:03:24 +0200] "GET /?m=tabla-de-nomenclatura-2021-pdf-%C3%81cido-cloruro-zz-PEl4AdF9 HTTP/1.1" 200 6996 "-" "Mozilla/5.0 (Linux; Android 6.0.1; Nexus 5X Build/MMB29P) AppleWebKit/537.36 (KHTML, like Gecko) Chrome/126.0.6478.126 Mobile Safari/537.36 (compatible; GoogleOther)"
66.249.70.7 - - [28/Jul/2024:00:03:24 +0200] "GET /?i=im%C3%A1genes-del-tigre-descargar-im%C3%A1genes-y-fotos-de-archivo-mm-b3JN6DHX HTTP/1.1" 200 7674 "-" "Mozilla/5.0 (Linux; Android 6.0.1; Nexus 5X Build/MMB29P) AppleWebKit/537.36 (KHTML, like Gecko) Chrome/126.0.6478.126 Mobile Safari/537.36 (compatible; Googlebot/2.1; +http://www.google.com/bot.html)"
66.249.70.1 - - [28/Jul/2024:00:03:24 +0200] "GET /?i=mitel-6920-ip-end-user-training-mm-xoXYemtq HTTP/1.1" 200 7184 "-" "Mozilla/5.0 (Linux; Android 6.0.1; Nexus 5X Build/MMB29P) AppleWebKit/537.36 (KHTML, like Gecko) Chrome/126.0.6478.126 Mobile Safari/537.36 (compatible; Googlebot/2.1; +http://www.google.com/bot.html)"
157.55.39.51 - - [28/Jul/2024:00:03:24 +0200] "GET /?i=thionyl-bromide-wikipedia-mm-EqOAKkC3 HTTP/1.1" 200 7192 "-" "Mozilla/5.0 (iPhone; CPU iPhone OS 7_0 like Mac OS X) AppleWebKit/537.51.1 (KHTML, like Gecko) Version/7.0 Mobile/11A465 Safari/9537.53 (compatible; bingbot/2.0; +http://www.bing.com/bingbot.htm)"
66.249.70.2 - - [28/Jul/2024:00:03:24 +0200] "GET /?i=prathamesh-v-on-x-once-said-never-beg-for-mm-K7KVkCN HTTP/1.1" 200 7505 "-" "Mozilla/5.0 (Linux; Android 6.0.1; Nexus 5X Build/MMB29P) AppleWebKit/537.36 (KHTML, like Gecko) Chrome/126.0.6478.126 Mobile Safari/537.36 (compatible; Googlebot/2.1; +http://www.google.com/bot.html)"
66.249.70.8 - - [28/Jul/2024:00:03:24 +0200] "GET /?i=next-station-is-dadar-p-broad-gauge-productions-facebook-mm-7vWDeH0 HTTP/1.1" 200 6933 "-" "Mozilla/5.0 (Linux; Android 6.0.1; Nexus 5X Build/MMB29P) AppleWebKit/537.36 (KHTML, like Gecko) Chrome/126.0.6478.126 Mobile Safari/537.36 (compatible; Googlebot/2.1; +http://www.google.com/bot.html)"
66.249.70.3 - - [28/Jul/2024:00:03:24 +0200] "GET /?i=sako-s-pizza-in-cranston-restaurant-menu-and-reviews-mm-jmJ96Ei9 HTTP/1.1" 200 6538 "-" "Mozilla/5.0 (Linux; Android 6.0.1; Nexus 5X Build/MMB29P) AppleWebKit/537.36 (KHTML, like Gecko) Chrome/126.0.6478.126 Mobile Safari/537.36 (compatible; Googlebot/2.1; +http://www.google.com/bot.html)"
66.249.70.5 - - [28/Jul/2024:00:03:24 +0200] "GET /de/?i=tirupati-day-trip-tirupati-day-itinerary-mm-xoRKAqsq HTTP/1.1" 200 7205 "-" "Mozilla/5.0 (Linux; Android 6.0.1; Nexus 5X Build/MMB29P) AppleWebKit/537.36 (KHTML, like Gecko) Chrome/126.0.6478.126 Mobile Safari/537.36 (compatible; Googlebot/2.1; +http://www.google.com/bot.html)"
66.249.70.4 - - [28/Jul/2024:00:03:24 +0200] "GET /?i=honda-city-2024-models-and-trims-prices-and-specifications-mm-1jrbzS7 HTTP/1.1" 200 7664 "-" "Mozilla/5.0 (Linux; Android 6.0.1; Nexus 5X Build/MMB29P) AppleWebKit/537.36 (KHTML, like Gecko) Chrome/126.0.6478.126 Mobile Safari/537.36 (compatible; Googlebot/2.1; +http://www.google.com/bot.html)"
190.212.182.196 - - [28/Jul/2024:00:03:24 +0200] "GET /?i=xxxtentacion-biography-hip-hop-scriptures-mm-e2d25sg HTTP/1.1" 200 4354 "https://www.google.com/" "Mozilla/5.0 (Linux; Android 10; K) AppleWebKit/537.36 (KHTML, like Gecko) Chrome/127.0.0.0 Mobile Safari/537.36"
66.249.70.3 - - [28/Jul/2024:00:03:24 +0200] "GET /?i=04-infiniti-g35-navigation-dvd-control-assy-25915am613-r15178-mm-k1b9G0uo HTTP/1.1" 200 7214 "-" "Mozilla/5.0 (Linux; Android 6.0.1; Nexus 5X Build/MMB29P) AppleWebKit/537.36 (KHTML, like Gecko) Chrome/126.0.6478.126 Mobile Safari/537.36 (compatible; Googlebot/2.1; +http://www.google.com/bot.html)"
66.249.70.2 - - [28/Jul/2024:00:03:24 +0200] "GET /?i=beauty-and-the-beast-quotes-beast-quotes-disney-quotes-mm-VDK3anT6 HTTP/1.1" 200 7170 "-" "Mozilla/5.0 (Linux; Android 6.0.1; Nexus 5X Build/MMB29P) AppleWebKit/537.36 (KHTML, like Gecko) Chrome/126.0.6478.126 Mobile Safari/537.36 (compatible; Googlebot/2.1; +http://www.google.com/bot.html)"
66.249.70.2 - - [28/Jul/2024:00:03:25 +0200] "GET /?i=customer-query-how-to-find-out-the-password-on-mm-6avq44HN HTTP/1.1" 200 7038 "-" "Mozilla/5.0 (Linux; Android 6.0.1; Nexus 5X Build/MMB29P) AppleWebKit/537.36 (KHTML, like Gecko) Chrome/126.0.6478.126 Mobile Safari/537.36 (compatible; Googlebot/2.1; +http://www.google.com/bot.html)"
66.249.70.7 - - [28/Jul/2024:00:03:25 +0200] "GET /it/?i=physicswallah-boosts-offline-presence-announces-26-new-pw-vidyapeeth-mm-aMEnjjUN HTTP/1.1" 200 7546 "-" "Mozilla/5.0 (Linux; Android 6.0.1; Nexus 5X Build/MMB29P) AppleWebKit/537.36 (KHTML, like Gecko) Chrome/126.0.6478.126 Mobile Safari/537.36 (compatible; Googlebot/2.1; +http://www.google.com/bot.html)"
189.113.74.92 - - [28/Jul/2024:00:03:25 +0200] "GET /fonts/opensans-condlight-webfont.woff HTTP/1.1" 200 5719 "https://www.congress-intercultural.eu/css/style.css?v=1" "Mozilla/5.0 (Linux; Android 10; K) AppleWebKit/537.36 (KHTML, like Gecko) SamsungBrowser/26.0 Chrome/122.0.0.0 Mobile Safari/537.36"
66.249.70.3 - - [28/Jul/2024:00:03:25 +0200] "GET /?i=acer-aspire-a515-51g-509a-8250u-mx130-fhd-laptop-mm-nKL3LvHE HTTP/1.1" 200 7557 "-" "Mozilla/5.0 (Linux; Android 6.0.1; Nexus 5X Build/MMB29P) AppleWebKit/537.36 (KHTML, like Gecko) Chrome/126.0.6478.126 Mobile Safari/537.36 (compatible; Googlebot/2.1; +http://www.google.com/bot.html)"
66.249.70.3 - - [28/Jul/2024:00:03:25 +0200] "GET /it/?i=sugar-gliders-new-york-ny-mm-xGLPmWSq HTTP/1.1" 200 6844 "-" "Mozilla/5.0 (Linux; Android 6.0.1; Nexus 5X Build/MMB29P) AppleWebKit/537.36 (KHTML, like Gecko) Chrome/126.0.6478.126 Mobile Safari/537.36 (compatible; Googlebot/2.1; +http://www.google.com/bot.html)"
66.249.70.6 - - [28/Jul/2024:00:03:25 +0200] "GET /?i=16-juegos-para-ni%C3%B1os-de-a%C3%B1os-a-m%C3%A1s-parte-mm-NJ21xMTd HTTP/1.1" 200 11212 "-" "Mozilla/5.0 (Linux; Android 6.0.1; Nexus 5X Build/MMB29P) AppleWebKit/537.36 (KHTML, like Gecko) Chrome/126.0.6478.126 Mobile Safari/537.36 (compatible; Googlebot/2.1; +http://www.google.com/bot.html)"
66.249.70.4 - - [28/Jul/2024:00:03:25 +0200] "GET /?i=error-927-on-microbit-%C2%B7-issue-4902-%C2%B7-microsoft-mm-D6zGpVhk HTTP/1.1" 200 7624 "-" "Mozilla/5.0 (Linux; Android 6.0.1; Nexus 5X Build/MMB29P) AppleWebKit/537.36 (KHTML, like Gecko) Chrome/126.0.6478.126 Mobile Safari/537.36 (compatible; Googlebot/2.1; +http://www.google.com/bot.html)"
217.113.194.86 - - [28/Jul/2024:00:03:25 +0200] "GET /de/initiative/293-the-big-society---faire-avancer-les-choses-en-encourageant-une-citoyennete-active---londres-lewisham.html HTTP/1.1" 200 2488 "-" "Mozilla/5.0 (compatible; Barkrowler/0.9; +https://babbar.tech/crawler)"
103.97.104.214 - - [28/Jul/2024:00:03:25 +0200] "GET /?i=what-zodiac-sign-is-the-closest-to-objective-thinking-mm-9D9PAKu7 HTTP/1.1" 200 4355 "https://www.google.com/" "Mozilla/5.0 (Linux; Android 10; K) AppleWebKit/537.36 (KHTML, like Gecko) Chrome/126.0.0.0 Mobile Safari/537.36"
66.249.70.1 - - [28/Jul/2024:00:03:25 +0200] "GET /?i=best-exercises-to-lose-belly-fat-after-50-trainer-mm-n7kWrriE HTTP/1.1" 200 6705 "-" "Mozilla/5.0 (Linux; Android 6.0.1; Nexus 5X Build/MMB29P) AppleWebKit/537.36 (KHTML, like Gecko) Chrome/126.0.6478.126 Mobile Safari/537.36 (compatible; Googlebot/2.1; +http://www.google.com/bot.html)"
66.249.72.171 - - [28/Jul/2024:00:03:25 +0200] "GET /?i=best-states-to-form-an-llc-for-your-online-mm-BxLRGYCV HTTP/1.1" 200 10965 "-" "Mozilla/5.0 (Linux; Android 6.0.1; Nexus 5X Build/MMB29P) AppleWebKit/537.36 (KHTML, like Gecko) Chrome/126.0.6478.126 Mobile Safari/537.36 (compatible; Googlebot/2.1; +http://www.google.com/bot.html)"
66.249.70.3 - - [28/Jul/2024:00:03:25 +0200] "GET /?i=lattice-machxo2-fpga-tutorial-diamond-and-reveal-basics-mm-YKG43bIn HTTP/1.1" 200 7103 "-" "Mozilla/5.0 (Linux; Android 6.0.1; Nexus 5X Build/MMB29P) AppleWebKit/537.36 (KHTML, like Gecko) Chrome/126.0.6478.126 Mobile Safari/537.36 (compatible; Googlebot/2.1; +http://www.google.com/bot.html)"
136.243.228.194 - - [28/Jul/2024:00:03:25 +0200] "GET /?i=samsung-galaxy-s22-ultra-512gb-unlocked-green-sm-s908uzgfxaa-mm-OggnBEfX HTTP/1.1" 200 1816 "-" "Mozilla/5.0 (compatible; DataForSeoBot/1.0; +https://dataforseo.com/dataforseo-bot)"
66.249.70.1 - - [28/Jul/2024:00:03:25 +0200] "GET /?i=ndr-hamburg-welche-themen-schaffen-es-in-die-nachrichten-mm-EJOjXrT3 HTTP/1.1" 200 7169 "-" "Mozilla/5.0 (Linux; Android 6.0.1; Nexus 5X Build/MMB29P) AppleWebKit/537.36 (KHTML, like Gecko) Chrome/126.0.6478.126 Mobile Safari/537.36 (compatible; Googlebot/2.1; +http://www.google.com/bot.html)"
66.249.70.3 - - [28/Jul/2024:00:03:25 +0200] "GET /?i=kawasaki-z-750-2010-mm-w7mKMLsk HTTP/1.1" 200 7288 "-" "Mozilla/5.0 (Linux; Android 6.0.1; Nexus 5X Build/MMB29P) AppleWebKit/537.36 (KHTML, like Gecko) Chrome/126.0.6478.126 Mobile Safari/537.36 (compatible; Googlebot/2.1; +http://www.google.com/bot.html)"
66.249.70.2 - - [28/Jul/2024:00:03:26 +0200] "GET /?i=psalm-100-mm-K0PweRFN HTTP/1.1" 200 7364 "-" "Mozilla/5.0 (Linux; Android 6.0.1; Nexus 5X Build/MMB29P) AppleWebKit/537.36 (KHTML, like Gecko) Chrome/126.0.6478.126 Mobile Safari/537.36 (compatible; Googlebot/2.1; +http://www.google.com/bot.html)"
66.249.70.5 - - [28/Jul/2024:00:03:26 +0200] "GET /?i=what-is-microsoft-word-techdatahindi-mm-xoaqAqSq HTTP/1.1" 200 7136 "-" "Mozilla/5.0 (Linux; Android 6.0.1; Nexus 5X Build/MMB29P) AppleWebKit/537.36 (KHTML, like Gecko) Chrome/126.0.6478.126 Mobile Safari/537.36 (compatible; Googlebot/2.1; +http://www.google.com/bot.html)"
66.249.70.5 - - [28/Jul/2024:00:03:26 +0200] "GET /?i=processing-payments-with-lightspeed-payments-for-retail-pos-x-mm-ammRBDFN HTTP/1.1" 200 6439 "-" "Mozilla/5.0 (Linux; Android 6.0.1; Nexus 5X Build/MMB29P) AppleWebKit/537.36 (KHTML, like Gecko) Chrome/126.0.6478.126 Mobile Safari/537.36 (compatible; Googlebot/2.1; +http://www.google.com/bot.html)"
66.249.70.1 - - [28/Jul/2024:00:03:26 +0200] "GET /?i=customized-handwork-abaya-in-2023-abayas-fashion-fashion-dresss-mm-D0Qq60hk HTTP/1.1" 200 7792 "-" "Mozilla/5.0 (Linux; Android 6.0.1; Nexus 5X Build/MMB29P) AppleWebKit/537.36 (KHTML, like Gecko) Chrome/126.0.6478.126 Mobile Safari/537.36 (compatible; Googlebot/2.1; +http://www.google.com/bot.html)"
66.249.70.4 - - [28/Jul/2024:00:03:26 +0200] "GET /?i=2011-2015-kia-optima-oem-kdm-dual-projector-headlamps-mm-zoNGpKS5 HTTP/1.1" 200 7466 "-" "Mozilla/5.0 (Linux; Android 6.0.1; Nexus 5X Build/MMB29P) AppleWebKit/537.36 (KHTML, like Gecko) Chrome/126.0.6478.126 Mobile Safari/537.36 (compatible; Googlebot/2.1; +http://www.google.com/bot.html)"
66.249.70.5 - - [28/Jul/2024:00:03:26 +0200] "GET /?i=license-plate-recognition-sdk-high-quality-lpr-dtk-software-mm-mpMv0GUX HTTP/1.1" 200 6477 "-" "Mozilla/5.0 (Linux; Android 6.0.1; Nexus 5X Build/MMB29P) AppleWebKit/537.36 (KHTML, like Gecko) Chrome/126.0.6478.126 Mobile Safari/537.36 (compatible; Googlebot/2.1; +http://www.google.com/bot.html)"
107.5.208.111 - - [28/Jul/2024:00:03:26 +0200] "GET /?i=redo-louvered-bifold-doors-with-cane-webbing-jenny-on-mm-LEoBXotd HTTP/1.1" 200 4354 "https://www.google.com/" "Mozilla/5.0 (Linux; Android 10; K) AppleWebKit/537.36 (KHTML, like Gecko) Chrome/127.0.0.0 Mobile Safari/537.36"
66.249.70.109 - - [28/Jul/2024:00:03:26 +0200] "GET /?m=pdf-the-forbidden-passion-martyrdom-of-love-and-its-zz-g8kzNdiY HTTP/1.1" 200 6790 "-" "Mozilla/5.0 (Linux; Android 6.0.1; Nexus 5X Build/MMB29P) AppleWebKit/537.36 (KHTML, like Gecko) Chrome/126.0.6478.126 Mobile Safari/537.36 (compatible; GoogleOther)"
177.53.133.217 - - [28/Jul/2024:00:03:26 +0200] "GET /it/?i=tanque-de-combustible-xtz-125-moto-repuestos-nr-facebook-mm-5g12LPhm HTTP/1.1" 200 4355 "https://www.google.com/" "Mozilla/5.0 (Linux; Android 10; K) AppleWebKit/537.36 (KHTML, like Gecko) Chrome/126.0.0.0 Mobile Safari/537.36"
66.249.70.3 - - [28/Jul/2024:00:03:26 +0200] "GET /?i=2003-kawasaki-klx400-for-sale-by-owner-glenwood-springs-mm-35XGoEC6 HTTP/1.1" 200 6811 "-" "Mozilla/5.0 (Linux; Android 6.0.1; Nexus 5X Build/MMB29P) AppleWebKit/537.36 (KHTML, like Gecko) Chrome/126.0.6478.126 Mobile Safari/537.36 (compatible; Googlebot/2.1; +http://www.google.com/bot.html)"
66.249.70.1 - - [28/Jul/2024:00:03:26 +0200] "GET /?i=best-stainless-steel-induction-kadhai-litres-param-upyog-mm-dnq6dVce HTTP/1.1" 200 7578 "-" "Mozilla/5.0 (Linux; Android 6.0.1; Nexus 5X Build/MMB29P) AppleWebKit/537.36 (KHTML, like Gecko) Chrome/126.0.6478.126 Mobile Safari/537.36 (compatible; Googlebot/2.1; +http://www.google.com/bot.html)"
66.249.70.7 - - [28/Jul/2024:00:03:26 +0200] "GET /?i=vintage-casio-aq-30w-digital-analog-dual-time-watch-mm-XQ9OvnTX HTTP/1.1" 200 7088 "-" "Mozilla/5.0 (Linux; Android 6.0.1; Nexus 5X Build/MMB29P) AppleWebKit/537.36 (KHTML, like Gecko) Chrome/126.0.6478.126 Mobile Safari/537.36 (compatible; Googlebot/2.1; +http://www.google.com/bot.html)"
66.249.70.6 - - [28/Jul/2024:00:03:26 +0200] "GET /?i=cuentos-para-el-desarrollo-emocional-desde-la-teor%C3%ADa-del-mm-xGKm9WSq HTTP/1.1" 200 7548 "-" "Mozilla/5.0 (Linux; Android 6.0.1; Nexus 5X Build/MMB29P) AppleWebKit/537.36 (KHTML, like Gecko) Chrome/126.0.6478.126 Mobile Safari/537.36 (compatible; Googlebot/2.1; +http://www.google.com/bot.html)"
66.249.70.2 - - [28/Jul/2024:00:03:27 +0200] "GET /?i=how-to-fix-wifi-connected-but-no-internet-access-mm-zEo5KEC5 HTTP/1.1" 200 6230 "-" "Mozilla/5.0 (Linux; Android 6.0.1; Nexus 5X Build/MMB29P) AppleWebKit/537.36 (KHTML, like Gecko) Chrome/126.0.6478.126 Mobile Safari/537.36 (compatible; Googlebot/2.1; +http://www.google.com/bot.html)"
66.249.70.2 - - [28/Jul/2024:00:03:27 +0200] "GET /?i=kolkata-netaji-subhash-chandra-bose-airport-guide-mm-QgD99kFX HTTP/1.1" 200 6914 "-" "Mozilla/5.0 (Linux; Android 6.0.1; Nexus 5X Build/MMB29P) AppleWebKit/537.36 (KHTML, like Gecko) Chrome/126.0.6478.126 Mobile Safari/537.36 (compatible; Googlebot/2.1; +http://www.google.com/bot.html)"
66.249.70.6 - - [28/Jul/2024:00:03:27 +0200] "GET /?i=mackage-isla-2-in-1-trench-coat-mm-JXYOvXT1 HTTP/1.1" 200 7634 "-" "Mozilla/5.0 (Linux; Android 6.0.1; Nexus 5X Build/MMB29P) AppleWebKit/537.36 (KHTML, like Gecko) Chrome/126.0.6478.126 Mobile Safari/537.36 (compatible; Googlebot/2.1; +http://www.google.com/bot.html)"
37.47.185.241 - - [28/Jul/2024:00:03:27 +0200] "GET /?i=para-recordar-los-destacados-de-jetix-latinoam%C3%A9rica-agosto-2004-mm-dn6vg3fe HTTP/1.1" 200 4355 "https://www.google.com/" "Mozilla/5.0 (Linux; Android 11; SM-A037G) AppleWebKit/537.36 (KHTML, like Gecko) Chrome/93.0.4577.62 Mobile Safari/537.36"
85.55.57.77 - - [28/Jul/2024:00:03:27 +0200] "GET /?i=t%C3%ADo-grandpa-steven-universe-cartoon-network-mm-Ek6e2NH3 HTTP/1.1" 200 4355 "https://www.google.com/" "Mozilla/5.0 (Linux; Android 10; K) AppleWebKit/537.36 (KHTML, like Gecko) Chrome/126.0.0.0 Mobile Safari/537.36"
66.249.70.7 - - [28/Jul/2024:00:03:27 +0200] "GET /?i=ucl-electronics-mm-D1mA2bik HTTP/1.1" 200 6935 "-" "Mozilla/5.0 (Linux; Android 6.0.1; Nexus 5X Build/MMB29P) AppleWebKit/537.36 (KHTML, like Gecko) Chrome/126.0.6478.126 Mobile Safari/537.36 (compatible; Googlebot/2.1; +http://www.google.com/bot.html)"
66.249.70.6 - - [28/Jul/2024:00:03:27 +0200] "GET /?i=the-johannesburg-central-magistrate-s-court-building-in-johannesburg-mm-LN1P7Lhd HTTP/1.1" 200 10768 "-" "Mozilla/5.0 (Linux; Android 6.0.1; Nexus 5X Build/MMB29P) AppleWebKit/537.36 (KHTML, like Gecko) Chrome/126.0.6478.126 Mobile Safari/537.36 (compatible; GoogleOther)"
66.249.70.6 - - [28/Jul/2024:00:03:27 +0200] "GET /?i=homem-aranha-atrav%C3%A9s-do-aranhaverso-prova-mais-uma-vez-mm-gLn5BMH7 HTTP/1.1" 200 11212 "-" "Mozilla/5.0 (Linux; Android 6.0.1; Nexus 5X Build/MMB29P) AppleWebKit/537.36 (KHTML, like Gecko) Chrome/126.0.6478.126 Mobile Safari/537.36 (compatible; Googlebot/2.1; +http://www.google.com/bot.html)"
66.249.70.8 - - [28/Jul/2024:00:03:27 +0200] "GET /?i=navy-federal-credit-union-535-w-channel-islands-boulevard-mm-xgNqEmfq HTTP/1.1" 200 7088 "-" "Mozilla/5.0 (Linux; Android 6.0.1; Nexus 5X Build/MMB29P) AppleWebKit/537.36 (KHTML, like Gecko) Chrome/126.0.6478.126 Mobile Safari/537.36 (compatible; Googlebot/2.1; +http://www.google.com/bot.html)"
66.249.70.7 - - [28/Jul/2024:00:03:27 +0200] "GET /?i=autumn-celebration-round-covered-vegetable-by-222-fifth-pts-mm-dp0mN3Fe HTTP/1.1" 200 6901 "-" "Mozilla/5.0 (Linux; Android 6.0.1; Nexus 5X Build/MMB29P) AppleWebKit/537.36 (KHTML, like Gecko) Chrome/126.0.6478.126 Mobile Safari/537.36 (compatible; Googlebot/2.1; +http://www.google.com/bot.html)"
66.249.70.7 - - [28/Jul/2024:00:03:27 +0200] "GET /?i=nokia-770-internet-tablet-cnet-mm-aOG2JkfN HTTP/1.1" 200 11536 "-" "Mozilla/5.0 (Linux; Android 6.0.1; Nexus 5X Build/MMB29P) AppleWebKit/537.36 (KHTML, like Gecko) Chrome/126.0.6478.126 Mobile Safari/537.36 (compatible; Googlebot/2.1; +http://www.google.com/bot.html)"
66.249.70.5 - - [28/Jul/2024:00:03:27 +0200] "GET /?i=suplemmenta-soporte-nutricional-especializado-kabiven-central-nutrici%C3%B3n-parenteral-lista-mm-vG9GRvcV HTTP/1.1" 200 7146 "-" "Mozilla/5.0 (Linux; Android 6.0.1; Nexus 5X Build/MMB29P) AppleWebKit/537.36 (KHTML, like Gecko) Chrome/126.0.6478.126 Mobile Safari/537.36 (compatible; Googlebot/2.1; +http://www.google.com/bot.html)"
66.249.70.1 - - [28/Jul/2024:00:03:27 +0200] "GET /?i=buy-feelitson-red-car-arrow-rear-back-bumper-led-mm-aXOxLKTN HTTP/1.1" 200 7801 "-" "Mozilla/5.0 (Linux; Android 6.0.1; Nexus 5X Build/MMB29P) AppleWebKit/537.36 (KHTML, like Gecko) Chrome/126.0.6478.126 Mobile Safari/537.36 (compatible; Googlebot/2.1; +http://www.google.com/bot.html)"
66.249.70.2 - - [28/Jul/2024:00:03:28 +0200] "GET /?i=another-word-for-wash-synonyms-antonyms-mm-OKNJwBFX HTTP/1.1" 200 6583 "-" "Mozilla/5.0 (Linux; Android 6.0.1; Nexus 5X Build/MMB29P) AppleWebKit/537.36 (KHTML, like Gecko) Chrome/126.0.6478.126 Mobile Safari/537.36 (compatible; Googlebot/2.1; +http://www.google.com/bot.html)"
66.249.70.8 - - [28/Jul/2024:00:03:28 +0200] "GET /?i=uss-nimitz-cvn-68-and-uss-philippine-sea-cg-mm-VW0kRDi6 HTTP/1.1" 200 6979 "-" "Mozilla/5.0 (Linux; Android 6.0.1; Nexus 5X Build/MMB29P) AppleWebKit/537.36 (KHTML, like Gecko) Chrome/126.0.6478.126 Mobile Safari/537.36 (compatible; Googlebot/2.1; +http://www.google.com/bot.html)"
66.249.70.6 - - [28/Jul/2024:00:03:28 +0200] "GET /?i=203+-best-attitude-status-and-quotes-for-girls-mm-goqbgMT7 HTTP/1.1" 200 7071 "-" "Mozilla/5.0 (Linux; Android 6.0.1; Nexus 5X Build/MMB29P) AppleWebKit/537.36 (KHTML, like Gecko) Chrome/126.0.6478.126 Mobile Safari/537.36 (compatible; Googlebot/2.1; +http://www.google.com/bot.html)"
65.109.12.155 - - [28/Jul/2024:00:03:27 +0200] "GET /?i=left-brain-right-brain-people-hi-res-stock-photography-mm-j1VxAXt9 HTTP/1.1" 200 4356 "android-app://com.google.android.googlequicksearchbox/" "Mozilla/5.0 (Linux; Android 10; K) AppleWebKit/537.36 (KHTML, like Gecko) Chrome/126.0.0.0 Mobile Safari/537.36"
212.237.120.211 - - [28/Jul/2024:00:03:28 +0200] "GET /it/?i=your-weight-history-may-predict-your-heart-failure-risk-mm-D7EwO0Ik HTTP/1.1" 200 4356 "https://www.google.com/" "Mozilla/5.0 (Windows NT 10.0; Win64; x64) AppleWebKit/537.36 (KHTML, like Gecko) Chrome/126.0.0.0 Safari/537.36"
38.25.15.4 - - [28/Jul/2024:00:03:28 +0200] "GET /?i=peque%C3%B1os-tatuajes-que-significan-algo-muy-grande-mm-R7Pjo5c5 HTTP/1.1" 200 4355 "https://www.google.com/" "Mozilla/5.0 (Linux; Android 10; K) AppleWebKit/537.36 (KHTML, like Gecko) Chrome/127.0.0.0 Mobile Safari/537.36"
66.249.70.5 - - [28/Jul/2024:00:03:28 +0200] "GET /en/?i=mccb-pdf-mm-XnvnWgsX HTTP/1.1" 200 11999 "-" "Mozilla/5.0 (Linux; Android 6.0.1; Nexus 5X Build/MMB29P) AppleWebKit/537.36 (KHTML, like Gecko) Chrome/126.0.6478.126 Mobile Safari/537.36 (compatible; GoogleOther)"
66.249.70.3 - - [28/Jul/2024:00:03:28 +0200] "GET /?i=10-effective-strategies-to-improve-reading-comprehension-for-kids-mm-E9vWOdi3 HTTP/1.1" 200 7353 "-" "Mozilla/5.0 (Linux; Android 6.0.1; Nexus 5X Build/MMB29P) AppleWebKit/537.36 (KHTML, like Gecko) Chrome/126.0.6478.126 Mobile Safari/537.36 (compatible; Googlebot/2.1; +http://www.google.com/bot.html)"
66.249.70.1 - - [28/Jul/2024:00:03:28 +0200] "GET /?i=new-@mcdonald-s-australia-cheesy-beef-burger-longervideos-tiktok-mm-9bX7EDt7 HTTP/1.1" 200 7116 "-" "Mozilla/5.0 (Linux; Android 6.0.1; Nexus 5X Build/MMB29P) AppleWebKit/537.36 (KHTML, like Gecko) Chrome/126.0.6478.126 Mobile Safari/537.36 (compatible; Googlebot/2.1; +http://www.google.com/bot.html)"
66.249.70.8 - - [28/Jul/2024:00:03:28 +0200] "GET /?i=what-does-psalm-18-2-mean-mm-OQQ9gdFX HTTP/1.1" 200 10642 "-" "Mozilla/5.0 (Linux; Android 6.0.1; Nexus 5X Build/MMB29P) AppleWebKit/537.36 (KHTML, like Gecko) Chrome/126.0.6478.126 Mobile Safari/537.36 (compatible; Googlebot/2.1; +http://www.google.com/bot.html)"
207.46.13.54 - - [28/Jul/2024:00:03:28 +0200] "GET /?i=at-master-%C2%B7-components-font-awesome-%C2%B7-github-mm-O7wdRJsX HTTP/1.1" 200 7742 "-" "Mozilla/5.0 AppleWebKit/537.36 (KHTML, like Gecko; compatible; bingbot/2.0; +http://www.bing.com/bingbot.htm) Chrome/116.0.1938.76 Safari/537.36"
66.249.70.5 - - [28/Jul/2024:00:03:28 +0200] "GET /?i=five-5-guys-malaysia-menu-price-2023-location-malaysian-mm-QMbxrfX HTTP/1.1" 200 6936 "-" "Mozilla/5.0 (Linux; Android 6.0.1; Nexus 5X Build/MMB29P) AppleWebKit/537.36 (KHTML, like Gecko) Chrome/126.0.6478.126 Mobile Safari/537.36 (compatible; Googlebot/2.1; +http://www.google.com/bot.html)"
66.249.70.2 - - [28/Jul/2024:00:03:28 +0200] "GET /?i=kc-46-production-testing-and-delivery-page-mm-n9aNpKCE HTTP/1.1" 200 7295 "-" "Mozilla/5.0 (Linux; Android 6.0.1; Nexus 5X Build/MMB29P) AppleWebKit/537.36 (KHTML, like Gecko) Chrome/126.0.6478.126 Mobile Safari/537.36 (compatible; Googlebot/2.1; +http://www.google.com/bot.html)"
66.249.70.3 - - [28/Jul/2024:00:03:28 +0200] "GET /?i=batman-issue-500-comics-details-four-color-comics-mm-WWwn7vSe HTTP/1.1" 200 10967 "-" "Mozilla/5.0 (Linux; Android 6.0.1; Nexus 5X Build/MMB29P) AppleWebKit/537.36 (KHTML, like Gecko) Chrome/126.0.6478.126 Mobile Safari/537.36 (compatible; Googlebot/2.1; +http://www.google.com/bot.html)"
66.227.211.246 - - [28/Jul/2024:00:03:29 +0200] "GET /?i=oldest-musical-instruments-in-the-world-mm-52pp43cm HTTP/1.1" 200 4355 "https://www.google.com/" "Mozilla/5.0 (Macintosh; Intel Mac OS X 10_15_7) AppleWebKit/605.1.15 (KHTML, like Gecko) Version/17.5 Safari/605.1.15"
66.249.70.4 - - [28/Jul/2024:00:03:29 +0200] "GET /?i=4runner-gx-electric-brake-booster-w-abs-irate4x4-mm-qL3O1GIj HTTP/1.1" 200 10849 "-" "Mozilla/5.0 (Linux; Android 6.0.1; Nexus 5X Build/MMB29P) AppleWebKit/537.36 (KHTML, like Gecko) Chrome/126.0.6478.126 Mobile Safari/537.36 (compatible; Googlebot/2.1; +http://www.google.com/bot.html)"
66.249.70.1 - - [28/Jul/2024:00:03:29 +0200] "GET /?i=gol-gl-1992-mm-LALYrnSd HTTP/1.1" 200 6956 "-" "Mozilla/5.0 (Linux; Android 6.0.1; Nexus 5X Build/MMB29P) AppleWebKit/537.36 (KHTML, like Gecko) Chrome/126.0.6478.126 Mobile Safari/537.36 (compatible; Googlebot/2.1; +http://www.google.com/bot.html)"
66.249.70.4 - - [28/Jul/2024:00:03:29 +0200] "GET /?i=dlhifi-parallel-tda1387-opamp-replace-tda1541a-for-hifi-amplifier-mm-oMLBE4TL HTTP/1.1" 200 11669 "-" "Mozilla/5.0 (Linux; Android 6.0.1; Nexus 5X Build/MMB29P) AppleWebKit/537.36 (KHTML, like Gecko) Chrome/126.0.6478.126 Mobile Safari/537.36 (compatible; Googlebot/2.1; +http://www.google.com/bot.html)"
66.249.70.3 - - [28/Jul/2024:00:03:29 +0200] "GET /?i=dreamcast-controller-resident-evil%EF%BD%9Ctiktok-search-mm-LQpomzUd HTTP/1.1" 200 7935 "-" "Mozilla/5.0 (Linux; Android 6.0.1; Nexus 5X Build/MMB29P) AppleWebKit/537.36 (KHTML, like Gecko) Chrome/126.0.6478.126 Mobile Safari/537.36 (compatible; Googlebot/2.1; +http://www.google.com/bot.html)"
66.249.70.7 - - [28/Jul/2024:00:03:29 +0200] "GET /tr/?i=pakistani-keema-bhuna-mm-KBGAYLSN HTTP/1.1" 200 10384 "-" "Mozilla/5.0 (Linux; Android 6.0.1; Nexus 5X Build/MMB29P) AppleWebKit/537.36 (KHTML, like Gecko) Chrome/126.0.6478.126 Mobile Safari/537.36 (compatible; Googlebot/2.1; +http://www.google.com/bot.html)"
66.249.70.4 - - [28/Jul/2024:00:03:29 +0200] "GET /?i=annus-tattoo-indore-@annus_tattoo_indore-%E2%80%A2-instagram-photos-and-videos-mm-dMnB7aSe HTTP/1.1" 200 7337 "-" "Mozilla/5.0 (Linux; Android 6.0.1; Nexus 5X Build/MMB29P) AppleWebKit/537.36 (KHTML, like Gecko) Chrome/126.0.6478.126 Mobile Safari/537.36 (compatible; Googlebot/2.1; +http://www.google.com/bot.html)"
199.192.157.85 - - [28/Jul/2024:00:03:29 +0200] "GET /?i=canary-big-eared-bat-facts-diet-habitat-pictures-on-mm-AkRkmOfO HTTP/1.1" 200 5777 "-" "Mozilla/5.0 (Macintosh; Intel Mac OS X 10_15_7) AppleWebKit/605.1.15 (KHTML, like Gecko) Version/17.5 Safari/605.1.15"
41.75.178.223 - - [28/Jul/2024:00:03:29 +0200] "GET /?i=what-is-the-most-relatable-$uicideboy$-lyric-that-hit-mm-wqm244ck HTTP/1.1" 200 4356 "https://www.google.com/" "Mozilla/5.0 (Linux; Android 10; K) AppleWebKit/537.36 (KHTML, like Gecko) Chrome/126.0.0.0 Mobile Safari/537.36"
66.249.70.8 - - [28/Jul/2024:00:03:29 +0200] "GET /?i=how-would-you-rearrange-einstein-s-formula-e=mc%C2%B2-into-mm-rLa1qpF4 HTTP/1.1" 200 10370 "-" "Mozilla/5.0 (Linux; Android 6.0.1; Nexus 5X Build/MMB29P) AppleWebKit/537.36 (KHTML, like Gecko) Chrome/126.0.6478.126 Mobile Safari/537.36 (compatible; Googlebot/2.1; +http://www.google.com/bot.html)"
87.142.202.166 - - [28/Jul/2024:00:03:29 +0200] "GET /?i=sold-at-auction-a-german-world-war-ii-ss-mm-eEDAwAhg HTTP/1.1" 200 4355 "https://www.google.com/" "Mozilla/5.0 (iPhone; CPU iPhone OS 17_0_3 like Mac OS X) AppleWebKit/605.1.15 (KHTML, like Gecko) Version/17.0.1 Mobile/15E148 Safari/604.1"
66.249.70.5 - - [28/Jul/2024:00:03:29 +0200] "GET /?i=customer-service-is-at-the-heart-of-business-at-mm-KK57NksN HTTP/1.1" 200 7057 "-" "Mozilla/5.0 (Linux; Android 6.0.1; Nexus 5X Build/MMB29P) AppleWebKit/537.36 (KHTML, like Gecko) Chrome/126.0.6478.126 Mobile Safari/537.36 (compatible; Googlebot/2.1; +http://www.google.com/bot.html)"
199.192.157.85 - - [28/Jul/2024:00:03:30 +0200] "GET /css/style.css?v=1 HTTP/1.1" 200 11362 "https://www.congress-intercultural.eu/?i=canary-big-eared-bat-facts-diet-habitat-pictures-on-mm-AkRkmOfO" "Mozilla/5.0 (Macintosh; Intel Mac OS X 10_15_7) AppleWebKit/605.1.15 (KHTML, like Gecko) Version/17.5 Safari/605.1.15"
66.249.70.109 - - [28/Jul/2024:00:03:29 +0200] "GET /?m=informe-final-falla-de-molino-pdf-zz-bzxEj3ID HTTP/1.1" 200 10641 "-" "Mozilla/5.0 (Linux; Android 6.0.1; Nexus 5X Build/MMB29P) AppleWebKit/537.36 (KHTML, like Gecko) Chrome/126.0.6478.126 Mobile Safari/537.36 (compatible; GoogleOther)"
199.192.157.85 - - [28/Jul/2024:00:03:30 +0200] "GET /js/libs/jquery-1.7.1.min.js HTTP/1.1" 200 33696 "https://www.congress-intercultural.eu/?i=canary-big-eared-bat-facts-diet-habitat-pictures-on-mm-AkRkmOfO" "Mozilla/5.0 (Macintosh; Intel Mac OS X 10_15_7) AppleWebKit/605.1.15 (KHTML, like Gecko) Version/17.5 Safari/605.1.15"
66.249.70.8 - - [28/Jul/2024:00:03:29 +0200] "GET /?i=96-f350-pcm-problem-ford-truck-enthusiasts-forums-mm-O2vWzkfX HTTP/1.1" 200 7240 "-" "Mozilla/5.0 (Linux; Android 6.0.1; Nexus 5X Build/MMB29P) AppleWebKit/537.36 (KHTML, like Gecko) Chrome/126.0.6478.126 Mobile Safari/537.36 (compatible; Googlebot/2.1; +http://www.google.com/bot.html)"
66.249.70.5 - - [28/Jul/2024:00:03:30 +0200] "GET /3/?i=hadith-%E2%80%93-islamic-online-learning-center-mm-oDrOVXTL HTTP/1.1" 200 6853 "-" "Mozilla/5.0 (Linux; Android 6.0.1; Nexus 5X Build/MMB29P) AppleWebKit/537.36 (KHTML, like Gecko) Chrome/126.0.6478.126 Mobile Safari/537.36 (compatible; Googlebot/2.1; +http://www.google.com/bot.html)"
66.249.70.5 - - [28/Jul/2024:00:03:30 +0200] "GET /?i=go-parts-replacement-for-2016-2019-honda-hr-v-mm-gGPg1bH7 HTTP/1.1" 200 10943 "-" "Mozilla/5.0 (Linux; Android 6.0.1; Nexus 5X Build/MMB29P) AppleWebKit/537.36 (KHTML, like Gecko) Chrome/126.0.6478.126 Mobile Safari/537.36 (compatible; Googlebot/2.1; +http://www.google.com/bot.html)"
199.192.157.85 - - [28/Jul/2024:00:03:30 +0200] "GET /js/libs/modernizr.js HTTP/1.1" 200 10201 "https://www.congress-intercultural.eu/?i=canary-big-eared-bat-facts-diet-habitat-pictures-on-mm-AkRkmOfO" "Mozilla/5.0 (Macintosh; Intel Mac OS X 10_15_7) AppleWebKit/605.1.15 (KHTML, like Gecko) Version/17.5 Safari/605.1.15"
199.192.157.85 - - [28/Jul/2024:00:03:30 +0200] "GET /css/jquery.selectBox.css HTTP/1.1" 200 5176 "https://www.congress-intercultural.eu/?i=canary-big-eared-bat-facts-diet-habitat-pictures-on-mm-AkRkmOfO" "Mozilla/5.0 (Macintosh; Intel Mac OS X 10_15_7) AppleWebKit/605.1.15 (KHTML, like Gecko) Version/17.5 Safari/605.1.15"
199.192.157.85 - - [28/Jul/2024:00:03:30 +0200] "GET /css/slicknav.css HTTP/1.1" 200 5167 "https://www.congress-intercultural.eu/?i=canary-big-eared-bat-facts-diet-habitat-pictures-on-mm-AkRkmOfO" "Mozilla/5.0 (Macintosh; Intel Mac OS X 10_15_7) AppleWebKit/605.1.15 (KHTML, like Gecko) Version/17.5 Safari/605.1.15"
199.192.157.85 - - [28/Jul/2024:00:03:30 +0200] "GET /js/fancybox/jquery.fancybox.css HTTP/1.1" 200 5347 "https://www.congress-intercultural.eu/?i=canary-big-eared-bat-facts-diet-habitat-pictures-on-mm-AkRkmOfO" "Mozilla/5.0 (Macintosh; Intel Mac OS X 10_15_7) AppleWebKit/605.1.15 (KHTML, like Gecko) Version/17.5 Safari/605.1.15"
199.192.157.85 - - [28/Jul/2024:00:03:30 +0200] "GET /css/font-awesome.min.css HTTP/1.1" 200 10956 "https://www.congress-intercultural.eu/?i=canary-big-eared-bat-facts-diet-habitat-pictures-on-mm-AkRkmOfO" "Mozilla/5.0 (Macintosh; Intel Mac OS X 10_15_7) AppleWebKit/605.1.15 (KHTML, like Gecko) Version/17.5 Safari/605.1.15"
66.249.70.3 - - [28/Jul/2024:00:03:30 +0200] "GET /?i=%E0%A4%AC%E0%A4%B8-%E0%A4%A6%E0%A4%BF%E0%A4%A8-%E0%A4%94%E0%A4%B0-%E0%A4%AB%E0%A4%BF%E0%A4%B0-40-%E0%A4%B9%E0%A4%9C%E0%A4%BE%E0%A4%B0-%E0%A4%B8%E0%A5%87-%E0%A4%AD%E0%A5%80-%E0%A4%B8%E0%A4%B8%E0%A5%8D%E0%A4%A4%E0%A4%BE-mm-L5L16dTd HTTP/1.1" 200 7793 "-" "Mozilla/5.0 (Linux; Android 6.0.1; Nexus 5X Build/MMB29P) AppleWebKit/537.36 (KHTML, like Gecko) Chrome/126.0.6478.126 Mobile Safari/537.36 (compatible; Googlebot/2.1; +http://www.google.com/bot.html)"
136.243.228.194 - - [28/Jul/2024:00:03:29 +0200] "GET /?i=samsung-galaxy-s20-fe-5g-review-should-you-buy-mm-DveoxPhk HTTP/1.1" 200 1816 "-" "Mozilla/5.0 (compatible; DataForSeoBot/1.0; +https://dataforseo.com/dataforseo-bot)"
199.192.157.85 - - [28/Jul/2024:00:03:30 +0200] "GET /js/libs/jquery.imagesloaded.min.js HTTP/1.1" 200 976 "https://www.congress-intercultural.eu/?i=canary-big-eared-bat-facts-diet-habitat-pictures-on-mm-AkRkmOfO" "Mozilla/5.0 (Macintosh; Intel Mac OS X 10_15_7) AppleWebKit/605.1.15 (KHTML, like Gecko) Version/17.5 Safari/605.1.15"
199.192.157.85 - - [28/Jul/2024:00:03:30 +0200] "GET /js/libs/jquery.masonry.min.js HTTP/1.1" 200 2656 "https://www.congress-intercultural.eu/?i=canary-big-eared-bat-facts-diet-habitat-pictures-on-mm-AkRkmOfO" "Mozilla/5.0 (Macintosh; Intel Mac OS X 10_15_7) AppleWebKit/605.1.15 (KHTML, like Gecko) Version/17.5 Safari/605.1.15"
199.192.157.85 - - [28/Jul/2024:00:03:30 +0200] "GET /js/fancybox/jquery.mousewheel-3.0.6.pack.js HTTP/1.1" 200 1132 "https://www.congress-intercultural.eu/?i=canary-big-eared-bat-facts-diet-habitat-pictures-on-mm-AkRkmOfO" "Mozilla/5.0 (Macintosh; Intel Mac OS X 10_15_7) AppleWebKit/605.1.15 (KHTML, like Gecko) Version/17.5 Safari/605.1.15"
199.192.157.85 - - [28/Jul/2024:00:03:30 +0200] "GET /js/fancybox/jquery.fancybox.pack.js HTTP/1.1" 200 6327 "https://www.congress-intercultural.eu/?i=canary-big-eared-bat-facts-diet-habitat-pictures-on-mm-AkRkmOfO" "Mozilla/5.0 (Macintosh; Intel Mac OS X 10_15_7) AppleWebKit/605.1.15 (KHTML, like Gecko) Version/17.5 Safari/605.1.15"
199.192.157.85 - - [28/Jul/2024:00:03:30 +0200] "GET /js/jquery.slicknav.js HTTP/1.1" 200 5102 "https://www.congress-intercultural.eu/?i=canary-big-eared-bat-facts-diet-habitat-pictures-on-mm-AkRkmOfO" "Mozilla/5.0 (Macintosh; Intel Mac OS X 10_15_7) AppleWebKit/605.1.15 (KHTML, like Gecko) Version/17.5 Safari/605.1.15"
199.192.157.85 - - [28/Jul/2024:00:03:30 +0200] "GET /js/jquery.selectBox.min.js HTTP/1.1" 200 3755 "https://www.congress-intercultural.eu/?i=canary-big-eared-bat-facts-diet-habitat-pictures-on-mm-AkRkmOfO" "Mozilla/5.0 (Macintosh; Intel Mac OS X 10_15_7) AppleWebKit/605.1.15 (KHTML, like Gecko) Version/17.5 Safari/605.1.15"
66.249.70.8 - - [28/Jul/2024:00:03:30 +0200] "GET /?i=consolidated-list-of-epc-member-units-yet-to-submit-mm-vQ0rr5UV HTTP/1.1" 200 6664 "-" "Mozilla/5.0 (Linux; Android 6.0.1; Nexus 5X Build/MMB29P) AppleWebKit/537.36 (KHTML, like Gecko) Chrome/126.0.6478.126 Mobile Safari/537.36 (compatible; Googlebot/2.1; +http://www.google.com/bot.html)"
199.192.157.85 - - [28/Jul/2024:00:03:30 +0200] "GET /js/script.js HTTP/1.1" 200 1108 "https://www.congress-intercultural.eu/?i=canary-big-eared-bat-facts-diet-habitat-pictures-on-mm-AkRkmOfO" "Mozilla/5.0 (Macintosh; Intel Mac OS X 10_15_7) AppleWebKit/605.1.15 (KHTML, like Gecko) Version/17.5 Safari/605.1.15"
199.192.157.85 - - [28/Jul/2024:00:03:30 +0200] "GET /fonts/roboto-regular-webfont.woff2 HTTP/1.1" 200 69206 "https://www.congress-intercultural.eu/?i=canary-big-eared-bat-facts-diet-habitat-pictures-on-mm-AkRkmOfO" "Mozilla/5.0 (Macintosh; Intel Mac OS X 10_15_7) AppleWebKit/605.1.15 (KHTML, like Gecko) Version/17.5 Safari/605.1.15"
199.192.157.85 - - [28/Jul/2024:00:03:30 +0200] "GET /fonts/opensans-condbold-webfont.woff HTTP/1.1" 200 23438 "https://www.congress-intercultural.eu/?i=canary-big-eared-bat-facts-diet-habitat-pictures-on-mm-AkRkmOfO" "Mozilla/5.0 (Macintosh; Intel Mac OS X 10_15_7) AppleWebKit/605.1.15 (KHTML, like Gecko) Version/17.5 Safari/605.1.15"
66.249.70.3 - - [28/Jul/2024:00:03:30 +0200] "GET /?i=miska-the-wolf-spider-by-occultfan192-on-deviantart-mm-oMED1QiL HTTP/1.1" 200 7815 "-" "Mozilla/5.0 (Linux; Android 6.0.1; Nexus 5X Build/MMB29P) AppleWebKit/537.36 (KHTML, like Gecko) Chrome/126.0.6478.126 Mobile Safari/537.36 (compatible; Googlebot/2.1; +http://www.google.com/bot.html)"
66.249.70.3 - - [28/Jul/2024:00:03:30 +0200] "GET /?i=cristiano-ronaldo-and-lionel-messi-blue-neon-lights-football-mm-xMjvLktq HTTP/1.1" 200 11079 "-" "Mozilla/5.0 (Linux; Android 6.0.1; Nexus 5X Build/MMB29P) AppleWebKit/537.36 (KHTML, like Gecko) Chrome/126.0.6478.126 Mobile Safari/537.36 (compatible; Googlebot/2.1; +http://www.google.com/bot.html)"
66.249.70.8 - - [28/Jul/2024:00:03:30 +0200] "GET /?i=ao-smith-pro-water-heater-model-ens-40-110-mm-D7K7LDCk HTTP/1.1" 200 11717 "-" "Mozilla/5.0 (Linux; Android 6.0.1; Nexus 5X Build/MMB29P) AppleWebKit/537.36 (KHTML, like Gecko) Chrome/126.0.6478.126 Mobile Safari/537.36 (compatible; Googlebot/2.1; +http://www.google.com/bot.html)"
66.249.70.8 - - [28/Jul/2024:00:03:30 +0200] "GET /?i=q1512b-hp-storageworks-lto-ultrium-460-tape-drive-200gb-mm-r47oAAS4 HTTP/1.1" 200 7377 "-" "Mozilla/5.0 (Linux; Android 6.0.1; Nexus 5X Build/MMB29P) AppleWebKit/537.36 (KHTML, like Gecko) Chrome/126.0.6478.126 Mobile Safari/537.36 (compatible; Googlebot/2.1; +http://www.google.com/bot.html)"
66.249.70.4 - - [28/Jul/2024:00:03:30 +0200] "GET /?i=conflict-news-on-x-russian-kh-58u-vs-mim-mm-n30JA1hE HTTP/1.1" 200 8012 "-" "Mozilla/5.0 (Linux; Android 6.0.1; Nexus 5X Build/MMB29P) AppleWebKit/537.36 (KHTML, like Gecko) Chrome/126.0.6478.126 Mobile Safari/537.36 (compatible; Googlebot/2.1; +http://www.google.com/bot.html)"
66.249.70.6 - - [28/Jul/2024:00:03:30 +0200] "GET /?i=mtoag-technology-software-company-mm-0mnDwJcx HTTP/1.1" 200 9889 "-" "Mozilla/5.0 (Linux; Android 6.0.1; Nexus 5X Build/MMB29P) AppleWebKit/537.36 (KHTML, like Gecko) Chrome/126.0.6478.126 Mobile Safari/537.36 (compatible; Googlebot/2.1; +http://www.google.com/bot.html)"
199.192.157.85 - - [28/Jul/2024:00:03:30 +0200] "GET /fonts/opensans-condlight-webfont.woff HTTP/1.1" 200 1881 "https://www.congress-intercultural.eu/?i=canary-big-eared-bat-facts-diet-habitat-pictures-on-mm-AkRkmOfO" "Mozilla/5.0 (Macintosh; Intel Mac OS X 10_15_7) AppleWebKit/605.1.15 (KHTML, like Gecko) Version/17.5 Safari/605.1.15"
66.249.70.8 - - [28/Jul/2024:00:03:31 +0200] "GET /?i=i3-3220-intel-core-i3-dual-core-ivy-bridge-mm-mr9x7GTX HTTP/1.1" 200 7595 "-" "Mozilla/5.0 (Linux; Android 6.0.1; Nexus 5X Build/MMB29P) AppleWebKit/537.36 (KHTML, like Gecko) Chrome/126.0.6478.126 Mobile Safari/537.36 (compatible; Googlebot/2.1; +http://www.google.com/bot.html)"
66.249.70.6 - - [28/Jul/2024:00:03:31 +0200] "GET /?i=crankshaft-position-sensor-location-how-to-reinstall-a-cam-mm-1Aa63DC7 HTTP/1.1" 200 11010 "-" "Mozilla/5.0 (Linux; Android 6.0.1; Nexus 5X Build/MMB29P) AppleWebKit/537.36 (KHTML, like Gecko) Chrome/126.0.6478.126 Mobile Safari/537.36 (compatible; Googlebot/2.1; +http://www.google.com/bot.html)"
66.249.70.2 - - [28/Jul/2024:00:03:31 +0200] "GET /it/?i=isaiah-54-10-kjv-for-the-mountains-shall-depart-mm-Lzzb52hd HTTP/1.1" 200 6855 "-" "Mozilla/5.0 (Linux; Android 6.0.1; Nexus 5X Build/MMB29P) AppleWebKit/537.36 (KHTML, like Gecko) Chrome/126.0.6478.126 Mobile Safari/537.36 (compatible; Googlebot/2.1; +http://www.google.com/bot.html)"
66.249.70.3 - - [28/Jul/2024:00:03:31 +0200] "GET /?i=what-s-all-the-buzz-about-eating-insects-in-mm-KBzNXoFN HTTP/1.1" 200 7303 "-" "Mozilla/5.0 (Linux; Android 6.0.1; Nexus 5X Build/MMB29P) AppleWebKit/537.36 (KHTML, like Gecko) Chrome/126.0.6478.126 Mobile Safari/537.36 (compatible; Googlebot/2.1; +http://www.google.com/bot.html)"
66.249.70.109 - - [28/Jul/2024:00:03:31 +0200] "GET /?m=reference-range-values-for-pediatric-care-2nd-pdf-pdf-zz-X28xjGcE HTTP/1.1" 200 7096 "-" "Mozilla/5.0 (Linux; Android 6.0.1; Nexus 5X Build/MMB29P) AppleWebKit/537.36 (KHTML, like Gecko) Chrome/126.0.6478.126 Mobile Safari/537.36 (compatible; GoogleOther)"
66.249.70.2 - - [28/Jul/2024:00:03:31 +0200] "GET /?i=jesus-is-lord-colleges-foundation-bocaue-bulacan-mm-6W7awGFN HTTP/1.1" 200 10622 "-" "Mozilla/5.0 (Linux; Android 6.0.1; Nexus 5X Build/MMB29P) AppleWebKit/537.36 (KHTML, like Gecko) Chrome/126.0.6478.126 Mobile Safari/537.36 (compatible; Googlebot/2.1; +http://www.google.com/bot.html)"
66.249.70.2 - - [28/Jul/2024:00:03:31 +0200] "GET /?i=real-story-of-munni-and-bajrangi-bhaijaan-mm-k3bAjzfo HTTP/1.1" 200 7031 "-" "Mozilla/5.0 (Linux; Android 6.0.1; Nexus 5X Build/MMB29P) AppleWebKit/537.36 (KHTML, like Gecko) Chrome/126.0.6478.126 Mobile Safari/537.36 (compatible; Googlebot/2.1; +http://www.google.com/bot.html)"
66.249.70.6 - - [28/Jul/2024:00:03:31 +0200] "GET /?i=alright-boys-and-girls-which-gauntlet-design-is-better-mm-2b1gEPhj HTTP/1.1" 200 7241 "-" "Mozilla/5.0 (Linux; Android 6.0.1; Nexus 5X Build/MMB29P) AppleWebKit/537.36 (KHTML, like Gecko) Chrome/126.0.6478.126 Mobile Safari/537.36 (compatible; Googlebot/2.1; +http://www.google.com/bot.html)"
66.249.70.4 - - [28/Jul/2024:00:03:31 +0200] "GET /it/?i=awesome-time-lapse-video-of-ocean-sunrise-to-sunset-mm-x5wXpkiq HTTP/1.1" 200 7616 "-" "Mozilla/5.0 (Linux; Android 6.0.1; Nexus 5X Build/MMB29P) AppleWebKit/537.36 (KHTML, like Gecko) Chrome/126.0.6478.126 Mobile Safari/537.36 (compatible; Googlebot/2.1; +http://www.google.com/bot.html)"
66.249.70.6 - - [28/Jul/2024:00:03:32 +0200] "GET /?i=elitech-b%C3%A1scula-de-recuperaci%C3%B3n-de-peso-de-carga-electr%C3%B3nica-mm-e5QgaQfg HTTP/1.1" 200 7645 "-" "Mozilla/5.0 (Linux; Android 6.0.1; Nexus 5X Build/MMB29P) AppleWebKit/537.36 (KHTML, like Gecko) Chrome/126.0.6478.126 Mobile Safari/537.36 (compatible; Googlebot/2.1; +http://www.google.com/bot.html)"
66.249.70.6 - - [28/Jul/2024:00:03:32 +0200] "GET /?i=zild-isang-anghel-the-first-single-of-the-upcoming-mm-K2P9kxFN HTTP/1.1" 200 6995 "-" "Mozilla/5.0 (Linux; Android 6.0.1; Nexus 5X Build/MMB29P) AppleWebKit/537.36 (KHTML, like Gecko) Chrome/126.0.6478.126 Mobile Safari/537.36 (compatible; Googlebot/2.1; +http://www.google.com/bot.html)"
66.249.70.4 - - [28/Jul/2024:00:03:32 +0200] "GET /?i=paris-dans-les-villages-du-20%C3%A8me-%E2%80%93-mon-opinion-mm-P9QvEhB HTTP/1.1" 200 10703 "-" "Mozilla/5.0 (Linux; Android 6.0.1; Nexus 5X Build/MMB29P) AppleWebKit/537.36 (KHTML, like Gecko) Chrome/126.0.6478.126 Mobile Safari/537.36 (compatible; Googlebot/2.1; +http://www.google.com/bot.html)"
108.203.11.181 - - [28/Jul/2024:00:03:32 +0200] "GET /?i=order-wetzel-s-pretzels-san-francisco-ca-menu-delivery-mm-nGrLQ7hE HTTP/1.1" 200 4355 "https://www.google.com/" "Mozilla/5.0 (iPhone; CPU iPhone OS 17_5 like Mac OS X) AppleWebKit/605.1.15 (KHTML, like Gecko) CriOS/126.0.6478.153 Mobile/15E148 Safari/604.1"
66.249.70.8 - - [28/Jul/2024:00:03:32 +0200] "GET /?i=western-digital-updates-wd-blue-series-with-sn580-dram-mm-OKNGEPFX HTTP/1.1" 200 8100 "-" "Mozilla/5.0 (Linux; Android 6.0.1; Nexus 5X Build/MMB29P) AppleWebKit/537.36 (KHTML, like Gecko) Chrome/126.0.6478.126 Mobile Safari/537.36 (compatible; Googlebot/2.1; +http://www.google.com/bot.html)"
185.191.171.6 - - [28/Jul/2024:00:03:32 +0200] "GET /fr/initiative/18-raccogliere-la-sfida-delle-tensioni-interreligiose-e-interculturali-a-livello-locale---risoluzione-323--2011-.html HTTP/1.1" 200 5693 "-" "Mozilla/5.0 (compatible; SemrushBot/7~bl; +http://www.semrush.com/bot.html)"
66.249.70.1 - - [28/Jul/2024:00:03:32 +0200] "GET /?i=top-waterfalls-in-nevada-rvshare-mm-wK660wtk HTTP/1.1" 200 6926 "-" "Mozilla/5.0 (Linux; Android 6.0.1; Nexus 5X Build/MMB29P) AppleWebKit/537.36 (KHTML, like Gecko) Chrome/126.0.6478.126 Mobile Safari/537.36 (compatible; Googlebot/2.1; +http://www.google.com/bot.html)"
66.249.70.3 - - [28/Jul/2024:00:03:32 +0200] "GET /?i=gajeel-x-levy-fanclub-club-mm-Jx9PpXt1 HTTP/1.1" 200 7390 "-" "Mozilla/5.0 (Linux; Android 6.0.1; Nexus 5X Build/MMB29P) AppleWebKit/537.36 (KHTML, like Gecko) Chrome/126.0.6478.126 Mobile Safari/537.36 (compatible; Googlebot/2.1; +http://www.google.com/bot.html)"
66.249.70.2 - - [28/Jul/2024:00:03:32 +0200] "GET /?i=pod-descart%C3%A1vel-lemon-mint-g8000puffs-%E2%80%93-oxbar-%E2%80%93-cigarro-mm-jY3LXEs9 HTTP/1.1" 200 6458 "-" "Mozilla/5.0 (Linux; Android 6.0.1; Nexus 5X Build/MMB29P) AppleWebKit/537.36 (KHTML, like Gecko) Chrome/126.0.6478.126 Mobile Safari/537.36 (compatible; Googlebot/2.1; +http://www.google.com/bot.html)"
66.249.70.4 - - [28/Jul/2024:00:03:32 +0200] "GET /?i=application-fields-suoto-self-priming-centrifugal-pump-mm-dkNm2ce HTTP/1.1" 200 7304 "-" "Mozilla/5.0 (Linux; Android 6.0.1; Nexus 5X Build/MMB29P) AppleWebKit/537.36 (KHTML, like Gecko) Chrome/126.0.6478.126 Mobile Safari/537.36 (compatible; Googlebot/2.1; +http://www.google.com/bot.html)"
66.249.70.1 - - [28/Jul/2024:00:03:32 +0200] "GET /?i=louis-vuitton-monogram-eclipse-wool-beanie-hat-yoogi-s-mm-EnzJvkH3 HTTP/1.1" 200 11164 "-" "Mozilla/5.0 (Linux; Android 6.0.1; Nexus 5X Build/MMB29P) AppleWebKit/537.36 (KHTML, like Gecko) Chrome/126.0.6478.126 Mobile Safari/537.36 (compatible; Googlebot/2.1; +http://www.google.com/bot.html)"
108.203.11.181 - - [28/Jul/2024:00:03:32 +0200] "GET /favicon.ico HTTP/1.1" 200 5359 "-" "Mozilla/5.0 (iPhone; CPU iPhone OS 17_5 like Mac OS X) AppleWebKit/605.1.15 (KHTML, like Gecko) CriOS/126.0.6478.153 Mobile/15E148 Safari/604.1"
66.249.70.4 - - [28/Jul/2024:00:03:32 +0200] "GET /?i=mexican-blood-leg-tarantula-aphonopelma-bicoloratum-care-the-tarantula-mm-gd476rC7 HTTP/1.1" 200 6695 "-" "Mozilla/5.0 (Linux; Android 6.0.1; Nexus 5X Build/MMB29P) AppleWebKit/537.36 (KHTML, like Gecko) Chrome/126.0.6478.126 Mobile Safari/537.36 (compatible; Googlebot/2.1; +http://www.google.com/bot.html)"
84.161.204.19 - - [28/Jul/2024:00:03:32 +0200] "GET /?i=lumisource-electra-vintage-double-mushroom-plasma-lamp-in-mint-mm-65oOGVCN HTTP/1.1" 200 4355 "https://www.google.com/" "Mozilla/5.0 (Linux; Android 10; K) AppleWebKit/537.36 (KHTML, like Gecko) Chrome/126.0.0.0 Mobile Safari/537.36"
154.161.6.185 - - [28/Jul/2024:00:03:32 +0200] "GET /?i=top-14-most-expensive-football-trophies-in-the-mm-kOD3YWio HTTP/1.1" 200 1097 "https://www.google.com/" "Mozilla/5.0 (Linux; Android 10; K) AppleWebKit/537.36 (KHTML, like Gecko) Chrome/125.0.0.0 Mobile Safari/537.36"
66.249.70.6 - - [28/Jul/2024:00:03:32 +0200] "GET /?i=diy-fridge-top-cover-diy-fridge-handle-cover-diy-mm-o9wn7ztL HTTP/1.1" 200 7157 "-" "Mozilla/5.0 (Linux; Android 6.0.1; Nexus 5X Build/MMB29P) AppleWebKit/537.36 (KHTML, like Gecko) Chrome/126.0.6478.126 Mobile Safari/537.36 (compatible; Googlebot/2.1; +http://www.google.com/bot.html)"
66.249.70.4 - - [28/Jul/2024:00:03:33 +0200] "GET /?i=lm3086-datasheet-transistor-arrays-mm-q4AX7Ecj HTTP/1.1" 200 6612 "-" "Mozilla/5.0 (Linux; Android 6.0.1; Nexus 5X Build/MMB29P) AppleWebKit/537.36 (KHTML, like Gecko) Chrome/126.0.6478.126 Mobile Safari/537.36 (compatible; Googlebot/2.1; +http://www.google.com/bot.html)"
66.249.70.5 - - [28/Jul/2024:00:03:33 +0200] "GET /en/?i=roman-numerals-pdf-mm-ogVWvQtL HTTP/1.1" 200 10662 "-" "Mozilla/5.0 (Linux; Android 6.0.1; Nexus 5X Build/MMB29P) AppleWebKit/537.36 (KHTML, like Gecko) Chrome/126.0.6478.126 Mobile Safari/537.36 (compatible; GoogleOther)"
66.249.70.1 - - [28/Jul/2024:00:03:33 +0200] "GET /it/?i=gibson-les-paul-custom-1958-%E2%80%93-true-vintage-guitar-mm-9nYPYdT7 HTTP/1.1" 200 7510 "-" "Mozilla/5.0 (Linux; Android 6.0.1; Nexus 5X Build/MMB29P) AppleWebKit/537.36 (KHTML, like Gecko) Chrome/126.0.6478.126 Mobile Safari/537.36 (compatible; Googlebot/2.1; +http://www.google.com/bot.html)"
66.249.70.5 - - [28/Jul/2024:00:03:33 +0200] "GET /?i=hydroflow-water-jet-flosser-%E2%80%93-eliottmen-mm-qpVBmEfj HTTP/1.1" 200 7616 "-" "Mozilla/5.0 (Linux; Android 6.0.1; Nexus 5X Build/MMB29P) AppleWebKit/537.36 (KHTML, like Gecko) Chrome/126.0.6478.126 Mobile Safari/537.36 (compatible; Googlebot/2.1; +http://www.google.com/bot.html)"
107.122.241.102 - - [28/Jul/2024:00:03:33 +0200] "GET /?i=btf-and-xj-springs-on-a-yj-pirate-4x4-mm-b2REMxSX HTTP/1.1" 200 4356 "https://www.google.com/" "Mozilla/5.0 (iPhone; CPU iPhone OS 16_1 like Mac OS X) AppleWebKit/605.1.15 (KHTML, like Gecko) GSA/326.0.653331328 Mobile/15E148 Safari/604.1"
66.249.70.1 - - [28/Jul/2024:00:03:33 +0200] "GET /?i=ficus-leaf-cross-section-~100x-cross-section-through-a-mm-4eV4W1i6 HTTP/1.1" 200 7617 "-" "Mozilla/5.0 (Linux; Android 6.0.1; Nexus 5X Build/MMB29P) AppleWebKit/537.36 (KHTML, like Gecko) Chrome/126.0.6478.126 Mobile Safari/537.36 (compatible; Googlebot/2.1; +http://www.google.com/bot.html)"
66.249.70.7 - - [28/Jul/2024:00:03:33 +0200] "GET /it/?i=sou-eu-sebastian-mm-LbDELrSd HTTP/1.1" 200 11175 "-" "Mozilla/5.0 (Linux; Android 6.0.1; Nexus 5X Build/MMB29P) AppleWebKit/537.36 (KHTML, like Gecko) Chrome/126.0.6478.126 Mobile Safari/537.36 (compatible; Googlebot/2.1; +http://www.google.com/bot.html)"
66.249.70.5 - - [28/Jul/2024:00:03:33 +0200] "GET /?i=nortel-norstar-m7100-telephone-nt8b14-mm-E2YGARH3 HTTP/1.1" 200 10734 "-" "Mozilla/5.0 (Linux; Android 6.0.1; Nexus 5X Build/MMB29P) AppleWebKit/537.36 (KHTML, like Gecko) Chrome/126.0.6478.126 Mobile Safari/537.36 (compatible; Googlebot/2.1; +http://www.google.com/bot.html)"
66.249.70.8 - - [28/Jul/2024:00:03:33 +0200] "GET /?i=c%C3%B3mo-elegir-la-pasta-dental-de-tu-peque-mm-zBDKN0c5 HTTP/1.1" 200 7462 "-" "Mozilla/5.0 (Linux; Android 6.0.1; Nexus 5X Build/MMB29P) AppleWebKit/537.36 (KHTML, like Gecko) Chrome/126.0.6478.126 Mobile Safari/537.36 (compatible; Googlebot/2.1; +http://www.google.com/bot.html)"
