66.249.70.1 - - [28/Jul/2024:00:04:31 +0200] "GET /?i=china-telecommunication-pipe-and-underground-cable-duct-manufacturer-lesso-mm-OBnoEEFX HTTP/1.1" 200 7286 "-" "Mozilla/5.0 (Linux; Android 6.0.1; Nexus 5X Build/MMB29P) AppleWebKit/537.36 (KHTML, like Gecko) Chrome/126.0.6478.126 Mobile Safari/537.36 (compatible; Googlebot/2.1; +http://www.google.com/bot.html)"
66.249.70.7 - - [28/Jul/2024:00:04:31 +0200] "GET /?i=sided-polygon-nine-sided-shape-double-math-mm-60eq0LSN HTTP/1.1" 200 6991 "-" "Mozilla/5.0 (Linux; Android 6.0.1; Nexus 5X Build/MMB29P) AppleWebKit/537.36 (KHTML, like Gecko) Chrome/126.0.6478.126 Mobile Safari/537.36 (compatible; Googlebot/2.1; +http://www.google.com/bot.html)"
66.249.70.1 - - [28/Jul/2024:00:04:31 +0200] "GET /?i=hinge-reveals-which-questions-get-the-most-responses-mm-75a1Vwc0 HTTP/1.1" 200 6711 "-" "Mozilla/5.0 (Linux; Android 6.0.1; Nexus 5X Build/MMB29P) AppleWebKit/537.36 (KHTML, like Gecko) Chrome/126.0.6478.126 Mobile Safari/537.36 (compatible; Googlebot/2.1; +http://www.google.com/bot.html)"
66.249.70.4 - - [28/Jul/2024:00:04:31 +0200] "GET /?i=2017-ford-f-350-dualie-on-28s-mm-Y12B5RCn HTTP/1.1" 200 7042 "-" "Mozilla/5.0 (Linux; Android 6.0.1; Nexus 5X Build/MMB29P) AppleWebKit/537.36 (KHTML, like Gecko) Chrome/126.0.6478.126 Mobile Safari/537.36 (compatible; Googlebot/2.1; +http://www.google.com/bot.html)"
66.249.70.7 - - [28/Jul/2024:00:04:31 +0200] "GET /de/?i=are-warlocks-able-to-abuse-short-rests-to-cast-mm-zwA715H5 HTTP/1.1" 200 7176 "-" "Mozilla/5.0 (Linux; Android 6.0.1; Nexus 5X Build/MMB29P) AppleWebKit/537.36 (KHTML, like Gecko) Chrome/126.0.6478.126 Mobile Safari/537.36 (compatible; Googlebot/2.1; +http://www.google.com/bot.html)"
34.250.119.101 - - [28/Jul/2024:00:04:31 +0200] "GET /?i=signed-andriy-shevchenko-poster-photo-18x12-ballon-d-or-mm-j7X0nC9 HTTP/1.1" 200 5777 "-" "Mozilla/5.0 (X11; Linux x86_64) AppleWebKit/537.36 (KHTML, like Gecko) HeadlessChrome/119.0.6045.105 Safari/537.36"
34.250.119.101 - - [28/Jul/2024:00:04:32 +0200] "GET /css/style.css?v=1 HTTP/1.1" 200 11362 "https://www.congress-intercultural.eu/?i=signed-andriy-shevchenko-poster-photo-18x12-ballon-d-or-mm-j7X0nC9" "Mozilla/5.0 (X11; Linux x86_64) AppleWebKit/537.36 (KHTML, like Gecko) HeadlessChrome/119.0.6045.105 Safari/537.36"
34.250.119.101 - - [28/Jul/2024:00:04:32 +0200] "GET /js/fancybox/jquery.fancybox.css HTTP/1.1" 200 1509 "https://www.congress-intercultural.eu/?i=signed-andriy-shevchenko-poster-photo-18x12-ballon-d-or-mm-j7X0nC9" "Mozilla/5.0 (X11; Linux x86_64) AppleWebKit/537.36 (KHTML, like Gecko) HeadlessChrome/119.0.6045.105 Safari/537.36"
34.250.119.101 - - [28/Jul/2024:00:04:32 +0200] "GET /css/jquery.selectBox.css HTTP/1.1" 200 1918 "https://www.congress-intercultural.eu/?i=signed-andriy-shevchenko-poster-photo-18x12-ballon-d-or-mm-j7X0nC9" "Mozilla/5.0 (X11; Linux x86_64) AppleWebKit/537.36 (KHTML, like Gecko) HeadlessChrome/119.0.6045.105 Safari/537.36"
34.250.119.101 - - [28/Jul/2024:00:04:32 +0200] "GET /css/slicknav.css HTTP/1.1" 200 1909 "https://www.congress-intercultural.eu/?i=signed-andriy-shevchenko-poster-photo-18x12-ballon-d-or-mm-j7X0nC9" "Mozilla/5.0 (X11; Linux x86_64) AppleWebKit/537.36 (KHTML, like Gecko) HeadlessChrome/119.0.6045.105 Safari/537.36"
34.250.119.101 - - [28/Jul/2024:00:04:32 +0200] "GET /css/font-awesome.min.css HTTP/1.1" 200 10956 "https://www.congress-intercultural.eu/?i=signed-andriy-shevchenko-poster-photo-18x12-ballon-d-or-mm-j7X0nC9" "Mozilla/5.0 (X11; Linux x86_64) AppleWebKit/537.36 (KHTML, like Gecko) HeadlessChrome/119.0.6045.105 Safari/537.36"
34.250.119.101 - - [28/Jul/2024:00:04:32 +0200] "GET /js/libs/modernizr.js HTTP/1.1" 200 10201 "https://www.congress-intercultural.eu/?i=signed-andriy-shevchenko-poster-photo-18x12-ballon-d-or-mm-j7X0nC9" "Mozilla/5.0 (X11; Linux x86_64) AppleWebKit/537.36 (KHTML, like Gecko) HeadlessChrome/119.0.6045.105 Safari/537.36"
34.250.119.101 - - [28/Jul/2024:00:04:32 +0200] "GET /js/libs/jquery.imagesloaded.min.js HTTP/1.1" 200 976 "https://www.congress-intercultural.eu/?i=signed-andriy-shevchenko-poster-photo-18x12-ballon-d-or-mm-j7X0nC9" "Mozilla/5.0 (X11; Linux x86_64) AppleWebKit/537.36 (KHTML, like Gecko) HeadlessChrome/119.0.6045.105 Safari/537.36"
34.250.119.101 - - [28/Jul/2024:00:04:32 +0200] "GET /js/libs/jquery.masonry.min.js HTTP/1.1" 200 2656 "https://www.congress-intercultural.eu/?i=signed-andriy-shevchenko-poster-photo-18x12-ballon-d-or-mm-j7X0nC9" "Mozilla/5.0 (X11; Linux x86_64) AppleWebKit/537.36 (KHTML, like Gecko) HeadlessChrome/119.0.6045.105 Safari/537.36"
34.250.119.101 - - [28/Jul/2024:00:04:32 +0200] "GET /js/libs/jquery-1.7.1.min.js HTTP/1.1" 200 37534 "https://www.congress-intercultural.eu/?i=signed-andriy-shevchenko-poster-photo-18x12-ballon-d-or-mm-j7X0nC9" "Mozilla/5.0 (X11; Linux x86_64) AppleWebKit/537.36 (KHTML, like Gecko) HeadlessChrome/119.0.6045.105 Safari/537.36"
34.250.119.101 - - [28/Jul/2024:00:04:32 +0200] "GET /js/fancybox/jquery.mousewheel-3.0.6.pack.js HTTP/1.1" 200 1132 "https://www.congress-intercultural.eu/?i=signed-andriy-shevchenko-poster-photo-18x12-ballon-d-or-mm-j7X0nC9" "Mozilla/5.0 (X11; Linux x86_64) AppleWebKit/537.36 (KHTML, like Gecko) HeadlessChrome/119.0.6045.105 Safari/537.36"
34.250.119.101 - - [28/Jul/2024:00:04:32 +0200] "GET /js/fancybox/jquery.fancybox.pack.js HTTP/1.1" 200 6327 "https://www.congress-intercultural.eu/?i=signed-andriy-shevchenko-poster-photo-18x12-ballon-d-or-mm-j7X0nC9" "Mozilla/5.0 (X11; Linux x86_64) AppleWebKit/537.36 (KHTML, like Gecko) HeadlessChrome/119.0.6045.105 Safari/537.36"
66.249.70.5 - - [28/Jul/2024:00:04:32 +0200] "GET /?i=file-%C5%81%C3%B3d%C5%BA-wolnosci-may-wikimedia-commons-mm-WmXddce HTTP/1.1" 200 6793 "-" "Mozilla/5.0 (Linux; Android 6.0.1; Nexus 5X Build/MMB29P) AppleWebKit/537.36 (KHTML, like Gecko) Chrome/126.0.6478.126 Mobile Safari/537.36 (compatible; Googlebot/2.1; +http://www.google.com/bot.html)"
34.250.119.101 - - [28/Jul/2024:00:04:32 +0200] "GET /js/jquery.slicknav.js HTTP/1.1" 200 5102 "https://www.congress-intercultural.eu/?i=signed-andriy-shevchenko-poster-photo-18x12-ballon-d-or-mm-j7X0nC9" "Mozilla/5.0 (X11; Linux x86_64) AppleWebKit/537.36 (KHTML, like Gecko) HeadlessChrome/119.0.6045.105 Safari/537.36"
34.250.119.101 - - [28/Jul/2024:00:04:32 +0200] "GET /js/script.js HTTP/1.1" 200 1108 "https://www.congress-intercultural.eu/?i=signed-andriy-shevchenko-poster-photo-18x12-ballon-d-or-mm-j7X0nC9" "Mozilla/5.0 (X11; Linux x86_64) AppleWebKit/537.36 (KHTML, like Gecko) HeadlessChrome/119.0.6045.105 Safari/537.36"
34.250.119.101 - - [28/Jul/2024:00:04:32 +0200] "GET /js/jquery.selectBox.min.js HTTP/1.1" 200 3755 "https://www.congress-intercultural.eu/?i=signed-andriy-shevchenko-poster-photo-18x12-ballon-d-or-mm-j7X0nC9" "Mozilla/5.0 (X11; Linux x86_64) AppleWebKit/537.36 (KHTML, like Gecko) HeadlessChrome/119.0.6045.105 Safari/537.36"
34.250.119.101 - - [28/Jul/2024:00:04:32 +0200] "GET /fonts/roboto-regular-webfont.woff2 HTTP/1.1" 200 69206 "https://www.congress-intercultural.eu/css/style.css?v=1" "Mozilla/5.0 (X11; Linux x86_64) AppleWebKit/537.36 (KHTML, like Gecko) HeadlessChrome/119.0.6045.105 Safari/537.36"
34.250.119.101 - - [28/Jul/2024:00:04:32 +0200] "GET /images/people.jpg HTTP/1.1" 200 448647 "https://www.congress-intercultural.eu/css/style.css?v=1" "Mozilla/5.0 (X11; Linux x86_64) AppleWebKit/537.36 (KHTML, like Gecko) HeadlessChrome/119.0.6045.105 Safari/537.36"
66.249.70.1 - - [28/Jul/2024:00:04:32 +0200] "GET /?i=champions-league-%E2%80%93-hala-madrid-mm-1B4v6DF7 HTTP/1.1" 200 7261 "-" "Mozilla/5.0 (Linux; Android 6.0.1; Nexus 5X Build/MMB29P) AppleWebKit/537.36 (KHTML, like Gecko) Chrome/126.0.6478.126 Mobile Safari/537.36 (compatible; Googlebot/2.1; +http://www.google.com/bot.html)"
34.250.119.101 - - [28/Jul/2024:00:04:32 +0200] "GET /fonts/opensans-condbold-webfont.woff HTTP/1.1" 200 23438 "https://www.congress-intercultural.eu/css/style.css?v=1" "Mozilla/5.0 (X11; Linux x86_64) AppleWebKit/537.36 (KHTML, like Gecko) HeadlessChrome/119.0.6045.105 Safari/537.36"
34.250.119.101 - - [28/Jul/2024:00:04:32 +0200] "GET /fonts/fontawesome-webfont.woff2?v=4.6.3 HTTP/1.1" 200 72366 "https://www.congress-intercultural.eu/css/font-awesome.min.css" "Mozilla/5.0 (X11; Linux x86_64) AppleWebKit/537.36 (KHTML, like Gecko) HeadlessChrome/119.0.6045.105 Safari/537.36"
66.249.70.5 - - [28/Jul/2024:00:04:32 +0200] "GET /?i=ex-mortuary-space-in-highland-to-become-shops-restaurants-mm-YXoQrdfn HTTP/1.1" 200 7101 "-" "Mozilla/5.0 (Linux; Android 6.0.1; Nexus 5X Build/MMB29P) AppleWebKit/537.36 (KHTML, like Gecko) Chrome/126.0.6478.126 Mobile Safari/537.36 (compatible; Googlebot/2.1; +http://www.google.com/bot.html)"
66.249.70.109 - - [28/Jul/2024:00:04:32 +0200] "GET /?m=web-page-to-pdf-convert-web-to-pdf-online-zz-PoAn9pI9 HTTP/1.1" 200 6844 "-" "Mozilla/5.0 (Linux; Android 6.0.1; Nexus 5X Build/MMB29P) AppleWebKit/537.36 (KHTML, like Gecko) Chrome/126.0.6478.126 Mobile Safari/537.36 (compatible; GoogleOther)"
66.249.70.6 - - [28/Jul/2024:00:04:32 +0200] "GET /?i=textron-aviation-brings-new-g1000-nxi-integrated-flight-deck-mm-goV3aOI7 HTTP/1.1" 200 7153 "-" "Mozilla/5.0 (Linux; Android 6.0.1; Nexus 5X Build/MMB29P) AppleWebKit/537.36 (KHTML, like Gecko) Chrome/126.0.6478.126 Mobile Safari/537.36 (compatible; Googlebot/2.1; +http://www.google.com/bot.html)"
34.250.119.101 - - [28/Jul/2024:00:04:32 +0200] "GET /fonts/opensans-condlight-webfont.woff HTTP/1.1" 200 1881 "https://www.congress-intercultural.eu/css/style.css?v=1" "Mozilla/5.0 (X11; Linux x86_64) AppleWebKit/537.36 (KHTML, like Gecko) HeadlessChrome/119.0.6045.105 Safari/537.36"
66.249.70.4 - - [28/Jul/2024:00:04:32 +0200] "GET /?i=mathematics-module-b1-b2-mm-WaN0A4ce HTTP/1.1" 200 7408 "-" "Mozilla/5.0 (Linux; Android 6.0.1; Nexus 5X Build/MMB29P) AppleWebKit/537.36 (KHTML, like Gecko) Chrome/126.0.6478.126 Mobile Safari/537.36 (compatible; Googlebot/2.1; +http://www.google.com/bot.html)"
34.250.119.101 - - [28/Jul/2024:00:04:32 +0200] "GET /fonts/OpenSans-CondLight-webfont.ttf HTTP/1.1" 200 36843 "https://www.congress-intercultural.eu/css/style.css?v=1" "Mozilla/5.0 (X11; Linux x86_64) AppleWebKit/537.36 (KHTML, like Gecko) HeadlessChrome/119.0.6045.105 Safari/537.36"
66.249.70.6 - - [28/Jul/2024:00:04:32 +0200] "GET /?i=51-creative-logos-that-use-negative-space-brilliantly-mm-Kjr7joSN HTTP/1.1" 200 10863 "-" "Mozilla/5.0 (Linux; Android 6.0.1; Nexus 5X Build/MMB29P) AppleWebKit/537.36 (KHTML, like Gecko) Chrome/126.0.6478.126 Mobile Safari/537.36 (compatible; Googlebot/2.1; +http://www.google.com/bot.html)"
66.249.70.4 - - [28/Jul/2024:00:04:32 +0200] "GET /?i=pxe-boot-issue-with-hp-probook-450-g8-realtek-mm-XP7Qa0tX HTTP/1.1" 200 6744 "-" "Mozilla/5.0 (Linux; Android 6.0.1; Nexus 5X Build/MMB29P) AppleWebKit/537.36 (KHTML, like Gecko) Chrome/126.0.6478.126 Mobile Safari/537.36 (compatible; Googlebot/2.1; +http://www.google.com/bot.html)"
181.47.236.167 - - [28/Jul/2024:00:04:32 +0200] "GET /?i=ms13-gang-temporary-tattoo-set-25+-tattoos-%E2%80%93-tattooicon-mm-d2Nn00Se HTTP/1.1" 200 1097 "https://www.google.com/" "Mozilla/5.0 (Linux; Android 10; K) AppleWebKit/537.36 (KHTML, like Gecko) Chrome/127.0.0.0 Mobile Safari/537.36"
66.249.70.6 - - [28/Jul/2024:00:04:32 +0200] "GET /?i=pvc-u-clips-lee-valley-tools-mm-AajNQbHO HTTP/1.1" 200 7274 "-" "Mozilla/5.0 (Linux; Android 6.0.1; Nexus 5X Build/MMB29P) AppleWebKit/537.36 (KHTML, like Gecko) Chrome/126.0.6478.126 Mobile Safari/537.36 (compatible; Googlebot/2.1; +http://www.google.com/bot.html)"
66.249.70.5 - - [28/Jul/2024:00:04:32 +0200] "GET /?i=scary-momo-isolated-over-white-scary-face-for-halloween-mm-XRJO73UX HTTP/1.1" 200 7341 "-" "Mozilla/5.0 (Linux; Android 6.0.1; Nexus 5X Build/MMB29P) AppleWebKit/537.36 (KHTML, like Gecko) Chrome/126.0.6478.126 Mobile Safari/537.36 (compatible; Googlebot/2.1; +http://www.google.com/bot.html)"
66.249.70.7 - - [28/Jul/2024:00:04:32 +0200] "GET /?i=concept-iq-on-x-ssc-ntpc-afcat-nda-cds-mm-P2a3aXSB HTTP/1.1" 200 7576 "-" "Mozilla/5.0 (Linux; Android 6.0.1; Nexus 5X Build/MMB29P) AppleWebKit/537.36 (KHTML, like Gecko) Chrome/126.0.6478.126 Mobile Safari/537.36 (compatible; Googlebot/2.1; +http://www.google.com/bot.html)"
66.249.70.7 - - [28/Jul/2024:00:04:33 +0200] "GET /?i=supersport-on-x-only-three-clubs-have-managed-to-mm-9Kqv0es7 HTTP/1.1" 200 7345 "-" "Mozilla/5.0 (Linux; Android 6.0.1; Nexus 5X Build/MMB29P) AppleWebKit/537.36 (KHTML, like Gecko) Chrome/126.0.6478.126 Mobile Safari/537.36 (compatible; Googlebot/2.1; +http://www.google.com/bot.html)"
66.249.70.8 - - [28/Jul/2024:00:04:33 +0200] "GET /?i=the-fiddle-club-book-barrage-southwest-strings-mm-aYaxXBcN HTTP/1.1" 200 7362 "-" "Mozilla/5.0 (Linux; Android 6.0.1; Nexus 5X Build/MMB29P) AppleWebKit/537.36 (KHTML, like Gecko) Chrome/126.0.6478.126 Mobile Safari/537.36 (compatible; Googlebot/2.1; +http://www.google.com/bot.html)"
66.249.70.2 - - [28/Jul/2024:00:04:33 +0200] "GET /?i=kraus-recognized-by-lowe-s-with-2020-vendor-partner-mm-1o94BzI7 HTTP/1.1" 200 6862 "-" "Mozilla/5.0 (Linux; Android 6.0.1; Nexus 5X Build/MMB29P) AppleWebKit/537.36 (KHTML, like Gecko) Chrome/126.0.6478.126 Mobile Safari/537.36 (compatible; Googlebot/2.1; +http://www.google.com/bot.html)"
66.249.70.3 - - [28/Jul/2024:00:04:33 +0200] "GET /?i=ikat-kurta-designs-women-ikat-kurta-designs-kurta-designs-mm-kYYxNfo HTTP/1.1" 200 7615 "-" "Mozilla/5.0 (Linux; Android 6.0.1; Nexus 5X Build/MMB29P) AppleWebKit/537.36 (KHTML, like Gecko) Chrome/126.0.6478.126 Mobile Safari/537.36 (compatible; Googlebot/2.1; +http://www.google.com/bot.html)"
201.32.49.48 - - [28/Jul/2024:00:04:33 +0200] "GET /?i=potenay-gold-b12-120ml-mm-vj41PJsV HTTP/1.1" 200 4356 "https://www.google.com/" "Mozilla/5.0 (Linux; Android 10; K) AppleWebKit/537.36 (KHTML, like Gecko) Chrome/127.0.0.0 Mobile Safari/537.36"
66.249.70.3 - - [28/Jul/2024:00:04:33 +0200] "GET /?i=quel-quelle-quels-quelles-adjectif-interrogatif-mm-GbkEvBUd HTTP/1.1" 200 7018 "-" "Mozilla/5.0 (Linux; Android 6.0.1; Nexus 5X Build/MMB29P) AppleWebKit/537.36 (KHTML, like Gecko) Chrome/126.0.6478.126 Mobile Safari/537.36 (compatible; Googlebot/2.1; +http://www.google.com/bot.html)"
66.249.70.4 - - [28/Jul/2024:00:04:33 +0200] "GET /?i=custom-east-texas-baptist-academic-etbu-adjustable-cap-by-mm-4aWOVOC6 HTTP/1.1" 200 6898 "-" "Mozilla/5.0 (Linux; Android 6.0.1; Nexus 5X Build/MMB29P) AppleWebKit/537.36 (KHTML, like Gecko) Chrome/126.0.6478.126 Mobile Safari/537.36 (compatible; Googlebot/2.1; +http://www.google.com/bot.html)"
66.249.70.2 - - [28/Jul/2024:00:04:33 +0200] "GET /it/?i=what-is-a-flowchart-that-will-calculate-the-average-mm-KNOEekSN HTTP/1.1" 200 10951 "-" "Mozilla/5.0 (Linux; Android 6.0.1; Nexus 5X Build/MMB29P) AppleWebKit/537.36 (KHTML, like Gecko) Chrome/126.0.6478.126 Mobile Safari/537.36 (compatible; Googlebot/2.1; +http://www.google.com/bot.html)"
136.243.228.194 - - [28/Jul/2024:00:04:33 +0200] "GET /?i=does-the-galaxy-a53-have-a-headphone-jack-sammobile-mm-71vQE6c0 HTTP/1.1" 200 1816 "-" "Mozilla/5.0 (compatible; DataForSeoBot/1.0; +https://dataforseo.com/dataforseo-bot)"
66.249.70.6 - - [28/Jul/2024:00:04:33 +0200] "GET /?i=in-what-year-can-i-apply-for-an-ncc-mm-4mBAkWC6 HTTP/1.1" 200 7163 "-" "Mozilla/5.0 (Linux; Android 6.0.1; Nexus 5X Build/MMB29P) AppleWebKit/537.36 (KHTML, like Gecko) Chrome/126.0.6478.126 Mobile Safari/537.36 (compatible; Googlebot/2.1; +http://www.google.com/bot.html)"
66.249.70.2 - - [28/Jul/2024:00:04:33 +0200] "GET /?i=t%C3%BCrk-kahvesi-6l%C4%B1-fincan-tak%C4%B1m%C4%B1-porselen-beyaz-mavi-gold-mm-P2qGgbSB HTTP/1.1" 200 11059 "-" "Mozilla/5.0 (Linux; Android 6.0.1; Nexus 5X Build/MMB29P) AppleWebKit/537.36 (KHTML, like Gecko) Chrome/126.0.6478.126 Mobile Safari/537.36 (compatible; Googlebot/2.1; +http://www.google.com/bot.html)"
66.249.70.5 - - [28/Jul/2024:00:04:33 +0200] "GET /?i=uss-anzio-cg-68-framed-navy-ship-display-mm-eKRreEhg HTTP/1.1" 200 6906 "-" "Mozilla/5.0 (Linux; Android 6.0.1; Nexus 5X Build/MMB29P) AppleWebKit/537.36 (KHTML, like Gecko) Chrome/126.0.6478.126 Mobile Safari/537.36 (compatible; Googlebot/2.1; +http://www.google.com/bot.html)"
66.249.70.4 - - [28/Jul/2024:00:04:33 +0200] "GET /?i=the-moon-base-planned-by-nasa-and-the-tech-mm-pqXXvXuj HTTP/1.1" 200 6880 "-" "Mozilla/5.0 (Linux; Android 6.0.1; Nexus 5X Build/MMB29P) AppleWebKit/537.36 (KHTML, like Gecko) Chrome/126.0.6478.126 Mobile Safari/537.36 (compatible; Googlebot/2.1; +http://www.google.com/bot.html)"
66.249.70.6 - - [28/Jul/2024:00:04:34 +0200] "GET /?i=jackel-high-density-polyethylene-structural-foam-basin-in-the-mm-k136vGIo HTTP/1.1" 200 7120 "-" "Mozilla/5.0 (Linux; Android 6.0.1; Nexus 5X Build/MMB29P) AppleWebKit/537.36 (KHTML, like Gecko) Chrome/126.0.6478.126 Mobile Safari/537.36 (compatible; Googlebot/2.1; +http://www.google.com/bot.html)"
66.249.70.6 - - [28/Jul/2024:00:04:34 +0200] "GET /?i=recital-2022-yoon-hee-jung-flutist-mm-1GJwDC7 HTTP/1.1" 200 7113 "-" "Mozilla/5.0 (Linux; Android 6.0.1; Nexus 5X Build/MMB29P) AppleWebKit/537.36 (KHTML, like Gecko) Chrome/126.0.6478.126 Mobile Safari/537.36 (compatible; Googlebot/2.1; +http://www.google.com/bot.html)"
66.249.70.8 - - [28/Jul/2024:00:04:34 +0200] "GET /?i=latest-gold-bangles-designs-for-women-latest-gold-jewel%E2%80%A6-mm-JXgNBgH1 HTTP/1.1" 200 7811 "-" "Mozilla/5.0 (Linux; Android 6.0.1; Nexus 5X Build/MMB29P) AppleWebKit/537.36 (KHTML, like Gecko) Chrome/126.0.6478.126 Mobile Safari/537.36 (compatible; Googlebot/2.1; +http://www.google.com/bot.html)"
66.249.70.6 - - [28/Jul/2024:00:04:34 +0200] "GET /index.php?i=amco-95-m-XP7Az3tX HTTP/1.1" 200 7825 "-" "Mozilla/5.0 (Linux; Android 6.0.1; Nexus 5X Build/MMB29P) AppleWebKit/537.36 (KHTML, like Gecko) Chrome/126.0.6478.126 Mobile Safari/537.36 (compatible; Googlebot/2.1; +http://www.google.com/bot.html)"
66.249.70.3 - - [28/Jul/2024:00:04:34 +0200] "GET /?i=frontiers-riboflavin-kinase-and-pyridoxine-5%E2%80%B2-phosphate-oxidase-complex-mm-jGKk4wi9 HTTP/1.1" 200 7510 "-" "Mozilla/5.0 (Linux; Android 6.0.1; Nexus 5X Build/MMB29P) AppleWebKit/537.36 (KHTML, like Gecko) Chrome/126.0.6478.126 Mobile Safari/537.36 (compatible; Googlebot/2.1; +http://www.google.com/bot.html)"
66.249.70.6 - - [28/Jul/2024:00:04:34 +0200] "GET /?i=giant-airway-sport-bottle-cage-giant-bicycle-cambodia-mm-wNk9n4ck HTTP/1.1" 200 10695 "-" "Mozilla/5.0 (Linux; Android 6.0.1; Nexus 5X Build/MMB29P) AppleWebKit/537.36 (KHTML, like Gecko) Chrome/126.0.6478.126 Mobile Safari/537.36 (compatible; Googlebot/2.1; +http://www.google.com/bot.html)"
66.249.70.109 - - [28/Jul/2024:00:04:34 +0200] "GET /?m=pdf]-aurad-e-fatiha-%D8%A7%D9%88%D8%B1%D8%A7%D8%AF-%D9%81%D8%AA%D8%AD%D9%8A%D9%87-ali-sani-khawaja-zz-Zwpx3Kuz HTTP/1.1" 200 7229 "-" "Mozilla/5.0 (Linux; Android 6.0.1; Nexus 5X Build/MMB29P) AppleWebKit/537.36 (KHTML, like Gecko) Chrome/126.0.6478.126 Mobile Safari/537.36 (compatible; GoogleOther)"
66.249.70.5 - - [28/Jul/2024:00:04:34 +0200] "GET /?i=dog-paw-print-pair-temporary-tattoo-set-of-mm-zW2nLDc5 HTTP/1.1" 200 7351 "-" "Mozilla/5.0 (Linux; Android 6.0.1; Nexus 5X Build/MMB29P) AppleWebKit/537.36 (KHTML, like Gecko) Chrome/126.0.6478.126 Mobile Safari/537.36 (compatible; Googlebot/2.1; +http://www.google.com/bot.html)"
66.249.70.8 - - [28/Jul/2024:00:04:34 +0200] "GET /?i=lenovo-ideapad-flex-16-review-an-affordable-16-inch-mm-1Qw9RPH7 HTTP/1.1" 200 11744 "-" "Mozilla/5.0 (Linux; Android 6.0.1; Nexus 5X Build/MMB29P) AppleWebKit/537.36 (KHTML, like Gecko) Chrome/126.0.6478.126 Mobile Safari/537.36 (compatible; Googlebot/2.1; +http://www.google.com/bot.html)"
66.249.70.7 - - [28/Jul/2024:00:04:34 +0200] "GET /?i=waste-king-garbage-disposer-9920-parts-diagrams-videos-repair-mm-3Ja3d7C6 HTTP/1.1" 200 7218 "-" "Mozilla/5.0 (Linux; Android 6.0.1; Nexus 5X Build/MMB29P) AppleWebKit/537.36 (KHTML, like Gecko) Chrome/126.0.6478.126 Mobile Safari/537.36 (compatible; Googlebot/2.1; +http://www.google.com/bot.html)"
66.249.70.2 - - [28/Jul/2024:00:04:35 +0200] "GET /?i=madonna-of-the-carnation-by-leonardo-da-vinci-paint-mm-EoVMQRs3 HTTP/1.1" 200 7416 "-" "Mozilla/5.0 (Linux; Android 6.0.1; Nexus 5X Build/MMB29P) AppleWebKit/537.36 (KHTML, like Gecko) Chrome/126.0.6478.126 Mobile Safari/537.36 (compatible; Googlebot/2.1; +http://www.google.com/bot.html)"
66.249.70.1 - - [28/Jul/2024:00:04:35 +0200] "GET /?i=bar-trays-turn-any-surface-into-a-bar-architectural-mm-KgRkbxuN HTTP/1.1" 200 7617 "-" "Mozilla/5.0 (Linux; Android 6.0.1; Nexus 5X Build/MMB29P) AppleWebKit/537.36 (KHTML, like Gecko) Chrome/126.0.6478.126 Mobile Safari/537.36 (compatible; Googlebot/2.1; +http://www.google.com/bot.html)"
66.249.70.4 - - [28/Jul/2024:00:04:35 +0200] "GET /?i=most-popular-halloween-costumes-across-the-country-mm-6YvJg0hN HTTP/1.1" 200 7361 "-" "Mozilla/5.0 (Linux; Android 6.0.1; Nexus 5X Build/MMB29P) AppleWebKit/537.36 (KHTML, like Gecko) Chrome/126.0.6478.126 Mobile Safari/537.36 (compatible; Googlebot/2.1; +http://www.google.com/bot.html)"
217.113.194.91 - - [28/Jul/2024:00:04:35 +0200] "GET /de/initiative/278-oxlo-business-charter-was-launched-at-the-oslo-2013-global-mobility-forum--by-hallstein-bjercke--vice.html HTTP/1.1" 200 2488 "-" "Mozilla/5.0 (compatible; Barkrowler/0.9; +https://babbar.tech/crawler)"
66.249.70.2 - - [28/Jul/2024:00:04:35 +0200] "GET /?i=home-care-services-company-ahmadabad-mm-JjXEzms1 HTTP/1.1" 200 6879 "-" "Mozilla/5.0 (Linux; Android 6.0.1; Nexus 5X Build/MMB29P) AppleWebKit/537.36 (KHTML, like Gecko) Chrome/126.0.6478.126 Mobile Safari/537.36 (compatible; Googlebot/2.1; +http://www.google.com/bot.html)"
66.249.70.4 - - [28/Jul/2024:00:04:35 +0200] "GET /it/?i=1999-volvo-s80-t6-quick-test-mm-Do5KX0Hk HTTP/1.1" 200 6951 "-" "Mozilla/5.0 (Linux; Android 6.0.1; Nexus 5X Build/MMB29P) AppleWebKit/537.36 (KHTML, like Gecko) Chrome/126.0.6478.126 Mobile Safari/537.36 (compatible; Googlebot/2.1; +http://www.google.com/bot.html)"
66.249.70.3 - - [28/Jul/2024:00:04:35 +0200] "GET /?i=lv-petit-palais-handbag-%E2%80%93-rachellebags-mm-rMmqg5f4 HTTP/1.1" 200 6587 "-" "Mozilla/5.0 (Linux; Android 6.0.1; Nexus 5X Build/MMB29P) AppleWebKit/537.36 (KHTML, like Gecko) Chrome/126.0.6478.126 Mobile Safari/537.36 (compatible; Googlebot/2.1; +http://www.google.com/bot.html)"
66.249.70.7 - - [28/Jul/2024:00:04:35 +0200] "GET /?i=portland-buckaroos-mm-753O0af0 HTTP/1.1" 200 7098 "-" "Mozilla/5.0 (Linux; Android 6.0.1; Nexus 5X Build/MMB29P) AppleWebKit/537.36 (KHTML, like Gecko) Chrome/126.0.6478.126 Mobile Safari/537.36 (compatible; Googlebot/2.1; +http://www.google.com/bot.html)"
66.249.70.5 - - [28/Jul/2024:00:04:35 +0200] "GET /?i=asus-vivobook-intel-core-i3-7th-gen-4gb-1tb-mm-42peY1T6 HTTP/1.1" 200 7592 "-" "Mozilla/5.0 (Linux; Android 6.0.1; Nexus 5X Build/MMB29P) AppleWebKit/537.36 (KHTML, like Gecko) Chrome/126.0.6478.126 Mobile Safari/537.36 (compatible; Googlebot/2.1; +http://www.google.com/bot.html)"
66.249.70.3 - - [28/Jul/2024:00:04:35 +0200] "GET /?i=betiyan-mention-your-sister-%E2%99%A5-facebook-mm-LrPvrdid HTTP/1.1" 200 10510 "-" "Mozilla/5.0 (Linux; Android 6.0.1; Nexus 5X Build/MMB29P) AppleWebKit/537.36 (KHTML, like Gecko) Chrome/126.0.6478.126 Mobile Safari/537.36 (compatible; Googlebot/2.1; +http://www.google.com/bot.html)"
66.249.70.6 - - [28/Jul/2024:00:04:35 +0200] "GET /ru/?i=ppt-withholding-tax-on-compensation-powerpoint-presentation-free-download-mm-7w7d4at0 HTTP/1.1" 200 6933 "-" "Mozilla/5.0 (Linux; Android 6.0.1; Nexus 5X Build/MMB29P) AppleWebKit/537.36 (KHTML, like Gecko) Chrome/126.0.6478.126 Mobile Safari/537.36 (compatible; Googlebot/2.1; +http://www.google.com/bot.html)"
66.249.70.4 - - [28/Jul/2024:00:04:35 +0200] "GET /?i=reel-stories-fishing-charters-watkins-glen-ny-mm-g25xWgC7 HTTP/1.1" 200 7398 "-" "Mozilla/5.0 (Linux; Android 6.0.1; Nexus 5X Build/MMB29P) AppleWebKit/537.36 (KHTML, like Gecko) Chrome/126.0.6478.126 Mobile Safari/537.36 (compatible; Googlebot/2.1; +http://www.google.com/bot.html)"
66.249.70.1 - - [28/Jul/2024:00:04:36 +0200] "GET /?i=pressure-sore-prevention-products-home-medical-mm-op4K2BTL HTTP/1.1" 200 7733 "-" "Mozilla/5.0 (Linux; Android 6.0.1; Nexus 5X Build/MMB29P) AppleWebKit/537.36 (KHTML, like Gecko) Chrome/126.0.6478.126 Mobile Safari/537.36 (compatible; Googlebot/2.1; +http://www.google.com/bot.html)"
66.249.70.109 - - [28/Jul/2024:00:04:36 +0200] "GET /?m=sci-q1-module-pdf-circulatory-system-heart-zz-Q1rxGoU4 HTTP/1.1" 200 6978 "-" "Mozilla/5.0 (Linux; Android 6.0.1; Nexus 5X Build/MMB29P) AppleWebKit/537.36 (KHTML, like Gecko) Chrome/126.0.6478.126 Mobile Safari/537.36 (compatible; GoogleOther)"
66.249.70.3 - - [28/Jul/2024:00:04:36 +0200] "GET /it/?i=the-weird-tablet-in-area-zero-r-pokemonscarletviolet-mm-E5pjOOc3 HTTP/1.1" 200 7310 "-" "Mozilla/5.0 (Linux; Android 6.0.1; Nexus 5X Build/MMB29P) AppleWebKit/537.36 (KHTML, like Gecko) Chrome/126.0.6478.126 Mobile Safari/537.36 (compatible; Googlebot/2.1; +http://www.google.com/bot.html)"
66.249.70.3 - - [28/Jul/2024:00:04:36 +0200] "GET /?i=geberit-aspire-collection-2023-by-ideal-bathrooms-issuu-mm-5oPGwmUm HTTP/1.1" 200 7324 "-" "Mozilla/5.0 (Linux; Android 6.0.1; Nexus 5X Build/MMB29P) AppleWebKit/537.36 (KHTML, like Gecko) Chrome/126.0.6478.126 Mobile Safari/537.36 (compatible; Googlebot/2.1; +http://www.google.com/bot.html)"
66.249.70.6 - - [28/Jul/2024:00:04:36 +0200] "GET /?i=four-evil-kings-maou-gakuin-wiki-fandom-mm-LALJq2hd HTTP/1.1" 200 7016 "-" "Mozilla/5.0 (Linux; Android 6.0.1; Nexus 5X Build/MMB29P) AppleWebKit/537.36 (KHTML, like Gecko) Chrome/126.0.6478.126 Mobile Safari/537.36 (compatible; Googlebot/2.1; +http://www.google.com/bot.html)"
66.249.70.8 - - [28/Jul/2024:00:04:36 +0200] "GET /?i=hp-v22v-g5-fhd-monitor-fhd-1920-x-1080-mm-ENz76pu3 HTTP/1.1" 200 6889 "-" "Mozilla/5.0 (Linux; Android 6.0.1; Nexus 5X Build/MMB29P) AppleWebKit/537.36 (KHTML, like Gecko) Chrome/126.0.6478.126 Mobile Safari/537.36 (compatible; Googlebot/2.1; +http://www.google.com/bot.html)"
66.249.70.8 - - [28/Jul/2024:00:04:36 +0200] "GET /?i=razor-griddle-37-inch-outdoor-burner-lp-propane-gas-mm-z7xKaWF5 HTTP/1.1" 200 7608 "-" "Mozilla/5.0 (Linux; Android 6.0.1; Nexus 5X Build/MMB29P) AppleWebKit/537.36 (KHTML, like Gecko) Chrome/126.0.6478.126 Mobile Safari/537.36 (compatible; Googlebot/2.1; +http://www.google.com/bot.html)"
66.249.70.4 - - [28/Jul/2024:00:04:36 +0200] "GET /?i=aphrodite-ii-all-you-need-to-know-before-you-mm-Vg4K6EH6 HTTP/1.1" 200 6585 "-" "Mozilla/5.0 (Linux; Android 6.0.1; Nexus 5X Build/MMB29P) AppleWebKit/537.36 (KHTML, like Gecko) Chrome/126.0.6478.126 Mobile Safari/537.36 (compatible; Googlebot/2.1; +http://www.google.com/bot.html)"
66.249.70.6 - - [28/Jul/2024:00:04:36 +0200] "GET /?i=how-to-make-vegetable-bun-parotta-mm-1BEwmvh7 HTTP/1.1" 200 7231 "-" "Mozilla/5.0 (Linux; Android 6.0.1; Nexus 5X Build/MMB29P) AppleWebKit/537.36 (KHTML, like Gecko) Chrome/126.0.6478.126 Mobile Safari/537.36 (compatible; Googlebot/2.1; +http://www.google.com/bot.html)"
66.249.70.7 - - [28/Jul/2024:00:04:36 +0200] "GET /?i=the-history-of-lending-discrimination-mm-JB2P6OC1 HTTP/1.1" 200 7125 "-" "Mozilla/5.0 (Linux; Android 6.0.1; Nexus 5X Build/MMB29P) AppleWebKit/537.36 (KHTML, like Gecko) Chrome/126.0.6478.126 Mobile Safari/537.36 (compatible; Googlebot/2.1; +http://www.google.com/bot.html)"
80.187.71.252 - - [28/Jul/2024:00:04:36 +0200] "GET /it/?i=what-s-the-tiny-propeller-at-the-end-of-mm-LApJBPUd HTTP/1.1" 200 4356 "https://www.google.com/" "Mozilla/5.0 (Windows NT 10.0; Win64; x64) AppleWebKit/537.36 (KHTML, like Gecko) Chrome/125.0.0.0 Safari/537.36 OPR/111.0.0.0"
66.249.70.8 - - [28/Jul/2024:00:04:36 +0200] "GET /?i=blackview-tab-13-%D0%A6%D0%B5%D0%BD%D0%B0-%D1%85%D0%B0%D1%80%D0%B0%D0%BA%D1%82%D0%B5%D1%80%D0%B8%D1%81%D1%82%D0%B8%D0%BA%D0%B8-%D0%B8-%D0%B3%D0%B4%D0%B5-%D0%BA%D1%83%D0%BF%D0%B8%D1%82%D1%8C-mm-92xa45s7 HTTP/1.1" 200 7835 "-" "Mozilla/5.0 (Linux; Android 6.0.1; Nexus 5X Build/MMB29P) AppleWebKit/537.36 (KHTML, like Gecko) Chrome/126.0.6478.126 Mobile Safari/537.36 (compatible; Googlebot/2.1; +http://www.google.com/bot.html)"
66.249.70.1 - - [28/Jul/2024:00:04:37 +0200] "GET /?i=lunar-may-2023-calendar-moon-phases-with-dates-mm-EM9nKri3 HTTP/1.1" 200 6867 "-" "Mozilla/5.0 (Linux; Android 6.0.1; Nexus 5X Build/MMB29P) AppleWebKit/537.36 (KHTML, like Gecko) Chrome/126.0.6478.126 Mobile Safari/537.36 (compatible; Googlebot/2.1; +http://www.google.com/bot.html)"
66.249.70.2 - - [28/Jul/2024:00:04:37 +0200] "GET /?i=bracelete-banhado-a-prata-esterlina-925-%E2%80%93-silver-queen-mm-N2DgG0Cd HTTP/1.1" 200 7198 "-" "Mozilla/5.0 (Linux; Android 6.0.1; Nexus 5X Build/MMB29P) AppleWebKit/537.36 (KHTML, like Gecko) Chrome/126.0.6478.126 Mobile Safari/537.36 (compatible; Googlebot/2.1; +http://www.google.com/bot.html)"
200.120.172.126 - - [28/Jul/2024:00:04:37 +0200] "GET /?i=nos-lleg%C3%B3-otra-balanza-dulcera-la-maquinita-del-tiempo-mm-N2AkzVtd HTTP/1.1" 200 4356 "https://www.google.com/" "Mozilla/5.0 (iPhone; CPU iPhone OS 17_5_1 like Mac OS X) AppleWebKit/605.1.15 (KHTML, like Gecko) Version/17.5 Mobile/15E148 Safari/604.1"
66.249.70.4 - - [28/Jul/2024:00:04:37 +0200] "GET /it/?i=asian-supernatural-belief-the-colours-of-ghosts-supernatural-confessions-mm-4Yd7aAU6 HTTP/1.1" 200 7507 "-" "Mozilla/5.0 (Linux; Android 6.0.1; Nexus 5X Build/MMB29P) AppleWebKit/537.36 (KHTML, like Gecko) Chrome/126.0.6478.126 Mobile Safari/537.36 (compatible; Googlebot/2.1; +http://www.google.com/bot.html)"
66.249.70.7 - - [28/Jul/2024:00:04:37 +0200] "GET /?i=dbr2-%C2%AB-aston-mm-QEMwJ3HX HTTP/1.1" 200 6749 "-" "Mozilla/5.0 (Linux; Android 6.0.1; Nexus 5X Build/MMB29P) AppleWebKit/537.36 (KHTML, like Gecko) Chrome/126.0.6478.126 Mobile Safari/537.36 (compatible; Googlebot/2.1; +http://www.google.com/bot.html)"
66.249.70.1 - - [28/Jul/2024:00:04:37 +0200] "GET /tr/?i=one-piece-%E2%80%A2-kazuki-yao-%E2%80%A2-fyi-pada-anime-mm-kkVbqxho HTTP/1.1" 200 7549 "-" "Mozilla/5.0 (Linux; Android 6.0.1; Nexus 5X Build/MMB29P) AppleWebKit/537.36 (KHTML, like Gecko) Chrome/126.0.6478.126 Mobile Safari/537.36 (compatible; Googlebot/2.1; +http://www.google.com/bot.html)"
50.98.175.133 - - [28/Jul/2024:00:04:37 +0200] "GET /favicon.ico HTTP/1.1" 200 5359 "-" "NetworkingExtension/8618.2.12.10.9 CFNetwork/1496.0.7 Darwin/23.5.0"
66.249.70.3 - - [28/Jul/2024:00:04:37 +0200] "GET /?i=fab-zhu-kung-mm-dRPaK3ce HTTP/1.1" 200 6788 "-" "Mozilla/5.0 (Linux; Android 6.0.1; Nexus 5X Build/MMB29P) AppleWebKit/537.36 (KHTML, like Gecko) Chrome/126.0.6478.126 Mobile Safari/537.36 (compatible; Googlebot/2.1; +http://www.google.com/bot.html)"
168.205.233.28 - - [28/Jul/2024:00:04:37 +0200] "GET /it/?i=o-melhor-jogo-de-carros-para-celular-em-mundo-mm-kGqwgzco HTTP/1.1" 200 1097 "https://www.google.com/" "Mozilla/5.0 (Linux; Android 10; K) AppleWebKit/537.36 (KHTML, like Gecko) Chrome/126.0.0.0 Mobile Safari/537.36"
66.249.70.109 - - [28/Jul/2024:00:04:37 +0200] "GET /?m=pp-pjk-f1-penyalahgunaan-bahan-pdf-zz-GYAB2zsZ HTTP/1.1" 200 6364 "-" "Mozilla/5.0 (Linux; Android 6.0.1; Nexus 5X Build/MMB29P) AppleWebKit/537.36 (KHTML, like Gecko) Chrome/126.0.6478.126 Mobile Safari/537.36 (compatible; GoogleOther)"
50.98.175.133 - - [28/Jul/2024:00:04:37 +0200] "GET /apple-touch-icon-precomposed.png HTTP/1.1" 200 5777 "-" "NetworkingExtension/8618.2.12.10.9 CFNetwork/1496.0.7 Darwin/23.5.0"
50.98.175.133 - - [28/Jul/2024:00:04:37 +0200] "GET /?i=karina-charts-on-x-shindong-said-i-recognized-karina-mm-a9kqD5HN HTTP/1.1" 200 5777 "-" "Mozilla/5.0 (Macintosh; Intel Mac OS X 10_11_1) AppleWebKit/601.2.4 (KHTML, like Gecko) Version/9.0.1 Safari/601.2.4 facebookexternalhit/1.1 Facebot Twitterbot/1.0"
66.249.70.6 - - [28/Jul/2024:00:04:37 +0200] "GET /?i=mageworx-shopify-success-stories-kartel-scotland-mageworx-blog-mm-pKqY6mIj HTTP/1.1" 200 7046 "-" "Mozilla/5.0 (Linux; Android 6.0.1; Nexus 5X Build/MMB29P) AppleWebKit/537.36 (KHTML, like Gecko) Chrome/126.0.6478.126 Mobile Safari/537.36 (compatible; Googlebot/2.1; +http://www.google.com/bot.html)"
136.243.228.194 - - [28/Jul/2024:00:04:37 +0200] "GET /?i=samsung-galaxy-m10-k%C4%B1l%C4%B1f-s%C4%B1v%C4%B1l%C4%B1-yan-ta%C5%9Fl%C4%B1-silikon-k%C4%B1l%C4%B1f-mm-3Rr6DAC6 HTTP/1.1" 200 1816 "-" "Mozilla/5.0 (compatible; DataForSeoBot/1.0; +https://dataforseo.com/dataforseo-bot)"
50.98.175.133 - - [28/Jul/2024:00:04:38 +0200] "GET /favicon.ico HTTP/1.1" 200 1521 "-" "NetworkingExtension/8618.2.12.10.9 CFNetwork/1496.0.7 Darwin/23.5.0"
50.98.175.133 - - [28/Jul/2024:00:04:38 +0200] "GET /images/favicon.ico HTTP/1.1" 200 1521 "-" "NetworkingExtension/8618.2.12.10.9 CFNetwork/1496.0.7 Darwin/23.5.0"
66.249.70.3 - - [28/Jul/2024:00:04:37 +0200] "GET /?i=the-10-best-6x9-speakers-for-your-car-in-mm-rLJwbpS4 HTTP/1.1" 200 7106 "-" "Mozilla/5.0 (Linux; Android 6.0.1; Nexus 5X Build/MMB29P) AppleWebKit/537.36 (KHTML, like Gecko) Chrome/126.0.6478.126 Mobile Safari/537.36 (compatible; Googlebot/2.1; +http://www.google.com/bot.html)"
66.249.70.2 - - [28/Jul/2024:00:04:37 +0200] "GET /?i=how-to-wait-patiently-for-god-devotional-psalm-40-mm-G14w7AFd HTTP/1.1" 200 7199 "-" "Mozilla/5.0 (Linux; Android 6.0.1; Nexus 5X Build/MMB29P) AppleWebKit/537.36 (KHTML, like Gecko) Chrome/126.0.6478.126 Mobile Safari/537.36 (compatible; Googlebot/2.1; +http://www.google.com/bot.html)"
50.98.175.133 - - [28/Jul/2024:00:04:37 +0200] "GET /apple-touch-icon.png HTTP/1.1" 200 5777 "-" "NetworkingExtension/8618.2.12.10.9 CFNetwork/1496.0.7 Darwin/23.5.0"
66.249.70.7 - - [28/Jul/2024:00:04:38 +0200] "GET /?i=lena-grow-coach-certification-lena-building-brains-through-early-mm-LEgOL0fd HTTP/1.1" 200 6856 "-" "Mozilla/5.0 (Linux; Android 6.0.1; Nexus 5X Build/MMB29P) AppleWebKit/537.36 (KHTML, like Gecko) Chrome/126.0.6478.126 Mobile Safari/537.36 (compatible; Googlebot/2.1; +http://www.google.com/bot.html)"
66.249.70.6 - - [28/Jul/2024:00:04:38 +0200] "GET /?i=how-to-replace-your-windshield-wipers-step-by-step-mm-52N5gecm HTTP/1.1" 200 7385 "-" "Mozilla/5.0 (Linux; Android 6.0.1; Nexus 5X Build/MMB29P) AppleWebKit/537.36 (KHTML, like Gecko) Chrome/126.0.6478.126 Mobile Safari/537.36 (compatible; Googlebot/2.1; +http://www.google.com/bot.html)"
66.249.70.2 - - [28/Jul/2024:00:04:38 +0200] "GET /?i=crunchyroll-on-x-hmph-via-assassins-pride-x-mm-z7gqJEU5 HTTP/1.1" 200 6402 "-" "Mozilla/5.0 (Linux; Android 6.0.1; Nexus 5X Build/MMB29P) AppleWebKit/537.36 (KHTML, like Gecko) Chrome/126.0.6478.126 Mobile Safari/537.36 (compatible; Googlebot/2.1; +http://www.google.com/bot.html)"
66.249.70.7 - - [28/Jul/2024:00:04:38 +0200] "GET /?i=1960s-porsche-branded-bus-car-hauler-is-uber-cool-mm-VGq2P6F6 HTTP/1.1" 200 11218 "-" "Mozilla/5.0 (Linux; Android 6.0.1; Nexus 5X Build/MMB29P) AppleWebKit/537.36 (KHTML, like Gecko) Chrome/126.0.6478.126 Mobile Safari/537.36 (compatible; Googlebot/2.1; +http://www.google.com/bot.html)"
66.249.70.5 - - [28/Jul/2024:00:04:38 +0200] "GET /?i=american-institute-of-aeronautics-and-aiaa-journal-1981-vol-mm-rqPgKpU4 HTTP/1.1" 200 6887 "-" "Mozilla/5.0 (Linux; Android 6.0.1; Nexus 5X Build/MMB29P) AppleWebKit/537.36 (KHTML, like Gecko) Chrome/126.0.6478.126 Mobile Safari/537.36 (compatible; Googlebot/2.1; +http://www.google.com/bot.html)"
66.249.70.2 - - [28/Jul/2024:00:04:38 +0200] "GET /?i=uzbekistan-s-treasures-on-silk-road-stamps-bitter-grounds-mm-q61LexIj HTTP/1.1" 200 10488 "-" "Mozilla/5.0 (Linux; Android 6.0.1; Nexus 5X Build/MMB29P) AppleWebKit/537.36 (KHTML, like Gecko) Chrome/126.0.6478.126 Mobile Safari/537.36 (compatible; Googlebot/2.1; +http://www.google.com/bot.html)"
66.249.70.7 - - [28/Jul/2024:00:04:38 +0200] "GET /?i=i-ve-sent-this-message-to-ubisoft-support-but-mm-KQ55XxtN HTTP/1.1" 200 7319 "-" "Mozilla/5.0 (Linux; Android 6.0.1; Nexus 5X Build/MMB29P) AppleWebKit/537.36 (KHTML, like Gecko) Chrome/126.0.6478.126 Mobile Safari/537.36 (compatible; Googlebot/2.1; +http://www.google.com/bot.html)"
66.249.70.2 - - [28/Jul/2024:00:04:38 +0200] "GET /?i=best-444+-chai-shayari-tea-status-in-hindi-%E0%A4%87%E0%A4%B6%E0%A5%8D%E0%A4%95-mm-k2rgGkco HTTP/1.1" 200 7078 "-" "Mozilla/5.0 (Linux; Android 6.0.1; Nexus 5X Build/MMB29P) AppleWebKit/537.36 (KHTML, like Gecko) Chrome/126.0.6478.126 Mobile Safari/537.36 (compatible; Googlebot/2.1; +http://www.google.com/bot.html)"
66.249.70.6 - - [28/Jul/2024:00:04:38 +0200] "GET /?i=uygun-fiyatl%C4%B1-ara%C3%A7-i%C3%A7i-kamera-everest-evercar-x18-%C4%B0ncelemesi-mm-EnAonKT3 HTTP/1.1" 200 6951 "-" "Mozilla/5.0 (Linux; Android 6.0.1; Nexus 5X Build/MMB29P) AppleWebKit/537.36 (KHTML, like Gecko) Chrome/126.0.6478.126 Mobile Safari/537.36 (compatible; Googlebot/2.1; +http://www.google.com/bot.html)"
66.249.70.5 - - [28/Jul/2024:00:04:38 +0200] "GET /?i=off-white-vancouver-vancouver-bc-mm-W9ezrLSe HTTP/1.1" 200 10616 "-" "Mozilla/5.0 (Linux; Android 6.0.1; Nexus 5X Build/MMB29P) AppleWebKit/537.36 (KHTML, like Gecko) Chrome/126.0.6478.126 Mobile Safari/537.36 (compatible; Googlebot/2.1; +http://www.google.com/bot.html)"
66.249.70.7 - - [28/Jul/2024:00:04:38 +0200] "GET /it/?i=ghost-rider-1973-10-comic-issues-marvel-mm-X199ERcX HTTP/1.1" 200 6954 "-" "Mozilla/5.0 (Linux; Android 6.0.1; Nexus 5X Build/MMB29P) AppleWebKit/537.36 (KHTML, like Gecko) Chrome/126.0.6478.126 Mobile Safari/537.36 (compatible; Googlebot/2.1; +http://www.google.com/bot.html)"
66.249.70.6 - - [28/Jul/2024:00:04:39 +0200] "GET /?i=happy-14th-birthday-images-and-cards-with-good-wishes-mm-pLA1aij HTTP/1.1" 200 6918 "-" "Mozilla/5.0 (Linux; Android 6.0.1; Nexus 5X Build/MMB29P) AppleWebKit/537.36 (KHTML, like Gecko) Chrome/126.0.6478.126 Mobile Safari/537.36 (compatible; Googlebot/2.1; +http://www.google.com/bot.html)"
96.246.237.114 - - [28/Jul/2024:00:04:39 +0200] "GET /?i=use-tuckman-s-model-of-team-dynamics-forming-storming-mm-YK0WwKUn HTTP/1.1" 200 4354 "https://www.google.com/" "Mozilla/5.0 (Macintosh; Intel Mac OS X 10_15_7) AppleWebKit/537.36 (KHTML, like Gecko) Chrome/126.0.0.0 Safari/537.36"
66.249.70.6 - - [28/Jul/2024:00:04:39 +0200] "GET /?i=expand-your-ps5-storage-capacity-with-the-wd-black-mm-04Ozkrux HTTP/1.1" 200 7423 "-" "Mozilla/5.0 (Linux; Android 6.0.1; Nexus 5X Build/MMB29P) AppleWebKit/537.36 (KHTML, like Gecko) Chrome/126.0.6478.126 Mobile Safari/537.36 (compatible; Googlebot/2.1; +http://www.google.com/bot.html)"
66.249.70.2 - - [28/Jul/2024:00:04:39 +0200] "GET /?i=pm-performs-pooja-at-at-dagdusheth-halwai-ganesh-mandir-mm-kb4EBxSo HTTP/1.1" 200 7290 "-" "Mozilla/5.0 (Linux; Android 6.0.1; Nexus 5X Build/MMB29P) AppleWebKit/537.36 (KHTML, like Gecko) Chrome/126.0.6478.126 Mobile Safari/537.36 (compatible; Googlebot/2.1; +http://www.google.com/bot.html)"
66.249.70.5 - - [28/Jul/2024:00:04:39 +0200] "GET /?i=international-journal-of-artificial-intelligence-in-medicine-ijaimed-%C2%A9-mm-2oA9N2cj HTTP/1.1" 200 6558 "-" "Mozilla/5.0 (Linux; Android 6.0.1; Nexus 5X Build/MMB29P) AppleWebKit/537.36 (KHTML, like Gecko) Chrome/126.0.6478.126 Mobile Safari/537.36 (compatible; Googlebot/2.1; +http://www.google.com/bot.html)"
66.249.70.3 - - [28/Jul/2024:00:04:39 +0200] "GET /?i=pale-vampire-elf-towel-mm-n7zVV7cE HTTP/1.1" 200 6956 "-" "Mozilla/5.0 (Linux; Android 6.0.1; Nexus 5X Build/MMB29P) AppleWebKit/537.36 (KHTML, like Gecko) Chrome/126.0.6478.126 Mobile Safari/537.36 (compatible; Googlebot/2.1; +http://www.google.com/bot.html)"
66.249.70.5 - - [28/Jul/2024:00:04:39 +0200] "GET /it/?i=n%C3%A3o-leve-por-tr%C3%A1s-mm-kKzR1BIo HTTP/1.1" 200 6566 "-" "Mozilla/5.0 (Linux; Android 6.0.1; Nexus 5X Build/MMB29P) AppleWebKit/537.36 (KHTML, like Gecko) Chrome/126.0.6478.126 Mobile Safari/537.36 (compatible; Googlebot/2.1; +http://www.google.com/bot.html)"
174.88.101.63 - - [28/Jul/2024:00:04:39 +0200] "GET /?i=london-neighborhood-map-neighborhood-map-of-london-england-mm-4egD4df6 HTTP/1.1" 200 4355 "https://www.google.com/" "Mozilla/5.0 (Macintosh; Intel Mac OS X 10_15_7) AppleWebKit/605.1.15 (KHTML, like Gecko) Version/17.5 Safari/605.1.15"
66.249.70.2 - - [28/Jul/2024:00:04:39 +0200] "GET /?i=google-maps-c%C3%B3mo-consultar-el-tr%C3%A1fico-en-tiempo-real-mm-WD19L2ie HTTP/1.1" 200 11087 "-" "Mozilla/5.0 (Linux; Android 6.0.1; Nexus 5X Build/MMB29P) AppleWebKit/537.36 (KHTML, like Gecko) Chrome/126.0.6478.126 Mobile Safari/537.36 (compatible; GoogleOther)"
190.219.250.145 - - [28/Jul/2024:00:04:39 +0200] "GET /?i=heartgard-ivermectina-pirantel-comprimido-masticable-blackdogpanama-mm-J07WOaU1 HTTP/1.1" 200 4355 "https://www.google.com/" "Mozilla/5.0 (Linux; Android 10; K) AppleWebKit/537.36 (KHTML, like Gecko) Chrome/127.0.0.0 Mobile Safari/537.36"
66.249.70.8 - - [28/Jul/2024:00:04:39 +0200] "GET /?i=20-artists-that-took-art-to-the-next-level-mm-bPJA02cX HTTP/1.1" 200 7778 "-" "Mozilla/5.0 (Linux; Android 6.0.1; Nexus 5X Build/MMB29P) AppleWebKit/537.36 (KHTML, like Gecko) Chrome/126.0.6478.126 Mobile Safari/537.36 (compatible; Googlebot/2.1; +http://www.google.com/bot.html)"
157.55.39.62 - - [28/Jul/2024:00:04:39 +0200] "GET /?i=spying-and-espionage-%C2%B7-george-washington-s-mount-vernon-mm-R13GxAS5 HTTP/1.1" 200 7506 "-" "Mozilla/5.0 AppleWebKit/537.36 (KHTML, like Gecko; compatible; bingbot/2.0; +http://www.bing.com/bingbot.htm) Chrome/116.0.1938.76 Safari/537.36"
66.249.70.8 - - [28/Jul/2024:00:04:39 +0200] "GET /?i=oppo-reno-10-pro-5g-12gb-256gb-dual-sim-mm-rV5wjGI4 HTTP/1.1" 200 7563 "-" "Mozilla/5.0 (Linux; Android 6.0.1; Nexus 5X Build/MMB29P) AppleWebKit/537.36 (KHTML, like Gecko) Chrome/126.0.6478.126 Mobile Safari/537.36 (compatible; Googlebot/2.1; +http://www.google.com/bot.html)"
66.249.70.7 - - [28/Jul/2024:00:04:39 +0200] "GET /?i=nouveau-cheap-review-new-revlon-super-lustrous-lipglosses-five-mm-LKMvwoId HTTP/1.1" 200 7426 "-" "Mozilla/5.0 (Linux; Android 6.0.1; Nexus 5X Build/MMB29P) AppleWebKit/537.36 (KHTML, like Gecko) Chrome/126.0.6478.126 Mobile Safari/537.36 (compatible; Googlebot/2.1; +http://www.google.com/bot.html)"
66.249.70.6 - - [28/Jul/2024:00:04:39 +0200] "GET /?i=why-is-the-indian-air-force-not-afraid-of-mm-eGa77Asg HTTP/1.1" 200 7203 "-" "Mozilla/5.0 (Linux; Android 6.0.1; Nexus 5X Build/MMB29P) AppleWebKit/537.36 (KHTML, like Gecko) Chrome/126.0.6478.126 Mobile Safari/537.36 (compatible; Googlebot/2.1; +http://www.google.com/bot.html)"
102.70.4.118 - - [28/Jul/2024:00:04:40 +0200] "GET /?i=huawei-p-smart-2019-speaker-not-working-speaker-problem-mm-RvxXKat5 HTTP/1.1" 200 4355 "https://www.google.com/" "Mozilla/5.0 (Linux; Android 8.1.0; DUB-LX1) AppleWebKit/537.36 (KHTML, like Gecko) Chrome/70.0.3538.110 Mobile Safari/537.36"
66.249.70.7 - - [28/Jul/2024:00:04:40 +0200] "GET /it/?i=this-hacked-kids-toy-opens-garage-doors-in-seconds-mm-LRVd9Lhd HTTP/1.1" 200 7358 "-" "Mozilla/5.0 (Linux; Android 6.0.1; Nexus 5X Build/MMB29P) AppleWebKit/537.36 (KHTML, like Gecko) Chrome/126.0.6478.126 Mobile Safari/537.36 (compatible; Googlebot/2.1; +http://www.google.com/bot.html)"
157.55.39.62 - - [28/Jul/2024:00:04:40 +0200] "GET /?i=campbell-biology-12e-m-6xP9zVcN HTTP/1.1" 200 3878 "-" "Mozilla/5.0 (iPhone; CPU iPhone OS 7_0 like Mac OS X) AppleWebKit/537.51.1 (KHTML, like Gecko) Version/7.0 Mobile/11A465 Safari/9537.53 (compatible; bingbot/2.0; +http://www.bing.com/bingbot.htm)"
66.249.70.2 - - [28/Jul/2024:00:04:40 +0200] "GET /?i=top-10-things-you-can-do-with-vivo-t2-mm-b2AxvNfX HTTP/1.1" 200 6819 "-" "Mozilla/5.0 (Linux; Android 6.0.1; Nexus 5X Build/MMB29P) AppleWebKit/537.36 (KHTML, like Gecko) Chrome/126.0.6478.126 Mobile Safari/537.36 (compatible; Googlebot/2.1; +http://www.google.com/bot.html)"
66.249.70.7 - - [28/Jul/2024:00:04:40 +0200] "GET /?i=dell-vostro-v131-review-dell-vostro-v131-cnet-mm-53OOVmim HTTP/1.1" 200 11424 "-" "Mozilla/5.0 (Linux; Android 6.0.1; Nexus 5X Build/MMB29P) AppleWebKit/537.36 (KHTML, like Gecko) Chrome/126.0.6478.126 Mobile Safari/537.36 (compatible; Googlebot/2.1; +http://www.google.com/bot.html)"
66.249.70.3 - - [28/Jul/2024:00:04:40 +0200] "GET /?i=porsche-911-964-turbo-blue-chip-car-audio-mm-2VjRYRSj HTTP/1.1" 200 7347 "-" "Mozilla/5.0 (Linux; Android 6.0.1; Nexus 5X Build/MMB29P) AppleWebKit/537.36 (KHTML, like Gecko) Chrome/126.0.6478.126 Mobile Safari/537.36 (compatible; Googlebot/2.1; +http://www.google.com/bot.html)"
66.249.70.2 - - [28/Jul/2024:00:04:40 +0200] "GET /?i=hardtop-depot-quality-hardtop-for-jeep-wrangler-yj-1986-mm-B0zGAYtV HTTP/1.1" 200 10764 "-" "Mozilla/5.0 (Linux; Android 6.0.1; Nexus 5X Build/MMB29P) AppleWebKit/537.36 (KHTML, like Gecko) Chrome/126.0.6478.126 Mobile Safari/537.36 (compatible; Googlebot/2.1; +http://www.google.com/bot.html)"
66.249.70.6 - - [28/Jul/2024:00:04:40 +0200] "GET /index.php?i=15x10-modern-house-design-bedrooms-pdf-full-plans-samhouseplans-mm-Kx6E6aFN HTTP/1.1" 200 10774 "-" "Mozilla/5.0 (Linux; Android 6.0.1; Nexus 5X Build/MMB29P) AppleWebKit/537.36 (KHTML, like Gecko) Chrome/126.0.6478.126 Mobile Safari/537.36 (compatible; GoogleOther)"
157.55.39.62 - - [28/Jul/2024:00:04:40 +0200] "GET /?i=preventing-dementia-mm-KbpJRxiN HTTP/1.1" 200 7470 "-" "Mozilla/5.0 (iPhone; CPU iPhone OS 7_0 like Mac OS X) AppleWebKit/537.51.1 (KHTML, like Gecko) Version/7.0 Mobile/11A465 Safari/9537.53 (compatible; bingbot/2.0; +http://www.bing.com/bingbot.htm)"
66.249.70.3 - - [28/Jul/2024:00:04:40 +0200] "GET /?i=2007-seadoo-gtx-215-cars-trucks-motorcycles-manlius-new-mm-MqeD37Ho HTTP/1.1" 200 10759 "-" "Mozilla/5.0 (Linux; Android 6.0.1; Nexus 5X Build/MMB29P) AppleWebKit/537.36 (KHTML, like Gecko) Chrome/126.0.6478.126 Mobile Safari/537.36 (compatible; Googlebot/2.1; +http://www.google.com/bot.html)"
66.249.70.1 - - [28/Jul/2024:00:04:40 +0200] "GET /?i=every-point-dgpt-disc-golf-pro-tour-facebook-mm-akD3gYFN HTTP/1.1" 200 6632 "-" "Mozilla/5.0 (Linux; Android 6.0.1; Nexus 5X Build/MMB29P) AppleWebKit/537.36 (KHTML, like Gecko) Chrome/126.0.6478.126 Mobile Safari/537.36 (compatible; Googlebot/2.1; +http://www.google.com/bot.html)"
66.249.70.3 - - [28/Jul/2024:00:04:40 +0200] "GET /?i=samsung-galaxy-j5-prime-gold-3d-model-download-mm-9kWYkJs7 HTTP/1.1" 200 11844 "-" "Mozilla/5.0 (Linux; Android 6.0.1; Nexus 5X Build/MMB29P) AppleWebKit/537.36 (KHTML, like Gecko) Chrome/126.0.6478.126 Mobile Safari/537.36 (compatible; Googlebot/2.1; +http://www.google.com/bot.html)"
66.249.70.7 - - [28/Jul/2024:00:04:41 +0200] "GET /?i=dice-throne-marvel-dice-throne-battle-chest-mm-QgJQKRiX HTTP/1.1" 200 7162 "-" "Mozilla/5.0 (Linux; Android 6.0.1; Nexus 5X Build/MMB29P) AppleWebKit/537.36 (KHTML, like Gecko) Chrome/126.0.6478.126 Mobile Safari/537.36 (compatible; Googlebot/2.1; +http://www.google.com/bot.html)"
66.249.70.1 - - [28/Jul/2024:00:04:41 +0200] "GET /?i=updating-google-analytics-code-to-the-global-site-tag-mm-0rx9zwUx HTTP/1.1" 200 11178 "-" "Mozilla/5.0 (Linux; Android 6.0.1; Nexus 5X Build/MMB29P) AppleWebKit/537.36 (KHTML, like Gecko) Chrome/126.0.6478.126 Mobile Safari/537.36 (compatible; Googlebot/2.1; +http://www.google.com/bot.html)"
66.249.70.3 - - [28/Jul/2024:00:04:41 +0200] "GET /?i=ppt-verbs-with-irregular-%E2%80%9Cyo%E2%80%9D-forms-powerpoint-presentation-free-mm-eEPGB7Fg HTTP/1.1" 200 7235 "-" "Mozilla/5.0 (Linux; Android 6.0.1; Nexus 5X Build/MMB29P) AppleWebKit/537.36 (KHTML, like Gecko) Chrome/126.0.6478.126 Mobile Safari/537.36 (compatible; Googlebot/2.1; +http://www.google.com/bot.html)"
66.249.70.1 - - [28/Jul/2024:00:04:41 +0200] "GET /?i=pin-on-absolute-mediocrity-mm-XnNq1wuX HTTP/1.1" 200 11281 "-" "Mozilla/5.0 (Linux; Android 6.0.1; Nexus 5X Build/MMB29P) AppleWebKit/537.36 (KHTML, like Gecko) Chrome/126.0.6478.126 Mobile Safari/537.36 (compatible; Googlebot/2.1; +http://www.google.com/bot.html)"
66.249.70.2 - - [28/Jul/2024:00:04:41 +0200] "GET /?i=emirates-increases-flights-to-london-stansted-mm-6kNBbJTN HTTP/1.1" 200 7235 "-" "Mozilla/5.0 (Linux; Android 6.0.1; Nexus 5X Build/MMB29P) AppleWebKit/537.36 (KHTML, like Gecko) Chrome/126.0.6478.126 Mobile Safari/537.36 (compatible; Googlebot/2.1; +http://www.google.com/bot.html)"
66.249.70.1 - - [28/Jul/2024:00:04:41 +0200] "GET /?i=%E2%8F%A9-joint-sanitaire-au-pourtour-de-baignoire-et-dtu-mm-GJqo55Ud HTTP/1.1" 200 7423 "-" "Mozilla/5.0 (Linux; Android 6.0.1; Nexus 5X Build/MMB29P) AppleWebKit/537.36 (KHTML, like Gecko) Chrome/126.0.6478.126 Mobile Safari/537.36 (compatible; Googlebot/2.1; +http://www.google.com/bot.html)"
66.249.70.6 - - [28/Jul/2024:00:04:41 +0200] "GET /?i=big-chief-carts-for-sale-buy-big-chief-cartridges-mm-KAx6N0HN HTTP/1.1" 200 6661 "-" "Mozilla/5.0 (Linux; Android 6.0.1; Nexus 5X Build/MMB29P) AppleWebKit/537.36 (KHTML, like Gecko) Chrome/126.0.6478.126 Mobile Safari/537.36 (compatible; Googlebot/2.1; +http://www.google.com/bot.html)"
136.243.228.194 - - [28/Jul/2024:00:04:41 +0200] "GET /?i=the-best-android-phones-in-2023-android-authority-mm-rOVdzGf4 HTTP/1.1" 200 1816 "-" "Mozilla/5.0 (compatible; DataForSeoBot/1.0; +https://dataforseo.com/dataforseo-bot)"
66.249.70.5 - - [28/Jul/2024:00:04:41 +0200] "GET /?i=inplay-seaview-palace-small-white-pc-case-mm-nGV1mRTE HTTP/1.1" 200 7434 "-" "Mozilla/5.0 (Linux; Android 6.0.1; Nexus 5X Build/MMB29P) AppleWebKit/537.36 (KHTML, like Gecko) Chrome/126.0.6478.126 Mobile Safari/537.36 (compatible; Googlebot/2.1; +http://www.google.com/bot.html)"
66.249.70.3 - - [28/Jul/2024:00:04:41 +0200] "GET /?i=spartanburg-south-carolina-sc-29302-profile-population-maps-real-mm-n1723FE HTTP/1.1" 200 6675 "-" "Mozilla/5.0 (Linux; Android 6.0.1; Nexus 5X Build/MMB29P) AppleWebKit/537.36 (KHTML, like Gecko) Chrome/126.0.6478.126 Mobile Safari/537.36 (compatible; Googlebot/2.1; +http://www.google.com/bot.html)"
66.249.70.1 - - [28/Jul/2024:00:04:41 +0200] "GET /?i=chewy-crumbl-churro-cookies-copycat-recipe-lifestyle-of-a-mm-z1JgqWU5 HTTP/1.1" 200 6975 "-" "Mozilla/5.0 (Linux; Android 6.0.1; Nexus 5X Build/MMB29P) AppleWebKit/537.36 (KHTML, like Gecko) Chrome/126.0.6478.126 Mobile Safari/537.36 (compatible; Googlebot/2.1; +http://www.google.com/bot.html)"
