66.249.70.6 - - [28/Jul/2024:00:04:53 +0200] "GET /?i=colostrum-when-you-start-producing-milk-and-why-your-mm-g3PpGMS7 HTTP/1.1" 200 7547 "-" "Mozilla/5.0 (Linux; Android 6.0.1; Nexus 5X Build/MMB29P) AppleWebKit/537.36 (KHTML, like Gecko) Chrome/126.0.6478.126 Mobile Safari/537.36 (compatible; Googlebot/2.1; +http://www.google.com/bot.html)"
136.243.228.194 - - [28/Jul/2024:00:04:53 +0200] "GET /?i=samsung-unlocked-cell-phones-for-sale-in-new-york-mm-r7J3LoS4 HTTP/1.1" 200 1816 "-" "Mozilla/5.0 (compatible; DataForSeoBot/1.0; +https://dataforseo.com/dataforseo-bot)"
66.249.70.3 - - [28/Jul/2024:00:04:53 +0200] "GET /?i=lecteur-cd-compatible-bluetooth-%C3%A9cran-lcd-lecteur-cd-de-mm-kk2OAxIo HTTP/1.1" 200 7587 "-" "Mozilla/5.0 (Linux; Android 6.0.1; Nexus 5X Build/MMB29P) AppleWebKit/537.36 (KHTML, like Gecko) Chrome/126.0.6478.126 Mobile Safari/537.36 (compatible; Googlebot/2.1; +http://www.google.com/bot.html)"
66.249.70.6 - - [28/Jul/2024:00:04:53 +0200] "GET /?i=new-roblox-series-animation-peripheral-plush-toys-two-dimensional-mm-mgR4BWFX HTTP/1.1" 200 7591 "-" "Mozilla/5.0 (Linux; Android 6.0.1; Nexus 5X Build/MMB29P) AppleWebKit/537.36 (KHTML, like Gecko) Chrome/126.0.6478.126 Mobile Safari/537.36 (compatible; Googlebot/2.1; +http://www.google.com/bot.html)"
66.249.70.4 - - [28/Jul/2024:00:04:53 +0200] "GET /?i=unaza-me-gjel-10-per-meshkuj-tiktok-mm-ME1g5VFo HTTP/1.1" 200 6895 "-" "Mozilla/5.0 (Linux; Android 6.0.1; Nexus 5X Build/MMB29P) AppleWebKit/537.36 (KHTML, like Gecko) Chrome/126.0.6478.126 Mobile Safari/537.36 (compatible; Googlebot/2.1; +http://www.google.com/bot.html)"
66.249.70.3 - - [28/Jul/2024:00:04:53 +0200] "GET /?i=lenovo-thinkpad-t440s-t440-t450-t450s-t460-x240-x240s-mm-5vAD9jFm HTTP/1.1" 200 7754 "-" "Mozilla/5.0 (Linux; Android 6.0.1; Nexus 5X Build/MMB29P) AppleWebKit/537.36 (KHTML, like Gecko) Chrome/126.0.6478.126 Mobile Safari/537.36 (compatible; Googlebot/2.1; +http://www.google.com/bot.html)"
66.249.70.2 - - [28/Jul/2024:00:04:53 +0200] "GET /?i=punjabi-phulkari-suits-punjabi-dress-design-patiala-suit-designs-mm-3dMKK6T6 HTTP/1.1" 200 7260 "-" "Mozilla/5.0 (Linux; Android 6.0.1; Nexus 5X Build/MMB29P) AppleWebKit/537.36 (KHTML, like Gecko) Chrome/126.0.6478.126 Mobile Safari/537.36 (compatible; Googlebot/2.1; +http://www.google.com/bot.html)"
52.167.144.174 - - [28/Jul/2024:00:04:53 +0200] "GET /?i=dev1ce-cs2-settings-crosshair-config-mm-kp6zLGIo HTTP/1.1" 200 10769 "-" "Mozilla/5.0 AppleWebKit/537.36 (KHTML, like Gecko; compatible; bingbot/2.0; +http://www.bing.com/bingbot.htm) Chrome/116.0.1938.76 Safari/537.36"
66.249.70.4 - - [28/Jul/2024:00:04:53 +0200] "GET /?i=please-do-your-research-on-the-just-bc-they-mm-e3Ljwqug HTTP/1.1" 200 10538 "-" "Mozilla/5.0 (Linux; Android 6.0.1; Nexus 5X Build/MMB29P) AppleWebKit/537.36 (KHTML, like Gecko) Chrome/126.0.6478.126 Mobile Safari/537.36 (compatible; Googlebot/2.1; +http://www.google.com/bot.html)"
66.249.70.4 - - [28/Jul/2024:00:04:53 +0200] "GET /?i=mooncake-flavours-and-gift-boxes-2018-mm-XPRXn0HX HTTP/1.1" 200 7920 "-" "Mozilla/5.0 (Linux; Android 6.0.1; Nexus 5X Build/MMB29P) AppleWebKit/537.36 (KHTML, like Gecko) Chrome/126.0.6478.126 Mobile Safari/537.36 (compatible; Googlebot/2.1; +http://www.google.com/bot.html)"
89.205.129.118 - - [28/Jul/2024:00:04:54 +0200] "GET /?i=volkswagen-transporter-2016-from-netherlands-%E2%80%93-plc-auction-mm-dQVd2XCe HTTP/1.1" 200 4355 "https://www.google.com/" "Mozilla/5.0 (Linux; Android 10; K) AppleWebKit/537.36 (KHTML, like Gecko) Chrome/126.0.0.0 Mobile Safari/537.36"
66.249.70.6 - - [28/Jul/2024:00:04:54 +0200] "GET /?i=golf-course-review-ridge-creek-dinuba-golf-club-@jwisocki-mm-6wR5jWtN HTTP/1.1" 200 6662 "-" "Mozilla/5.0 (Linux; Android 6.0.1; Nexus 5X Build/MMB29P) AppleWebKit/537.36 (KHTML, like Gecko) Chrome/126.0.6478.126 Mobile Safari/537.36 (compatible; Googlebot/2.1; +http://www.google.com/bot.html)"
66.249.70.7 - - [28/Jul/2024:00:04:54 +0200] "GET /?i=back-to-school-backpacks-mm-jMx7NwI9 HTTP/1.1" 200 7138 "-" "Mozilla/5.0 (Linux; Android 6.0.1; Nexus 5X Build/MMB29P) AppleWebKit/537.36 (KHTML, like Gecko) Chrome/126.0.6478.126 Mobile Safari/537.36 (compatible; Googlebot/2.1; +http://www.google.com/bot.html)"
66.249.70.7 - - [28/Jul/2024:00:04:54 +0200] "GET /?i=qatar-gets-the-world-cup-final-it-paid-for-mm-1QEv3es7 HTTP/1.1" 200 7751 "-" "Mozilla/5.0 (Linux; Android 6.0.1; Nexus 5X Build/MMB29P) AppleWebKit/537.36 (KHTML, like Gecko) Chrome/126.0.6478.126 Mobile Safari/537.36 (compatible; Googlebot/2.1; +http://www.google.com/bot.html)"
66.249.70.109 - - [28/Jul/2024:00:04:54 +0200] "GET /?m=png-to-pdf-convert-png-to-pdf-online-free-zz-ADw4gNIN HTTP/1.1" 200 10244 "-" "Mozilla/5.0 (Linux; Android 6.0.1; Nexus 5X Build/MMB29P) AppleWebKit/537.36 (KHTML, like Gecko) Chrome/126.0.6478.126 Mobile Safari/537.36 (compatible; GoogleOther)"
66.249.70.7 - - [28/Jul/2024:00:04:54 +0200] "GET /?i=bibi-updates-on-x-%EC%9D%B8%EC%83%9D%EC%9D%80-%EB%82%98%EC%81%9Cx-life-is-is-mm-1z2GWzI7 HTTP/1.1" 200 7426 "-" "Mozilla/5.0 (Linux; Android 6.0.1; Nexus 5X Build/MMB29P) AppleWebKit/537.36 (KHTML, like Gecko) Chrome/126.0.6478.126 Mobile Safari/537.36 (compatible; Googlebot/2.1; +http://www.google.com/bot.html)"
66.249.70.4 - - [28/Jul/2024:00:04:54 +0200] "GET /?i=africa-2000ad-r-imaginarymaps-mm-VwgrzI6 HTTP/1.1" 200 6558 "-" "Mozilla/5.0 (Linux; Android 6.0.1; Nexus 5X Build/MMB29P) AppleWebKit/537.36 (KHTML, like Gecko) Chrome/126.0.6478.126 Mobile Safari/537.36 (compatible; Googlebot/2.1; +http://www.google.com/bot.html)"
66.249.70.2 - - [28/Jul/2024:00:04:54 +0200] "GET /ru/?i=milling-machine-axis-mikron-mill-p-500-consistent-performance-mm-Q1mgPDiX HTTP/1.1" 200 7263 "-" "Mozilla/5.0 (Linux; Android 6.0.1; Nexus 5X Build/MMB29P) AppleWebKit/537.36 (KHTML, like Gecko) Chrome/126.0.6478.126 Mobile Safari/537.36 (compatible; Googlebot/2.1; +http://www.google.com/bot.html)"
52.167.144.174 - - [28/Jul/2024:00:04:54 +0200] "GET /?i=biopolymer-based-materials-as-alternative-greener-binders-for-sustainable-mm-oKBaxwHL HTTP/1.1" 200 7167 "-" "Mozilla/5.0 AppleWebKit/537.36 (KHTML, like Gecko; compatible; bingbot/2.0; +http://www.bing.com/bingbot.htm) Chrome/116.0.1938.76 Safari/537.36"
66.249.70.8 - - [28/Jul/2024:00:04:54 +0200] "GET /?i=black-ops-fast-strike-vehicle-black-friday-special-offer-mm-1kX1grT7 HTTP/1.1" 200 7060 "-" "Mozilla/5.0 (Linux; Android 6.0.1; Nexus 5X Build/MMB29P) AppleWebKit/537.36 (KHTML, like Gecko) Chrome/126.0.6478.126 Mobile Safari/537.36 (compatible; Googlebot/2.1; +http://www.google.com/bot.html)"
66.249.70.3 - - [28/Jul/2024:00:04:54 +0200] "GET /?i=the-10-best-pour-over-coffee-makers-of-2023-mm-Mq3Xdaco HTTP/1.1" 200 7265 "-" "Mozilla/5.0 (Linux; Android 6.0.1; Nexus 5X Build/MMB29P) AppleWebKit/537.36 (KHTML, like Gecko) Chrome/126.0.6478.126 Mobile Safari/537.36 (compatible; Googlebot/2.1; +http://www.google.com/bot.html)"
66.249.70.6 - - [28/Jul/2024:00:04:54 +0200] "GET /?i=yerf-dog-cuv-rover-scout-gy6-150cc-engine-guaranteed-mm-w2qWbgfk HTTP/1.1" 200 7357 "-" "Mozilla/5.0 (Linux; Android 6.0.1; Nexus 5X Build/MMB29P) AppleWebKit/537.36 (KHTML, like Gecko) Chrome/126.0.6478.126 Mobile Safari/537.36 (compatible; Googlebot/2.1; +http://www.google.com/bot.html)"
66.249.70.3 - - [28/Jul/2024:00:04:55 +0200] "GET /?i=file-orange-and-yellow-hdpe-wikipedia-mm-Lb0qWNFd HTTP/1.1" 200 10835 "-" "Mozilla/5.0 (Linux; Android 6.0.1; Nexus 5X Build/MMB29P) AppleWebKit/537.36 (KHTML, like Gecko) Chrome/126.0.6478.126 Mobile Safari/537.36 (compatible; Googlebot/2.1; +http://www.google.com/bot.html)"
66.249.70.1 - - [28/Jul/2024:00:04:55 +0200] "GET /?i=clase-azul-price-guide-find-the-perfect-bottle-of-mm-4WR5M5i6 HTTP/1.1" 200 7490 "-" "Mozilla/5.0 (Linux; Android 6.0.1; Nexus 5X Build/MMB29P) AppleWebKit/537.36 (KHTML, like Gecko) Chrome/126.0.6478.126 Mobile Safari/537.36 (compatible; Googlebot/2.1; +http://www.google.com/bot.html)"
66.249.70.3 - - [28/Jul/2024:00:04:55 +0200] "GET /?i=dpt-pregnancy-test-progression%EF%BD%9Ctiktok-search-mm-5AL0DjSm HTTP/1.1" 200 10678 "-" "Mozilla/5.0 (Linux; Android 6.0.1; Nexus 5X Build/MMB29P) AppleWebKit/537.36 (KHTML, like Gecko) Chrome/126.0.6478.126 Mobile Safari/537.36 (compatible; Googlebot/2.1; +http://www.google.com/bot.html)"
52.167.144.174 - - [28/Jul/2024:00:04:55 +0200] "GET /?i=sdi-12-commands-m-N0m0BOtd HTTP/1.1" 200 4377 "-" "Mozilla/5.0 AppleWebKit/537.36 (KHTML, like Gecko; compatible; bingbot/2.0; +http://www.bing.com/bingbot.htm) Chrome/116.0.1938.76 Safari/537.36"
66.249.70.6 - - [28/Jul/2024:00:04:55 +0200] "GET /?i=mono-open-at-wib-sunday-off-on-x-project-mm-RLej9pC5 HTTP/1.1" 200 6871 "-" "Mozilla/5.0 (Linux; Android 6.0.1; Nexus 5X Build/MMB29P) AppleWebKit/537.36 (KHTML, like Gecko) Chrome/126.0.6478.126 Mobile Safari/537.36 (compatible; Googlebot/2.1; +http://www.google.com/bot.html)"
66.249.70.6 - - [28/Jul/2024:00:04:55 +0200] "GET /?i=karahana-2931-engagement-rings-niwaka-online-store-mm-1AJ4e7u7 HTTP/1.1" 200 6937 "-" "Mozilla/5.0 (Linux; Android 6.0.1; Nexus 5X Build/MMB29P) AppleWebKit/537.36 (KHTML, like Gecko) Chrome/126.0.6478.126 Mobile Safari/537.36 (compatible; Googlebot/2.1; +http://www.google.com/bot.html)"
5.90.204.110 - - [28/Jul/2024:00:04:55 +0200] "GET /?i=snag-tights-do-you-a-a-body-b-a-mm-MLMvJzSo HTTP/1.1" 200 4355 "https://www.google.com/" "Mozilla/5.0 (Linux; Android 11; SM-A127F) AppleWebKit/537.36 (KHTML, like Gecko) Chrome/87.0.4280.141 Mobile Safari/537.36"
66.249.70.7 - - [28/Jul/2024:00:04:55 +0200] "GET /?i=amd-radeon-rx-6800-xt-price-specs-and-more-mm-X16M2pCX HTTP/1.1" 200 7296 "-" "Mozilla/5.0 (Linux; Android 6.0.1; Nexus 5X Build/MMB29P) AppleWebKit/537.36 (KHTML, like Gecko) Chrome/126.0.6478.126 Mobile Safari/537.36 (compatible; Googlebot/2.1; +http://www.google.com/bot.html)"
66.249.70.4 - - [28/Jul/2024:00:04:55 +0200] "GET /it/?i=ryan-dante-yuffie-kisaragi-final-fantasy-vii-fanart-mm-kqpKdGfo HTTP/1.1" 200 11731 "-" "Mozilla/5.0 (Linux; Android 6.0.1; Nexus 5X Build/MMB29P) AppleWebKit/537.36 (KHTML, like Gecko) Chrome/126.0.6478.126 Mobile Safari/537.36 (compatible; GoogleOther)"
66.249.70.2 - - [28/Jul/2024:00:04:55 +0200] "GET /?i=file-seal-of-miami-wikipedia-mm-1QeVvzT7 HTTP/1.1" 200 7088 "-" "Mozilla/5.0 (Linux; Android 6.0.1; Nexus 5X Build/MMB29P) AppleWebKit/537.36 (KHTML, like Gecko) Chrome/126.0.6478.126 Mobile Safari/537.36 (compatible; Googlebot/2.1; +http://www.google.com/bot.html)"
52.167.144.174 - - [28/Jul/2024:00:04:55 +0200] "GET /?i=pixar-ai-movie-posters-m-gd2XB2H7 HTTP/1.1" 200 4942 "-" "Mozilla/5.0 (iPhone; CPU iPhone OS 7_0 like Mac OS X) AppleWebKit/537.51.1 (KHTML, like Gecko) Version/7.0 Mobile/11A465 Safari/9537.53 (compatible; bingbot/2.0; +http://www.bing.com/bingbot.htm)"
66.249.70.7 - - [28/Jul/2024:00:04:55 +0200] "GET /?i=latitude-64%C2%B0-disc-golf-set-spz-%E2%80%93-london-disc-mm-eWENeRsg HTTP/1.1" 200 7658 "-" "Mozilla/5.0 (Linux; Android 6.0.1; Nexus 5X Build/MMB29P) AppleWebKit/537.36 (KHTML, like Gecko) Chrome/126.0.6478.126 Mobile Safari/537.36 (compatible; Googlebot/2.1; +http://www.google.com/bot.html)"
66.249.70.6 - - [28/Jul/2024:00:04:55 +0200] "GET /?i=sold-bravado-tribute-18x10-matte-black-wheels-with-mickey-mm-VvRA0Mu6 HTTP/1.1" 200 7486 "-" "Mozilla/5.0 (Linux; Android 6.0.1; Nexus 5X Build/MMB29P) AppleWebKit/537.36 (KHTML, like Gecko) Chrome/126.0.6478.126 Mobile Safari/537.36 (compatible; Googlebot/2.1; +http://www.google.com/bot.html)"
66.249.70.8 - - [28/Jul/2024:00:04:55 +0200] "GET /?i=solved-texts-a-calculate-ssxx-ssyy-and-leave-no-mm-BxOYDzsV HTTP/1.1" 200 7454 "-" "Mozilla/5.0 (Linux; Android 6.0.1; Nexus 5X Build/MMB29P) AppleWebKit/537.36 (KHTML, like Gecko) Chrome/126.0.6478.126 Mobile Safari/537.36 (compatible; Googlebot/2.1; +http://www.google.com/bot.html)"
66.249.70.4 - - [28/Jul/2024:00:04:55 +0200] "GET /it/?i=buddy-meaning-of-buddy-what-does-buddy-mean-mm-j7apW3H9 HTTP/1.1" 200 6654 "-" "Mozilla/5.0 (Linux; Android 6.0.1; Nexus 5X Build/MMB29P) AppleWebKit/537.36 (KHTML, like Gecko) Chrome/126.0.6478.126 Mobile Safari/537.36 (compatible; Googlebot/2.1; +http://www.google.com/bot.html)"
66.249.70.4 - - [28/Jul/2024:00:04:56 +0200] "GET /?i=treated-railroad-bridge-timbers-materials-by-owner-sale-craigslist-mm-D9w6wDsk HTTP/1.1" 200 6962 "-" "Mozilla/5.0 (Linux; Android 6.0.1; Nexus 5X Build/MMB29P) AppleWebKit/537.36 (KHTML, like Gecko) Chrome/126.0.6478.126 Mobile Safari/537.36 (compatible; Googlebot/2.1; +http://www.google.com/bot.html)"
189.172.106.80 - - [28/Jul/2024:00:04:56 +0200] "GET /it/?i=como-poner-el-resorte-del-pedal-de-freno-f%C3%A1cil-mm-2weorkFj HTTP/1.1" 200 4355 "https://www.google.com/" "Mozilla/5.0 (Linux; Android 10; K) AppleWebKit/537.36 (KHTML, like Gecko) Chrome/126.0.0.0 Mobile Safari/537.36"
66.249.70.3 - - [28/Jul/2024:00:04:56 +0200] "GET /?i=apc-srv6kil-easy-ups-on-line-srv-6000va-230v-mm-V66pYeC6 HTTP/1.1" 200 7422 "-" "Mozilla/5.0 (Linux; Android 6.0.1; Nexus 5X Build/MMB29P) AppleWebKit/537.36 (KHTML, like Gecko) Chrome/126.0.6478.126 Mobile Safari/537.36 (compatible; Googlebot/2.1; +http://www.google.com/bot.html)"
52.167.144.174 - - [28/Jul/2024:00:04:56 +0200] "GET /?i=centre-county-library-branches-reopen-for-limited-in-person-mm-nKbGQASE HTTP/1.1" 200 7265 "-" "Mozilla/5.0 AppleWebKit/537.36 (KHTML, like Gecko; compatible; bingbot/2.0; +http://www.bing.com/bingbot.htm) Chrome/116.0.1938.76 Safari/537.36"
66.249.70.3 - - [28/Jul/2024:00:04:56 +0200] "GET /?i=about-us-%E2%80%93-pvc-pipes-manufacturer-mm-WPnoqQSe HTTP/1.1" 200 7023 "-" "Mozilla/5.0 (Linux; Android 6.0.1; Nexus 5X Build/MMB29P) AppleWebKit/537.36 (KHTML, like Gecko) Chrome/126.0.6478.126 Mobile Safari/537.36 (compatible; Googlebot/2.1; +http://www.google.com/bot.html)"
66.249.70.2 - - [28/Jul/2024:00:04:56 +0200] "GET /?i=zulu-woman-portrait-portrait-of-a-young-zulu-tribe-mm-9M3MXS7 HTTP/1.1" 200 6975 "-" "Mozilla/5.0 (Linux; Android 6.0.1; Nexus 5X Build/MMB29P) AppleWebKit/537.36 (KHTML, like Gecko) Chrome/126.0.6478.126 Mobile Safari/537.36 (compatible; Googlebot/2.1; +http://www.google.com/bot.html)"
66.249.70.7 - - [28/Jul/2024:00:04:56 +0200] "GET /?i=herramienta-drpn-renta-no-laboral-pdf-inversiones-salario-mm-LEawNnUd HTTP/1.1" 200 6295 "-" "Mozilla/5.0 (Linux; Android 6.0.1; Nexus 5X Build/MMB29P) AppleWebKit/537.36 (KHTML, like Gecko) Chrome/126.0.6478.126 Mobile Safari/537.36 (compatible; Googlebot/2.1; +http://www.google.com/bot.html)"
66.249.70.3 - - [28/Jul/2024:00:04:56 +0200] "GET /?i=belkin-usb-c-to-hdmi-adapter-apple-mm-JBrb0vT1 HTTP/1.1" 200 7048 "-" "Mozilla/5.0 (Linux; Android 6.0.1; Nexus 5X Build/MMB29P) AppleWebKit/537.36 (KHTML, like Gecko) Chrome/126.0.6478.126 Mobile Safari/537.36 (compatible; Googlebot/2.1; +http://www.google.com/bot.html)"
66.249.70.109 - - [28/Jul/2024:00:04:56 +0200] "GET /?m=hsk-level-words-sentences-without-pinyin-pdf-version-zz-JD34l3Sg HTTP/1.1" 200 10624 "-" "Mozilla/5.0 (Linux; Android 6.0.1; Nexus 5X Build/MMB29P) AppleWebKit/537.36 (KHTML, like Gecko) Chrome/126.0.6478.126 Mobile Safari/537.36 (compatible; GoogleOther)"
66.249.70.2 - - [28/Jul/2024:00:04:56 +0200] "GET /?i=decorative-cast-iron-trivet-for-kitchen-or-dining-table-mm-xg24xAHq HTTP/1.1" 200 7704 "-" "Mozilla/5.0 (Linux; Android 6.0.1; Nexus 5X Build/MMB29P) AppleWebKit/537.36 (KHTML, like Gecko) Chrome/126.0.6478.126 Mobile Safari/537.36 (compatible; Googlebot/2.1; +http://www.google.com/bot.html)"
66.249.70.7 - - [28/Jul/2024:00:04:56 +0200] "GET /?i=waterpark-%E2%80%93-ski-ride-or-slide-at-yawgoo-valley-mm-qRko6rhj HTTP/1.1" 200 6749 "-" "Mozilla/5.0 (Linux; Android 6.0.1; Nexus 5X Build/MMB29P) AppleWebKit/537.36 (KHTML, like Gecko) Chrome/126.0.6478.126 Mobile Safari/537.36 (compatible; Googlebot/2.1; +http://www.google.com/bot.html)"
66.249.70.4 - - [28/Jul/2024:00:04:56 +0200] "GET /?i=captivating-tales-delve-into-the-mythical-world-of-chinese-mm-gKAYeMc7 HTTP/1.1" 200 7186 "-" "Mozilla/5.0 (Linux; Android 6.0.1; Nexus 5X Build/MMB29P) AppleWebKit/537.36 (KHTML, like Gecko) Chrome/126.0.6478.126 Mobile Safari/537.36 (compatible; Googlebot/2.1; +http://www.google.com/bot.html)"
66.249.70.109 - - [28/Jul/2024:00:04:57 +0200] "GET /?m=st-john-first-aid-course-questions-answers-pdf-first-zz-MD3Z38S4 HTTP/1.1" 200 7347 "-" "Mozilla/5.0 (Linux; Android 6.0.1; Nexus 5X Build/MMB29P) AppleWebKit/537.36 (KHTML, like Gecko) Chrome/126.0.6478.126 Mobile Safari/537.36 (compatible; GoogleOther)"
66.249.70.2 - - [28/Jul/2024:00:04:57 +0200] "GET /index.php/8bdenzaido28bd4549077564887?i=wars-of-india-m-LrDLPnSd HTTP/1.1" 200 9290 "-" "Mozilla/5.0 (Linux; Android 6.0.1; Nexus 5X Build/MMB29P) AppleWebKit/537.36 (KHTML, like Gecko) Chrome/126.0.6478.126 Mobile Safari/537.36 (compatible; Googlebot/2.1; +http://www.google.com/bot.html)"
66.249.70.3 - - [28/Jul/2024:00:04:57 +0200] "GET /?i=download-gcam-apk-for-realme-10-pro-[latest-gcam-mm-W0nO2dfe HTTP/1.1" 200 7148 "-" "Mozilla/5.0 (Linux; Android 6.0.1; Nexus 5X Build/MMB29P) AppleWebKit/537.36 (KHTML, like Gecko) Chrome/126.0.6478.126 Mobile Safari/537.36 (compatible; Googlebot/2.1; +http://www.google.com/bot.html)"
66.249.70.5 - - [28/Jul/2024:00:04:57 +0200] "GET /?i=fortigate-vm-azure-pdf-cloud-computing-virtual-private-network-mm-w7OYawik HTTP/1.1" 200 10867 "-" "Mozilla/5.0 (Linux; Android 6.0.1; Nexus 5X Build/MMB29P) AppleWebKit/537.36 (KHTML, like Gecko) Chrome/126.0.6478.126 Mobile Safari/537.36 (compatible; Googlebot/2.1; +http://www.google.com/bot.html)"
66.249.70.6 - - [28/Jul/2024:00:04:57 +0200] "GET /?i=nike-glow-star-runner-sneakers-mm-gPoBWJH7 HTTP/1.1" 200 7025 "-" "Mozilla/5.0 (Linux; Android 6.0.1; Nexus 5X Build/MMB29P) AppleWebKit/537.36 (KHTML, like Gecko) Chrome/126.0.6478.126 Mobile Safari/537.36 (compatible; Googlebot/2.1; +http://www.google.com/bot.html)"
66.249.70.5 - - [28/Jul/2024:00:04:57 +0200] "GET /?i=%E9%9B%85%E9%A9%AC%E5%93%88%E7%94%B5%E5%AD%90%E7%90%B4yamaha-psr-520-psr-540-psr-560-%E7%94%B5%E6%BA%90%E9%80%82%E9%85%8D%E5%99%A8-taobao-mm-7p1MQAT0 HTTP/1.1" 200 11465 "-" "Mozilla/5.0 (Linux; Android 6.0.1; Nexus 5X Build/MMB29P) AppleWebKit/537.36 (KHTML, like Gecko) Chrome/126.0.6478.126 Mobile Safari/537.36 (compatible; Googlebot/2.1; +http://www.google.com/bot.html)"
136.243.228.194 - - [28/Jul/2024:00:04:57 +0200] "GET /?i=realcase-samsung-s21-fe-5g-back-cover-scratch-resistant-mm-K2PnARiN HTTP/1.1" 200 1816 "-" "Mozilla/5.0 (compatible; DataForSeoBot/1.0; +https://dataforseo.com/dataforseo-bot)"
66.249.70.3 - - [28/Jul/2024:00:04:57 +0200] "GET /?i=github-ufrisk-pcileech-direct-memory-access-dma-attack-software-mm-Eqx4YNu3 HTTP/1.1" 200 7408 "-" "Mozilla/5.0 (Linux; Android 6.0.1; Nexus 5X Build/MMB29P) AppleWebKit/537.36 (KHTML, like Gecko) Chrome/126.0.6478.126 Mobile Safari/537.36 (compatible; Googlebot/2.1; +http://www.google.com/bot.html)"
66.249.70.1 - - [28/Jul/2024:00:04:57 +0200] "GET /?i=guayaba-catering-lasagna-mm-7Mbgdwi0 HTTP/1.1" 200 11180 "-" "Mozilla/5.0 (Linux; Android 6.0.1; Nexus 5X Build/MMB29P) AppleWebKit/537.36 (KHTML, like Gecko) Chrome/126.0.6478.126 Mobile Safari/537.36 (compatible; Googlebot/2.1; +http://www.google.com/bot.html)"
66.249.70.6 - - [28/Jul/2024:00:04:57 +0200] "GET /it/?i=3400+-dc-comics-hd-wallpapers-and-backgrounds-mm-973Y1eS7 HTTP/1.1" 200 6710 "-" "Mozilla/5.0 (Linux; Android 6.0.1; Nexus 5X Build/MMB29P) AppleWebKit/537.36 (KHTML, like Gecko) Chrome/126.0.6478.126 Mobile Safari/537.36 (compatible; Googlebot/2.1; +http://www.google.com/bot.html)"
66.249.70.7 - - [28/Jul/2024:00:04:57 +0200] "GET /?i=chemical-and-biological-aspects-of-posaconazole-as-a-classic-mm-W7mAOQue HTTP/1.1" 200 6757 "-" "Mozilla/5.0 (Linux; Android 6.0.1; Nexus 5X Build/MMB29P) AppleWebKit/537.36 (KHTML, like Gecko) Chrome/126.0.6478.126 Mobile Safari/537.36 (compatible; Googlebot/2.1; +http://www.google.com/bot.html)"
66.249.70.6 - - [28/Jul/2024:00:04:57 +0200] "GET /?i=pfaltzgraff-studio-aster-red-flower-12-coffee-mug-mugs-mm-wo1VJeik HTTP/1.1" 200 7257 "-" "Mozilla/5.0 (Linux; Android 6.0.1; Nexus 5X Build/MMB29P) AppleWebKit/537.36 (KHTML, like Gecko) Chrome/126.0.6478.126 Mobile Safari/537.36 (compatible; Googlebot/2.1; +http://www.google.com/bot.html)"
66.249.70.3 - - [28/Jul/2024:00:04:58 +0200] "GET /?i=woolworths-sa-on-x-make-month-end-work-for-mm-gGMM3Jh7 HTTP/1.1" 200 7697 "-" "Mozilla/5.0 (Linux; Android 6.0.1; Nexus 5X Build/MMB29P) AppleWebKit/537.36 (KHTML, like Gecko) Chrome/126.0.6478.126 Mobile Safari/537.36 (compatible; Googlebot/2.1; +http://www.google.com/bot.html)"
66.249.70.2 - - [28/Jul/2024:00:04:58 +0200] "GET /?i=1pc-electric-sandwich-maker-in-mini-waffle-maker-waffle-mm-Kxp170SN HTTP/1.1" 200 7684 "-" "Mozilla/5.0 (Linux; Android 6.0.1; Nexus 5X Build/MMB29P) AppleWebKit/537.36 (KHTML, like Gecko) Chrome/126.0.6478.126 Mobile Safari/537.36 (compatible; Googlebot/2.1; +http://www.google.com/bot.html)"
66.249.70.1 - - [28/Jul/2024:00:04:58 +0200] "GET /it/?i=era-cenozoica-by-rafael-dos-santos-ver%C3%ADssimo-on-prezi-mm-1oM9nbc7 HTTP/1.1" 200 7029 "-" "Mozilla/5.0 (Linux; Android 6.0.1; Nexus 5X Build/MMB29P) AppleWebKit/537.36 (KHTML, like Gecko) Chrome/126.0.6478.126 Mobile Safari/537.36 (compatible; Googlebot/2.1; +http://www.google.com/bot.html)"
66.249.70.2 - - [28/Jul/2024:00:04:58 +0200] "GET /?i=birthmark-cover-up%EF%BD%9Ctiktok-search-mm-v31K5GIV HTTP/1.1" 200 7185 "-" "Mozilla/5.0 (Linux; Android 6.0.1; Nexus 5X Build/MMB29P) AppleWebKit/537.36 (KHTML, like Gecko) Chrome/126.0.6478.126 Mobile Safari/537.36 (compatible; Googlebot/2.1; +http://www.google.com/bot.html)"
66.249.70.3 - - [28/Jul/2024:00:04:58 +0200] "GET /?i=competitive-benzo-18-crown-6-[14098-24-9]-gm-mm-LJWbm0Fd HTTP/1.1" 200 7099 "-" "Mozilla/5.0 (Linux; Android 6.0.1; Nexus 5X Build/MMB29P) AppleWebKit/537.36 (KHTML, like Gecko) Chrome/126.0.6478.126 Mobile Safari/537.36 (compatible; Googlebot/2.1; +http://www.google.com/bot.html)"
66.249.70.4 - - [28/Jul/2024:00:04:58 +0200] "GET /?i=smc-letter-logo-design-in-vector-logo-calligraphy-designs-mm-QEbK0RSX HTTP/1.1" 200 6659 "-" "Mozilla/5.0 (Linux; Android 6.0.1; Nexus 5X Build/MMB29P) AppleWebKit/537.36 (KHTML, like Gecko) Chrome/126.0.6478.126 Mobile Safari/537.36 (compatible; Googlebot/2.1; +http://www.google.com/bot.html)"
66.249.70.8 - - [28/Jul/2024:00:04:58 +0200] "GET /?i=dhs-secretary-alejandro-mayorkas-recognizes-dhs-employees-flickr-mm-a52EYbuN HTTP/1.1" 200 7070 "-" "Mozilla/5.0 (Linux; Android 6.0.1; Nexus 5X Build/MMB29P) AppleWebKit/537.36 (KHTML, like Gecko) Chrome/126.0.6478.126 Mobile Safari/537.36 (compatible; Googlebot/2.1; +http://www.google.com/bot.html)"
66.249.70.4 - - [28/Jul/2024:00:04:58 +0200] "GET /?i=sj-echo-long-queue-at-usj8-police-here-s-mm-enn9nETg HTTP/1.1" 200 6897 "-" "Mozilla/5.0 (Linux; Android 6.0.1; Nexus 5X Build/MMB29P) AppleWebKit/537.36 (KHTML, like Gecko) Chrome/126.0.6478.126 Mobile Safari/537.36 (compatible; Googlebot/2.1; +http://www.google.com/bot.html)"
66.249.70.109 - - [28/Jul/2024:00:04:58 +0200] "GET /?m=1601-dasar-dasar-getaran-mekanis-pdf-pdf-zz-94LNlwUZ HTTP/1.1" 200 7325 "-" "Mozilla/5.0 (Linux; Android 6.0.1; Nexus 5X Build/MMB29P) AppleWebKit/537.36 (KHTML, like Gecko) Chrome/126.0.6478.126 Mobile Safari/537.36 (compatible; GoogleOther)"
66.249.70.3 - - [28/Jul/2024:00:04:58 +0200] "GET /?i=25-fils-khalifa-magnetic-united-arab-emirates-%E2%80%93-numista-mm-d2E0kDSe HTTP/1.1" 200 10993 "-" "Mozilla/5.0 (Linux; Android 6.0.1; Nexus 5X Build/MMB29P) AppleWebKit/537.36 (KHTML, like Gecko) Chrome/126.0.6478.126 Mobile Safari/537.36 (compatible; Googlebot/2.1; +http://www.google.com/bot.html)"
66.249.70.1 - - [28/Jul/2024:00:04:58 +0200] "GET /?i=minimum-wages-in-jammu-and-kashmir-october-2022-%C2%BB-mm-v1LQYGTV HTTP/1.1" 200 6881 "-" "Mozilla/5.0 (Linux; Android 6.0.1; Nexus 5X Build/MMB29P) AppleWebKit/537.36 (KHTML, like Gecko) Chrome/126.0.6478.126 Mobile Safari/537.36 (compatible; Googlebot/2.1; +http://www.google.com/bot.html)"
66.249.70.2 - - [28/Jul/2024:00:04:59 +0200] "GET /?i=teacher-graduate-photoshoot-almost-looks-like-snow-white-graduation-mm-k1Pn30ho HTTP/1.1" 200 7426 "-" "Mozilla/5.0 (Linux; Android 6.0.1; Nexus 5X Build/MMB29P) AppleWebKit/537.36 (KHTML, like Gecko) Chrome/126.0.6478.126 Mobile Safari/537.36 (compatible; Googlebot/2.1; +http://www.google.com/bot.html)"
66.249.70.5 - - [28/Jul/2024:00:04:59 +0200] "GET /?i=this-is-playlist-by-spotify-spotify-mm-KQRm6PCN HTTP/1.1" 200 8006 "-" "Mozilla/5.0 (Linux; Android 6.0.1; Nexus 5X Build/MMB29P) AppleWebKit/537.36 (KHTML, like Gecko) Chrome/126.0.6478.126 Mobile Safari/537.36 (compatible; Googlebot/2.1; +http://www.google.com/bot.html)"
66.249.70.7 - - [28/Jul/2024:00:04:59 +0200] "GET /?i=%E0%A4%B8%E0%A5%8D%E0%A4%95%E0%A4%BF%E0%A4%A8-%E0%A4%8F%E0%A4%B2%E0%A4%B0%E0%A5%8D%E0%A4%9C%E0%A5%80-%E0%A4%95%E0%A4%BE%E0%A4%B0%E0%A4%A3-%E0%A4%B2%E0%A4%95%E0%A5%8D%E0%A4%B7%E0%A4%A3-%E0%A4%94%E0%A4%B0-%E0%A4%87%E0%A4%B2%E0%A4%BE%E0%A4%9C-skin-allergy-causes-mm-qJdemPIj HTTP/1.1" 200 7733 "-" "Mozilla/5.0 (Linux; Android 6.0.1; Nexus 5X Build/MMB29P) AppleWebKit/537.36 (KHTML, like Gecko) Chrome/126.0.6478.126 Mobile Safari/537.36 (compatible; Googlebot/2.1; +http://www.google.com/bot.html)"
66.249.70.8 - - [28/Jul/2024:00:04:59 +0200] "GET /?i=new-65w-adapter-charger-la65ns2-01-0g6j41-mgjn9-for-mm-W0BNAVie HTTP/1.1" 200 8005 "-" "Mozilla/5.0 (Linux; Android 6.0.1; Nexus 5X Build/MMB29P) AppleWebKit/537.36 (KHTML, like Gecko) Chrome/126.0.6478.126 Mobile Safari/537.36 (compatible; Googlebot/2.1; +http://www.google.com/bot.html)"
66.249.70.1 - - [28/Jul/2024:00:04:59 +0200] "GET /?i=%D0%A1%D1%82%D0%B8%D1%80%D0%B0%D0%BB%D1%8C%D0%BD%D0%B0%D1%8F-%D0%BC%D0%B0%D1%88%D0%B8%D0%BD%D0%B0-lg-f2h9hs2w-f2h9hs2s-%D0%BA%D0%B3-1200-mm-G9bvLzFd HTTP/1.1" 200 7557 "-" "Mozilla/5.0 (Linux; Android 6.0.1; Nexus 5X Build/MMB29P) AppleWebKit/537.36 (KHTML, like Gecko) Chrome/126.0.6478.126 Mobile Safari/537.36 (compatible; Googlebot/2.1; +http://www.google.com/bot.html)"
66.249.70.6 - - [28/Jul/2024:00:04:59 +0200] "GET /?i=bendera-negara-negara-asia-timur-beserta-nama-ibukota-mm-J0Xn2wU1 HTTP/1.1" 200 7059 "-" "Mozilla/5.0 (Linux; Android 6.0.1; Nexus 5X Build/MMB29P) AppleWebKit/537.36 (KHTML, like Gecko) Chrome/126.0.6478.126 Mobile Safari/537.36 (compatible; Googlebot/2.1; +http://www.google.com/bot.html)"
66.249.70.3 - - [28/Jul/2024:00:04:59 +0200] "GET /it/?i=big-bang-theory-season-episode-23-penny-s-scalloped-mm-ENdRwkC3 HTTP/1.1" 200 6966 "-" "Mozilla/5.0 (Linux; Android 6.0.1; Nexus 5X Build/MMB29P) AppleWebKit/537.36 (KHTML, like Gecko) Chrome/126.0.6478.126 Mobile Safari/537.36 (compatible; Googlebot/2.1; +http://www.google.com/bot.html)"
66.249.70.2 - - [28/Jul/2024:00:04:59 +0200] "GET /?i=top-10-benefits-of-teamwork-you-must-know-bit-mm-J6O1wvH1 HTTP/1.1" 200 6661 "-" "Mozilla/5.0 (Linux; Android 6.0.1; Nexus 5X Build/MMB29P) AppleWebKit/537.36 (KHTML, like Gecko) Chrome/126.0.6478.126 Mobile Safari/537.36 (compatible; Googlebot/2.1; +http://www.google.com/bot.html)"
155.158.84.165 - - [28/Jul/2024:00:04:59 +0200] "GET /?i=straight-talk-apple-iphone-se-2022-3rd-gen-5g-mm-9dOmnes7 HTTP/1.1" 200 4355 "https://www.google.com/" "Mozilla/5.0 (iPad; CPU OS 17_5 like Mac OS X) AppleWebKit/605.1.15 (KHTML, like Gecko) GSA/326.0.653331328 Mobile/15E148 Safari/604.1"
66.249.70.7 - - [28/Jul/2024:00:04:59 +0200] "GET /?i=the-j-r-group-financial-advisors-in-chicago-il-mm-g2JX7gt7 HTTP/1.1" 200 6969 "-" "Mozilla/5.0 (Linux; Android 6.0.1; Nexus 5X Build/MMB29P) AppleWebKit/537.36 (KHTML, like Gecko) Chrome/126.0.6478.126 Mobile Safari/537.36 (compatible; Googlebot/2.1; +http://www.google.com/bot.html)"
66.249.70.8 - - [28/Jul/2024:00:04:59 +0200] "GET /?i=canon-ixus-75-canon-sd750-ixy-digital-90-sd-mm-7g9vLzT0 HTTP/1.1" 200 7663 "-" "Mozilla/5.0 (Linux; Android 6.0.1; Nexus 5X Build/MMB29P) AppleWebKit/537.36 (KHTML, like Gecko) Chrome/126.0.6478.126 Mobile Safari/537.36 (compatible; Googlebot/2.1; +http://www.google.com/bot.html)"
157.55.39.62 - - [28/Jul/2024:00:04:59 +0200] "GET /?i=9th-circ-coa-ruling-pdf-pdf-qualified-immunity-summary-mm-050mvgIx HTTP/1.1" 200 9967 "-" "Mozilla/5.0 AppleWebKit/537.36 (KHTML, like Gecko; compatible; bingbot/2.0; +http://www.bing.com/bingbot.htm) Chrome/116.0.1938.76 Safari/537.36"
66.249.70.6 - - [28/Jul/2024:00:04:59 +0200] "GET /?i=some-cool-2-d-profile-pics-r-gorillaz-mm-7gJ1dwH0 HTTP/1.1" 200 6770 "-" "Mozilla/5.0 (Linux; Android 6.0.1; Nexus 5X Build/MMB29P) AppleWebKit/537.36 (KHTML, like Gecko) Chrome/126.0.6478.126 Mobile Safari/537.36 (compatible; Googlebot/2.1; +http://www.google.com/bot.html)"
66.249.70.2 - - [28/Jul/2024:00:05:00 +0200] "GET /?i=rod-torque-redline-from-cars-r-gtavcustoms-mm-xw5nVmfq HTTP/1.1" 200 7880 "-" "Mozilla/5.0 (Linux; Android 6.0.1; Nexus 5X Build/MMB29P) AppleWebKit/537.36 (KHTML, like Gecko) Chrome/126.0.6478.126 Mobile Safari/537.36 (compatible; Googlebot/2.1; +http://www.google.com/bot.html)"
66.249.70.3 - - [28/Jul/2024:00:04:57 +0200] "GET /news/?brand=%E0%B8%AA%E0%B8%A5%E0%B9%87%E0%B8%AD%E0%B8%95%20%E0%B8%97%E0%B8%B1%E0%B9%89%E0%B8%87%E0%B8%AB%E0%B8%A1%E0%B8%94 HTTP/1.1" 200 26032 "-" "Mozilla/5.0 (Linux; Android 6.0.1; Nexus 5X Build/MMB29P) AppleWebKit/537.36 (KHTML, like Gecko) Chrome/126.0.6478.126 Mobile Safari/537.36 (compatible; Googlebot/2.1; +http://www.google.com/bot.html)"
66.249.70.1 - - [28/Jul/2024:00:05:00 +0200] "GET /?i=to-celebrate-the-100th-build-here-is-an-update-mm-0QY2BKHx HTTP/1.1" 200 7585 "-" "Mozilla/5.0 (Linux; Android 6.0.1; Nexus 5X Build/MMB29P) AppleWebKit/537.36 (KHTML, like Gecko) Chrome/126.0.6478.126 Mobile Safari/537.36 (compatible; Googlebot/2.1; +http://www.google.com/bot.html)"
66.249.70.6 - - [28/Jul/2024:00:05:00 +0200] "GET /?i=why-does-gandalf-say-%E2%80%9Cfly-you-fools-%E2%80%9D-%E2%80%93-mm-EJbPNt3 HTTP/1.1" 200 7938 "-" "Mozilla/5.0 (Linux; Android 6.0.1; Nexus 5X Build/MMB29P) AppleWebKit/537.36 (KHTML, like Gecko) Chrome/126.0.6478.126 Mobile Safari/537.36 (compatible; Googlebot/2.1; +http://www.google.com/bot.html)"
157.55.39.62 - - [28/Jul/2024:00:05:00 +0200] "GET /?i=25-interesting-facts-about-cuba-mm-XKdAQKHX HTTP/1.1" 200 7304 "-" "Mozilla/5.0 (iPhone; CPU iPhone OS 7_0 like Mac OS X) AppleWebKit/537.51.1 (KHTML, like Gecko) Version/7.0 Mobile/11A465 Safari/9537.53 (compatible; bingbot/2.0; +http://www.bing.com/bingbot.htm)"
66.249.70.4 - - [28/Jul/2024:00:05:00 +0200] "GET /?i=what-it-would-take-for-dc-to-ramp-up-mm-AvEW0atO HTTP/1.1" 200 8102 "-" "Mozilla/5.0 (Linux; Android 6.0.1; Nexus 5X Build/MMB29P) AppleWebKit/537.36 (KHTML, like Gecko) Chrome/126.0.6478.126 Mobile Safari/537.36 (compatible; Googlebot/2.1; +http://www.google.com/bot.html)"
66.249.70.1 - - [28/Jul/2024:00:05:00 +0200] "GET /?i=dragon-lore-drop-from-cobblestone%EF%BD%9Ctiktok-search-mm-Ko0vM3cN HTTP/1.1" 200 11872 "-" "Mozilla/5.0 (Linux; Android 6.0.1; Nexus 5X Build/MMB29P) AppleWebKit/537.36 (KHTML, like Gecko) Chrome/126.0.6478.126 Mobile Safari/537.36 (compatible; Googlebot/2.1; +http://www.google.com/bot.html)"
66.249.70.109 - - [28/Jul/2024:00:05:00 +0200] "GET /?m=dideral-pdf-zz-M5w761h4 HTTP/1.1" 200 6839 "-" "Mozilla/5.0 (Linux; Android 6.0.1; Nexus 5X Build/MMB29P) AppleWebKit/537.36 (KHTML, like Gecko) Chrome/126.0.6478.126 Mobile Safari/537.36 (compatible; GoogleOther)"
66.249.70.3 - - [28/Jul/2024:00:05:00 +0200] "GET /?i=jk-simmons-signs-on-to-keep-playing-jonah-jameson-mm-mLAXGWsX HTTP/1.1" 200 7243 "-" "Mozilla/5.0 (Linux; Android 6.0.1; Nexus 5X Build/MMB29P) AppleWebKit/537.36 (KHTML, like Gecko) Chrome/126.0.6478.126 Mobile Safari/537.36 (compatible; Googlebot/2.1; +http://www.google.com/bot.html)"
66.249.70.6 - - [28/Jul/2024:00:05:00 +0200] "GET /?i=samsung-ue40d5000-%E2%96%A4-full-specifications-reviews-mm-wkLOwSk HTTP/1.1" 200 7304 "-" "Mozilla/5.0 (Linux; Android 6.0.1; Nexus 5X Build/MMB29P) AppleWebKit/537.36 (KHTML, like Gecko) Chrome/126.0.6478.126 Mobile Safari/537.36 (compatible; Googlebot/2.1; +http://www.google.com/bot.html)"
66.249.70.1 - - [28/Jul/2024:00:05:00 +0200] "GET /?i=dual-cs-130-belt-drive-turntable-manual-vinyl-engine-mm-Ddw6GPSk HTTP/1.1" 200 7392 "-" "Mozilla/5.0 (Linux; Android 6.0.1; Nexus 5X Build/MMB29P) AppleWebKit/537.36 (KHTML, like Gecko) Chrome/126.0.6478.126 Mobile Safari/537.36 (compatible; Googlebot/2.1; +http://www.google.com/bot.html)"
66.249.70.3 - - [28/Jul/2024:00:05:00 +0200] "GET /?i=br-class-37-37230-severn-tunnel-junction-steam-trains-mm-eKPbLvFg HTTP/1.1" 200 6727 "-" "Mozilla/5.0 (Linux; Android 6.0.1; Nexus 5X Build/MMB29P) AppleWebKit/537.36 (KHTML, like Gecko) Chrome/126.0.6478.126 Mobile Safari/537.36 (compatible; Googlebot/2.1; +http://www.google.com/bot.html)"
66.249.70.6 - - [28/Jul/2024:00:05:00 +0200] "GET /?i=tree-weaves-mm-35ne1Et6 HTTP/1.1" 200 7075 "-" "Mozilla/5.0 (Linux; Android 6.0.1; Nexus 5X Build/MMB29P) AppleWebKit/537.36 (KHTML, like Gecko) Chrome/126.0.6478.126 Mobile Safari/537.36 (compatible; Googlebot/2.1; +http://www.google.com/bot.html)"
66.249.70.4 - - [28/Jul/2024:00:05:01 +0200] "GET /?i=south-texas-isd-health-professions-mercedes-tx-mm-PJbKMFB HTTP/1.1" 200 6735 "-" "Mozilla/5.0 (Linux; Android 6.0.1; Nexus 5X Build/MMB29P) AppleWebKit/537.36 (KHTML, like Gecko) Chrome/126.0.6478.126 Mobile Safari/537.36 (compatible; Googlebot/2.1; +http://www.google.com/bot.html)"
217.113.194.246 - - [28/Jul/2024:00:05:00 +0200] "GET /fr/initiative/100-a-%EF%BF%BDnternet-guvenliayi--alet-cantasa-%EF%BF%BD----a-%EF%BF%BDngiltere.html HTTP/1.1" 200 2488 "-" "Mozilla/5.0 (compatible; Barkrowler/0.9; +https://babbar.tech/crawler)"
66.249.70.3 - - [28/Jul/2024:00:05:01 +0200] "GET /?i=klwp-tasker-tutorial-a-background-for-your-app-drawer-mm-K63vkSN HTTP/1.1" 200 7177 "-" "Mozilla/5.0 (Linux; Android 6.0.1; Nexus 5X Build/MMB29P) AppleWebKit/537.36 (KHTML, like Gecko) Chrome/126.0.6478.126 Mobile Safari/537.36 (compatible; Googlebot/2.1; +http://www.google.com/bot.html)"
66.249.70.5 - - [28/Jul/2024:00:05:01 +0200] "GET /it/?i=blu-approved-did-you-know-our-devices-are-easy-mm-jmvvQPH9 HTTP/1.1" 200 7089 "-" "Mozilla/5.0 (Linux; Android 6.0.1; Nexus 5X Build/MMB29P) AppleWebKit/537.36 (KHTML, like Gecko) Chrome/126.0.6478.126 Mobile Safari/537.36 (compatible; Googlebot/2.1; +http://www.google.com/bot.html)"
66.249.70.1 - - [28/Jul/2024:00:05:01 +0200] "GET /?i=rt-en-espa%C3%B1ol-on-x-muere-susana-duijm-la-mm-PenW1vFB HTTP/1.1" 200 7422 "-" "Mozilla/5.0 (Linux; Android 6.0.1; Nexus 5X Build/MMB29P) AppleWebKit/537.36 (KHTML, like Gecko) Chrome/126.0.6478.126 Mobile Safari/537.36 (compatible; Googlebot/2.1; +http://www.google.com/bot.html)"
66.249.70.7 - - [28/Jul/2024:00:05:01 +0200] "GET /?i=colors-for-egyptian-fabric-find-colors-that-are-in-mm-bXG4oxiX HTTP/1.1" 200 7376 "-" "Mozilla/5.0 (Linux; Android 6.0.1; Nexus 5X Build/MMB29P) AppleWebKit/537.36 (KHTML, like Gecko) Chrome/126.0.6478.126 Mobile Safari/537.36 (compatible; Googlebot/2.1; +http://www.google.com/bot.html)"
193.43.100.107 - - [28/Jul/2024:00:05:01 +0200] "GET /?i=what-makes-an-abstract-painting-good-artsy-mm-rBzGVOF4 HTTP/1.1" 200 4355 "https://www.google.com/" "Mozilla/5.0 (Windows NT 10.0; Win64; x64) AppleWebKit/537.36 (KHTML, like Gecko) Chrome/126.0.0.0 Safari/537.36"
66.249.70.4 - - [28/Jul/2024:00:05:01 +0200] "GET /?i=como-dibujar-anatomia-humana-paso-a-paso-pdf-dibujo-mm-XaPQnmCX HTTP/1.1" 200 7433 "-" "Mozilla/5.0 (Linux; Android 6.0.1; Nexus 5X Build/MMB29P) AppleWebKit/537.36 (KHTML, like Gecko) Chrome/126.0.6478.126 Mobile Safari/537.36 (compatible; Googlebot/2.1; +http://www.google.com/bot.html)"
66.249.70.7 - - [28/Jul/2024:00:05:01 +0200] "GET /?i=louis-vuitton-nigo-pocket-organizer-n60391%E2%80%93-tc-mm-DvrGDQfk HTTP/1.1" 200 11114 "-" "Mozilla/5.0 (Linux; Android 6.0.1; Nexus 5X Build/MMB29P) AppleWebKit/537.36 (KHTML, like Gecko) Chrome/126.0.6478.126 Mobile Safari/537.36 (compatible; Googlebot/2.1; +http://www.google.com/bot.html)"
66.249.70.8 - - [28/Jul/2024:00:05:01 +0200] "GET /?i=bobhead-black-shell-bobhead-logo-t-shirt-hoodie-sweater-mm-dXp5V2ce HTTP/1.1" 200 6776 "-" "Mozilla/5.0 (Linux; Android 6.0.1; Nexus 5X Build/MMB29P) AppleWebKit/537.36 (KHTML, like Gecko) Chrome/126.0.6478.126 Mobile Safari/537.36 (compatible; Googlebot/2.1; +http://www.google.com/bot.html)"
107.77.207.126 - - [28/Jul/2024:00:05:02 +0200] "GET /?i=nappy-roots-considers-every-day-a-struggle-to-stay-mm-v6WP3psV HTTP/1.1" 200 4356 "https://www.google.com/" "Mozilla/5.0 (iPhone; CPU iPhone OS 17_5_1 like Mac OS X) AppleWebKit/605.1.15 (KHTML, like Gecko) Version/17.5 Mobile/15E148 Safari/604.1"
66.249.70.8 - - [28/Jul/2024:00:05:02 +0200] "GET /?i=new-cvc-write-the-room-activity-mm-jYg3MEf9 HTTP/1.1" 200 10858 "-" "Mozilla/5.0 (Linux; Android 6.0.1; Nexus 5X Build/MMB29P) AppleWebKit/537.36 (KHTML, like Gecko) Chrome/126.0.6478.126 Mobile Safari/537.36 (compatible; Googlebot/2.1; +http://www.google.com/bot.html)"
66.249.70.4 - - [28/Jul/2024:00:05:01 +0200] "GET /?i=ic3peak-songs-events-and-music-stats-mm-PWWEw5FB HTTP/1.1" 200 10835 "-" "Mozilla/5.0 (Linux; Android 6.0.1; Nexus 5X Build/MMB29P) AppleWebKit/537.36 (KHTML, like Gecko) Chrome/126.0.6478.126 Mobile Safari/537.36 (compatible; Googlebot/2.1; +http://www.google.com/bot.html)"
66.249.70.1 - - [28/Jul/2024:00:05:02 +0200] "GET /?i=pol-post-50667913-iq-bell-curve-midwit-know-your-mm-wNd4Bfk HTTP/1.1" 200 6683 "-" "Mozilla/5.0 (Linux; Android 6.0.1; Nexus 5X Build/MMB29P) AppleWebKit/537.36 (KHTML, like Gecko) Chrome/126.0.6478.126 Mobile Safari/537.36 (compatible; Googlebot/2.1; +http://www.google.com/bot.html)"
136.243.228.194 - - [28/Jul/2024:00:05:01 +0200] "GET /?i=samsung-galaxy-s23-ultra-battery-life-and-charging-speed-mm-R3KBxLH5 HTTP/1.1" 200 1816 "-" "Mozilla/5.0 (compatible; DataForSeoBot/1.0; +https://dataforseo.com/dataforseo-bot)"
66.249.70.5 - - [28/Jul/2024:00:05:02 +0200] "GET /?i=the-best-graphing-calculator-apps-and-emulators-for-android-mm-WWambLHe HTTP/1.1" 200 11122 "-" "Mozilla/5.0 (Linux; Android 6.0.1; Nexus 5X Build/MMB29P) AppleWebKit/537.36 (KHTML, like Gecko) Chrome/126.0.6478.126 Mobile Safari/537.36 (compatible; Googlebot/2.1; +http://www.google.com/bot.html)"
66.249.70.3 - - [28/Jul/2024:00:05:02 +0200] "GET /?i=slava-zaitsev-enduring-soviet-era-fashion-designer-dies-at-mm-MRX6keho HTTP/1.1" 200 7525 "-" "Mozilla/5.0 (Linux; Android 6.0.1; Nexus 5X Build/MMB29P) AppleWebKit/537.36 (KHTML, like Gecko) Chrome/126.0.6478.126 Mobile Safari/537.36 (compatible; Googlebot/2.1; +http://www.google.com/bot.html)"
66.249.70.109 - - [28/Jul/2024:00:05:02 +0200] "GET /?m=how-to-save-or-convert-word-doc-to-pdf-zz-5lqxMgFD HTTP/1.1" 200 10222 "-" "Mozilla/5.0 (Linux; Android 6.0.1; Nexus 5X Build/MMB29P) AppleWebKit/537.36 (KHTML, like Gecko) Chrome/126.0.6478.126 Mobile Safari/537.36 (compatible; GoogleOther)"
66.249.70.3 - - [28/Jul/2024:00:05:02 +0200] "GET /?i=name-sources-of-marine-pollution-m-NMjRwOcd HTTP/1.1" 200 4377 "-" "Mozilla/5.0 (Linux; Android 6.0.1; Nexus 5X Build/MMB29P) AppleWebKit/537.36 (KHTML, like Gecko) Chrome/126.0.6478.126 Mobile Safari/537.36 (compatible; Googlebot/2.1; +http://www.google.com/bot.html)"
66.249.70.5 - - [28/Jul/2024:00:05:02 +0200] "GET /it/?i=mithycals-sprites-r-mysingingmonsters-mm-EddK2ku3 HTTP/1.1" 200 6554 "-" "Mozilla/5.0 (Linux; Android 6.0.1; Nexus 5X Build/MMB29P) AppleWebKit/537.36 (KHTML, like Gecko) Chrome/126.0.6478.126 Mobile Safari/537.36 (compatible; Googlebot/2.1; +http://www.google.com/bot.html)"
66.249.70.5 - - [28/Jul/2024:00:05:02 +0200] "GET /?i=how-to-catch-evolve-cufant-in-pok%C3%A9mon-scarlet-violet-mm-KbNkKRIN HTTP/1.1" 200 10602 "-" "Mozilla/5.0 (Linux; Android 6.0.1; Nexus 5X Build/MMB29P) AppleWebKit/537.36 (KHTML, like Gecko) Chrome/126.0.6478.126 Mobile Safari/537.36 (compatible; Googlebot/2.1; +http://www.google.com/bot.html)"
66.249.70.4 - - [28/Jul/2024:00:05:02 +0200] "GET /?i=naira-note-hi-res-stock-photography-and-images-alamy-mm-E5Y9vRc3 HTTP/1.1" 200 7140 "-" "Mozilla/5.0 (Linux; Android 6.0.1; Nexus 5X Build/MMB29P) AppleWebKit/537.36 (KHTML, like Gecko) Chrome/126.0.6478.126 Mobile Safari/537.36 (compatible; Googlebot/2.1; +http://www.google.com/bot.html)"
66.249.70.4 - - [28/Jul/2024:00:05:02 +0200] "GET /?i=worn-n54-injector-bore-from-improper-bmw-3-series-mm-BeW21YhV HTTP/1.1" 200 7256 "-" "Mozilla/5.0 (Linux; Android 6.0.1; Nexus 5X Build/MMB29P) AppleWebKit/537.36 (KHTML, like Gecko) Chrome/126.0.6478.126 Mobile Safari/537.36 (compatible; Googlebot/2.1; +http://www.google.com/bot.html)"
66.249.70.7 - - [28/Jul/2024:00:05:02 +0200] "GET /?i=evo-fretwire-the-unofficial-martin-guitar-forum-mm-q1kYE0cj HTTP/1.1" 200 6989 "-" "Mozilla/5.0 (Linux; Android 6.0.1; Nexus 5X Build/MMB29P) AppleWebKit/537.36 (KHTML, like Gecko) Chrome/126.0.6478.126 Mobile Safari/537.36 (compatible; Googlebot/2.1; +http://www.google.com/bot.html)"
66.249.70.4 - - [28/Jul/2024:00:05:03 +0200] "GET /?i=heart-juice-glass-finland-mm-66nJQ0iN HTTP/1.1" 200 11514 "-" "Mozilla/5.0 (Linux; Android 6.0.1; Nexus 5X Build/MMB29P) AppleWebKit/537.36 (KHTML, like Gecko) Chrome/126.0.6478.126 Mobile Safari/537.36 (compatible; Googlebot/2.1; +http://www.google.com/bot.html)"
66.249.70.1 - - [28/Jul/2024:00:05:03 +0200] "GET /?i=replacement-new-russian-keyboard-for-lenovo-ideapad-110-15-mm-K024doFN HTTP/1.1" 200 7334 "-" "Mozilla/5.0 (Linux; Android 6.0.1; Nexus 5X Build/MMB29P) AppleWebKit/537.36 (KHTML, like Gecko) Chrome/126.0.6478.126 Mobile Safari/537.36 (compatible; Googlebot/2.1; +http://www.google.com/bot.html)"
66.249.70.4 - - [28/Jul/2024:00:05:03 +0200] "GET /?i=lemme-rate-your-favourite-character-nama-rengoku-kyojuro-series-mm-wY1dgqfk HTTP/1.1" 200 7943 "-" "Mozilla/5.0 (Linux; Android 6.0.1; Nexus 5X Build/MMB29P) AppleWebKit/537.36 (KHTML, like Gecko) Chrome/126.0.6478.126 Mobile Safari/537.36 (compatible; Googlebot/2.1; +http://www.google.com/bot.html)"
172.56.195.128 - - [28/Jul/2024:00:05:03 +0200] "GET /it/?i=90s-football-on-x-juan-roman-riquelme-pablo-aimar-mm-dGV1kaue HTTP/1.1" 200 4354 "https://www.google.com/" "Mozilla/5.0 (iPhone; CPU iPhone OS 17_5 like Mac OS X) AppleWebKit/605.1.15 (KHTML, like Gecko) GSA/326.0.653331328 Mobile/15E148 Safari/604.1"
66.249.70.8 - - [28/Jul/2024:00:05:03 +0200] "GET /?i=mercari-your-marketplace-mercari-crusade-wizards-of-the-coast-mm-gLBVEeu7 HTTP/1.1" 200 7622 "-" "Mozilla/5.0 (Linux; Android 6.0.1; Nexus 5X Build/MMB29P) AppleWebKit/537.36 (KHTML, like Gecko) Chrome/126.0.6478.126 Mobile Safari/537.36 (compatible; Googlebot/2.1; +http://www.google.com/bot.html)"
66.249.70.8 - - [28/Jul/2024:00:05:03 +0200] "GET /?i=pop-up-tent-shop-design-moxuanju-glamping-tent-mm-JMbWwXU1 HTTP/1.1" 200 7166 "-" "Mozilla/5.0 (Linux; Android 6.0.1; Nexus 5X Build/MMB29P) AppleWebKit/537.36 (KHTML, like Gecko) Chrome/126.0.6478.126 Mobile Safari/537.36 (compatible; Googlebot/2.1; +http://www.google.com/bot.html)"
41.13.112.247 - - [28/Jul/2024:00:05:03 +0200] "GET /?i=what-does-alcohol-abuse-do-to-the-body-cura4u-mm-YKjMdLTn HTTP/1.1" 200 4354 "https://www.google.com/" "Mozilla/5.0 (Linux; Android 12; SM-A225F) AppleWebKit/537.36 (KHTML, like Gecko) Chrome/96.0.4664.104 Mobile Safari/537.36"
66.249.70.7 - - [28/Jul/2024:00:05:03 +0200] "GET /?i=orthotopic-kidney-auto-transplantation-in-a-porcine-model-using-mm-KK43vPFN HTTP/1.1" 200 7389 "-" "Mozilla/5.0 (Linux; Android 6.0.1; Nexus 5X Build/MMB29P) AppleWebKit/537.36 (KHTML, like Gecko) Chrome/126.0.6478.126 Mobile Safari/537.36 (compatible; Googlebot/2.1; +http://www.google.com/bot.html)"
66.249.70.8 - - [28/Jul/2024:00:05:03 +0200] "GET /?i=hjc-rpha-11-review-champion-helmets-motorcycle-gear-mm-5nLdBehm HTTP/1.1" 200 11143 "-" "Mozilla/5.0 (Linux; Android 6.0.1; Nexus 5X Build/MMB29P) AppleWebKit/537.36 (KHTML, like Gecko) Chrome/126.0.6478.126 Mobile Safari/537.36 (compatible; Googlebot/2.1; +http://www.google.com/bot.html)"
66.249.70.5 - - [28/Jul/2024:00:05:03 +0200] "GET /?i=t%C3%AAnis-esportivo-em-looks-do-dia-a-dia-we-mm-PeegWEuB HTTP/1.1" 200 7351 "-" "Mozilla/5.0 (Linux; Android 6.0.1; Nexus 5X Build/MMB29P) AppleWebKit/537.36 (KHTML, like Gecko) Chrome/126.0.6478.126 Mobile Safari/537.36 (compatible; Googlebot/2.1; +http://www.google.com/bot.html)"
66.249.70.2 - - [28/Jul/2024:00:05:03 +0200] "GET /?i=how-do-i-type-the-indian-rupee-symbol-%E2%82%B9-mm-pVDng6fj HTTP/1.1" 200 10912 "-" "Mozilla/5.0 (Linux; Android 6.0.1; Nexus 5X Build/MMB29P) AppleWebKit/537.36 (KHTML, like Gecko) Chrome/126.0.6478.126 Mobile Safari/537.36 (compatible; Googlebot/2.1; +http://www.google.com/bot.html)"
66.249.70.7 - - [28/Jul/2024:00:05:03 +0200] "GET /?i=energize-hooks-up-iconic-dutch-cartoon-character-miffy-with-mm-Wp0pLIe HTTP/1.1" 200 7255 "-" "Mozilla/5.0 (Linux; Android 6.0.1; Nexus 5X Build/MMB29P) AppleWebKit/537.36 (KHTML, like Gecko) Chrome/126.0.6478.126 Mobile Safari/537.36 (compatible; Googlebot/2.1; +http://www.google.com/bot.html)"
66.249.70.3 - - [28/Jul/2024:00:05:03 +0200] "GET /?i=pathalgadi-movement-self-governance-and-the-question-of-weak-mm-vgkaGrtV HTTP/1.1" 200 6459 "-" "Mozilla/5.0 (Linux; Android 6.0.1; Nexus 5X Build/MMB29P) AppleWebKit/537.36 (KHTML, like Gecko) Chrome/126.0.6478.126 Mobile Safari/537.36 (compatible; Googlebot/2.1; +http://www.google.com/bot.html)"
66.249.70.6 - - [28/Jul/2024:00:05:03 +0200] "GET /?i=honor-8x-archives-tech-arp-mm-mGmp4aCX HTTP/1.1" 200 7511 "-" "Mozilla/5.0 (Linux; Android 6.0.1; Nexus 5X Build/MMB29P) AppleWebKit/537.36 (KHTML, like Gecko) Chrome/126.0.6478.126 Mobile Safari/537.36 (compatible; Googlebot/2.1; +http://www.google.com/bot.html)"
52.167.144.174 - - [28/Jul/2024:00:05:04 +0200] "GET /?i=mapa-de-centroam%C3%A9rica-live-worksheets-mm-0zXkoeCx HTTP/1.1" 200 8038 "-" "Mozilla/5.0 AppleWebKit/537.36 (KHTML, like Gecko; compatible; bingbot/2.0; +http://www.bing.com/bingbot.htm) Chrome/116.0.1938.76 Safari/537.36"
66.249.70.109 - - [28/Jul/2024:00:05:04 +0200] "GET /?m=pdf-sewing-patterns-rlr-creations-zz-NwNBaGhx HTTP/1.1" 200 7535 "-" "Mozilla/5.0 (Linux; Android 6.0.1; Nexus 5X Build/MMB29P) AppleWebKit/537.36 (KHTML, like Gecko) Chrome/126.0.6478.126 Mobile Safari/537.36 (compatible; GoogleOther)"
66.249.70.2 - - [28/Jul/2024:00:05:04 +0200] "GET /?i=nikon-microscope-afx-ii-semistar-mm-w40EQIk HTTP/1.1" 200 6544 "-" "Mozilla/5.0 (Linux; Android 6.0.1; Nexus 5X Build/MMB29P) AppleWebKit/537.36 (KHTML, like Gecko) Chrome/126.0.6478.126 Mobile Safari/537.36 (compatible; Googlebot/2.1; +http://www.google.com/bot.html)"
181.188.178.155 - - [28/Jul/2024:00:05:04 +0200] "GET /?i=venta-de-bebidas-la-paz-bolivia-whisky-johnnie-walker-mm-xje4O9Fq HTTP/1.1" 200 4355 "https://www.google.com/" "Mozilla/5.0 (Linux; Android 10; K) AppleWebKit/537.36 (KHTML, like Gecko) Chrome/121.0.0.0 Mobile Safari/537.36"
66.249.70.5 - - [28/Jul/2024:00:05:04 +0200] "GET /?i=beyond-the-bicycle-the-men-behind-maap-mm-poWOb2uj HTTP/1.1" 200 7379 "-" "Mozilla/5.0 (Linux; Android 6.0.1; Nexus 5X Build/MMB29P) AppleWebKit/537.36 (KHTML, like Gecko) Chrome/126.0.6478.126 Mobile Safari/537.36 (compatible; Googlebot/2.1; +http://www.google.com/bot.html)"
66.249.70.3 - - [28/Jul/2024:00:05:04 +0200] "GET /?i=how-japan-and-south-korea-can-contribute-to-an-mm-aG4qKfN HTTP/1.1" 200 7861 "-" "Mozilla/5.0 (Linux; Android 6.0.1; Nexus 5X Build/MMB29P) AppleWebKit/537.36 (KHTML, like Gecko) Chrome/126.0.6478.126 Mobile Safari/537.36 (compatible; Googlebot/2.1; +http://www.google.com/bot.html)"
52.167.144.174 - - [28/Jul/2024:00:05:04 +0200] "GET /?i=platypus-new-balance-530-m-XYkqeOcX HTTP/1.1" 200 4445 "-" "Mozilla/5.0 (iPhone; CPU iPhone OS 7_0 like Mac OS X) AppleWebKit/537.51.1 (KHTML, like Gecko) Version/7.0 Mobile/11A465 Safari/9537.53 (compatible; bingbot/2.0; +http://www.bing.com/bingbot.htm)"
66.249.70.1 - - [28/Jul/2024:00:05:04 +0200] "GET /it/?i=nikki-name-gifts-merchandise-for-sale-redbubble-mm-X1D7OgcX HTTP/1.1" 200 7015 "-" "Mozilla/5.0 (Linux; Android 6.0.1; Nexus 5X Build/MMB29P) AppleWebKit/537.36 (KHTML, like Gecko) Chrome/126.0.6478.126 Mobile Safari/537.36 (compatible; Googlebot/2.1; +http://www.google.com/bot.html)"
66.249.70.7 - - [28/Jul/2024:00:05:04 +0200] "GET /?i=zagg-gear4-rio-snap-magsafe-iphone-14-pro-max-mm-55KdmFm HTTP/1.1" 200 8134 "-" "Mozilla/5.0 (Linux; Android 6.0.1; Nexus 5X Build/MMB29P) AppleWebKit/537.36 (KHTML, like Gecko) Chrome/126.0.6478.126 Mobile Safari/537.36 (compatible; Googlebot/2.1; +http://www.google.com/bot.html)"
66.249.70.4 - - [28/Jul/2024:00:05:04 +0200] "GET /?i=hi-proton-proton-hzn-engineering-3s-kelana-jaya-facebook-mm-EdqMa7H3 HTTP/1.1" 200 7020 "-" "Mozilla/5.0 (Linux; Android 6.0.1; Nexus 5X Build/MMB29P) AppleWebKit/537.36 (KHTML, like Gecko) Chrome/126.0.6478.126 Mobile Safari/537.36 (compatible; Googlebot/2.1; +http://www.google.com/bot.html)"
66.249.70.6 - - [28/Jul/2024:00:05:04 +0200] "GET /?i=mission-workshop-@missionworkshop-x-mm-1NxN3eS7 HTTP/1.1" 200 6810 "-" "Mozilla/5.0 (Linux; Android 6.0.1; Nexus 5X Build/MMB29P) AppleWebKit/537.36 (KHTML, like Gecko) Chrome/126.0.6478.126 Mobile Safari/537.36 (compatible; Googlebot/2.1; +http://www.google.com/bot.html)"
66.249.70.3 - - [28/Jul/2024:00:05:04 +0200] "GET /it/?i=you-ain-t-never-been-no-little-girl-taylor-mm-vLeVw5sV HTTP/1.1" 200 8279 "-" "Mozilla/5.0 (Linux; Android 6.0.1; Nexus 5X Build/MMB29P) AppleWebKit/537.36 (KHTML, like Gecko) Chrome/126.0.6478.126 Mobile Safari/537.36 (compatible; Googlebot/2.1; +http://www.google.com/bot.html)"
31.94.32.81 - - [28/Jul/2024:00:05:04 +0200] "GET /?i=herniated-lumbar-intervertebral-disk-nejm-mm-NXqqXUd HTTP/1.1" 200 4354 "https://www.google.com/" "Mozilla/5.0 (Linux; Android 10; K) AppleWebKit/537.36 (KHTML, like Gecko) SamsungBrowser/25.0 Chrome/121.0.0.0 Mobile Safari/537.36"
66.249.70.8 - - [28/Jul/2024:00:05:04 +0200] "GET /?i=hudson-pl-hoboken-nj-07030-baker-waterfront-plaza-loopnet-mm-wJR4NeIk HTTP/1.1" 200 6981 "-" "Mozilla/5.0 (Linux; Android 6.0.1; Nexus 5X Build/MMB29P) AppleWebKit/537.36 (KHTML, like Gecko) Chrome/126.0.6478.126 Mobile Safari/537.36 (compatible; Googlebot/2.1; +http://www.google.com/bot.html)"
