66.249.70.2 - - [28/Jul/2024:00:08:08 +0200] "GET /?i=s100-computers-msdos-board-mm-LQbnOVfd HTTP/1.1" 200 7180 "-" "Mozilla/5.0 (Linux; Android 6.0.1; Nexus 5X Build/MMB29P) AppleWebKit/537.36 (KHTML, like Gecko) Chrome/126.0.6478.126 Mobile Safari/537.36 (compatible; Googlebot/2.1; +http://www.google.com/bot.html)"
66.249.70.3 - - [28/Jul/2024:00:08:08 +0200] "GET /it/?i=sofia-female-name-street-art-design-stock-vector-royalty-mm-gYgqk2T7 HTTP/1.1" 200 7936 "-" "Mozilla/5.0 (Linux; Android 6.0.1; Nexus 5X Build/MMB29P) AppleWebKit/537.36 (KHTML, like Gecko) Chrome/126.0.6478.126 Mobile Safari/537.36 (compatible; Googlebot/2.1; +http://www.google.com/bot.html)"
66.249.70.8 - - [28/Jul/2024:00:08:08 +0200] "GET /?i=maritimequest-uss-john-kennedy-cva-67-cv-67-page-mm-dJQnQDIe HTTP/1.1" 200 6559 "-" "Mozilla/5.0 (Linux; Android 6.0.1; Nexus 5X Build/MMB29P) AppleWebKit/537.36 (KHTML, like Gecko) Chrome/126.0.6478.126 Mobile Safari/537.36 (compatible; Googlebot/2.1; +http://www.google.com/bot.html)"
66.249.70.5 - - [28/Jul/2024:00:08:08 +0200] "GET /it/?i=running-man-2010-mm-QoELMksX HTTP/1.1" 200 7496 "-" "Mozilla/5.0 (Linux; Android 6.0.1; Nexus 5X Build/MMB29P) AppleWebKit/537.36 (KHTML, like Gecko) Chrome/126.0.6478.126 Mobile Safari/537.36 (compatible; Googlebot/2.1; +http://www.google.com/bot.html)"
66.249.70.109 - - [28/Jul/2024:00:08:08 +0200] "GET /?m=pdf-les-dossiers-du-cstc-rachid-attaya-zz-W8AZdMTZ HTTP/1.1" 200 6984 "-" "Mozilla/5.0 (Linux; Android 6.0.1; Nexus 5X Build/MMB29P) AppleWebKit/537.36 (KHTML, like Gecko) Chrome/126.0.6478.126 Mobile Safari/537.36 (compatible; GoogleOther)"
66.249.70.5 - - [28/Jul/2024:00:08:08 +0200] "GET /?i=cara-membuat-link-facebook-%E3%80%90mustang-tech%E3%80%91-mm-0Vxr3rHx HTTP/1.1" 200 6721 "-" "Mozilla/5.0 (Linux; Android 6.0.1; Nexus 5X Build/MMB29P) AppleWebKit/537.36 (KHTML, like Gecko) Chrome/126.0.6478.126 Mobile Safari/537.36 (compatible; Googlebot/2.1; +http://www.google.com/bot.html)"
66.249.70.7 - - [28/Jul/2024:00:08:08 +0200] "GET /?i=airblown-inflatables-christmas-bluey-with-santa-hat-and-present-mm-APMJ0JtO HTTP/1.1" 200 7308 "-" "Mozilla/5.0 (Linux; Android 6.0.1; Nexus 5X Build/MMB29P) AppleWebKit/537.36 (KHTML, like Gecko) Chrome/126.0.6478.126 Mobile Safari/537.36 (compatible; Googlebot/2.1; +http://www.google.com/bot.html)"
66.249.70.4 - - [28/Jul/2024:00:08:08 +0200] "GET /?i=calc%C4%B1max-d3-nedir-ne-%C4%B0%C3%A7in-kullan%C4%B1l%C4%B1r-ne-%C4%B0%C5%9Fe-yarar-mm-4YEa0Of6 HTTP/1.1" 200 6819 "-" "Mozilla/5.0 (Linux; Android 6.0.1; Nexus 5X Build/MMB29P) AppleWebKit/537.36 (KHTML, like Gecko) Chrome/126.0.6478.126 Mobile Safari/537.36 (compatible; Googlebot/2.1; +http://www.google.com/bot.html)"
47.16.75.45 - - [28/Jul/2024:00:08:08 +0200] "GET /?i=prescribing-elyxyb%E2%84%A2-celecoxib-oral-solution-elyxyb-dosing-mm-7rrr6s0 HTTP/1.1" 200 4355 "https://www.google.com/" "Mozilla/5.0 (Windows NT 10.0; Win64; x64) AppleWebKit/537.36 (KHTML, like Gecko) Chrome/126.0.0.0 Safari/537.36"
66.249.70.4 - - [28/Jul/2024:00:08:08 +0200] "GET /?i=buy-intel-core-i7-versus-amd-ryzen-up-to-mm-6WO31NCN HTTP/1.1" 200 6878 "-" "Mozilla/5.0 (Linux; Android 6.0.1; Nexus 5X Build/MMB29P) AppleWebKit/537.36 (KHTML, like Gecko) Chrome/126.0.6478.126 Mobile Safari/537.36 (compatible; Googlebot/2.1; +http://www.google.com/bot.html)"
66.249.70.6 - - [28/Jul/2024:00:08:08 +0200] "GET /it/?i=flood-escape-classic-roblox-mm-L6YrGnFd HTTP/1.1" 200 7513 "-" "Mozilla/5.0 (Linux; Android 6.0.1; Nexus 5X Build/MMB29P) AppleWebKit/537.36 (KHTML, like Gecko) Chrome/126.0.6478.126 Mobile Safari/537.36 (compatible; Googlebot/2.1; +http://www.google.com/bot.html)"
66.249.70.8 - - [28/Jul/2024:00:08:09 +0200] "GET /?i=feminine-aspirations-wine-red-lace-blouse-%E2%80%93-shop-the-mm-L6JB10hd HTTP/1.1" 200 7273 "-" "Mozilla/5.0 (Linux; Android 6.0.1; Nexus 5X Build/MMB29P) AppleWebKit/537.36 (KHTML, like Gecko) Chrome/126.0.6478.126 Mobile Safari/537.36 (compatible; Googlebot/2.1; +http://www.google.com/bot.html)"
66.249.70.3 - - [28/Jul/2024:00:08:09 +0200] "GET /it/?i=abba-the-waterloo-outfits-have-you-guys-seen-facebook-mm-mkLpneTX HTTP/1.1" 200 7341 "-" "Mozilla/5.0 (Linux; Android 6.0.1; Nexus 5X Build/MMB29P) AppleWebKit/537.36 (KHTML, like Gecko) Chrome/126.0.6478.126 Mobile Safari/537.36 (compatible; Googlebot/2.1; +http://www.google.com/bot.html)"
66.249.70.7 - - [28/Jul/2024:00:08:09 +0200] "GET /?i=cry-for-me-twice-fancam-jihyo%EF%BD%9Cpesquisa-do-tiktok-mm-bX35rNcX HTTP/1.1" 200 6768 "-" "Mozilla/5.0 (Linux; Android 6.0.1; Nexus 5X Build/MMB29P) AppleWebKit/537.36 (KHTML, like Gecko) Chrome/126.0.6478.126 Mobile Safari/537.36 (compatible; Googlebot/2.1; +http://www.google.com/bot.html)"
66.249.70.2 - - [28/Jul/2024:00:08:09 +0200] "GET /?i=sokany-immersion-stick-hand-blender-300-wat-mixing-speed-mm-BG4ovYTV HTTP/1.1" 200 7699 "-" "Mozilla/5.0 (Linux; Android 6.0.1; Nexus 5X Build/MMB29P) AppleWebKit/537.36 (KHTML, like Gecko) Chrome/126.0.6478.126 Mobile Safari/537.36 (compatible; Googlebot/2.1; +http://www.google.com/bot.html)"
66.249.70.6 - - [28/Jul/2024:00:08:09 +0200] "GET /?i=fs-new-stock-2010-head-unit-unofficial-honda-fit-mm-DdpB5jSk HTTP/1.1" 200 7776 "-" "Mozilla/5.0 (Linux; Android 6.0.1; Nexus 5X Build/MMB29P) AppleWebKit/537.36 (KHTML, like Gecko) Chrome/126.0.6478.126 Mobile Safari/537.36 (compatible; Googlebot/2.1; +http://www.google.com/bot.html)"
109.177.119.67 - - [28/Jul/2024:00:08:09 +0200] "GET /de/?i=happy-birthday-to-our-experimenting-actor-dq-r-lal_salaam-mm-kkPbAjuo HTTP/1.1" 200 4355 "https://www.google.com/" "Mozilla/5.0 (iPhone; CPU iPhone OS 17_5_1 like Mac OS X) AppleWebKit/605.1.15 (KHTML, like Gecko) Version/17.5 Mobile/15E148 Safari/604.1"
66.249.70.4 - - [28/Jul/2024:00:08:09 +0200] "GET /?i=aliexpress-alternatives-india-javatpoint-mm-BPkkE1TV HTTP/1.1" 200 6769 "-" "Mozilla/5.0 (Linux; Android 6.0.1; Nexus 5X Build/MMB29P) AppleWebKit/537.36 (KHTML, like Gecko) Chrome/126.0.6478.126 Mobile Safari/537.36 (compatible; Googlebot/2.1; +http://www.google.com/bot.html)"
66.249.70.4 - - [28/Jul/2024:00:08:09 +0200] "GET /?i=samsung-galaxy-ace-s5830i-power-on-off-key-button-mm-rMWDg1C4 HTTP/1.1" 200 6675 "-" "Mozilla/5.0 (Linux; Android 6.0.1; Nexus 5X Build/MMB29P) AppleWebKit/537.36 (KHTML, like Gecko) Chrome/126.0.6478.126 Mobile Safari/537.36 (compatible; Googlebot/2.1; +http://www.google.com/bot.html)"
66.249.70.3 - - [28/Jul/2024:00:08:09 +0200] "GET /?i=1991-case-580k-extendahoe-4wd-backhoe-jardine-auctioneers-mm-Qg6VBrCX HTTP/1.1" 200 6950 "-" "Mozilla/5.0 (Linux; Android 6.0.1; Nexus 5X Build/MMB29P) AppleWebKit/537.36 (KHTML, like Gecko) Chrome/126.0.6478.126 Mobile Safari/537.36 (compatible; Googlebot/2.1; +http://www.google.com/bot.html)"
66.249.70.109 - - [28/Jul/2024:00:08:09 +0200] "GET /?m=thistle-instrument-supplier-codes-pdf-new-york-stock-exchange-zz-593VXbHD HTTP/1.1" 200 6682 "-" "Mozilla/5.0 (Linux; Android 6.0.1; Nexus 5X Build/MMB29P) AppleWebKit/537.36 (KHTML, like Gecko) Chrome/126.0.6478.126 Mobile Safari/537.36 (compatible; GoogleOther)"
66.249.70.1 - - [28/Jul/2024:00:08:09 +0200] "GET /it/?i=%C8%98apte-note-muzicale-mm-vJK5xvtV HTTP/1.1" 200 7259 "-" "Mozilla/5.0 (Linux; Android 6.0.1; Nexus 5X Build/MMB29P) AppleWebKit/537.36 (KHTML, like Gecko) Chrome/126.0.6478.126 Mobile Safari/537.36 (compatible; Googlebot/2.1; +http://www.google.com/bot.html)"
217.113.194.88 - - [28/Jul/2024:00:08:09 +0200] "GET /fr/initiative/273-rumours-in-botkyrka-----a-study-of-common-rumours-which-harm-an-intercultural-botkyrka.html HTTP/1.1" 200 2488 "-" "Mozilla/5.0 (compatible; Barkrowler/0.9; +https://babbar.tech/crawler)"
66.249.70.5 - - [28/Jul/2024:00:08:10 +0200] "GET /?i=arzum-ar1032-shake-n-take-ki%C5%9Fisel-blender-mavi-tl-mm-BaYQOYhV HTTP/1.1" 200 6642 "-" "Mozilla/5.0 (Linux; Android 6.0.1; Nexus 5X Build/MMB29P) AppleWebKit/537.36 (KHTML, like Gecko) Chrome/126.0.6478.126 Mobile Safari/537.36 (compatible; Googlebot/2.1; +http://www.google.com/bot.html)"
66.249.70.1 - - [28/Jul/2024:00:08:09 +0200] "GET /?i=silage-case-mxm-crosskeys-co-cavan-mm-X2AARRuX HTTP/1.1" 200 7142 "-" "Mozilla/5.0 (Linux; Android 6.0.1; Nexus 5X Build/MMB29P) AppleWebKit/537.36 (KHTML, like Gecko) Chrome/126.0.6478.126 Mobile Safari/537.36 (compatible; Googlebot/2.1; +http://www.google.com/bot.html)"
66.249.70.2 - - [28/Jul/2024:00:08:10 +0200] "GET /?i=what-do-the-arabs-think-of-lawrence-of-arabia-mm-pVQm1YFj HTTP/1.1" 200 7375 "-" "Mozilla/5.0 (Linux; Android 6.0.1; Nexus 5X Build/MMB29P) AppleWebKit/537.36 (KHTML, like Gecko) Chrome/126.0.6478.126 Mobile Safari/537.36 (compatible; Googlebot/2.1; +http://www.google.com/bot.html)"
66.249.70.1 - - [28/Jul/2024:00:08:10 +0200] "GET /?i=dr-chris-dr-xand-facebook-mm-BX1QW2uV HTTP/1.1" 200 6952 "-" "Mozilla/5.0 (Linux; Android 6.0.1; Nexus 5X Build/MMB29P) AppleWebKit/537.36 (KHTML, like Gecko) Chrome/126.0.6478.126 Mobile Safari/537.36 (compatible; Googlebot/2.1; +http://www.google.com/bot.html)"
66.249.70.1 - - [28/Jul/2024:00:08:10 +0200] "GET /?i=winter-boots-suede-square-heel-suede-block-heel-ankle-mm-BWQeztV HTTP/1.1" 200 8035 "-" "Mozilla/5.0 (Linux; Android 6.0.1; Nexus 5X Build/MMB29P) AppleWebKit/537.36 (KHTML, like Gecko) Chrome/126.0.6478.126 Mobile Safari/537.36 (compatible; Googlebot/2.1; +http://www.google.com/bot.html)"
66.249.70.8 - - [28/Jul/2024:00:08:10 +0200] "GET /?i=944-turbo-rs-porsche-vintage-vw-bus-porsche-944-mm-jmOBr3F9 HTTP/1.1" 200 7163 "-" "Mozilla/5.0 (Linux; Android 6.0.1; Nexus 5X Build/MMB29P) AppleWebKit/537.36 (KHTML, like Gecko) Chrome/126.0.6478.126 Mobile Safari/537.36 (compatible; Googlebot/2.1; +http://www.google.com/bot.html)"
157.55.39.62 - - [28/Jul/2024:00:08:10 +0200] "GET /?i=what-s-the-best-dark-purple-lipstick-quora-mm-XkWrY6CX HTTP/1.1" 200 7736 "-" "Mozilla/5.0 AppleWebKit/537.36 (KHTML, like Gecko; compatible; bingbot/2.0; +http://www.bing.com/bingbot.htm) Chrome/116.0.1938.76 Safari/537.36"
66.249.70.2 - - [28/Jul/2024:00:08:10 +0200] "GET /?i=stomach-flu-in-children-symptoms-and-treatment-mm-3nvVq4u6 HTTP/1.1" 200 7792 "-" "Mozilla/5.0 (Linux; Android 6.0.1; Nexus 5X Build/MMB29P) AppleWebKit/537.36 (KHTML, like Gecko) Chrome/126.0.6478.126 Mobile Safari/537.36 (compatible; Googlebot/2.1; +http://www.google.com/bot.html)"
66.249.70.6 - - [28/Jul/2024:00:08:10 +0200] "GET /?i=some-of-the-best-romantic-k-dramas-for-a-mm-LA0BELHd HTTP/1.1" 200 7241 "-" "Mozilla/5.0 (Linux; Android 6.0.1; Nexus 5X Build/MMB29P) AppleWebKit/537.36 (KHTML, like Gecko) Chrome/126.0.6478.126 Mobile Safari/537.36 (compatible; Googlebot/2.1; +http://www.google.com/bot.html)"
66.249.70.1 - - [28/Jul/2024:00:08:10 +0200] "GET /?i=what-is-clonazolam-and-why-is-it-dangerous-wellness-mm-m2gNg9UX HTTP/1.1" 200 7402 "-" "Mozilla/5.0 (Linux; Android 6.0.1; Nexus 5X Build/MMB29P) AppleWebKit/537.36 (KHTML, like Gecko) Chrome/126.0.6478.126 Mobile Safari/537.36 (compatible; Googlebot/2.1; +http://www.google.com/bot.html)"
66.249.70.6 - - [28/Jul/2024:00:08:10 +0200] "GET /?i=what-is-the-equipment-given-to-a-sniper-in-mm-OQ7EKXHX HTTP/1.1" 200 10969 "-" "Mozilla/5.0 (Linux; Android 6.0.1; Nexus 5X Build/MMB29P) AppleWebKit/537.36 (KHTML, like Gecko) Chrome/126.0.6478.126 Mobile Safari/537.36 (compatible; Googlebot/2.1; +http://www.google.com/bot.html)"
66.249.70.4 - - [28/Jul/2024:00:08:10 +0200] "GET /?i=potato-head-toy-story-cookie-fondant-cutter-set-large-mm-05p6jDSx HTTP/1.1" 200 7312 "-" "Mozilla/5.0 (Linux; Android 6.0.1; Nexus 5X Build/MMB29P) AppleWebKit/537.36 (KHTML, like Gecko) Chrome/126.0.6478.126 Mobile Safari/537.36 (compatible; Googlebot/2.1; +http://www.google.com/bot.html)"
66.249.70.1 - - [28/Jul/2024:00:08:11 +0200] "GET /?i=hybe-grew-42%-in-2022-eyes-new-markets-through-mm-En02p7s3 HTTP/1.1" 200 7533 "-" "Mozilla/5.0 (Linux; Android 6.0.1; Nexus 5X Build/MMB29P) AppleWebKit/537.36 (KHTML, like Gecko) Chrome/126.0.6478.126 Mobile Safari/537.36 (compatible; Googlebot/2.1; +http://www.google.com/bot.html)"
66.249.70.8 - - [28/Jul/2024:00:08:11 +0200] "GET /?i=bengali-dialects-wikipedia-mm-2jDaQxFj HTTP/1.1" 200 7043 "-" "Mozilla/5.0 (Linux; Android 6.0.1; Nexus 5X Build/MMB29P) AppleWebKit/537.36 (KHTML, like Gecko) Chrome/126.0.6478.126 Mobile Safari/537.36 (compatible; Googlebot/2.1; +http://www.google.com/bot.html)"
66.249.70.6 - - [28/Jul/2024:00:08:11 +0200] "GET /?i=lot-smith-wesson-model-60-special-revolver-mm-D0oqYDik HTTP/1.1" 200 11276 "-" "Mozilla/5.0 (Linux; Android 6.0.1; Nexus 5X Build/MMB29P) AppleWebKit/537.36 (KHTML, like Gecko) Chrome/126.0.6478.126 Mobile Safari/537.36 (compatible; Googlebot/2.1; +http://www.google.com/bot.html)"
66.249.70.2 - - [28/Jul/2024:00:08:11 +0200] "GET /?i=effy-men-s-925-sterling-silver-dog-tag-pendant-mm-v2GXJ5TV HTTP/1.1" 200 7375 "-" "Mozilla/5.0 (Linux; Android 6.0.1; Nexus 5X Build/MMB29P) AppleWebKit/537.36 (KHTML, like Gecko) Chrome/126.0.6478.126 Mobile Safari/537.36 (compatible; Googlebot/2.1; +http://www.google.com/bot.html)"
66.249.70.7 - - [28/Jul/2024:00:08:11 +0200] "GET /?i=k%C4%B1sa-siyah-elbise-kad%C4%B1n-elbise-modelleri-kadin-%C2%B7-ltb-mm-3aYKd6i6 HTTP/1.1" 200 7012 "-" "Mozilla/5.0 (Linux; Android 6.0.1; Nexus 5X Build/MMB29P) AppleWebKit/537.36 (KHTML, like Gecko) Chrome/126.0.6478.126 Mobile Safari/537.36 (compatible; Googlebot/2.1; +http://www.google.com/bot.html)"
66.249.70.8 - - [28/Jul/2024:00:08:11 +0200] "GET /?i=sri-lankan-rupee-wikipedia-mm-65jpXNCN HTTP/1.1" 200 7459 "-" "Mozilla/5.0 (Linux; Android 6.0.1; Nexus 5X Build/MMB29P) AppleWebKit/537.36 (KHTML, like Gecko) Chrome/126.0.6478.126 Mobile Safari/537.36 (compatible; Googlebot/2.1; +http://www.google.com/bot.html)"
66.249.70.2 - - [28/Jul/2024:00:08:11 +0200] "GET /?i=2023-peterbilt-579-w-80-ultra-loft-double-bunk-mm-rQnpe1i4 HTTP/1.1" 200 10773 "-" "Mozilla/5.0 (Linux; Android 6.0.1; Nexus 5X Build/MMB29P) AppleWebKit/537.36 (KHTML, like Gecko) Chrome/126.0.6478.126 Mobile Safari/537.36 (compatible; Googlebot/2.1; +http://www.google.com/bot.html)"
66.249.70.4 - - [28/Jul/2024:00:08:11 +0200] "GET /?i=sync-digital-sound-to-your-16mm-film-projector-steps-mm-6vwJ2JiN HTTP/1.1" 200 7231 "-" "Mozilla/5.0 (Linux; Android 6.0.1; Nexus 5X Build/MMB29P) AppleWebKit/537.36 (KHTML, like Gecko) Chrome/126.0.6478.126 Mobile Safari/537.36 (compatible; Googlebot/2.1; +http://www.google.com/bot.html)"
136.243.228.194 - - [28/Jul/2024:00:08:11 +0200] "GET /?i=samsung-s20-fe-2022-harga-di-indonesia-penuh-spesifikasi-mm-jOa75wf9 HTTP/1.1" 200 1816 "-" "Mozilla/5.0 (compatible; DataForSeoBot/1.0; +https://dataforseo.com/dataforseo-bot)"
66.249.70.2 - - [28/Jul/2024:00:08:11 +0200] "GET /?i=enjoy-white-beach-clear-water-on-koh-rong-only-mm-aXxOrHN HTTP/1.1" 200 7740 "-" "Mozilla/5.0 (Linux; Android 6.0.1; Nexus 5X Build/MMB29P) AppleWebKit/537.36 (KHTML, like Gecko) Chrome/126.0.6478.126 Mobile Safari/537.36 (compatible; Googlebot/2.1; +http://www.google.com/bot.html)"
66.249.70.3 - - [28/Jul/2024:00:08:11 +0200] "GET /100/?i=bolt-astm-a193-pdf-heat-treating-steel-mm-dJ3mDDFe HTTP/1.1" 200 10770 "-" "Mozilla/5.0 (Linux; Android 6.0.1; Nexus 5X Build/MMB29P) AppleWebKit/537.36 (KHTML, like Gecko) Chrome/126.0.6478.126 Mobile Safari/537.36 (compatible; GoogleOther)"
66.249.70.6 - - [28/Jul/2024:00:08:11 +0200] "GET /?i=zombieland-saga-figure-m-rqMN1GC4 HTTP/1.1" 200 4897 "-" "Mozilla/5.0 (Linux; Android 6.0.1; Nexus 5X Build/MMB29P) AppleWebKit/537.36 (KHTML, like Gecko) Chrome/126.0.6478.126 Mobile Safari/537.36 (compatible; Googlebot/2.1; +http://www.google.com/bot.html)"
66.249.70.6 - - [28/Jul/2024:00:08:11 +0200] "GET /?i=hu-tao-cosplay-genshin-impact-hu-tao-cosplay-kostuum-mm-6a1rWYiN HTTP/1.1" 200 7845 "-" "Mozilla/5.0 (Linux; Android 6.0.1; Nexus 5X Build/MMB29P) AppleWebKit/537.36 (KHTML, like Gecko) Chrome/126.0.6478.126 Mobile Safari/537.36 (compatible; Googlebot/2.1; +http://www.google.com/bot.html)"
66.249.70.6 - - [28/Jul/2024:00:08:12 +0200] "GET /?i=nvidia-s-t4-gpus-are-now-available-in-beta-mm-zxdEEI5 HTTP/1.1" 200 7341 "-" "Mozilla/5.0 (Linux; Android 6.0.1; Nexus 5X Build/MMB29P) AppleWebKit/537.36 (KHTML, like Gecko) Chrome/126.0.6478.126 Mobile Safari/537.36 (compatible; Googlebot/2.1; +http://www.google.com/bot.html)"
66.249.70.4 - - [28/Jul/2024:00:08:12 +0200] "GET /?i=cif-do%C4%9Fan%C4%B1n-g%C3%BCc%C3%BC-mutfak-sprey-temizleyici-750-ml-ve-mm-qREzxdfj HTTP/1.1" 200 7699 "-" "Mozilla/5.0 (Linux; Android 6.0.1; Nexus 5X Build/MMB29P) AppleWebKit/537.36 (KHTML, like Gecko) Chrome/126.0.6478.126 Mobile Safari/537.36 (compatible; Googlebot/2.1; +http://www.google.com/bot.html)"
66.249.70.6 - - [28/Jul/2024:00:08:12 +0200] "GET /?i=liz-jordan-is-bae-and-from-the-bay-area-mm-Pbo1DPfB HTTP/1.1" 200 6384 "-" "Mozilla/5.0 (Linux; Android 6.0.1; Nexus 5X Build/MMB29P) AppleWebKit/537.36 (KHTML, like Gecko) Chrome/126.0.6478.126 Mobile Safari/537.36 (compatible; Googlebot/2.1; +http://www.google.com/bot.html)"
66.249.70.3 - - [28/Jul/2024:00:08:12 +0200] "GET /?i=setmil-travels-tours-pvt-ltd-colombo-mm-PnWGObhB HTTP/1.1" 200 6484 "-" "Mozilla/5.0 (Linux; Android 6.0.1; Nexus 5X Build/MMB29P) AppleWebKit/537.36 (KHTML, like Gecko) Chrome/126.0.6478.126 Mobile Safari/537.36 (compatible; Googlebot/2.1; +http://www.google.com/bot.html)"
66.249.70.6 - - [28/Jul/2024:00:08:12 +0200] "GET /?i=print-the-drawing-mark-up-pdf-add-what-is-mm-W9M1ndue HTTP/1.1" 200 7661 "-" "Mozilla/5.0 (Linux; Android 6.0.1; Nexus 5X Build/MMB29P) AppleWebKit/537.36 (KHTML, like Gecko) Chrome/126.0.6478.126 Mobile Safari/537.36 (compatible; Googlebot/2.1; +http://www.google.com/bot.html)"
66.249.70.2 - - [28/Jul/2024:00:08:12 +0200] "GET /?i=okydoky-diner-and-lounge-omaha-ne-68134-menu-order-mm-VvODMzH6 HTTP/1.1" 200 7043 "-" "Mozilla/5.0 (Linux; Android 6.0.1; Nexus 5X Build/MMB29P) AppleWebKit/537.36 (KHTML, like Gecko) Chrome/126.0.6478.126 Mobile Safari/537.36 (compatible; Googlebot/2.1; +http://www.google.com/bot.html)"
66.249.70.2 - - [28/Jul/2024:00:08:12 +0200] "GET /?i=talking-bingo-electronic-bingo-caller-complete-in-box-excalibur-mm-pEjqwXuj HTTP/1.1" 200 6674 "-" "Mozilla/5.0 (Linux; Android 6.0.1; Nexus 5X Build/MMB29P) AppleWebKit/537.36 (KHTML, like Gecko) Chrome/126.0.6478.126 Mobile Safari/537.36 (compatible; Googlebot/2.1; +http://www.google.com/bot.html)"
66.249.70.5 - - [28/Jul/2024:00:08:12 +0200] "GET /?i=descubre-tu-estilo-mm-kBAwnzio HTTP/1.1" 200 7358 "-" "Mozilla/5.0 (Linux; Android 6.0.1; Nexus 5X Build/MMB29P) AppleWebKit/537.36 (KHTML, like Gecko) Chrome/126.0.6478.126 Mobile Safari/537.36 (compatible; Googlebot/2.1; +http://www.google.com/bot.html)"
66.249.70.1 - - [28/Jul/2024:00:08:12 +0200] "GET /?i=hardwood-mannington-mm-WnLpaKSe HTTP/1.1" 200 7313 "-" "Mozilla/5.0 (Linux; Android 6.0.1; Nexus 5X Build/MMB29P) AppleWebKit/537.36 (KHTML, like Gecko) Chrome/126.0.6478.126 Mobile Safari/537.36 (compatible; Googlebot/2.1; +http://www.google.com/bot.html)"
181.22.122.51 - - [28/Jul/2024:00:08:12 +0200] "GET /?i=billetes-falsos-de-100-d%C3%B3lares-circulan-en-los-estados-mm-X9jQ9mfX HTTP/1.1" 200 4355 "android-app://com.google.android.googlequicksearchbox/" "Mozilla/5.0 (Linux; Android 10; K) AppleWebKit/537.36 (KHTML, like Gecko) Chrome/126.0.0.0 Mobile Safari/537.36"
66.249.70.2 - - [28/Jul/2024:00:08:12 +0200] "GET /?i=heebo-font-free-download-mm-qL7ADFj HTTP/1.1" 200 6241 "-" "Mozilla/5.0 (Linux; Android 6.0.1; Nexus 5X Build/MMB29P) AppleWebKit/537.36 (KHTML, like Gecko) Chrome/126.0.6478.126 Mobile Safari/537.36 (compatible; Googlebot/2.1; +http://www.google.com/bot.html)"
66.249.70.7 - - [28/Jul/2024:00:08:13 +0200] "GET /?i=unleash-the-power-of-bmw-superbike-team-mm-0g5oPeSx HTTP/1.1" 200 6888 "-" "Mozilla/5.0 (Linux; Android 6.0.1; Nexus 5X Build/MMB29P) AppleWebKit/537.36 (KHTML, like Gecko) Chrome/126.0.6478.126 Mobile Safari/537.36 (compatible; Googlebot/2.1; +http://www.google.com/bot.html)"
66.249.70.5 - - [28/Jul/2024:00:08:13 +0200] "GET /?i=gazer73-%C2%A1ya-disponible-en-gazer-store-es-tu-momento-mm-jY6brPh9 HTTP/1.1" 200 10905 "-" "Mozilla/5.0 (Linux; Android 6.0.1; Nexus 5X Build/MMB29P) AppleWebKit/537.36 (KHTML, like Gecko) Chrome/126.0.6478.126 Mobile Safari/537.36 (compatible; Googlebot/2.1; +http://www.google.com/bot.html)"
66.249.70.4 - - [28/Jul/2024:00:08:13 +0200] "GET /?i=arterial-blood-gas-abg-respiratory-alkalosis-nursing-osmosis-video-mm-j2pNgMs9 HTTP/1.1" 200 6837 "-" "Mozilla/5.0 (Linux; Android 6.0.1; Nexus 5X Build/MMB29P) AppleWebKit/537.36 (KHTML, like Gecko) Chrome/126.0.6478.126 Mobile Safari/537.36 (compatible; Googlebot/2.1; +http://www.google.com/bot.html)"
66.249.70.5 - - [28/Jul/2024:00:08:13 +0200] "GET /?i=smilynation-green-sipper-cap-bottle-for-kids-44-500-mm-a5rLBkTN HTTP/1.1" 200 8039 "-" "Mozilla/5.0 (Linux; Android 6.0.1; Nexus 5X Build/MMB29P) AppleWebKit/537.36 (KHTML, like Gecko) Chrome/126.0.6478.126 Mobile Safari/537.36 (compatible; Googlebot/2.1; +http://www.google.com/bot.html)"
66.249.70.2 - - [28/Jul/2024:00:08:13 +0200] "GET /?i=helicopter-lego-60068-city-crooks-hideout-lego-city-police-mm-KxjvaLiN HTTP/1.1" 200 7076 "-" "Mozilla/5.0 (Linux; Android 6.0.1; Nexus 5X Build/MMB29P) AppleWebKit/537.36 (KHTML, like Gecko) Chrome/126.0.6478.126 Mobile Safari/537.36 (compatible; Googlebot/2.1; +http://www.google.com/bot.html)"
66.249.70.1 - - [28/Jul/2024:00:08:13 +0200] "GET /?i=cfa-society-nigeria-nigeria-s-cumulative-infrastructure-financing-needs-mm-g39YOeS7 HTTP/1.1" 200 7543 "-" "Mozilla/5.0 (Linux; Android 6.0.1; Nexus 5X Build/MMB29P) AppleWebKit/537.36 (KHTML, like Gecko) Chrome/126.0.6478.126 Mobile Safari/537.36 (compatible; Googlebot/2.1; +http://www.google.com/bot.html)"
66.249.70.8 - - [28/Jul/2024:00:08:13 +0200] "GET /?i=gold-coin-illustration-sprite-animation-2d-computer-graphics-coin-mm-xwbGx9Iq HTTP/1.1" 200 7014 "-" "Mozilla/5.0 (Linux; Android 6.0.1; Nexus 5X Build/MMB29P) AppleWebKit/537.36 (KHTML, like Gecko) Chrome/126.0.6478.126 Mobile Safari/537.36 (compatible; Googlebot/2.1; +http://www.google.com/bot.html)"
66.249.70.2 - - [28/Jul/2024:00:08:13 +0200] "GET /?i=ladrillera-nacional-on-x-venta-de-tabique-rojo-recocido-mm-WgX3Nvce HTTP/1.1" 200 6619 "-" "Mozilla/5.0 (Linux; Android 6.0.1; Nexus 5X Build/MMB29P) AppleWebKit/537.36 (KHTML, like Gecko) Chrome/126.0.6478.126 Mobile Safari/537.36 (compatible; Googlebot/2.1; +http://www.google.com/bot.html)"
66.249.70.109 - - [28/Jul/2024:00:08:13 +0200] "GET /?m=hbr-special-report-on-coaching-kauffman-pdf-zz-vjDdXkHq HTTP/1.1" 200 7143 "-" "Mozilla/5.0 (Linux; Android 6.0.1; Nexus 5X Build/MMB29P) AppleWebKit/537.36 (KHTML, like Gecko) Chrome/126.0.6478.126 Mobile Safari/537.36 (compatible; GoogleOther)"
66.249.70.4 - - [28/Jul/2024:00:08:13 +0200] "GET /?i=algae-phycology-photosynthesis-taxonomy-britannica-mm-r4nwn5S4 HTTP/1.1" 200 7159 "-" "Mozilla/5.0 (Linux; Android 6.0.1; Nexus 5X Build/MMB29P) AppleWebKit/537.36 (KHTML, like Gecko) Chrome/126.0.6478.126 Mobile Safari/537.36 (compatible; Googlebot/2.1; +http://www.google.com/bot.html)"
66.249.70.5 - - [28/Jul/2024:00:08:14 +0200] "GET /?i=is-the-venture-capital-model-working-for-africa-mm-Vgz7BPH6 HTTP/1.1" 200 7275 "-" "Mozilla/5.0 (Linux; Android 6.0.1; Nexus 5X Build/MMB29P) AppleWebKit/537.36 (KHTML, like Gecko) Chrome/126.0.6478.126 Mobile Safari/537.36 (compatible; Googlebot/2.1; +http://www.google.com/bot.html)"
66.249.70.5 - - [28/Jul/2024:00:08:14 +0200] "GET /?i=rangji-temple-mathura-mm-wqxxLBFk HTTP/1.1" 200 6659 "-" "Mozilla/5.0 (Linux; Android 6.0.1; Nexus 5X Build/MMB29P) AppleWebKit/537.36 (KHTML, like Gecko) Chrome/126.0.6478.126 Mobile Safari/537.36 (compatible; Googlebot/2.1; +http://www.google.com/bot.html)"
66.249.70.3 - - [28/Jul/2024:00:08:14 +0200] "GET /it/initiative/308---%EF%BF%BD-diversity-undertaking-tilburg--%EF%BF%BD--dot---la-diversita-intraprendente.html/?i=local-business-advertisment-rockhampton-region-facebook-mm-4bkMPWC6 HTTP/1.1" 200 7239 "-" "Mozilla/5.0 (Linux; Android 6.0.1; Nexus 5X Build/MMB29P) AppleWebKit/537.36 (KHTML, like Gecko) Chrome/126.0.6478.126 Mobile Safari/537.36 (compatible; Googlebot/2.1; +http://www.google.com/bot.html)"
66.249.70.7 - - [28/Jul/2024:00:08:14 +0200] "GET /?i=bod-standard-en-5815-1-analogous-198-%C2%B1-40-mm-bWxYbVCX HTTP/1.1" 200 7402 "-" "Mozilla/5.0 (Linux; Android 6.0.1; Nexus 5X Build/MMB29P) AppleWebKit/537.36 (KHTML, like Gecko) Chrome/126.0.6478.126 Mobile Safari/537.36 (compatible; Googlebot/2.1; +http://www.google.com/bot.html)"
66.249.70.8 - - [28/Jul/2024:00:08:14 +0200] "GET /?i=term-2023-maths-question-paper-for-grade-10%EF%BD%9Ctiktok-search-mm-DNwMLjIk HTTP/1.1" 200 11146 "-" "Mozilla/5.0 (Linux; Android 6.0.1; Nexus 5X Build/MMB29P) AppleWebKit/537.36 (KHTML, like Gecko) Chrome/126.0.6478.126 Mobile Safari/537.36 (compatible; Googlebot/2.1; +http://www.google.com/bot.html)"
52.167.144.229 - - [28/Jul/2024:00:08:14 +0200] "GET /?i=consistency-aesthetic-consistency-quotes-hd-wallpaper-quotes-wallpaper-q%E2%80%A6-mm-Aq4G5bIO HTTP/1.1" 200 10748 "-" "Mozilla/5.0 AppleWebKit/537.36 (KHTML, like Gecko; compatible; bingbot/2.0; +http://www.bing.com/bingbot.htm) Chrome/116.0.1938.76 Safari/537.36"
148.252.132.67 - - [28/Jul/2024:00:08:14 +0200] "GET /?i=individuals-wear-dog-masks-as-the-take-part-in-mm-pOVMpmij HTTP/1.1" 200 5719 "-" "Mozilla/5.0 (iPhone; CPU iPhone OS 17_5_1 like Mac OS X) AppleWebKit/605.1.15 (KHTML, like Gecko) Version/17.5 Mobile/15E148 Safari/604.1"
89.8.129.205 - - [28/Jul/2024:00:08:14 +0200] "GET /?i=atlantis-aquaventure-waterpark-tickets-2023-offers-mm-o9zj4eTL HTTP/1.1" 200 4355 "https://www.google.com/" "Mozilla/5.0 (iPhone; CPU iPhone OS 17_5_1 like Mac OS X) AppleWebKit/605.1.15 (KHTML, like Gecko) Version/17.5 Mobile/15E148 Safari/604.1"
66.249.70.2 - - [28/Jul/2024:00:08:14 +0200] "GET /?i=47-precinct-hi-res-stock-photography-and-images-alamy-mm-GqoY2Ocd HTTP/1.1" 200 6820 "-" "Mozilla/5.0 (Linux; Android 6.0.1; Nexus 5X Build/MMB29P) AppleWebKit/537.36 (KHTML, like Gecko) Chrome/126.0.6478.126 Mobile Safari/537.36 (compatible; Googlebot/2.1; +http://www.google.com/bot.html)"
66.249.70.2 - - [28/Jul/2024:00:08:14 +0200] "GET /?i=sees-1set-sft-632a-p220n-elevator-light-curtain-lift-mm-WWzDQLte HTTP/1.1" 200 7327 "-" "Mozilla/5.0 (Linux; Android 6.0.1; Nexus 5X Build/MMB29P) AppleWebKit/537.36 (KHTML, like Gecko) Chrome/126.0.6478.126 Mobile Safari/537.36 (compatible; Googlebot/2.1; +http://www.google.com/bot.html)"
66.249.70.8 - - [28/Jul/2024:00:08:14 +0200] "GET /?i=ptcl$_4^{2-}$-has-a-square-planar-geometry-and-belongs-mm-aRoambTN HTTP/1.1" 200 7525 "-" "Mozilla/5.0 (Linux; Android 6.0.1; Nexus 5X Build/MMB29P) AppleWebKit/537.36 (KHTML, like Gecko) Chrome/126.0.6478.126 Mobile Safari/537.36 (compatible; Googlebot/2.1; +http://www.google.com/bot.html)"
66.249.70.4 - - [28/Jul/2024:00:08:14 +0200] "GET /?i=softcult-interview-see-you-in-the-dark-ep-more-mm-PxOOVvcB HTTP/1.1" 200 6459 "-" "Mozilla/5.0 (Linux; Android 6.0.1; Nexus 5X Build/MMB29P) AppleWebKit/537.36 (KHTML, like Gecko) Chrome/126.0.6478.126 Mobile Safari/537.36 (compatible; Googlebot/2.1; +http://www.google.com/bot.html)"
66.249.70.4 - - [28/Jul/2024:00:08:14 +0200] "GET /?i=siddhesh-kalantri-on-x-critically-low-platelet-count-can-mm-kOEzMzfo HTTP/1.1" 200 11129 "-" "Mozilla/5.0 (Linux; Android 6.0.1; Nexus 5X Build/MMB29P) AppleWebKit/537.36 (KHTML, like Gecko) Chrome/126.0.6478.126 Mobile Safari/537.36 (compatible; Googlebot/2.1; +http://www.google.com/bot.html)"
66.249.70.3 - - [28/Jul/2024:00:08:14 +0200] "GET /?i=wholesale-hhc-cartridge-watermelon-lush-terpfusion-cbd-wholesale-network-mm-rLEaGoF4 HTTP/1.1" 200 7050 "-" "Mozilla/5.0 (Linux; Android 6.0.1; Nexus 5X Build/MMB29P) AppleWebKit/537.36 (KHTML, like Gecko) Chrome/126.0.6478.126 Mobile Safari/537.36 (compatible; Googlebot/2.1; +http://www.google.com/bot.html)"
66.249.70.8 - - [28/Jul/2024:00:08:15 +0200] "GET /?i=realme-buds-air-neo-price-in-bangladesh-mm-YWAR3vUn HTTP/1.1" 200 7509 "-" "Mozilla/5.0 (Linux; Android 6.0.1; Nexus 5X Build/MMB29P) AppleWebKit/537.36 (KHTML, like Gecko) Chrome/126.0.6478.126 Mobile Safari/537.36 (compatible; Googlebot/2.1; +http://www.google.com/bot.html)"
66.249.70.1 - - [28/Jul/2024:00:08:15 +0200] "GET /?i=guia-modem-arcadyan-vrv9519kwac23-pdf-ieee-cortafuegos-inform%C3%A1tica-mm-mGR5daFX HTTP/1.1" 200 7435 "-" "Mozilla/5.0 (Linux; Android 6.0.1; Nexus 5X Build/MMB29P) AppleWebKit/537.36 (KHTML, like Gecko) Chrome/126.0.6478.126 Mobile Safari/537.36 (compatible; Googlebot/2.1; +http://www.google.com/bot.html)"
66.249.70.2 - - [28/Jul/2024:00:08:15 +0200] "GET /?i=buy-lcd-screen-for-lava-r3-lcd-display-touch-mm-E0eaq7H3 HTTP/1.1" 200 7661 "-" "Mozilla/5.0 (Linux; Android 6.0.1; Nexus 5X Build/MMB29P) AppleWebKit/537.36 (KHTML, like Gecko) Chrome/126.0.6478.126 Mobile Safari/537.36 (compatible; Googlebot/2.1; +http://www.google.com/bot.html)"
148.252.132.67 - - [28/Jul/2024:00:08:15 +0200] "GET /fonts/opensans-condlight-webfont.woff HTTP/1.1" 200 1881 "https://www.congress-intercultural.eu/?i=individuals-wear-dog-masks-as-the-take-part-in-mm-pOVMpmij" "Mozilla/5.0 (iPhone; CPU iPhone OS 17_5_1 like Mac OS X) AppleWebKit/605.1.15 (KHTML, like Gecko) Version/17.5 Mobile/15E148 Safari/604.1"
209.29.96.47 - - [28/Jul/2024:00:08:15 +0200] "GET /it/?i=our-25-cruiser-boat-c-dory-boats-mm-gGbvAqU7 HTTP/1.1" 200 4356 "https://www.google.com/" "Mozilla/5.0 (iPhone; CPU iPhone OS 17_5_1 like Mac OS X) AppleWebKit/605.1.15 (KHTML, like Gecko) Version/17.5 Mobile/15E148 Safari/604.1"
66.249.70.8 - - [28/Jul/2024:00:08:15 +0200] "GET /?i=calgary-transit-plans-to-expand-on-demand-service-to-mm-G0GmoBUd HTTP/1.1" 200 7265 "-" "Mozilla/5.0 (Linux; Android 6.0.1; Nexus 5X Build/MMB29P) AppleWebKit/537.36 (KHTML, like Gecko) Chrome/126.0.6478.126 Mobile Safari/537.36 (compatible; Googlebot/2.1; +http://www.google.com/bot.html)"
66.249.70.1 - - [28/Jul/2024:00:08:15 +0200] "GET /it/?i=sip-voip-ims-interview-questions-pdf-pdf-ip-multimedia-mm-nJmWdRTE HTTP/1.1" 200 10360 "-" "Mozilla/5.0 (Linux; Android 6.0.1; Nexus 5X Build/MMB29P) AppleWebKit/537.36 (KHTML, like Gecko) Chrome/126.0.6478.126 Mobile Safari/537.36 (compatible; GoogleOther)"
66.249.70.5 - - [28/Jul/2024:00:08:15 +0200] "GET /?i=future-trunks-goku-black-dragon-ball-super-dragon-ball-mm-eWDd3aug HTTP/1.1" 200 7689 "-" "Mozilla/5.0 (Linux; Android 6.0.1; Nexus 5X Build/MMB29P) AppleWebKit/537.36 (KHTML, like Gecko) Chrome/126.0.6478.126 Mobile Safari/537.36 (compatible; Googlebot/2.1; +http://www.google.com/bot.html)"
66.249.70.7 - - [28/Jul/2024:00:08:15 +0200] "GET /?i=h801-vs-arilux-magichome-led-controller-review-%E2%80%93-inspect-mm-LevwAofd HTTP/1.1" 200 7826 "-" "Mozilla/5.0 (Linux; Android 6.0.1; Nexus 5X Build/MMB29P) AppleWebKit/537.36 (KHTML, like Gecko) Chrome/126.0.6478.126 Mobile Safari/537.36 (compatible; Googlebot/2.1; +http://www.google.com/bot.html)"
66.249.70.3 - - [28/Jul/2024:00:08:15 +0200] "GET /?i=zoro-full-body-one-piece-anime-die-cut-sticker-mm-1raG64S7 HTTP/1.1" 200 6983 "-" "Mozilla/5.0 (Linux; Android 6.0.1; Nexus 5X Build/MMB29P) AppleWebKit/537.36 (KHTML, like Gecko) Chrome/126.0.6478.126 Mobile Safari/537.36 (compatible; Googlebot/2.1; +http://www.google.com/bot.html)"
66.249.70.4 - - [28/Jul/2024:00:08:15 +0200] "GET /?i=pagoda-coin-wikipedia-mm-k4097dfo HTTP/1.1" 200 6534 "-" "Mozilla/5.0 (Linux; Android 6.0.1; Nexus 5X Build/MMB29P) AppleWebKit/537.36 (KHTML, like Gecko) Chrome/126.0.6478.126 Mobile Safari/537.36 (compatible; Googlebot/2.1; +http://www.google.com/bot.html)"
66.249.70.8 - - [28/Jul/2024:00:08:15 +0200] "GET /?i=download-coinmarketcap-logo-png-and-vector-pdf-svg-ai-mm-VPbMWMU6 HTTP/1.1" 200 6983 "-" "Mozilla/5.0 (Linux; Android 6.0.1; Nexus 5X Build/MMB29P) AppleWebKit/537.36 (KHTML, like Gecko) Chrome/126.0.6478.126 Mobile Safari/537.36 (compatible; Googlebot/2.1; +http://www.google.com/bot.html)"
223.123.118.93 - - [28/Jul/2024:00:08:15 +0200] "GET /?i=livor-mortis-definition-causes-and-timeline-mm-534wGdCm HTTP/1.1" 200 4355 "https://www.google.com/" "Mozilla/5.0 (Linux; Android 10; K) AppleWebKit/537.36 (KHTML, like Gecko) Chrome/126.0.0.0 Mobile Safari/537.36"
66.249.70.8 - - [28/Jul/2024:00:08:15 +0200] "GET /?i=300-dollar-christmas-gift-ideas%EF%BD%9Ctiktok-search-mm-xYOLzkuq HTTP/1.1" 200 7522 "-" "Mozilla/5.0 (Linux; Android 6.0.1; Nexus 5X Build/MMB29P) AppleWebKit/537.36 (KHTML, like Gecko) Chrome/126.0.6478.126 Mobile Safari/537.36 (compatible; Googlebot/2.1; +http://www.google.com/bot.html)"
66.249.70.2 - - [28/Jul/2024:00:08:16 +0200] "GET /?i=how-come-some-of-my-html-script-is-green-mm-dRBdRNhe HTTP/1.1" 200 6838 "-" "Mozilla/5.0 (Linux; Android 6.0.1; Nexus 5X Build/MMB29P) AppleWebKit/537.36 (KHTML, like Gecko) Chrome/126.0.6478.126 Mobile Safari/537.36 (compatible; Googlebot/2.1; +http://www.google.com/bot.html)"
66.249.70.2 - - [28/Jul/2024:00:08:16 +0200] "GET /?i=someone-had-a-sufi-life-coaching-uns-foundation-facebook-mm-71ML1wT0 HTTP/1.1" 200 7381 "-" "Mozilla/5.0 (Linux; Android 6.0.1; Nexus 5X Build/MMB29P) AppleWebKit/537.36 (KHTML, like Gecko) Chrome/126.0.6478.126 Mobile Safari/537.36 (compatible; Googlebot/2.1; +http://www.google.com/bot.html)"
136.158.66.235 - - [28/Jul/2024:00:08:16 +0200] "GET /?i=pangunahing-direksyon-mm-L5xEAVCd HTTP/1.1" 200 4355 "https://www.google.com/" "Mozilla/5.0 (Windows NT 10.0; Win64; x64) AppleWebKit/537.36 (KHTML, like Gecko) Chrome/126.0.0.0 Safari/537.36"
172.56.112.104 - - [28/Jul/2024:00:08:16 +0200] "GET /?i=fuji-roubaix-road-bike-video-mm-aX1qVYuN HTTP/1.1" 200 4355 "android-app://com.google.android.googlequicksearchbox/" "Mozilla/5.0 (Linux; Android 10; K) AppleWebKit/537.36 (KHTML, like Gecko) Chrome/126.0.0.0 Mobile Safari/537.36"
136.243.228.194 - - [28/Jul/2024:00:08:15 +0200] "GET /?i=snapdragon-895-snapdragon-888-s-rumored-successor-is-apparently-mm-71kbXwI0 HTTP/1.1" 200 1816 "-" "Mozilla/5.0 (compatible; DataForSeoBot/1.0; +https://dataforseo.com/dataforseo-bot)"
89.161.49.17 - - [28/Jul/2024:00:08:16 +0200] "GET /?i=leje-si%C4%99-woda-przy-sp%C5%82ukiwaniu-wc-wymiana-uszczelki-majster-mm-PEOb4XhB HTTP/1.1" 200 4356 "https://www.google.com/" "Mozilla/5.0 (Linux; Android 10; K) AppleWebKit/537.36 (KHTML, like Gecko) Chrome/126.0.0.0 Mobile Safari/537.36"
66.249.70.2 - - [28/Jul/2024:00:08:16 +0200] "GET /?i=nebula-[credentials]-what-is-the-username-password-i-can-mm-QL6PjghX HTTP/1.1" 200 10672 "-" "Mozilla/5.0 (Linux; Android 6.0.1; Nexus 5X Build/MMB29P) AppleWebKit/537.36 (KHTML, like Gecko) Chrome/126.0.6478.126 Mobile Safari/537.36 (compatible; Googlebot/2.1; +http://www.google.com/bot.html)"
66.249.70.2 - - [28/Jul/2024:00:08:16 +0200] "GET /?i=%D9%81%D8%B3%D8%A7%D8%AA%D9%8A%D9%86-%D8%B3%D9%87%D8%B1%D8%A9-%D8%A3%D9%86%D9%8A%D9%82%D8%A9-%D9%88%D8%AC%D8%B0%D8%A7%D8%A8%D8%A9-%D8%A8%D9%85%D9%82%D8%A7%D8%B3%D8%A7%D8%AA-%D9%83%D8%A8%D9%8A%D8%B1%D8%A9-%D9%88%D8%AD%D8%B2%D8%A7%D9%85-%D8%B9%D9%84%D9%89-%D8%B4%D9%83%D9%84-mm-k13zVBSo HTTP/1.1" 200 7824 "-" "Mozilla/5.0 (Linux; Android 6.0.1; Nexus 5X Build/MMB29P) AppleWebKit/537.36 (KHTML, like Gecko) Chrome/126.0.6478.126 Mobile Safari/537.36 (compatible; Googlebot/2.1; +http://www.google.com/bot.html)"
66.249.70.2 - - [28/Jul/2024:00:08:16 +0200] "GET /?i=for-xiaomi-redmi-note-12s-4g-phone-case-anti-mm-o6W5LQtL HTTP/1.1" 200 11661 "-" "Mozilla/5.0 (Linux; Android 6.0.1; Nexus 5X Build/MMB29P) AppleWebKit/537.36 (KHTML, like Gecko) Chrome/126.0.6478.126 Mobile Safari/537.36 (compatible; Googlebot/2.1; +http://www.google.com/bot.html)"
66.249.70.1 - - [28/Jul/2024:00:08:16 +0200] "GET /?i=dominique-cosmetics-releases-celestial-storm-eye-shadow-palette-see-mm-DQwxpjCk HTTP/1.1" 200 7950 "-" "Mozilla/5.0 (Linux; Android 6.0.1; Nexus 5X Build/MMB29P) AppleWebKit/537.36 (KHTML, like Gecko) Chrome/126.0.6478.126 Mobile Safari/537.36 (compatible; Googlebot/2.1; +http://www.google.com/bot.html)"
66.249.70.5 - - [28/Jul/2024:00:08:16 +0200] "GET /?i=gm-22-pro-lcd-ekran-one-mob%C4%B0le-b%C4%B0l%C4%B0%C5%9E%C4%B0m-mm-DJvQA9ck HTTP/1.1" 200 7064 "-" "Mozilla/5.0 (Linux; Android 6.0.1; Nexus 5X Build/MMB29P) AppleWebKit/537.36 (KHTML, like Gecko) Chrome/126.0.6478.126 Mobile Safari/537.36 (compatible; Googlebot/2.1; +http://www.google.com/bot.html)"
66.249.70.2 - - [28/Jul/2024:00:08:16 +0200] "GET /?i=how-to-sell-tv-advertisements-to-your-clients-mm-DoJEXASk HTTP/1.1" 200 7385 "-" "Mozilla/5.0 (Linux; Android 6.0.1; Nexus 5X Build/MMB29P) AppleWebKit/537.36 (KHTML, like Gecko) Chrome/126.0.6478.126 Mobile Safari/537.36 (compatible; Googlebot/2.1; +http://www.google.com/bot.html)"
66.249.70.1 - - [28/Jul/2024:00:08:16 +0200] "GET /?i=beauty-trend-skinimalism-beauty-and-more-sthsweet-editorial-blog-mm-N25P2VCd HTTP/1.1" 200 11586 "-" "Mozilla/5.0 (Linux; Android 6.0.1; Nexus 5X Build/MMB29P) AppleWebKit/537.36 (KHTML, like Gecko) Chrome/126.0.6478.126 Mobile Safari/537.36 (compatible; Googlebot/2.1; +http://www.google.com/bot.html)"
66.249.70.2 - - [28/Jul/2024:00:08:16 +0200] "GET /?i=ppt-the-people-of-god-are-defined-by-a-mm-n7EzmbSE HTTP/1.1" 200 6577 "-" "Mozilla/5.0 (Linux; Android 6.0.1; Nexus 5X Build/MMB29P) AppleWebKit/537.36 (KHTML, like Gecko) Chrome/126.0.6478.126 Mobile Safari/537.36 (compatible; Googlebot/2.1; +http://www.google.com/bot.html)"
66.249.70.8 - - [28/Jul/2024:00:08:16 +0200] "GET /?i=see-inside-the-new-terminals-b-and-c-at-mm-wWLeK4uk HTTP/1.1" 200 7107 "-" "Mozilla/5.0 (Linux; Android 6.0.1; Nexus 5X Build/MMB29P) AppleWebKit/537.36 (KHTML, like Gecko) Chrome/126.0.6478.126 Mobile Safari/537.36 (compatible; Googlebot/2.1; +http://www.google.com/bot.html)"
66.249.70.2 - - [28/Jul/2024:00:08:17 +0200] "GET /?i=dqm-odfjell-terminals-mm-424Np1U6 HTTP/1.1" 200 6768 "-" "Mozilla/5.0 (Linux; Android 6.0.1; Nexus 5X Build/MMB29P) AppleWebKit/537.36 (KHTML, like Gecko) Chrome/126.0.6478.126 Mobile Safari/537.36 (compatible; Googlebot/2.1; +http://www.google.com/bot.html)"
66.249.70.3 - - [28/Jul/2024:00:08:17 +0200] "GET /?i=tmax-530-termignoni-black-edition-full-exhaust-mm-7kbk9MF0 HTTP/1.1" 200 7510 "-" "Mozilla/5.0 (Linux; Android 6.0.1; Nexus 5X Build/MMB29P) AppleWebKit/537.36 (KHTML, like Gecko) Chrome/126.0.6478.126 Mobile Safari/537.36 (compatible; Googlebot/2.1; +http://www.google.com/bot.html)"
66.249.70.4 - - [28/Jul/2024:00:08:17 +0200] "GET /de/?i=surat-al-lail-pdf-mm-pLA5b2cj HTTP/1.1" 200 10620 "-" "Mozilla/5.0 (Linux; Android 6.0.1; Nexus 5X Build/MMB29P) AppleWebKit/537.36 (KHTML, like Gecko) Chrome/126.0.6478.126 Mobile Safari/537.36 (compatible; GoogleOther)"
66.249.70.7 - - [28/Jul/2024:00:08:17 +0200] "GET /?i=this-enamel-pin-is-a-klon-centaur-guitar-pedal-mm-XnvX1pHX HTTP/1.1" 200 7902 "-" "Mozilla/5.0 (Linux; Android 6.0.1; Nexus 5X Build/MMB29P) AppleWebKit/537.36 (KHTML, like Gecko) Chrome/126.0.6478.126 Mobile Safari/537.36 (compatible; Googlebot/2.1; +http://www.google.com/bot.html)"
66.249.70.4 - - [28/Jul/2024:00:08:17 +0200] "GET /it/?i=things-not-to-do-when-using-a-relx-vape-mm-vgDNvvfV HTTP/1.1" 200 7628 "-" "Mozilla/5.0 (Linux; Android 6.0.1; Nexus 5X Build/MMB29P) AppleWebKit/537.36 (KHTML, like Gecko) Chrome/126.0.6478.126 Mobile Safari/537.36 (compatible; Googlebot/2.1; +http://www.google.com/bot.html)"
66.249.70.7 - - [28/Jul/2024:00:08:17 +0200] "GET /?i=mooncake-delivery-indonesia-mid-autumn-festival-2023-mm-9AnQ1vF7 HTTP/1.1" 200 11512 "-" "Mozilla/5.0 (Linux; Android 6.0.1; Nexus 5X Build/MMB29P) AppleWebKit/537.36 (KHTML, like Gecko) Chrome/126.0.6478.126 Mobile Safari/537.36 (compatible; Googlebot/2.1; +http://www.google.com/bot.html)"
66.249.70.4 - - [28/Jul/2024:00:08:17 +0200] "GET /?i=revisiting-the-rwandan-genocide-hutu-or-tutsi-mm-wMzQvesk HTTP/1.1" 200 6783 "-" "Mozilla/5.0 (Linux; Android 6.0.1; Nexus 5X Build/MMB29P) AppleWebKit/537.36 (KHTML, like Gecko) Chrome/126.0.6478.126 Mobile Safari/537.36 (compatible; Googlebot/2.1; +http://www.google.com/bot.html)"
66.249.70.8 - - [28/Jul/2024:00:08:18 +0200] "GET /?i=69-charger-vs-70-challenger-and-why-r-mopar-mm-E2LNkpH3 HTTP/1.1" 200 10858 "-" "Mozilla/5.0 (Linux; Android 6.0.1; Nexus 5X Build/MMB29P) AppleWebKit/537.36 (KHTML, like Gecko) Chrome/126.0.6478.126 Mobile Safari/537.36 (compatible; Googlebot/2.1; +http://www.google.com/bot.html)"
66.249.70.3 - - [28/Jul/2024:00:08:18 +0200] "GET /?i=kapry-design-dress%EF%BD%9Ctiktok-search-mm-Badr4XfV HTTP/1.1" 200 10481 "-" "Mozilla/5.0 (Linux; Android 6.0.1; Nexus 5X Build/MMB29P) AppleWebKit/537.36 (KHTML, like Gecko) Chrome/126.0.6478.126 Mobile Safari/537.36 (compatible; Googlebot/2.1; +http://www.google.com/bot.html)"
66.249.70.3 - - [28/Jul/2024:00:08:18 +0200] "GET /?i=ohx283-s-holden-boostcruising-mm-4jnjnWT6 HTTP/1.1" 200 10519 "-" "Mozilla/5.0 (Linux; Android 6.0.1; Nexus 5X Build/MMB29P) AppleWebKit/537.36 (KHTML, like Gecko) Chrome/126.0.6478.126 Mobile Safari/537.36 (compatible; Googlebot/2.1; +http://www.google.com/bot.html)"
211.21.210.56 - - [28/Jul/2024:00:08:18 +0200] "GET /?i=8-983-creepy-coffin-horror-images-stock-photos-3d-mm-kqvQMOHo HTTP/1.1" 200 4355 "https://www.google.com/" "Mozilla/5.0 (Windows NT 10.0; Win64; x64) AppleWebKit/537.36 (KHTML, like Gecko) Chrome/126.0.0.0 Safari/537.36"
66.249.70.1 - - [28/Jul/2024:00:08:19 +0200] "GET /?i=jakne-i-kaputi-za-mu%C5%A1karce-mm-bvrDD2FX HTTP/1.1" 200 7207 "-" "Mozilla/5.0 (Linux; Android 6.0.1; Nexus 5X Build/MMB29P) AppleWebKit/537.36 (KHTML, like Gecko) Chrome/126.0.6478.126 Mobile Safari/537.36 (compatible; Googlebot/2.1; +http://www.google.com/bot.html)"
157.55.39.62 - - [28/Jul/2024:00:08:20 +0200] "GET /?i=cat5-vs-cat5e-vs-cat6-vs-cat6a-vs-cat7-mm-PJxAJhB HTTP/1.1" 200 8971 "-" "Mozilla/5.0 (iPhone; CPU iPhone OS 7_0 like Mac OS X) AppleWebKit/537.51.1 (KHTML, like Gecko) Version/7.0 Mobile/11A465 Safari/9537.53 (compatible; bingbot/2.0; +http://www.bing.com/bingbot.htm)"
187.134.71.145 - - [28/Jul/2024:00:08:20 +0200] "GET /?i=mustang-white-face-gauge-kit-94-98-mm-AM2VjOtO HTTP/1.1" 200 4355 "https://www.google.com/" "Mozilla/5.0 (iPhone; CPU iPhone OS 17_0 like Mac OS X) AppleWebKit/605.1.15 (KHTML, like Gecko) Version/17.0 Mobile/15E148 Safari/604.1"
217.113.194.246 - - [28/Jul/2024:00:08:18 +0200] "GET /fr/initiative/226-womex---frauen-madchen--gender-in-extremismus-und-pravention---berlin--deutschland.html HTTP/1.1" 200 2488 "-" "Mozilla/5.0 (compatible; Barkrowler/0.9; +https://babbar.tech/crawler)"
188.181.87.11 - - [28/Jul/2024:00:08:17 +0200] "GET /?i=como-un-moderno-easy-rider-en-vespa-vespa-px-mm-jYwNqqH9 HTTP/1.1" 200 5777 "-" "Mozilla/5.0 (Macintosh; Intel Mac OS X 10_15_7) AppleWebKit/605.1.15 (KHTML, like Gecko) Version/17.5 Safari/605.1.15"
136.243.228.194 - - [28/Jul/2024:00:08:19 +0200] "GET /?i=ternyata-%5Bsegini%5D-ganti-lcd-original-di-service-center-samsung-mm-g77qdgs7 HTTP/1.1" 200 1816 "-" "Mozilla/5.0 (compatible; DataForSeoBot/1.0; +https://dataforseo.com/dataforseo-bot)"
66.249.70.8 - - [28/Jul/2024:00:08:21 +0200] "GET /?i=eigerian-waktunya-maksimalkan-performa-berlari-di-liat-ruang-dengan-mm-kpmwKdFo HTTP/1.1" 200 7268 "-" "Mozilla/5.0 (Linux; Android 6.0.1; Nexus 5X Build/MMB29P) AppleWebKit/537.36 (KHTML, like Gecko) Chrome/126.0.6478.126 Mobile Safari/537.36 (compatible; Googlebot/2.1; +http://www.google.com/bot.html)"
66.249.70.3 - - [28/Jul/2024:00:08:21 +0200] "GET /?i=wacom-one-tablet-creative-pen-display-review-is-it-mm-2JE63QSj HTTP/1.1" 200 7898 "-" "Mozilla/5.0 (Linux; Android 6.0.1; Nexus 5X Build/MMB29P) AppleWebKit/537.36 (KHTML, like Gecko) Chrome/126.0.6478.126 Mobile Safari/537.36 (compatible; Googlebot/2.1; +http://www.google.com/bot.html)"
66.249.70.7 - - [28/Jul/2024:00:08:21 +0200] "GET /?i=the-benefits-of-ethereum-virtual-machine-evm-compatibility-by-mm-AKEppOFO HTTP/1.1" 200 6964 "-" "Mozilla/5.0 (Linux; Android 6.0.1; Nexus 5X Build/MMB29P) AppleWebKit/537.36 (KHTML, like Gecko) Chrome/126.0.6478.126 Mobile Safari/537.36 (compatible; Googlebot/2.1; +http://www.google.com/bot.html)"
66.249.70.8 - - [28/Jul/2024:00:08:21 +0200] "GET /?i=cat-people-tabaxi-in-5e-dungeons-dragons-mm-DarBjIk HTTP/1.1" 200 7281 "-" "Mozilla/5.0 (Linux; Android 6.0.1; Nexus 5X Build/MMB29P) AppleWebKit/537.36 (KHTML, like Gecko) Chrome/126.0.6478.126 Mobile Safari/537.36 (compatible; Googlebot/2.1; +http://www.google.com/bot.html)"
66.249.70.7 - - [28/Jul/2024:00:08:21 +0200] "GET /?i=essay-on-my-favourite-book-in-english-my-favourite-mm-Pnz2m4FB HTTP/1.1" 200 6981 "-" "Mozilla/5.0 (Linux; Android 6.0.1; Nexus 5X Build/MMB29P) AppleWebKit/537.36 (KHTML, like Gecko) Chrome/126.0.6478.126 Mobile Safari/537.36 (compatible; Googlebot/2.1; +http://www.google.com/bot.html)"
66.249.70.8 - - [28/Jul/2024:00:08:21 +0200] "GET /?i=fila-get-disruptive-in-royal-blue-sneaker-freaker-mm-k1nNoOSo HTTP/1.1" 200 7417 "-" "Mozilla/5.0 (Linux; Android 6.0.1; Nexus 5X Build/MMB29P) AppleWebKit/537.36 (KHTML, like Gecko) Chrome/126.0.6478.126 Mobile Safari/537.36 (compatible; Googlebot/2.1; +http://www.google.com/bot.html)"
66.249.70.2 - - [28/Jul/2024:00:08:21 +0200] "GET /tr/?i=t-90-zvezda-191887-15-instructions-pdf-mm-vJqAaJCV HTTP/1.1" 200 9793 "-" "Mozilla/5.0 (Linux; Android 6.0.1; Nexus 5X Build/MMB29P) AppleWebKit/537.36 (KHTML, like Gecko) Chrome/126.0.6478.126 Mobile Safari/537.36 (compatible; GoogleOther)"
66.249.70.1 - - [28/Jul/2024:00:08:21 +0200] "GET /?i=air-force-announces-changes-for-enlisted-promotion-recommendation-points-mm-JrmRegs1 HTTP/1.1" 200 7420 "-" "Mozilla/5.0 (Linux; Android 6.0.1; Nexus 5X Build/MMB29P) AppleWebKit/537.36 (KHTML, like Gecko) Chrome/126.0.6478.126 Mobile Safari/537.36 (compatible; Googlebot/2.1; +http://www.google.com/bot.html)"
66.249.70.4 - - [28/Jul/2024:00:08:21 +0200] "GET /?i=c082-pyramids-of-mars-who-back-when-a-doctor-mm-on3BXwsL HTTP/1.1" 200 7147 "-" "Mozilla/5.0 (Linux; Android 6.0.1; Nexus 5X Build/MMB29P) AppleWebKit/537.36 (KHTML, like Gecko) Chrome/126.0.6478.126 Mobile Safari/537.36 (compatible; Googlebot/2.1; +http://www.google.com/bot.html)"
66.249.70.3 - - [28/Jul/2024:00:08:22 +0200] "GET /?i=iu-for-elle-korea-magazine-november-2013-kpopping-mm-7WkPWYt0 HTTP/1.1" 200 6973 "-" "Mozilla/5.0 (Linux; Android 6.0.1; Nexus 5X Build/MMB29P) AppleWebKit/537.36 (KHTML, like Gecko) Chrome/126.0.6478.126 Mobile Safari/537.36 (compatible; Googlebot/2.1; +http://www.google.com/bot.html)"
66.249.70.4 - - [28/Jul/2024:00:08:22 +0200] "GET /?i=30+-best-html-login-registration-form-templates-2016-designmaz-mm-9ded1Ds7 HTTP/1.1" 200 10762 "-" "Mozilla/5.0 (Linux; Android 6.0.1; Nexus 5X Build/MMB29P) AppleWebKit/537.36 (KHTML, like Gecko) Chrome/126.0.6478.126 Mobile Safari/537.36 (compatible; Googlebot/2.1; +http://www.google.com/bot.html)"
84.161.204.19 - - [28/Jul/2024:00:08:22 +0200] "GET /?i=lumisource-electra-vintage-double-mushroom-plasma-lamp-in-mint-mm-65oOGVCN HTTP/1.1" 200 1097 "https://www.google.com/" "Mozilla/5.0 (Linux; Android 10; K) AppleWebKit/537.36 (KHTML, like Gecko) Chrome/126.0.0.0 Mobile Safari/537.36"
66.249.70.1 - - [28/Jul/2024:00:08:22 +0200] "GET /?i=domain-institute-of-montessori-and-primary-teacher-s-training-mm-V9GBGah6 HTTP/1.1" 200 6485 "-" "Mozilla/5.0 (Linux; Android 6.0.1; Nexus 5X Build/MMB29P) AppleWebKit/537.36 (KHTML, like Gecko) Chrome/126.0.6478.126 Mobile Safari/537.36 (compatible; Googlebot/2.1; +http://www.google.com/bot.html)"
66.249.70.2 - - [28/Jul/2024:00:08:22 +0200] "GET /?i=spicy-chicken-and-sweet-potato-meal-prep-magic-recipe-mm-kkg4bxTo HTTP/1.1" 200 10615 "-" "Mozilla/5.0 (Linux; Android 6.0.1; Nexus 5X Build/MMB29P) AppleWebKit/537.36 (KHTML, like Gecko) Chrome/126.0.6478.126 Mobile Safari/537.36 (compatible; Googlebot/2.1; +http://www.google.com/bot.html)"
66.249.70.3 - - [28/Jul/2024:00:08:22 +0200] "GET /?i=table-top-hpl-and-mdf-120x80-oak-black-color-mm-X7mk9ntX HTTP/1.1" 200 7641 "-" "Mozilla/5.0 (Linux; Android 6.0.1; Nexus 5X Build/MMB29P) AppleWebKit/537.36 (KHTML, like Gecko) Chrome/126.0.6478.126 Mobile Safari/537.36 (compatible; Googlebot/2.1; +http://www.google.com/bot.html)"
66.249.70.3 - - [28/Jul/2024:00:08:22 +0200] "GET /?i=yocco-s-hot-dogs-wikipedia-mm-pQxVN1Ij HTTP/1.1" 200 10483 "-" "Mozilla/5.0 (Linux; Android 6.0.1; Nexus 5X Build/MMB29P) AppleWebKit/537.36 (KHTML, like Gecko) Chrome/126.0.6478.126 Mobile Safari/537.36 (compatible; GoogleOther)"
66.249.70.3 - - [28/Jul/2024:00:08:22 +0200] "GET /?i=cough-medicine-hi-res-stock-photography-and-images-alamy-mm-v9owAvFV HTTP/1.1" 200 7237 "-" "Mozilla/5.0 (Linux; Android 6.0.1; Nexus 5X Build/MMB29P) AppleWebKit/537.36 (KHTML, like Gecko) Chrome/126.0.6478.126 Mobile Safari/537.36 (compatible; Googlebot/2.1; +http://www.google.com/bot.html)"
66.249.70.8 - - [28/Jul/2024:00:08:22 +0200] "GET /?i=2013-2019-mercedes-benz-gl-class-x166-battery-replacement-mm-wmP9MXUk HTTP/1.1" 200 6879 "-" "Mozilla/5.0 (Linux; Android 6.0.1; Nexus 5X Build/MMB29P) AppleWebKit/537.36 (KHTML, like Gecko) Chrome/126.0.6478.126 Mobile Safari/537.36 (compatible; Googlebot/2.1; +http://www.google.com/bot.html)"
66.249.70.3 - - [28/Jul/2024:00:08:23 +0200] "GET /?i=cannone-da-90-53-wikipedia-mm-Q1xE0kCX HTTP/1.1" 200 7340 "-" "Mozilla/5.0 (Linux; Android 6.0.1; Nexus 5X Build/MMB29P) AppleWebKit/537.36 (KHTML, like Gecko) Chrome/126.0.6478.126 Mobile Safari/537.36 (compatible; Googlebot/2.1; +http://www.google.com/bot.html)"
82.145.212.44 - - [28/Jul/2024:00:08:23 +0200] "GET /?i=volkswagen-polo-2005-add-on-tuning-replace-mm-NoxW3pFd HTTP/1.1" 200 3812 "https://www.google.com/" "Mozilla/5.0 (Linux; U; Android 11; EPIC PRO_1 Build/RP1A.201005.001; wv) AppleWebKit/537.36 (KHTML, like Gecko) Version/4.0 Chrome/126.0.6478.133 Mobile Safari/537.36 OPR/70.0.2254.66376"
187.106.42.94 - - [28/Jul/2024:00:08:23 +0200] "GET /?i=inmotion-p1-electric-bike-black-bikeinn-mm-7WYrmbH0 HTTP/1.1" 200 4356 "https://www.google.com/" "Mozilla/5.0 (Linux; Android 10; K) AppleWebKit/537.36 (KHTML, like Gecko) Chrome/126.0.0.0 Mobile Safari/537.36"
