66.249.70.7 - - [28/Jul/2024:00:04:10 +0200] "GET /?i=lecci%C3%B3n-5-aspecto-de-un-animal-sano-mm-5R7BXdIm HTTP/1.1" 200 6783 "-" "Mozilla/5.0 (Linux; Android 6.0.1; Nexus 5X Build/MMB29P) AppleWebKit/537.36 (KHTML, like Gecko) Chrome/126.0.6478.126 Mobile Safari/537.36 (compatible; Googlebot/2.1; +http://www.google.com/bot.html)"
66.249.70.7 - - [28/Jul/2024:00:04:10 +0200] "GET /?i=kerovit-hydrus-plus-way-angle-valve-with-flange-kb511040-mm-059PYecx HTTP/1.1" 200 7685 "-" "Mozilla/5.0 (Linux; Android 6.0.1; Nexus 5X Build/MMB29P) AppleWebKit/537.36 (KHTML, like Gecko) Chrome/126.0.6478.126 Mobile Safari/537.36 (compatible; Googlebot/2.1; +http://www.google.com/bot.html)"
181.112.90.111 - - [28/Jul/2024:00:04:10 +0200] "GET /?i=pudaier-eyebrow-setting-gel-waterproof-transparent-brow-setting-tint-mm-RKxrWnU5 HTTP/1.1" 200 4355 "https://www.google.com/" "Mozilla/5.0 (iPhone; CPU iPhone OS 17_5 like Mac OS X) AppleWebKit/605.1.15 (KHTML, like Gecko) CriOS/126.0.6478.153 Mobile/15E148 Safari/604.1"
66.249.70.3 - - [28/Jul/2024:00:04:10 +0200] "GET /?i=raveena-tandon-reveals-how-she-tackled-rumours-about-pooja-mm-a7WVQYIN HTTP/1.1" 200 7501 "-" "Mozilla/5.0 (Linux; Android 6.0.1; Nexus 5X Build/MMB29P) AppleWebKit/537.36 (KHTML, like Gecko) Chrome/126.0.6478.126 Mobile Safari/537.36 (compatible; Googlebot/2.1; +http://www.google.com/bot.html)"
66.249.70.110 - - [28/Jul/2024:00:04:10 +0200] "GET /?m=tyt-ayt-tarih-tamam%C4%B1-pdf-%C3%87%C3%B6z%C3%BCml%C3%BC-3000-soru-bankas%C4%B1-zz-kXqjGZIN HTTP/1.1" 200 11047 "-" "Mozilla/5.0 (Linux; Android 6.0.1; Nexus 5X Build/MMB29P) AppleWebKit/537.36 (KHTML, like Gecko) Chrome/126.0.6478.126 Mobile Safari/537.36 (compatible; GoogleOther)"
207.46.13.54 - - [28/Jul/2024:00:04:10 +0200] "GET /?i=sister-of-battle-5-warhammer-40k-ai-generated-artwork-mm-NjdajbUd HTTP/1.1" 200 6981 "-" "Mozilla/5.0 AppleWebKit/537.36 (KHTML, like Gecko; compatible; bingbot/2.0; +http://www.bing.com/bingbot.htm) Chrome/116.0.1938.76 Safari/537.36"
66.249.70.5 - - [28/Jul/2024:00:04:10 +0200] "GET /?i=ex-nihilo-blue-talisman-eau-de-parfum-zgo-perfumery-mm-7WDd0aH0 HTTP/1.1" 200 6785 "-" "Mozilla/5.0 (Linux; Android 6.0.1; Nexus 5X Build/MMB29P) AppleWebKit/537.36 (KHTML, like Gecko) Chrome/126.0.6478.126 Mobile Safari/537.36 (compatible; Googlebot/2.1; +http://www.google.com/bot.html)"
66.249.70.8 - - [28/Jul/2024:00:04:10 +0200] "GET /en/?i=kpn-login-tv-m-zYBNPdc5 HTTP/1.1" 200 4752 "-" "Mozilla/5.0 (Linux; Android 6.0.1; Nexus 5X Build/MMB29P) AppleWebKit/537.36 (KHTML, like Gecko) Chrome/126.0.6478.126 Mobile Safari/537.36 (compatible; Googlebot/2.1; +http://www.google.com/bot.html)"
85.208.96.198 - - [28/Jul/2024:00:04:10 +0200] "GET /ru/initiative/189-progetto---%9Chope--la-speranza-contro-l--%99odio--%9D.html HTTP/1.1" 200 5693 "-" "Mozilla/5.0 (compatible; SemrushBot/7~bl; +http://www.semrush.com/bot.html)"
66.249.70.2 - - [28/Jul/2024:00:04:10 +0200] "GET /?i=siantar-rap-foundation-sai-saut-ma-mm-PnLEr4cB HTTP/1.1" 200 7303 "-" "Mozilla/5.0 (Linux; Android 6.0.1; Nexus 5X Build/MMB29P) AppleWebKit/537.36 (KHTML, like Gecko) Chrome/126.0.6478.126 Mobile Safari/537.36 (compatible; Googlebot/2.1; +http://www.google.com/bot.html)"
66.249.70.6 - - [28/Jul/2024:00:04:10 +0200] "GET /?i=what-is-the-next-fpga-platform-the-next-platform-mm-XaKkjpuX HTTP/1.1" 200 7407 "-" "Mozilla/5.0 (Linux; Android 6.0.1; Nexus 5X Build/MMB29P) AppleWebKit/537.36 (KHTML, like Gecko) Chrome/126.0.6478.126 Mobile Safari/537.36 (compatible; Googlebot/2.1; +http://www.google.com/bot.html)"
181.112.90.111 - - [28/Jul/2024:00:04:11 +0200] "GET /favicon.ico HTTP/1.1" 200 5359 "-" "Mozilla/5.0 (iPhone; CPU iPhone OS 17_5 like Mac OS X) AppleWebKit/605.1.15 (KHTML, like Gecko) CriOS/126.0.6478.153 Mobile/15E148 Safari/604.1"
66.249.70.5 - - [28/Jul/2024:00:04:10 +0200] "GET /?i=free]-king-of-fighters-all-star-orochi-xps-by-mm-w2LgMeSk HTTP/1.1" 200 12126 "-" "Mozilla/5.0 (Linux; Android 6.0.1; Nexus 5X Build/MMB29P) AppleWebKit/537.36 (KHTML, like Gecko) Chrome/126.0.6478.126 Mobile Safari/537.36 (compatible; Googlebot/2.1; +http://www.google.com/bot.html)"
207.46.13.54 - - [28/Jul/2024:00:04:10 +0200] "GET /?i=corsair-vengeance-rgb-rt-and-vengeance-rgb-rs-gaming-mm-2p1WxRhj HTTP/1.1" 200 7017 "-" "Mozilla/5.0 AppleWebKit/537.36 (KHTML, like Gecko; compatible; bingbot/2.0; +http://www.bing.com/bingbot.htm) Chrome/116.0.1938.76 Safari/537.36"
66.249.70.3 - - [28/Jul/2024:00:04:11 +0200] "GET /?i=oceans-of-the-world-the-continents-of-the-world-mm-R5Bre5T5 HTTP/1.1" 200 6593 "-" "Mozilla/5.0 (Linux; Android 6.0.1; Nexus 5X Build/MMB29P) AppleWebKit/537.36 (KHTML, like Gecko) Chrome/126.0.6478.126 Mobile Safari/537.36 (compatible; Googlebot/2.1; +http://www.google.com/bot.html)"
66.249.70.1 - - [28/Jul/2024:00:04:11 +0200] "GET /?i=3-752-dk-logo-images-stock-photos-3d-objects-mm-3YpzBEt6 HTTP/1.1" 200 6742 "-" "Mozilla/5.0 (Linux; Android 6.0.1; Nexus 5X Build/MMB29P) AppleWebKit/537.36 (KHTML, like Gecko) Chrome/126.0.6478.126 Mobile Safari/537.36 (compatible; Googlebot/2.1; +http://www.google.com/bot.html)"
66.249.70.7 - - [28/Jul/2024:00:04:11 +0200] "GET /?i=%E2%9D%A4%EF%B8%8F%E2%9D%A4%EF%B8%8F%E2%9D%A4%EF%B8%8F-namaz-e-fajar%E2%9D%A4%EF%B8%8F%E2%9D%A4%EF%B8%8F%E2%9D%A4%EF%B8%8F-fatima-guriya%E2%9D%A4%EF%B8%8F-facebook-mm-Kr149kcN HTTP/1.1" 200 7392 "-" "Mozilla/5.0 (Linux; Android 6.0.1; Nexus 5X Build/MMB29P) AppleWebKit/537.36 (KHTML, like Gecko) Chrome/126.0.6478.126 Mobile Safari/537.36 (compatible; Googlebot/2.1; +http://www.google.com/bot.html)"
66.249.70.3 - - [28/Jul/2024:00:04:11 +0200] "GET /it/?i=osufi-recombinant-collagen-anti-aging-wrinkle-removal-face-cream-mm-4ea10Bc6 HTTP/1.1" 200 11170 "-" "Mozilla/5.0 (Linux; Android 6.0.1; Nexus 5X Build/MMB29P) AppleWebKit/537.36 (KHTML, like Gecko) Chrome/126.0.6478.126 Mobile Safari/537.36 (compatible; GoogleOther)"
66.249.70.7 - - [28/Jul/2024:00:04:11 +0200] "GET /?i=tuyau-pex-droit-%C3%A0-filetage-m%C3%A2le-et-femelle-raccords-mm-3n9JrMU6 HTTP/1.1" 200 7608 "-" "Mozilla/5.0 (Linux; Android 6.0.1; Nexus 5X Build/MMB29P) AppleWebKit/537.36 (KHTML, like Gecko) Chrome/126.0.6478.126 Mobile Safari/537.36 (compatible; Googlebot/2.1; +http://www.google.com/bot.html)"
66.249.70.2 - - [28/Jul/2024:00:04:11 +0200] "GET /?i=customer-journey-mapping-cjm-for-ux-designer-mm-qRm3j0Sj HTTP/1.1" 200 6877 "-" "Mozilla/5.0 (Linux; Android 6.0.1; Nexus 5X Build/MMB29P) AppleWebKit/537.36 (KHTML, like Gecko) Chrome/126.0.6478.126 Mobile Safari/537.36 (compatible; Googlebot/2.1; +http://www.google.com/bot.html)"
66.249.70.6 - - [28/Jul/2024:00:04:11 +0200] "GET /?i=superconductor-insulator-transition-in-space-charge-doped-one-unit-mm-YPWRgLfn HTTP/1.1" 200 7193 "-" "Mozilla/5.0 (Linux; Android 6.0.1; Nexus 5X Build/MMB29P) AppleWebKit/537.36 (KHTML, like Gecko) Chrome/126.0.6478.126 Mobile Safari/537.36 (compatible; Googlebot/2.1; +http://www.google.com/bot.html)"
66.249.70.1 - - [28/Jul/2024:00:04:11 +0200] "GET /it/?i=opel-antara-2009-android-head-unit-antara-owners-club-mm-W9ReJYfe HTTP/1.1" 200 8232 "-" "Mozilla/5.0 (Linux; Android 6.0.1; Nexus 5X Build/MMB29P) AppleWebKit/537.36 (KHTML, like Gecko) Chrome/126.0.6478.126 Mobile Safari/537.36 (compatible; Googlebot/2.1; +http://www.google.com/bot.html)"
66.249.70.5 - - [28/Jul/2024:00:04:11 +0200] "GET /?i=luoxo-a-new-venue-for-watch-enthusiasts-opens-in-mm-gbwB0eT7 HTTP/1.1" 200 6702 "-" "Mozilla/5.0 (Linux; Android 6.0.1; Nexus 5X Build/MMB29P) AppleWebKit/537.36 (KHTML, like Gecko) Chrome/126.0.6478.126 Mobile Safari/537.36 (compatible; Googlebot/2.1; +http://www.google.com/bot.html)"
66.249.70.2 - - [28/Jul/2024:00:04:11 +0200] "GET /?i=k-custom-bmw-f11-mit-unserem-airrex-luftfahrwerk-airrex-mm-71Lr1as0 HTTP/1.1" 200 7132 "-" "Mozilla/5.0 (Linux; Android 6.0.1; Nexus 5X Build/MMB29P) AppleWebKit/537.36 (KHTML, like Gecko) Chrome/126.0.6478.126 Mobile Safari/537.36 (compatible; Googlebot/2.1; +http://www.google.com/bot.html)"
66.249.70.1 - - [28/Jul/2024:00:04:11 +0200] "GET /?i=pieza-de-aretes-de-clip-de-una-sola-oreja-mm-mYKr2eCX HTTP/1.1" 200 7697 "-" "Mozilla/5.0 (Linux; Android 6.0.1; Nexus 5X Build/MMB29P) AppleWebKit/537.36 (KHTML, like Gecko) Chrome/126.0.6478.126 Mobile Safari/537.36 (compatible; Googlebot/2.1; +http://www.google.com/bot.html)"
66.249.70.1 - - [28/Jul/2024:00:04:12 +0200] "GET /?i=nandhini-episode-587-digital-re-release-gemini-tv-serial-mm-d29eDQfe HTTP/1.1" 200 6400 "-" "Mozilla/5.0 (Linux; Android 6.0.1; Nexus 5X Build/MMB29P) AppleWebKit/537.36 (KHTML, like Gecko) Chrome/126.0.6478.126 Mobile Safari/537.36 (compatible; Googlebot/2.1; +http://www.google.com/bot.html)"
107.127.42.14 - - [28/Jul/2024:00:04:12 +0200] "GET /?i=mapas-de-asia-caracter%C3%ADsticas-pa%C3%ADs-y-escuela-de-mapas-mm-qVkedPij HTTP/1.1" 200 4356 "https://www.google.com.co/" "Mozilla/5.0 (iPhone; CPU iPhone OS 17_5_1 like Mac OS X) AppleWebKit/605.1.15 (KHTML, like Gecko) Version/17.5 Mobile/15E148 Safari/604.1"
66.249.70.2 - - [28/Jul/2024:00:04:12 +0200] "GET /?i=tnt-ph-kayang-kaya-tapatan-ang-non-stop-ulan-mm-D2G9PVIk HTTP/1.1" 200 11267 "-" "Mozilla/5.0 (Linux; Android 6.0.1; Nexus 5X Build/MMB29P) AppleWebKit/537.36 (KHTML, like Gecko) Chrome/126.0.6478.126 Mobile Safari/537.36 (compatible; Googlebot/2.1; +http://www.google.com/bot.html)"
66.249.70.5 - - [28/Jul/2024:00:04:12 +0200] "GET /?i=ayurvedam-%E0%B0%86%E0%B0%AF%E0%B1%81%E0%B0%B0%E0%B1%8D%E0%B0%B5%E0%B1%87%E0%B0%A6%E0%B0%82-dr-elchuri-recipes-with-shanaga-chettu-bengal-mm-JBbvzwt1 HTTP/1.1" 200 7030 "-" "Mozilla/5.0 (Linux; Android 6.0.1; Nexus 5X Build/MMB29P) AppleWebKit/537.36 (KHTML, like Gecko) Chrome/126.0.6478.126 Mobile Safari/537.36 (compatible; Googlebot/2.1; +http://www.google.com/bot.html)"
188.68.247.111 - - [28/Jul/2024:00:04:12 +0200] "GET /?i=limit-file-size-is-set-in-file-upload-filed-mm-aOBPQBIN HTTP/1.1" 200 4355 "https://www.google.com/" "Mozilla/5.0 (Windows NT 10.0; Win64; x64) AppleWebKit/537.36 (KHTML, like Gecko) Chrome/127.0.0.0 Safari/537.36"
66.249.70.4 - - [28/Jul/2024:00:04:12 +0200] "GET /?i=wow-wording-sound-effect-for-comic-speech-bubble-4680610-mm-rNNB7OF4 HTTP/1.1" 200 7500 "-" "Mozilla/5.0 (Linux; Android 6.0.1; Nexus 5X Build/MMB29P) AppleWebKit/537.36 (KHTML, like Gecko) Chrome/126.0.6478.126 Mobile Safari/537.36 (compatible; Googlebot/2.1; +http://www.google.com/bot.html)"
66.249.70.6 - - [28/Jul/2024:00:04:12 +0200] "GET /?i=mangaminx-s-lair-kasimasi-07-mm-pkoOasj HTTP/1.1" 200 7005 "-" "Mozilla/5.0 (Linux; Android 6.0.1; Nexus 5X Build/MMB29P) AppleWebKit/537.36 (KHTML, like Gecko) Chrome/126.0.6478.126 Mobile Safari/537.36 (compatible; Googlebot/2.1; +http://www.google.com/bot.html)"
66.249.70.5 - - [28/Jul/2024:00:04:12 +0200] "GET /en/?i=s1-guidelines-for-the-diagnosis-and-treatment-ichthyosis-pdf-mm-z1Kpg0C5 HTTP/1.1" 200 10773 "-" "Mozilla/5.0 (Linux; Android 6.0.1; Nexus 5X Build/MMB29P) AppleWebKit/537.36 (KHTML, like Gecko) Chrome/126.0.6478.126 Mobile Safari/537.36 (compatible; GoogleOther)"
66.249.70.5 - - [28/Jul/2024:00:04:12 +0200] "GET /?i=convert-your-iphone-xr-to-iphone-13-with-this-mm-dY0OMXce HTTP/1.1" 200 8078 "-" "Mozilla/5.0 (Linux; Android 6.0.1; Nexus 5X Build/MMB29P) AppleWebKit/537.36 (KHTML, like Gecko) Chrome/126.0.6478.126 Mobile Safari/537.36 (compatible; Googlebot/2.1; +http://www.google.com/bot.html)"
66.249.70.7 - - [28/Jul/2024:00:04:12 +0200] "GET /?i=epyc-wikipedia-mm-vqNQnnIV HTTP/1.1" 200 7662 "-" "Mozilla/5.0 (Linux; Android 6.0.1; Nexus 5X Build/MMB29P) AppleWebKit/537.36 (KHTML, like Gecko) Chrome/126.0.6478.126 Mobile Safari/537.36 (compatible; Googlebot/2.1; +http://www.google.com/bot.html)"
66.249.70.2 - - [28/Jul/2024:00:04:12 +0200] "GET /it/?i=kylling-pizza-kilinochchi-mm-XQkpvRIX HTTP/1.1" 200 6803 "-" "Mozilla/5.0 (Linux; Android 6.0.1; Nexus 5X Build/MMB29P) AppleWebKit/537.36 (KHTML, like Gecko) Chrome/126.0.6478.126 Mobile Safari/537.36 (compatible; Googlebot/2.1; +http://www.google.com/bot.html)"
81.99.194.61 - - [28/Jul/2024:00:04:12 +0200] "GET /?i=godfrey-first-elden-lord-elden-ring-wiki-fandom-mm-rOp3LkU4 HTTP/1.1" 200 4355 "https://www.google.com/" "Mozilla/5.0 (Macintosh; Intel Mac OS X 10_15_7) AppleWebKit/605.1.15 (KHTML, like Gecko) Version/17.5 Safari/605.1.15"
66.249.70.6 - - [28/Jul/2024:00:04:12 +0200] "GET /?i=sri-lanka-provinces-map-grey-royalty-free-vector-image-mm-0mJQ9Yhx HTTP/1.1" 200 7048 "-" "Mozilla/5.0 (Linux; Android 6.0.1; Nexus 5X Build/MMB29P) AppleWebKit/537.36 (KHTML, like Gecko) Chrome/126.0.6478.126 Mobile Safari/537.36 (compatible; Googlebot/2.1; +http://www.google.com/bot.html)"
66.249.70.8 - - [28/Jul/2024:00:04:12 +0200] "GET /?i=the-largest-early-map-of-the-world-gets-assembled-mm-B0enqXUV HTTP/1.1" 200 7176 "-" "Mozilla/5.0 (Linux; Android 6.0.1; Nexus 5X Build/MMB29P) AppleWebKit/537.36 (KHTML, like Gecko) Chrome/126.0.6478.126 Mobile Safari/537.36 (compatible; Googlebot/2.1; +http://www.google.com/bot.html)"
66.249.70.1 - - [28/Jul/2024:00:04:12 +0200] "GET /it/?i=this-superstar-to-do-a-rolex-in-thalapathy-vijay-mm-zYDp9NH5 HTTP/1.1" 200 7068 "-" "Mozilla/5.0 (Linux; Android 6.0.1; Nexus 5X Build/MMB29P) AppleWebKit/537.36 (KHTML, like Gecko) Chrome/126.0.6478.126 Mobile Safari/537.36 (compatible; Googlebot/2.1; +http://www.google.com/bot.html)"
66.249.70.7 - - [28/Jul/2024:00:04:13 +0200] "GET /?i=kw-submersible-pump-m-LbLM2nid HTTP/1.1" 200 4730 "-" "Mozilla/5.0 (Linux; Android 6.0.1; Nexus 5X Build/MMB29P) AppleWebKit/537.36 (KHTML, like Gecko) Chrome/126.0.6478.126 Mobile Safari/537.36 (compatible; Googlebot/2.1; +http://www.google.com/bot.html)"
66.249.70.4 - - [28/Jul/2024:00:04:13 +0200] "GET /?i=cricket-world-cup-final-four-includes-the-hosts-the-mm-5oMRXYum HTTP/1.1" 200 7529 "-" "Mozilla/5.0 (Linux; Android 6.0.1; Nexus 5X Build/MMB29P) AppleWebKit/537.36 (KHTML, like Gecko) Chrome/126.0.6478.126 Mobile Safari/537.36 (compatible; Googlebot/2.1; +http://www.google.com/bot.html)"
66.249.70.8 - - [28/Jul/2024:00:04:13 +0200] "GET /?i=fiore-forvedge-yggdmillennia-type-moon-wiki-fandom-mm-rONPvku4 HTTP/1.1" 200 6958 "-" "Mozilla/5.0 (Linux; Android 6.0.1; Nexus 5X Build/MMB29P) AppleWebKit/537.36 (KHTML, like Gecko) Chrome/126.0.6478.126 Mobile Safari/537.36 (compatible; Googlebot/2.1; +http://www.google.com/bot.html)"
66.249.70.8 - - [28/Jul/2024:00:04:13 +0200] "GET /?i=types-of-business-opportunities-%E2%80%93-business-ideas-mm-Mz4mMeio HTTP/1.1" 200 10995 "-" "Mozilla/5.0 (Linux; Android 6.0.1; Nexus 5X Build/MMB29P) AppleWebKit/537.36 (KHTML, like Gecko) Chrome/126.0.6478.126 Mobile Safari/537.36 (compatible; Googlebot/2.1; +http://www.google.com/bot.html)"
66.249.70.3 - - [28/Jul/2024:00:04:13 +0200] "GET /?i=desi-boyz-deepika-padukone-hairstyles-2011-11-24-36-mm-Mw1MYRuo HTTP/1.1" 200 7573 "-" "Mozilla/5.0 (Linux; Android 6.0.1; Nexus 5X Build/MMB29P) AppleWebKit/537.36 (KHTML, like Gecko) Chrome/126.0.6478.126 Mobile Safari/537.36 (compatible; Googlebot/2.1; +http://www.google.com/bot.html)"
136.243.228.194 - - [28/Jul/2024:00:04:13 +0200] "GET /?i=galaxy-s22-ultra-price-in-bangladesh-gadget-gear-mm-J2dQeBU1 HTTP/1.1" 200 1816 "-" "Mozilla/5.0 (compatible; DataForSeoBot/1.0; +https://dataforseo.com/dataforseo-bot)"
66.249.70.1 - - [28/Jul/2024:00:04:13 +0200] "GET /?i=six-offshore-patrol-vessels-of-the-philippine-navy-from-mm-v9AxJ5SV HTTP/1.1" 200 7184 "-" "Mozilla/5.0 (Linux; Android 6.0.1; Nexus 5X Build/MMB29P) AppleWebKit/537.36 (KHTML, like Gecko) Chrome/126.0.6478.126 Mobile Safari/537.36 (compatible; Googlebot/2.1; +http://www.google.com/bot.html)"
66.249.70.8 - - [28/Jul/2024:00:04:13 +0200] "GET /?i=angus-buchan-mm-jebdPeU9 HTTP/1.1" 200 7046 "-" "Mozilla/5.0 (Linux; Android 6.0.1; Nexus 5X Build/MMB29P) AppleWebKit/537.36 (KHTML, like Gecko) Chrome/126.0.6478.126 Mobile Safari/537.36 (compatible; Googlebot/2.1; +http://www.google.com/bot.html)"
66.249.70.4 - - [28/Jul/2024:00:04:13 +0200] "GET /?i=bmw-series-e60-2008-2011-projector-hid-lo-beam-mm-p1z3aij HTTP/1.1" 200 7760 "-" "Mozilla/5.0 (Linux; Android 6.0.1; Nexus 5X Build/MMB29P) AppleWebKit/537.36 (KHTML, like Gecko) Chrome/126.0.6478.126 Mobile Safari/537.36 (compatible; Googlebot/2.1; +http://www.google.com/bot.html)"
66.249.70.3 - - [28/Jul/2024:00:04:13 +0200] "GET /?i=buy-muy-mucho-photo-frame-15-x-20-cm-mm-4jnkNmt6 HTTP/1.1" 200 7644 "-" "Mozilla/5.0 (Linux; Android 6.0.1; Nexus 5X Build/MMB29P) AppleWebKit/537.36 (KHTML, like Gecko) Chrome/126.0.6478.126 Mobile Safari/537.36 (compatible; Googlebot/2.1; +http://www.google.com/bot.html)"
66.249.70.1 - - [28/Jul/2024:00:04:13 +0200] "GET /?i=nyc-neighborhood-name-origins-the-colorful-tale-of-spuyten-mm-DJWPR9ck HTTP/1.1" 200 6954 "-" "Mozilla/5.0 (Linux; Android 6.0.1; Nexus 5X Build/MMB29P) AppleWebKit/537.36 (KHTML, like Gecko) Chrome/126.0.6478.126 Mobile Safari/537.36 (compatible; Googlebot/2.1; +http://www.google.com/bot.html)"
66.249.70.4 - - [28/Jul/2024:00:04:14 +0200] "GET /it/?i=leejung-lee-wikipedia-mm-7oRjLAI0 HTTP/1.1" 200 7037 "-" "Mozilla/5.0 (Linux; Android 6.0.1; Nexus 5X Build/MMB29P) AppleWebKit/537.36 (KHTML, like Gecko) Chrome/126.0.6478.126 Mobile Safari/537.36 (compatible; Googlebot/2.1; +http://www.google.com/bot.html)"
66.249.70.7 - - [28/Jul/2024:00:04:14 +0200] "GET /?i=every-celeb-who-showed-up-to-leonardo-dicaprio-s-mm-w7j1vBTk HTTP/1.1" 200 6941 "-" "Mozilla/5.0 (Linux; Android 6.0.1; Nexus 5X Build/MMB29P) AppleWebKit/537.36 (KHTML, like Gecko) Chrome/126.0.6478.126 Mobile Safari/537.36 (compatible; Googlebot/2.1; +http://www.google.com/bot.html)"
213.200.31.214 - - [28/Jul/2024:00:04:14 +0200] "GET /?i=floxadex-%E2%80%93-liqvor-mm-Mqpknzfo HTTP/1.1" 200 4356 "https://www.google.com/" "Mozilla/5.0 (Linux; Android 10; K) AppleWebKit/537.36 (KHTML, like Gecko) Chrome/127.0.0.0 Mobile Safari/537.36"
66.249.70.3 - - [28/Jul/2024:00:04:14 +0200] "GET /?i=flights-from-new-york-to-beef-island-jfk-to-mm-16K9Xqi7 HTTP/1.1" 200 6287 "-" "Mozilla/5.0 (Linux; Android 6.0.1; Nexus 5X Build/MMB29P) AppleWebKit/537.36 (KHTML, like Gecko) Chrome/126.0.6478.126 Mobile Safari/537.36 (compatible; Googlebot/2.1; +http://www.google.com/bot.html)"
66.249.70.109 - - [28/Jul/2024:00:04:14 +0200] "GET /?m=hoja-de-seguridad-de-productos-quimicos-pdf-%C3%81cido-sulf%C3%BArico-zz-wDe0rXc7 HTTP/1.1" 200 10317 "-" "Mozilla/5.0 (Linux; Android 6.0.1; Nexus 5X Build/MMB29P) AppleWebKit/537.36 (KHTML, like Gecko) Chrome/126.0.6478.126 Mobile Safari/537.36 (compatible; GoogleOther)"
66.249.70.4 - - [28/Jul/2024:00:04:14 +0200] "GET /ru/?i=daniel-serra-in-action-during-a-free-training-for-mm-D9ODWqtk HTTP/1.1" 200 7044 "-" "Mozilla/5.0 (Linux; Android 6.0.1; Nexus 5X Build/MMB29P) AppleWebKit/537.36 (KHTML, like Gecko) Chrome/126.0.6478.126 Mobile Safari/537.36 (compatible; Googlebot/2.1; +http://www.google.com/bot.html)"
66.249.70.3 - - [28/Jul/2024:00:04:14 +0200] "GET /?i=jojo-s-bizarre-adventure-season-key-art-wall-poster-mm-4jg221t6 HTTP/1.1" 200 11604 "-" "Mozilla/5.0 (Linux; Android 6.0.1; Nexus 5X Build/MMB29P) AppleWebKit/537.36 (KHTML, like Gecko) Chrome/126.0.6478.126 Mobile Safari/537.36 (compatible; Googlebot/2.1; +http://www.google.com/bot.html)"
66.249.70.2 - - [28/Jul/2024:00:04:14 +0200] "GET /it/?i=bike-shop-inverex-12v9a-gel-battery-back-in-facebook-mm-56GEBYim HTTP/1.1" 200 6974 "-" "Mozilla/5.0 (Linux; Android 6.0.1; Nexus 5X Build/MMB29P) AppleWebKit/537.36 (KHTML, like Gecko) Chrome/126.0.6478.126 Mobile Safari/537.36 (compatible; Googlebot/2.1; +http://www.google.com/bot.html)"
66.249.70.8 - - [28/Jul/2024:00:04:14 +0200] "GET /?i=how-to-succeed-as-a-stanford-premed-student-shemmassian-mm-qVpxYxFj HTTP/1.1" 200 7192 "-" "Mozilla/5.0 (Linux; Android 6.0.1; Nexus 5X Build/MMB29P) AppleWebKit/537.36 (KHTML, like Gecko) Chrome/126.0.6478.126 Mobile Safari/537.36 (compatible; Googlebot/2.1; +http://www.google.com/bot.html)"
66.249.70.1 - - [28/Jul/2024:00:04:14 +0200] "GET /?i=our-mirage-release-new-album-eclipse-and-release-video-mm-jkbRdeF9 HTTP/1.1" 200 6769 "-" "Mozilla/5.0 (Linux; Android 6.0.1; Nexus 5X Build/MMB29P) AppleWebKit/537.36 (KHTML, like Gecko) Chrome/126.0.6478.126 Mobile Safari/537.36 (compatible; Googlebot/2.1; +http://www.google.com/bot.html)"
66.249.70.2 - - [28/Jul/2024:00:04:14 +0200] "GET /?i=youdao-dictionary-pen-with-pocket-printer-mm-PYwnDCB HTTP/1.1" 200 7584 "-" "Mozilla/5.0 (Linux; Android 6.0.1; Nexus 5X Build/MMB29P) AppleWebKit/537.36 (KHTML, like Gecko) Chrome/126.0.6478.126 Mobile Safari/537.36 (compatible; Googlebot/2.1; +http://www.google.com/bot.html)"
66.249.70.5 - - [28/Jul/2024:00:04:14 +0200] "GET /?i=kamala-sohonie-and-iravati-karve-%E2%80%93-scatterings-mm-VGVgAqi6 HTTP/1.1" 200 7386 "-" "Mozilla/5.0 (Linux; Android 6.0.1; Nexus 5X Build/MMB29P) AppleWebKit/537.36 (KHTML, like Gecko) Chrome/126.0.6478.126 Mobile Safari/537.36 (compatible; Googlebot/2.1; +http://www.google.com/bot.html)"
66.249.70.109 - - [28/Jul/2024:00:04:14 +0200] "GET /?m=affordable-mass-air-space-forces-magazine-zz-aJpNGjIP HTTP/1.1" 200 11016 "-" "Mozilla/5.0 (Linux; Android 6.0.1; Nexus 5X Build/MMB29P) AppleWebKit/537.36 (KHTML, like Gecko) Chrome/126.0.6478.126 Mobile Safari/537.36 (compatible; Googlebot/2.1; +http://www.google.com/bot.html)"
66.249.70.8 - - [28/Jul/2024:00:04:15 +0200] "GET /?i=hd-wallpaper-beer-4k-image-download-beer-alcohol-food-mm-aXxEaKTN HTTP/1.1" 200 6856 "-" "Mozilla/5.0 (Linux; Android 6.0.1; Nexus 5X Build/MMB29P) AppleWebKit/537.36 (KHTML, like Gecko) Chrome/126.0.6478.126 Mobile Safari/537.36 (compatible; Googlebot/2.1; +http://www.google.com/bot.html)"
66.249.70.4 - - [28/Jul/2024:00:04:15 +0200] "GET /?i=firma-handlowo-us%C5%82ugowa-artur-jaworowski-ostr%C3%B3w-mazowiecka-mm-ng59dvtE HTTP/1.1" 200 6783 "-" "Mozilla/5.0 (Linux; Android 6.0.1; Nexus 5X Build/MMB29P) AppleWebKit/537.36 (KHTML, like Gecko) Chrome/126.0.6478.126 Mobile Safari/537.36 (compatible; Googlebot/2.1; +http://www.google.com/bot.html)"
66.249.70.7 - - [28/Jul/2024:00:04:15 +0200] "GET /?i=10-most-expensive-and-stylish-things-in-virat-kohli-mm-bONppNuX HTTP/1.1" 200 7255 "-" "Mozilla/5.0 (Linux; Android 6.0.1; Nexus 5X Build/MMB29P) AppleWebKit/537.36 (KHTML, like Gecko) Chrome/126.0.6478.126 Mobile Safari/537.36 (compatible; Googlebot/2.1; +http://www.google.com/bot.html)"
66.249.70.4 - - [28/Jul/2024:00:04:15 +0200] "GET /?i=%E2%9A%A1%EF%B8%8F-gia-carangi-70s-80s-supermodel-fn-%E2%9A%A1%EF%B8%8F-r-mm-N6AeEsd HTTP/1.1" 200 11164 "-" "Mozilla/5.0 (Linux; Android 6.0.1; Nexus 5X Build/MMB29P) AppleWebKit/537.36 (KHTML, like Gecko) Chrome/126.0.6478.126 Mobile Safari/537.36 (compatible; Googlebot/2.1; +http://www.google.com/bot.html)"
172.59.188.172 - - [28/Jul/2024:00:04:15 +0200] "GET /?i=hello-i-got-stung-by-a-wasp-on-my-mm-wkra7QFk HTTP/1.1" 200 4355 "android-app://com.google.android.googlequicksearchbox/" "Mozilla/5.0 (Linux; Android 10; K) AppleWebKit/537.36 (KHTML, like Gecko) Chrome/127.0.0.0 Mobile Safari/537.36"
66.249.70.109 - - [28/Jul/2024:00:04:15 +0200] "GET /?m=cruce-12-052021-pdf-zz-v29ed3Hq HTTP/1.1" 200 10018 "-" "Mozilla/5.0 (Linux; Android 6.0.1; Nexus 5X Build/MMB29P) AppleWebKit/537.36 (KHTML, like Gecko) Chrome/126.0.6478.126 Mobile Safari/537.36 (compatible; GoogleOther)"
66.249.70.8 - - [28/Jul/2024:00:04:15 +0200] "GET /?i=best-sounding-air-intake-for-f30-bmw-335i-n55-mm-R7NpRAH5 HTTP/1.1" 200 7060 "-" "Mozilla/5.0 (Linux; Android 6.0.1; Nexus 5X Build/MMB29P) AppleWebKit/537.36 (KHTML, like Gecko) Chrome/126.0.6478.126 Mobile Safari/537.36 (compatible; Googlebot/2.1; +http://www.google.com/bot.html)"
66.249.70.3 - - [28/Jul/2024:00:04:15 +0200] "GET /?i=youdao-dictionary-pen-with-pocket-printer-mm-aAwbjiN HTTP/1.1" 200 7017 "-" "Mozilla/5.0 (Linux; Android 6.0.1; Nexus 5X Build/MMB29P) AppleWebKit/537.36 (KHTML, like Gecko) Chrome/126.0.6478.126 Mobile Safari/537.36 (compatible; Googlebot/2.1; +http://www.google.com/bot.html)"
66.249.70.3 - - [28/Jul/2024:00:04:15 +0200] "GET /?i=2006-harley-davidson-fxdwgi-dyna-wide-glide-joe-harley-mm-qRxYr3cj HTTP/1.1" 200 6803 "-" "Mozilla/5.0 (Linux; Android 6.0.1; Nexus 5X Build/MMB29P) AppleWebKit/537.36 (KHTML, like Gecko) Chrome/126.0.6478.126 Mobile Safari/537.36 (compatible; Googlebot/2.1; +http://www.google.com/bot.html)"
66.249.70.7 - - [28/Jul/2024:00:04:15 +0200] "GET /?i=bb-8-rolling-rolling-rolling-on-behance-mm-NjY2DnTd HTTP/1.1" 200 7232 "-" "Mozilla/5.0 (Linux; Android 6.0.1; Nexus 5X Build/MMB29P) AppleWebKit/537.36 (KHTML, like Gecko) Chrome/126.0.6478.126 Mobile Safari/537.36 (compatible; Googlebot/2.1; +http://www.google.com/bot.html)"
94.232.16.196 - - [28/Jul/2024:00:04:15 +0200] "GET /?i=viruhaka-dimmable-led-pendant-light-kitchen-island-15w-modern-mm-rjGnbpS4 HTTP/1.1" 200 4355 "https://www.google.com/" "Mozilla/5.0 (Windows NT 10.0; Win64; x64) AppleWebKit/537.36 (KHTML, like Gecko) Chrome/127.0.0.0 Safari/537.36 Edg/127.0.0.0"
66.249.70.8 - - [28/Jul/2024:00:04:16 +0200] "GET /?i=vivo-v2028-android-11-frp-bypass-eliminar-cuenta-google-mm-2MR7Xxtj HTTP/1.1" 200 6726 "-" "Mozilla/5.0 (Linux; Android 6.0.1; Nexus 5X Build/MMB29P) AppleWebKit/537.36 (KHTML, like Gecko) Chrome/126.0.6478.126 Mobile Safari/537.36 (compatible; Googlebot/2.1; +http://www.google.com/bot.html)"
66.249.70.5 - - [28/Jul/2024:00:04:16 +0200] "GET /?i=the-donkey-kong-country-cartoon-iceberg-mm-3RJA3es6 HTTP/1.1" 200 7406 "-" "Mozilla/5.0 (Linux; Android 6.0.1; Nexus 5X Build/MMB29P) AppleWebKit/537.36 (KHTML, like Gecko) Chrome/126.0.6478.126 Mobile Safari/537.36 (compatible; Googlebot/2.1; +http://www.google.com/bot.html)"
66.249.70.7 - - [28/Jul/2024:00:04:16 +0200] "GET /?i=omantel-pin-prepaid-top-up-with-bitcoin-eth-or-mm-P61zPDhB HTTP/1.1" 200 10295 "-" "Mozilla/5.0 (Linux; Android 6.0.1; Nexus 5X Build/MMB29P) AppleWebKit/537.36 (KHTML, like Gecko) Chrome/126.0.6478.126 Mobile Safari/537.36 (compatible; Googlebot/2.1; +http://www.google.com/bot.html)"
66.249.70.1 - - [28/Jul/2024:00:04:16 +0200] "GET /?i=alpha-flight-special-vol-1-cover-art-by-pat-mm-D1YDM5Ck HTTP/1.1" 200 7352 "-" "Mozilla/5.0 (Linux; Android 6.0.1; Nexus 5X Build/MMB29P) AppleWebKit/537.36 (KHTML, like Gecko) Chrome/126.0.6478.126 Mobile Safari/537.36 (compatible; Googlebot/2.1; +http://www.google.com/bot.html)"
66.249.70.3 - - [28/Jul/2024:00:04:16 +0200] "GET /it/?i=determine-self-weight-of-beam-per-meter-length-determine-mm-LwwA9Lid HTTP/1.1" 200 7274 "-" "Mozilla/5.0 (Linux; Android 6.0.1; Nexus 5X Build/MMB29P) AppleWebKit/537.36 (KHTML, like Gecko) Chrome/126.0.6478.126 Mobile Safari/537.36 (compatible; Googlebot/2.1; +http://www.google.com/bot.html)"
66.249.70.1 - - [28/Jul/2024:00:04:16 +0200] "GET /?i=adidas-volver%C3%A1-a-dise%C3%B1ar-las-camisetas-de-la-vinotinto-mm-v9Or5ptV HTTP/1.1" 200 7634 "-" "Mozilla/5.0 (Linux; Android 6.0.1; Nexus 5X Build/MMB29P) AppleWebKit/537.36 (KHTML, like Gecko) Chrome/126.0.6478.126 Mobile Safari/537.36 (compatible; Googlebot/2.1; +http://www.google.com/bot.html)"
66.249.70.2 - - [28/Jul/2024:00:04:16 +0200] "GET /?i=ce-euro-espagnol-vaut-2500-%E2%82%AC-vente-facile-mm-xDXrYqiq HTTP/1.1" 200 7130 "-" "Mozilla/5.0 (Linux; Android 6.0.1; Nexus 5X Build/MMB29P) AppleWebKit/537.36 (KHTML, like Gecko) Chrome/126.0.6478.126 Mobile Safari/537.36 (compatible; Googlebot/2.1; +http://www.google.com/bot.html)"
66.249.70.7 - - [28/Jul/2024:00:04:16 +0200] "GET /?i=unidentified-tool-jammed-jazz-dash-8-s-landing-gear-mm-nW9X4KhE HTTP/1.1" 200 6894 "-" "Mozilla/5.0 (Linux; Android 6.0.1; Nexus 5X Build/MMB29P) AppleWebKit/537.36 (KHTML, like Gecko) Chrome/126.0.6478.126 Mobile Safari/537.36 (compatible; Googlebot/2.1; +http://www.google.com/bot.html)"
66.249.70.4 - - [28/Jul/2024:00:04:16 +0200] "GET /?i=zlink-apk-android-auto-carplay-activated-mm-9KpG3Xu7 HTTP/1.1" 200 7035 "-" "Mozilla/5.0 (Linux; Android 6.0.1; Nexus 5X Build/MMB29P) AppleWebKit/537.36 (KHTML, like Gecko) Chrome/126.0.6478.126 Mobile Safari/537.36 (compatible; Googlebot/2.1; +http://www.google.com/bot.html)"
186.194.28.217 - - [28/Jul/2024:00:04:16 +0200] "GET /?i=centr%C3%A3o-autope%C3%A7as-jogo-de-bancos-chevrolet-spin-7-lugares-mm-Gn4P25Td HTTP/1.1" 200 4355 "https://www.google.com/" "Mozilla/5.0 (Linux; Android 10; K) AppleWebKit/537.36 (KHTML, like Gecko) Chrome/127.0.0.0 Mobile Safari/537.36"
66.249.70.4 - - [28/Jul/2024:00:04:16 +0200] "GET /?i=the-hub-rcsi-bahrain-@rcsi_thehub-%E2%80%A2-instagram-photos-and-mm-OMmpn1hX HTTP/1.1" 200 6130 "-" "Mozilla/5.0 (Linux; Android 6.0.1; Nexus 5X Build/MMB29P) AppleWebKit/537.36 (KHTML, like Gecko) Chrome/126.0.6478.126 Mobile Safari/537.36 (compatible; Googlebot/2.1; +http://www.google.com/bot.html)"
66.249.70.3 - - [28/Jul/2024:00:04:16 +0200] "GET /?i=unpacked-grade-10-learning-competencies-mm-oKJGJzHL HTTP/1.1" 200 6725 "-" "Mozilla/5.0 (Linux; Android 6.0.1; Nexus 5X Build/MMB29P) AppleWebKit/537.36 (KHTML, like Gecko) Chrome/126.0.6478.126 Mobile Safari/537.36 (compatible; Googlebot/2.1; +http://www.google.com/bot.html)"
66.249.70.7 - - [28/Jul/2024:00:04:16 +0200] "GET /?i=rally-rally-plus-premium-ultra-hd-conference-camera-system-mm-0AOPzDtx HTTP/1.1" 200 7388 "-" "Mozilla/5.0 (Linux; Android 6.0.1; Nexus 5X Build/MMB29P) AppleWebKit/537.36 (KHTML, like Gecko) Chrome/126.0.6478.126 Mobile Safari/537.36 (compatible; Googlebot/2.1; +http://www.google.com/bot.html)"
66.249.70.4 - - [28/Jul/2024:00:04:17 +0200] "GET /?i=file-hormone-levels-after-a-single-intramuscular-injection-of-mm-P235AEFB HTTP/1.1" 200 7422 "-" "Mozilla/5.0 (Linux; Android 6.0.1; Nexus 5X Build/MMB29P) AppleWebKit/537.36 (KHTML, like Gecko) Chrome/126.0.6478.126 Mobile Safari/537.36 (compatible; Googlebot/2.1; +http://www.google.com/bot.html)"
66.249.70.3 - - [28/Jul/2024:00:04:17 +0200] "GET /?i=plastic-toys-bikaner-mm-X7mx0pcX HTTP/1.1" 200 7067 "-" "Mozilla/5.0 (Linux; Android 6.0.1; Nexus 5X Build/MMB29P) AppleWebKit/537.36 (KHTML, like Gecko) Chrome/126.0.6478.126 Mobile Safari/537.36 (compatible; Googlebot/2.1; +http://www.google.com/bot.html)"
66.249.70.8 - - [28/Jul/2024:00:04:17 +0200] "GET /?i=on-x-upcoming-lsat-test-dates-for-2021-amp;-mm-bYNDLnhX HTTP/1.1" 200 7237 "-" "Mozilla/5.0 (Linux; Android 6.0.1; Nexus 5X Build/MMB29P) AppleWebKit/537.36 (KHTML, like Gecko) Chrome/126.0.6478.126 Mobile Safari/537.36 (compatible; Googlebot/2.1; +http://www.google.com/bot.html)"
66.249.70.2 - - [28/Jul/2024:00:04:17 +0200] "GET /?i=victoria-s-secret-poolside-breeze-fragrance-mist-mm-z6RNXdc5 HTTP/1.1" 200 7205 "-" "Mozilla/5.0 (Linux; Android 6.0.1; Nexus 5X Build/MMB29P) AppleWebKit/537.36 (KHTML, like Gecko) Chrome/126.0.6478.126 Mobile Safari/537.36 (compatible; Googlebot/2.1; +http://www.google.com/bot.html)"
66.249.70.1 - - [28/Jul/2024:00:04:17 +0200] "GET /?i=peter-lehmann-wines-what-to-know-before-you-go-mm-YGYqJLTn HTTP/1.1" 200 7195 "-" "Mozilla/5.0 (Linux; Android 6.0.1; Nexus 5X Build/MMB29P) AppleWebKit/537.36 (KHTML, like Gecko) Chrome/126.0.6478.126 Mobile Safari/537.36 (compatible; Googlebot/2.1; +http://www.google.com/bot.html)"
143.55.24.164 - - [28/Jul/2024:00:04:17 +0200] "GET /?i=1993-01-hbo-and-cinemax-guide-january-1993-timothy-mm-vwxeqpUV HTTP/1.1" 200 4355 "https://www.google.com/" "Mozilla/5.0 (X11; CrOS x86_64 14541.0.0) AppleWebKit/537.36 (KHTML, like Gecko) Chrome/126.0.0.0 Safari/537.36"
66.249.70.109 - - [28/Jul/2024:00:04:17 +0200] "GET /?m=analogiesrelationships-pdf-pdf-noun-adjective-zz-rznzGJCA HTTP/1.1" 200 7240 "-" "Mozilla/5.0 (Linux; Android 6.0.1; Nexus 5X Build/MMB29P) AppleWebKit/537.36 (KHTML, like Gecko) Chrome/126.0.6478.126 Mobile Safari/537.36 (compatible; GoogleOther)"
66.249.70.7 - - [28/Jul/2024:00:04:17 +0200] "GET /it/?i=las-novedades-m%C3%A1s-grandes-del-samsung-galaxy-unpacked-de-mm-KA4vKPfN HTTP/1.1" 200 8462 "-" "Mozilla/5.0 (Linux; Android 6.0.1; Nexus 5X Build/MMB29P) AppleWebKit/537.36 (KHTML, like Gecko) Chrome/126.0.6478.126 Mobile Safari/537.36 (compatible; Googlebot/2.1; +http://www.google.com/bot.html)"
66.249.70.3 - - [28/Jul/2024:00:04:17 +0200] "GET /?i=clay-pipe-planter-beds-lovecreekfarm-mm-gKXn5bc7 HTTP/1.1" 200 6836 "-" "Mozilla/5.0 (Linux; Android 6.0.1; Nexus 5X Build/MMB29P) AppleWebKit/537.36 (KHTML, like Gecko) Chrome/126.0.6478.126 Mobile Safari/537.36 (compatible; Googlebot/2.1; +http://www.google.com/bot.html)"
66.249.70.5 - - [28/Jul/2024:00:04:17 +0200] "GET /?i=%EB%8B%A4%EB%B9%88%EC%B9%98-%EB%A6%AC%EC%A1%B8%EB%B8%8C-%ED%81%AC%EB%A1%9C%EB%A7%88%ED%82%A4]-%ED%95%98%EB%8A%94-%EB%B0%A9%EB%B2%95-%EB%B0%B0%EA%B2%BD%EC%83%89%EC%9D%84-%ED%88%AC%EB%AA%85%ED%95%98%EA%B2%8C-%EB%84%A4%EC%9D%B4%EB%B2%84-%EB%B8%94%EB%A1%9C%EA%B7%B8-mm-JjopBau1 HTTP/1.1" 200 7887 "-" "Mozilla/5.0 (Linux; Android 6.0.1; Nexus 5X Build/MMB29P) AppleWebKit/537.36 (KHTML, like Gecko) Chrome/126.0.6478.126 Mobile Safari/537.36 (compatible; Googlebot/2.1; +http://www.google.com/bot.html)"
66.249.70.3 - - [28/Jul/2024:00:04:17 +0200] "GET /?i=menu-of-ray-s-pizza-in-chesapeake-va-23323-mm-MMLxM5Ho HTTP/1.1" 200 6564 "-" "Mozilla/5.0 (Linux; Android 6.0.1; Nexus 5X Build/MMB29P) AppleWebKit/537.36 (KHTML, like Gecko) Chrome/126.0.6478.126 Mobile Safari/537.36 (compatible; Googlebot/2.1; +http://www.google.com/bot.html)"
66.249.70.1 - - [28/Jul/2024:00:04:18 +0200] "GET /?i=erysimum-x-cheiri-wallflower-north-carolina-extension-gardener-plant-mm-EJdYjMC3 HTTP/1.1" 200 7433 "-" "Mozilla/5.0 (Linux; Android 6.0.1; Nexus 5X Build/MMB29P) AppleWebKit/537.36 (KHTML, like Gecko) Chrome/126.0.6478.126 Mobile Safari/537.36 (compatible; Googlebot/2.1; +http://www.google.com/bot.html)"
66.249.70.8 - - [28/Jul/2024:00:04:18 +0200] "GET /?i=360-degree-leadership-performance-appraisal-presentation-graphics-presentation-powerpoint-mm-EMk3Rkc3 HTTP/1.1" 200 6962 "-" "Mozilla/5.0 (Linux; Android 6.0.1; Nexus 5X Build/MMB29P) AppleWebKit/537.36 (KHTML, like Gecko) Chrome/126.0.6478.126 Mobile Safari/537.36 (compatible; Googlebot/2.1; +http://www.google.com/bot.html)"
66.249.70.2 - - [28/Jul/2024:00:04:18 +0200] "GET /?i=eljer-toilet-repair-parts-for-the-diplomat-series-toilet-mm-gPg0wOu7 HTTP/1.1" 200 7023 "-" "Mozilla/5.0 (Linux; Android 6.0.1; Nexus 5X Build/MMB29P) AppleWebKit/537.36 (KHTML, like Gecko) Chrome/126.0.6478.126 Mobile Safari/537.36 (compatible; Googlebot/2.1; +http://www.google.com/bot.html)"
66.249.70.7 - - [28/Jul/2024:00:04:18 +0200] "GET /?i=218-steering-wheel-see-note-suzuki-baleno-esteem-sy416-mm-BnvYDeCV HTTP/1.1" 200 6271 "-" "Mozilla/5.0 (Linux; Android 6.0.1; Nexus 5X Build/MMB29P) AppleWebKit/537.36 (KHTML, like Gecko) Chrome/126.0.6478.126 Mobile Safari/537.36 (compatible; Googlebot/2.1; +http://www.google.com/bot.html)"
154.54.249.201 - - [28/Jul/2024:00:04:17 +0200] "GET /de/initiative/230-%D0%A5%D0%B0%D1%8F%D1%82--%D0%91%D0%B5%EF%BF%BD-%D0%BB%D0%B8%D0%BD--%EF%BF%BD-%D0%B5%EF%BF%BD-%D0%BC%D0%B0%D0%BD%D0%B8%D1%8F-.html HTTP/1.1" 200 2488 "-" "Mozilla/5.0 (compatible; Barkrowler/0.9; +https://babbar.tech/crawler)"
66.249.70.5 - - [28/Jul/2024:00:04:18 +0200] "GET /?i=this-bike-is-half-the-price-of-honda-and-mm-xgoGkAIq HTTP/1.1" 200 10487 "-" "Mozilla/5.0 (Linux; Android 6.0.1; Nexus 5X Build/MMB29P) AppleWebKit/537.36 (KHTML, like Gecko) Chrome/126.0.6478.126 Mobile Safari/537.36 (compatible; Googlebot/2.1; +http://www.google.com/bot.html)"
136.243.228.194 - - [28/Jul/2024:00:04:17 +0200] "GET /?i=three-a-tech-computer-sales-and-services-original-full-mm-KAzPr3hN HTTP/1.1" 200 1816 "-" "Mozilla/5.0 (compatible; DataForSeoBot/1.0; +https://dataforseo.com/dataforseo-bot)"
66.249.70.8 - - [28/Jul/2024:00:04:18 +0200] "GET /it/?i=used-1997-mercedes-benz-slk-230-for-sale-$9-mm-eYNY5qhg HTTP/1.1" 200 7213 "-" "Mozilla/5.0 (Linux; Android 6.0.1; Nexus 5X Build/MMB29P) AppleWebKit/537.36 (KHTML, like Gecko) Chrome/126.0.6478.126 Mobile Safari/537.36 (compatible; Googlebot/2.1; +http://www.google.com/bot.html)"
49.37.43.232 - - [28/Jul/2024:00:04:18 +0200] "GET /?i=cherry-tree-png-images-with-transparent-background-free-download-mm-nK4PRtE HTTP/1.1" 200 1096 "https://www.google.com/" "Mozilla/5.0 (Macintosh; Intel Mac OS X 10_15_7) AppleWebKit/537.36 (KHTML, like Gecko) Chrome/126.0.0.0 Safari/537.36"
66.249.70.1 - - [28/Jul/2024:00:04:18 +0200] "GET /it/?i=top-best-nyc-tattoo-artists-of-2023-new-york-mm-4bB3r1U6 HTTP/1.1" 200 7020 "-" "Mozilla/5.0 (Linux; Android 6.0.1; Nexus 5X Build/MMB29P) AppleWebKit/537.36 (KHTML, like Gecko) Chrome/126.0.6478.126 Mobile Safari/537.36 (compatible; Googlebot/2.1; +http://www.google.com/bot.html)"
66.249.70.1 - - [28/Jul/2024:00:04:18 +0200] "GET /de/?i=omr-sheet-pdf-download-for-competitive-exam-100q-my-mm-nWYWnvsE HTTP/1.1" 200 10869 "-" "Mozilla/5.0 (Linux; Android 6.0.1; Nexus 5X Build/MMB29P) AppleWebKit/537.36 (KHTML, like Gecko) Chrome/126.0.6478.126 Mobile Safari/537.36 (compatible; GoogleOther)"
66.249.70.1 - - [28/Jul/2024:00:04:18 +0200] "GET /?i=what-does-dushi-mean-learn-by-beautiful-curacao-photos-mm-KbozOxhN HTTP/1.1" 200 10988 "-" "Mozilla/5.0 (Linux; Android 6.0.1; Nexus 5X Build/MMB29P) AppleWebKit/537.36 (KHTML, like Gecko) Chrome/126.0.6478.126 Mobile Safari/537.36 (compatible; Googlebot/2.1; +http://www.google.com/bot.html)"
66.249.70.3 - - [28/Jul/2024:00:04:18 +0200] "GET /?i=jake-paul-s-dad-greg-58-accepts-bizarre-bare-mm-7o7PrAI0 HTTP/1.1" 200 7106 "-" "Mozilla/5.0 (Linux; Android 6.0.1; Nexus 5X Build/MMB29P) AppleWebKit/537.36 (KHTML, like Gecko) Chrome/126.0.6478.126 Mobile Safari/537.36 (compatible; Googlebot/2.1; +http://www.google.com/bot.html)"
66.249.70.3 - - [28/Jul/2024:00:04:18 +0200] "GET /?i=szmz-real-x99-chipset-xeon-motherboard-lga-2011-v3-mm-Qgg2w3UX HTTP/1.1" 200 7715 "-" "Mozilla/5.0 (Linux; Android 6.0.1; Nexus 5X Build/MMB29P) AppleWebKit/537.36 (KHTML, like Gecko) Chrome/126.0.6478.126 Mobile Safari/537.36 (compatible; Googlebot/2.1; +http://www.google.com/bot.html)"
66.249.70.8 - - [28/Jul/2024:00:04:18 +0200] "GET /it/?i=iphone-screen-for-android-download-mm-z2dNI5 HTTP/1.1" 200 10941 "-" "Mozilla/5.0 (Linux; Android 6.0.1; Nexus 5X Build/MMB29P) AppleWebKit/537.36 (KHTML, like Gecko) Chrome/126.0.6478.126 Mobile Safari/537.36 (compatible; Googlebot/2.1; +http://www.google.com/bot.html)"
66.249.70.8 - - [28/Jul/2024:00:04:19 +0200] "GET /?i=mattress-furniture-choice-furniture-plattsburgh-new-york-mm-752B1YI0 HTTP/1.1" 200 7241 "-" "Mozilla/5.0 (Linux; Android 6.0.1; Nexus 5X Build/MMB29P) AppleWebKit/537.36 (KHTML, like Gecko) Chrome/126.0.6478.126 Mobile Safari/537.36 (compatible; Googlebot/2.1; +http://www.google.com/bot.html)"
66.249.70.2 - - [28/Jul/2024:00:04:19 +0200] "GET /?i=hello-jdm-i-am-trying-to-get-into-jdm-mm-06YbKETx HTTP/1.1" 200 6749 "-" "Mozilla/5.0 (Linux; Android 6.0.1; Nexus 5X Build/MMB29P) AppleWebKit/537.36 (KHTML, like Gecko) Chrome/126.0.6478.126 Mobile Safari/537.36 (compatible; Googlebot/2.1; +http://www.google.com/bot.html)"
172.59.218.113 - - [28/Jul/2024:00:04:19 +0200] "GET /?i=10-strange-and-beautiful-horse-breeds-mm-O3mqQBUX HTTP/1.1" 200 4355 "https://www.google.com/" "Mozilla/5.0 (Linux; Android 10; K) AppleWebKit/537.36 (KHTML, like Gecko) Chrome/126.0.0.0 Mobile Safari/537.36"
66.249.70.1 - - [28/Jul/2024:00:04:19 +0200] "GET /?i=ase-test-prep-a1-engine-repair-motor-age-training-mm-2zaz1kFj HTTP/1.1" 200 7274 "-" "Mozilla/5.0 (Linux; Android 6.0.1; Nexus 5X Build/MMB29P) AppleWebKit/537.36 (KHTML, like Gecko) Chrome/126.0.6478.126 Mobile Safari/537.36 (compatible; Googlebot/2.1; +http://www.google.com/bot.html)"
66.249.70.8 - - [28/Jul/2024:00:04:19 +0200] "GET /?i=fut-fantasy-heroes-team-r-easportsfc-mm-bOmX5DcX HTTP/1.1" 200 6754 "-" "Mozilla/5.0 (Linux; Android 6.0.1; Nexus 5X Build/MMB29P) AppleWebKit/537.36 (KHTML, like Gecko) Chrome/126.0.6478.126 Mobile Safari/537.36 (compatible; Googlebot/2.1; +http://www.google.com/bot.html)"
66.249.70.7 - - [28/Jul/2024:00:04:19 +0200] "GET /?i=of-beauties-and-beasts-tpr-mm-YLabXJin HTTP/1.1" 200 7581 "-" "Mozilla/5.0 (Linux; Android 6.0.1; Nexus 5X Build/MMB29P) AppleWebKit/537.36 (KHTML, like Gecko) Chrome/126.0.6478.126 Mobile Safari/537.36 (compatible; Googlebot/2.1; +http://www.google.com/bot.html)"
66.249.70.7 - - [28/Jul/2024:00:04:19 +0200] "GET /?i=modul-seni-budaya-kelas-ix-semester-satu-smp-mts-mm-D2VJ7VIk HTTP/1.1" 200 7636 "-" "Mozilla/5.0 (Linux; Android 6.0.1; Nexus 5X Build/MMB29P) AppleWebKit/537.36 (KHTML, like Gecko) Chrome/126.0.6478.126 Mobile Safari/537.36 (compatible; Googlebot/2.1; +http://www.google.com/bot.html)"
66.249.70.2 - - [28/Jul/2024:00:04:19 +0200] "GET /?i=el-arsenal-remonta-y-vence-3-2-al-ludogorets-mm-rn3zGI4 HTTP/1.1" 200 11491 "-" "Mozilla/5.0 (Linux; Android 6.0.1; Nexus 5X Build/MMB29P) AppleWebKit/537.36 (KHTML, like Gecko) Chrome/126.0.6478.126 Mobile Safari/537.36 (compatible; Googlebot/2.1; +http://www.google.com/bot.html)"
157.55.39.62 - - [28/Jul/2024:00:04:19 +0200] "GET /?i=rambo-2019-m-oE1GRbCL HTTP/1.1" 200 8935 "-" "Mozilla/5.0 AppleWebKit/537.36 (KHTML, like Gecko; compatible; bingbot/2.0; +http://www.bing.com/bingbot.htm) Chrome/116.0.1938.76 Safari/537.36"
66.249.70.4 - - [28/Jul/2024:00:04:19 +0200] "GET /?i=alexander-dennis-enviro400ev-wikipedia-mm-jkQ2rnU9 HTTP/1.1" 200 7233 "-" "Mozilla/5.0 (Linux; Android 6.0.1; Nexus 5X Build/MMB29P) AppleWebKit/537.36 (KHTML, like Gecko) Chrome/126.0.6478.126 Mobile Safari/537.36 (compatible; Googlebot/2.1; +http://www.google.com/bot.html)"
66.249.70.8 - - [28/Jul/2024:00:04:19 +0200] "GET /?i=blooms-bed-wetting-mat-the-midnight-gang-mm-rLoKX1S4 HTTP/1.1" 200 7129 "-" "Mozilla/5.0 (Linux; Android 6.0.1; Nexus 5X Build/MMB29P) AppleWebKit/537.36 (KHTML, like Gecko) Chrome/126.0.6478.126 Mobile Safari/537.36 (compatible; Googlebot/2.1; +http://www.google.com/bot.html)"
66.249.70.8 - - [28/Jul/2024:00:04:19 +0200] "GET /?i=latest-tunic-top-designs-for-girls-2018-latest-tunic-mm-dMQmAaHe HTTP/1.1" 200 6985 "-" "Mozilla/5.0 (Linux; Android 6.0.1; Nexus 5X Build/MMB29P) AppleWebKit/537.36 (KHTML, like Gecko) Chrome/126.0.6478.126 Mobile Safari/537.36 (compatible; Googlebot/2.1; +http://www.google.com/bot.html)"
66.249.70.1 - - [28/Jul/2024:00:04:20 +0200] "GET /?i=terasaki-002373-uvt-ac-220-240v-800-1600af-low-mm-gojQJJU7 HTTP/1.1" 200 7276 "-" "Mozilla/5.0 (Linux; Android 6.0.1; Nexus 5X Build/MMB29P) AppleWebKit/537.36 (KHTML, like Gecko) Chrome/126.0.6478.126 Mobile Safari/537.36 (compatible; Googlebot/2.1; +http://www.google.com/bot.html)"
157.55.39.62 - - [28/Jul/2024:00:04:20 +0200] "GET /?i=jeep-wrangler-jk-vs-jl-what-are-the-key-mm-Xax1L3tX HTTP/1.1" 200 7035 "-" "Mozilla/5.0 AppleWebKit/537.36 (KHTML, like Gecko; compatible; bingbot/2.0; +http://www.bing.com/bingbot.htm) Chrome/116.0.1938.76 Safari/537.36"
66.249.70.8 - - [28/Jul/2024:00:04:20 +0200] "GET /?i=what-is-your-opinion-of-the-herm%C3%A8s-bride-a-mm-7g14Vzc0 HTTP/1.1" 200 11028 "-" "Mozilla/5.0 (Linux; Android 6.0.1; Nexus 5X Build/MMB29P) AppleWebKit/537.36 (KHTML, like Gecko) Chrome/126.0.6478.126 Mobile Safari/537.36 (compatible; Googlebot/2.1; +http://www.google.com/bot.html)"
66.249.70.7 - - [28/Jul/2024:00:04:20 +0200] "GET /?i=se-houston-back-to-school-drive-to-provide-free-mm-bW2J77fX HTTP/1.1" 200 7245 "-" "Mozilla/5.0 (Linux; Android 6.0.1; Nexus 5X Build/MMB29P) AppleWebKit/537.36 (KHTML, like Gecko) Chrome/126.0.6478.126 Mobile Safari/537.36 (compatible; Googlebot/2.1; +http://www.google.com/bot.html)"
73.210.102.110 - - [28/Jul/2024:00:04:20 +0200] "GET /it/?i=narcissist-free-mm-Nj4e3MUd HTTP/1.1" 200 4355 "https://www.google.com/" "Mozilla/5.0 (Linux; Android 10; K) AppleWebKit/537.36 (KHTML, like Gecko) Chrome/126.0.0.0 Mobile Safari/537.36"
66.249.70.2 - - [28/Jul/2024:00:04:20 +0200] "GET /?i=oc][art]-lavine-fineblood-gold-dragonborn-monk-by-alliebriggsart-r-mm-MwJmPRio HTTP/1.1" 200 7992 "-" "Mozilla/5.0 (Linux; Android 6.0.1; Nexus 5X Build/MMB29P) AppleWebKit/537.36 (KHTML, like Gecko) Chrome/126.0.6478.126 Mobile Safari/537.36 (compatible; Googlebot/2.1; +http://www.google.com/bot.html)"
66.249.70.4 - - [28/Jul/2024:00:04:20 +0200] "GET /?i=english-numbers-to-50-23058991-vector-art-at-vecteezy-mm-jb1WPjT9 HTTP/1.1" 200 7385 "-" "Mozilla/5.0 (Linux; Android 6.0.1; Nexus 5X Build/MMB29P) AppleWebKit/537.36 (KHTML, like Gecko) Chrome/126.0.6478.126 Mobile Safari/537.36 (compatible; Googlebot/2.1; +http://www.google.com/bot.html)"
66.249.70.8 - - [28/Jul/2024:00:04:20 +0200] "GET /?i=major-upnp-vulnerability-r-homeautomation-mm-qLnkMdcj HTTP/1.1" 200 6850 "-" "Mozilla/5.0 (Linux; Android 6.0.1; Nexus 5X Build/MMB29P) AppleWebKit/537.36 (KHTML, like Gecko) Chrome/126.0.6478.126 Mobile Safari/537.36 (compatible; Googlebot/2.1; +http://www.google.com/bot.html)"
66.249.70.2 - - [28/Jul/2024:00:04:20 +0200] "GET /?i=local-artist-offering-classes-commissions-at-mindful-arts-studio-mm-dKQez2fe HTTP/1.1" 200 5965 "-" "Mozilla/5.0 (Linux; Android 6.0.1; Nexus 5X Build/MMB29P) AppleWebKit/537.36 (KHTML, like Gecko) Chrome/126.0.6478.126 Mobile Safari/537.36 (compatible; Googlebot/2.1; +http://www.google.com/bot.html)"
179.251.46.200 - - [28/Jul/2024:00:04:20 +0200] "GET /?i=receita-de-mingau-de-maizena-com-chocolate-mm-k34rm0Uo HTTP/1.1" 200 4355 "https://www.google.com/" "Mozilla/5.0 (Linux; Android 10; K) AppleWebKit/537.36 (KHTML, like Gecko) Chrome/126.0.0.0 Mobile Safari/537.36"
66.249.70.4 - - [28/Jul/2024:00:04:20 +0200] "GET /?i=shri-balaji-traders-moradabad-moradabad-mm-A72goDFO HTTP/1.1" 200 6701 "-" "Mozilla/5.0 (Linux; Android 6.0.1; Nexus 5X Build/MMB29P) AppleWebKit/537.36 (KHTML, like Gecko) Chrome/126.0.6478.126 Mobile Safari/537.36 (compatible; Googlebot/2.1; +http://www.google.com/bot.html)"
66.249.70.109 - - [28/Jul/2024:00:04:20 +0200] "GET /?m=pdf]-microinjection-of-monoclonal-antibody-pab421-into-human-sw480-zz-3r2g4Sl HTTP/1.1" 200 7036 "-" "Mozilla/5.0 (Linux; Android 6.0.1; Nexus 5X Build/MMB29P) AppleWebKit/537.36 (KHTML, like Gecko) Chrome/126.0.6478.126 Mobile Safari/537.36 (compatible; GoogleOther)"
66.249.70.7 - - [28/Jul/2024:00:04:20 +0200] "GET /?i=file-iruya-argentina-wikimedia-commons-mm-JM4JOvi1 HTTP/1.1" 200 6836 "-" "Mozilla/5.0 (Linux; Android 6.0.1; Nexus 5X Build/MMB29P) AppleWebKit/537.36 (KHTML, like Gecko) Chrome/126.0.6478.126 Mobile Safari/537.36 (compatible; Googlebot/2.1; +http://www.google.com/bot.html)"
157.55.39.62 - - [28/Jul/2024:00:04:20 +0200] "GET /?i=onkelz-konzert-2023-m-a7L1zbSN HTTP/1.1" 200 4552 "-" "Mozilla/5.0 AppleWebKit/537.36 (KHTML, like Gecko; compatible; bingbot/2.0; +http://www.bing.com/bingbot.htm) Chrome/116.0.1938.76 Safari/537.36"
66.249.70.7 - - [28/Jul/2024:00:04:20 +0200] "GET /?i=dometic-evaporator-coil-cover-mm-PPNArPiB HTTP/1.1" 200 6854 "-" "Mozilla/5.0 (Linux; Android 6.0.1; Nexus 5X Build/MMB29P) AppleWebKit/537.36 (KHTML, like Gecko) Chrome/126.0.6478.126 Mobile Safari/537.36 (compatible; Googlebot/2.1; +http://www.google.com/bot.html)"
66.249.70.1 - - [28/Jul/2024:00:04:20 +0200] "GET /?i=the-wall-street-inn-$149-$%CC%B62%CC%B65%CC%B61%CC%B6-updated-2023-prices-mm-dM7JmQse HTTP/1.1" 200 7061 "-" "Mozilla/5.0 (Linux; Android 6.0.1; Nexus 5X Build/MMB29P) AppleWebKit/537.36 (KHTML, like Gecko) Chrome/126.0.6478.126 Mobile Safari/537.36 (compatible; Googlebot/2.1; +http://www.google.com/bot.html)"
66.249.70.3 - - [28/Jul/2024:00:04:21 +0200] "GET /?i=guest-check-poster-guest-check-print-trendy-wall-art-mm-dn53daie HTTP/1.1" 200 7658 "-" "Mozilla/5.0 (Linux; Android 6.0.1; Nexus 5X Build/MMB29P) AppleWebKit/537.36 (KHTML, like Gecko) Chrome/126.0.6478.126 Mobile Safari/537.36 (compatible; Googlebot/2.1; +http://www.google.com/bot.html)"
66.249.70.3 - - [28/Jul/2024:00:04:21 +0200] "GET /?i=%C3%8Axodo-34-28-e-esteve-ali-com-o-senhor-mm-0503mDux HTTP/1.1" 200 6870 "-" "Mozilla/5.0 (Linux; Android 6.0.1; Nexus 5X Build/MMB29P) AppleWebKit/537.36 (KHTML, like Gecko) Chrome/126.0.6478.126 Mobile Safari/537.36 (compatible; Googlebot/2.1; +http://www.google.com/bot.html)"
66.249.70.7 - - [28/Jul/2024:00:04:21 +0200] "GET /?i=on-x-rt-@niaaanews-what-counts-as-a-drink-mm-75B4qaF0 HTTP/1.1" 200 7800 "-" "Mozilla/5.0 (Linux; Android 6.0.1; Nexus 5X Build/MMB29P) AppleWebKit/537.36 (KHTML, like Gecko) Chrome/126.0.6478.126 Mobile Safari/537.36 (compatible; Googlebot/2.1; +http://www.google.com/bot.html)"
66.249.70.7 - - [28/Jul/2024:00:04:21 +0200] "GET /?i=hach-dissolved-oxygen-do-sensor-electrode-ldo10101-ldo10103-ldo10105-mm-LAGg4osd HTTP/1.1" 200 7442 "-" "Mozilla/5.0 (Linux; Android 6.0.1; Nexus 5X Build/MMB29P) AppleWebKit/537.36 (KHTML, like Gecko) Chrome/126.0.6478.126 Mobile Safari/537.36 (compatible; Googlebot/2.1; +http://www.google.com/bot.html)"
136.243.228.194 - - [28/Jul/2024:00:04:21 +0200] "GET /?i=samsung-galaxy-s22-series-prices-leaked-said-to-be-mm-dp05OVFe HTTP/1.1" 200 1816 "-" "Mozilla/5.0 (compatible; DataForSeoBot/1.0; +https://dataforseo.com/dataforseo-bot)"
179.251.46.200 - - [28/Jul/2024:00:04:21 +0200] "GET /?i=receita-de-mingau-de-maizena-com-chocolate-mm-k34rm0Uo HTTP/1.1" 200 1097 "https://www.google.com/" "Mozilla/5.0 (Linux; Android 10; K) AppleWebKit/537.36 (KHTML, like Gecko) Chrome/126.0.0.0 Mobile Safari/537.36"
66.249.70.1 - - [28/Jul/2024:00:04:21 +0200] "GET /?i=file-mta-new-york-city-bus-new-flyer-xcelsior-mm-VEkPPMu6 HTTP/1.1" 200 7382 "-" "Mozilla/5.0 (Linux; Android 6.0.1; Nexus 5X Build/MMB29P) AppleWebKit/537.36 (KHTML, like Gecko) Chrome/126.0.6478.126 Mobile Safari/537.36 (compatible; Googlebot/2.1; +http://www.google.com/bot.html)"
157.55.39.62 - - [28/Jul/2024:00:04:21 +0200] "GET /?i=clark-twin-block-functional-orthodontic-appliance-mm-4nGPvWt6 HTTP/1.1" 200 6776 "-" "Mozilla/5.0 AppleWebKit/537.36 (KHTML, like Gecko; compatible; bingbot/2.0; +http://www.bing.com/bingbot.htm) Chrome/116.0.1938.76 Safari/537.36"
66.249.70.1 - - [28/Jul/2024:00:04:21 +0200] "GET /?i=it-s-okay-to-feel-blah-blah-hotel-transylvania-mm-Wke3N4Ie HTTP/1.1" 200 7162 "-" "Mozilla/5.0 (Linux; Android 6.0.1; Nexus 5X Build/MMB29P) AppleWebKit/537.36 (KHTML, like Gecko) Chrome/126.0.6478.126 Mobile Safari/537.36 (compatible; Googlebot/2.1; +http://www.google.com/bot.html)"
