66.249.70.6 - - [28/Jul/2024:00:03:33 +0200] "GET /?i=forbidden-arcanus-beginner-guide-all-the-mods-mm-X45z0tX HTTP/1.1" 200 7043 "-" "Mozilla/5.0 (Linux; Android 6.0.1; Nexus 5X Build/MMB29P) AppleWebKit/537.36 (KHTML, like Gecko) Chrome/126.0.6478.126 Mobile Safari/537.36 (compatible; Googlebot/2.1; +http://www.google.com/bot.html)"
103.157.210.229 - - [28/Jul/2024:00:03:33 +0200] "GET /?i=170-awesome-love-couple-hand-dpz-mm-5v0p73fm HTTP/1.1" 200 4355 "https://www.google.com/" "Mozilla/5.0 (Linux; Android 10; K) AppleWebKit/537.36 (KHTML, like Gecko) Chrome/126.0.0.0 Mobile Safari/537.36"
136.243.228.194 - - [28/Jul/2024:00:03:33 +0200] "GET /?i=galaxy-s22-ultra-price-in-bangladesh-gadget-gear-mm-XgO9BpHX HTTP/1.1" 200 1816 "-" "Mozilla/5.0 (compatible; DataForSeoBot/1.0; +https://dataforseo.com/dataforseo-bot)"
154.20.2.42 - - [28/Jul/2024:00:03:33 +0200] "GET /fr/?i=best-islands-near-pattaya-what-are-the-most-beautiful-mm-4eAJXOc6 HTTP/1.1" 200 4355 "https://www.google.com/" "Mozilla/5.0 (iPhone; CPU iPhone OS 15_5 like Mac OS X) AppleWebKit/605.1.15 (KHTML, like Gecko) Version/15.5 Mobile/15E148 Safari/604.1"
66.249.70.5 - - [28/Jul/2024:00:03:33 +0200] "GET /?i=gigamons-board-game-review-and-rules-geeky-hobbies-mm-0gjLggUx HTTP/1.1" 200 6485 "-" "Mozilla/5.0 (Linux; Android 6.0.1; Nexus 5X Build/MMB29P) AppleWebKit/537.36 (KHTML, like Gecko) Chrome/126.0.6478.126 Mobile Safari/537.36 (compatible; Googlebot/2.1; +http://www.google.com/bot.html)"
66.249.70.7 - - [28/Jul/2024:00:03:33 +0200] "GET /?i=this-cute-australian-shepherd-and-cows-r-cuteanimalstogether-mm-V6nA7zU6 HTTP/1.1" 200 11211 "-" "Mozilla/5.0 (Linux; Android 6.0.1; Nexus 5X Build/MMB29P) AppleWebKit/537.36 (KHTML, like Gecko) Chrome/126.0.6478.126 Mobile Safari/537.36 (compatible; Googlebot/2.1; +http://www.google.com/bot.html)"
66.249.70.6 - - [28/Jul/2024:00:03:34 +0200] "GET /?i=the-best-cursed-tools-in-jujutsu-kaisen-jujutsukaisen-cursed-mm-4wbVO1h6 HTTP/1.1" 200 11063 "-" "Mozilla/5.0 (Linux; Android 6.0.1; Nexus 5X Build/MMB29P) AppleWebKit/537.36 (KHTML, like Gecko) Chrome/126.0.6478.126 Mobile Safari/537.36 (compatible; Googlebot/2.1; +http://www.google.com/bot.html)"
66.249.70.3 - - [28/Jul/2024:00:03:34 +0200] "GET /?i=what-are-the-fees-for-ias-coaching-quora-mm-v2rdgPCV HTTP/1.1" 200 6843 "-" "Mozilla/5.0 (Linux; Android 6.0.1; Nexus 5X Build/MMB29P) AppleWebKit/537.36 (KHTML, like Gecko) Chrome/126.0.6478.126 Mobile Safari/537.36 (compatible; Googlebot/2.1; +http://www.google.com/bot.html)"
66.249.70.7 - - [28/Jul/2024:00:03:34 +0200] "GET /?i=pet-empty-water-bottle-capacity-300ml-mm-AKrpqJiO HTTP/1.1" 200 6969 "-" "Mozilla/5.0 (Linux; Android 6.0.1; Nexus 5X Build/MMB29P) AppleWebKit/537.36 (KHTML, like Gecko) Chrome/126.0.6478.126 Mobile Safari/537.36 (compatible; Googlebot/2.1; +http://www.google.com/bot.html)"
66.249.70.6 - - [28/Jul/2024:00:03:34 +0200] "GET /?i=let-keep-rolling-the-dice-ludo-game-is-a-mm-r7PR3GT4 HTTP/1.1" 200 7591 "-" "Mozilla/5.0 (Linux; Android 6.0.1; Nexus 5X Build/MMB29P) AppleWebKit/537.36 (KHTML, like Gecko) Chrome/126.0.6478.126 Mobile Safari/537.36 (compatible; Googlebot/2.1; +http://www.google.com/bot.html)"
66.249.70.5 - - [28/Jul/2024:00:03:34 +0200] "GET /?i=300-great-rumi-quotes-poems-on-life-love-and-mm-Jr2N00U1 HTTP/1.1" 200 7457 "-" "Mozilla/5.0 (Linux; Android 6.0.1; Nexus 5X Build/MMB29P) AppleWebKit/537.36 (KHTML, like Gecko) Chrome/126.0.6478.126 Mobile Safari/537.36 (compatible; Googlebot/2.1; +http://www.google.com/bot.html)"
66.249.70.7 - - [28/Jul/2024:00:03:34 +0200] "GET /?i=oppo-f11-pro-review-thunder-black-from-good-to-mm-v9V2ePCV HTTP/1.1" 200 7559 "-" "Mozilla/5.0 (Linux; Android 6.0.1; Nexus 5X Build/MMB29P) AppleWebKit/537.36 (KHTML, like Gecko) Chrome/126.0.6478.126 Mobile Safari/537.36 (compatible; Googlebot/2.1; +http://www.google.com/bot.html)"
66.249.70.5 - - [28/Jul/2024:00:03:34 +0200] "GET /?i=marina-coast-water-district-mm-njg1vUE HTTP/1.1" 200 7131 "-" "Mozilla/5.0 (Linux; Android 6.0.1; Nexus 5X Build/MMB29P) AppleWebKit/537.36 (KHTML, like Gecko) Chrome/126.0.6478.126 Mobile Safari/537.36 (compatible; Googlebot/2.1; +http://www.google.com/bot.html)"
66.249.70.2 - - [28/Jul/2024:00:03:34 +0200] "GET /en/?i=haven-seater-sectional-sofa-with-ottoman-light-gray-mm-BXggWmTV HTTP/1.1" 200 7721 "-" "Mozilla/5.0 (Linux; Android 6.0.1; Nexus 5X Build/MMB29P) AppleWebKit/537.36 (KHTML, like Gecko) Chrome/126.0.6478.126 Mobile Safari/537.36 (compatible; Googlebot/2.1; +http://www.google.com/bot.html)"
66.249.70.3 - - [28/Jul/2024:00:03:34 +0200] "GET /?i=circles-of-hell-in-dante-s-inferno-layers-punishments-mm-GxMDGBTd HTTP/1.1" 200 7521 "-" "Mozilla/5.0 (Linux; Android 6.0.1; Nexus 5X Build/MMB29P) AppleWebKit/537.36 (KHTML, like Gecko) Chrome/126.0.6478.126 Mobile Safari/537.36 (compatible; Googlebot/2.1; +http://www.google.com/bot.html)"
66.249.70.7 - - [28/Jul/2024:00:03:34 +0200] "GET /?i=hickory-tavern-gastonia-charlottes-got-a-lot-mm-1QRp7vs7 HTTP/1.1" 200 7020 "-" "Mozilla/5.0 (Linux; Android 6.0.1; Nexus 5X Build/MMB29P) AppleWebKit/537.36 (KHTML, like Gecko) Chrome/126.0.6478.126 Mobile Safari/537.36 (compatible; Googlebot/2.1; +http://www.google.com/bot.html)"
66.249.70.1 - - [28/Jul/2024:00:03:34 +0200] "GET /?i=%D9%83%D9%84%D9%85%D8%A7%D8%AA-%D9%83%D8%B1%D8%A7%D8%B4-%D9%85%D8%B1%D8%AD%D9%84%D8%A9-260%EF%BD%9C%D8%A8%D8%AD%D8%AB-tiktok-mm-bpKM4nhX HTTP/1.1" 200 7108 "-" "Mozilla/5.0 (Linux; Android 6.0.1; Nexus 5X Build/MMB29P) AppleWebKit/537.36 (KHTML, like Gecko) Chrome/126.0.6478.126 Mobile Safari/537.36 (compatible; Googlebot/2.1; +http://www.google.com/bot.html)"
66.249.70.109 - - [28/Jul/2024:00:03:34 +0200] "GET /?m=what-is-the-best-free-jpg-to-pdf-converter-zz-lY1bLSv HTTP/1.1" 200 6763 "-" "Mozilla/5.0 (Linux; Android 6.0.1; Nexus 5X Build/MMB29P) AppleWebKit/537.36 (KHTML, like Gecko) Chrome/126.0.6478.126 Mobile Safari/537.36 (compatible; GoogleOther)"
66.249.70.4 - - [28/Jul/2024:00:03:35 +0200] "GET /?i=skoda-slavia-upgrade-headlight-and-fog-light-projector-by-mm-6JYAnYSN HTTP/1.1" 200 8064 "-" "Mozilla/5.0 (Linux; Android 6.0.1; Nexus 5X Build/MMB29P) AppleWebKit/537.36 (KHTML, like Gecko) Chrome/126.0.6478.126 Mobile Safari/537.36 (compatible; Googlebot/2.1; +http://www.google.com/bot.html)"
66.249.70.6 - - [28/Jul/2024:00:03:35 +0200] "GET /it/?i=%E0%A4%96%E0%A5%81%E0%A4%A6-%E0%A4%B8%E0%A5%87-%E0%A4%9C%E0%A4%BF%E0%A4%82%E0%A4%A6%E0%A4%97%E0%A5%80-%E0%A4%B6%E0%A4%BE%E0%A4%AF%E0%A4%B0%E0%A5%80-life-shayari-mm-0mjePaix HTTP/1.1" 200 6812 "-" "Mozilla/5.0 (Linux; Android 6.0.1; Nexus 5X Build/MMB29P) AppleWebKit/537.36 (KHTML, like Gecko) Chrome/126.0.6478.126 Mobile Safari/537.36 (compatible; Googlebot/2.1; +http://www.google.com/bot.html)"
66.249.70.6 - - [28/Jul/2024:00:03:35 +0200] "GET /?i=israel-on-alert-as-locusts-hit-neighboring-egypt-the-mm-vJWe3aCV HTTP/1.1" 200 7201 "-" "Mozilla/5.0 (Linux; Android 6.0.1; Nexus 5X Build/MMB29P) AppleWebKit/537.36 (KHTML, like Gecko) Chrome/126.0.6478.126 Mobile Safari/537.36 (compatible; Googlebot/2.1; +http://www.google.com/bot.html)"
217.113.194.88 - - [28/Jul/2024:00:03:34 +0200] "GET /de/initiative/304-norvec-a-%EF%BF%BDaydunyasa-%EF%BF%BDna-ceayitlilik-getirme---oslo--norvec.html HTTP/1.1" 200 2488 "-" "Mozilla/5.0 (compatible; Barkrowler/0.9; +https://babbar.tech/crawler)"
66.249.70.7 - - [28/Jul/2024:00:03:35 +0200] "GET /?i=for-boost-schok-volt-sv55-case-with-temper-glass-mm-akdvrKtN HTTP/1.1" 200 7891 "-" "Mozilla/5.0 (Linux; Android 6.0.1; Nexus 5X Build/MMB29P) AppleWebKit/537.36 (KHTML, like Gecko) Chrome/126.0.6478.126 Mobile Safari/537.36 (compatible; Googlebot/2.1; +http://www.google.com/bot.html)"
66.249.70.7 - - [28/Jul/2024:00:03:35 +0200] "GET /?i=portrait-of-yakuza-girl-with-tattoo-highly-detailed-stable-mm-6kvboYCN HTTP/1.1" 200 7098 "-" "Mozilla/5.0 (Linux; Android 6.0.1; Nexus 5X Build/MMB29P) AppleWebKit/537.36 (KHTML, like Gecko) Chrome/126.0.6478.126 Mobile Safari/537.36 (compatible; Googlebot/2.1; +http://www.google.com/bot.html)"
66.249.70.1 - - [28/Jul/2024:00:03:35 +0200] "GET /?i=c-130-news-lmuk-fleshes-out-plan-to-close-mm-X7rapOsX HTTP/1.1" 200 7852 "-" "Mozilla/5.0 (Linux; Android 6.0.1; Nexus 5X Build/MMB29P) AppleWebKit/537.36 (KHTML, like Gecko) Chrome/126.0.6478.126 Mobile Safari/537.36 (compatible; Googlebot/2.1; +http://www.google.com/bot.html)"
66.249.70.7 - - [28/Jul/2024:00:03:35 +0200] "GET /?i=wella-color-perfect-todos-los-janeandchloebsas-facebook-mm-kqPEWdCo HTTP/1.1" 200 10896 "-" "Mozilla/5.0 (Linux; Android 6.0.1; Nexus 5X Build/MMB29P) AppleWebKit/537.36 (KHTML, like Gecko) Chrome/126.0.6478.126 Mobile Safari/537.36 (compatible; Googlebot/2.1; +http://www.google.com/bot.html)"
66.249.70.7 - - [28/Jul/2024:00:03:35 +0200] "GET /?i=ann-summers-unforgettable-lace-lingerie-set-in-tomato-asos-mm-6YOmjLSN HTTP/1.1" 200 7236 "-" "Mozilla/5.0 (Linux; Android 6.0.1; Nexus 5X Build/MMB29P) AppleWebKit/537.36 (KHTML, like Gecko) Chrome/126.0.6478.126 Mobile Safari/537.36 (compatible; Googlebot/2.1; +http://www.google.com/bot.html)"
66.249.70.2 - - [28/Jul/2024:00:03:35 +0200] "GET /?i=jonny-white-@jirby_bbq-%E2%80%A2-instagram-photos-and-videos-mm-Pnk4nLIB HTTP/1.1" 200 6703 "-" "Mozilla/5.0 (Linux; Android 6.0.1; Nexus 5X Build/MMB29P) AppleWebKit/537.36 (KHTML, like Gecko) Chrome/126.0.6478.126 Mobile Safari/537.36 (compatible; Googlebot/2.1; +http://www.google.com/bot.html)"
66.249.70.8 - - [28/Jul/2024:00:03:35 +0200] "GET /it/?i=atividades-sobre-verbos-de-liga%C3%87%C3%83o-para-o-7%C2%BA-ano-mm-GNBPAHd HTTP/1.1" 200 6876 "-" "Mozilla/5.0 (Linux; Android 6.0.1; Nexus 5X Build/MMB29P) AppleWebKit/537.36 (KHTML, like Gecko) Chrome/126.0.6478.126 Mobile Safari/537.36 (compatible; Googlebot/2.1; +http://www.google.com/bot.html)"
66.249.70.5 - - [28/Jul/2024:00:03:36 +0200] "GET /?i=bs-en-10025-s275h-high-yield-strength-structural-steel-mm-bBo7WnFX HTTP/1.1" 200 6565 "-" "Mozilla/5.0 (Linux; Android 6.0.1; Nexus 5X Build/MMB29P) AppleWebKit/537.36 (KHTML, like Gecko) Chrome/126.0.6478.126 Mobile Safari/537.36 (compatible; Googlebot/2.1; +http://www.google.com/bot.html)"
66.249.70.3 - - [28/Jul/2024:00:03:36 +0200] "GET /?i=kitchen-tile-design-ideas-for-2023-the-tile-shop-mm-165baDh7 HTTP/1.1" 200 7786 "-" "Mozilla/5.0 (Linux; Android 6.0.1; Nexus 5X Build/MMB29P) AppleWebKit/537.36 (KHTML, like Gecko) Chrome/126.0.6478.126 Mobile Safari/537.36 (compatible; Googlebot/2.1; +http://www.google.com/bot.html)"
66.249.70.2 - - [28/Jul/2024:00:03:36 +0200] "GET /?i=8th-plague-of-egypt-locusts-spiral-notebook-by-los-mm-eGX6DEUg HTTP/1.1" 200 11075 "-" "Mozilla/5.0 (Linux; Android 6.0.1; Nexus 5X Build/MMB29P) AppleWebKit/537.36 (KHTML, like Gecko) Chrome/126.0.6478.126 Mobile Safari/537.36 (compatible; Googlebot/2.1; +http://www.google.com/bot.html)"
66.249.70.1 - - [28/Jul/2024:00:03:36 +0200] "GET /?i=antennae-galaxies-ngc-4038-4039-mm-KDVgaFN HTTP/1.1" 200 7531 "-" "Mozilla/5.0 (Linux; Android 6.0.1; Nexus 5X Build/MMB29P) AppleWebKit/537.36 (KHTML, like Gecko) Chrome/126.0.6478.126 Mobile Safari/537.36 (compatible; Googlebot/2.1; +http://www.google.com/bot.html)"
66.249.70.2 - - [28/Jul/2024:00:03:36 +0200] "GET /?i=sanggano-sanggago-t-sanggwapo-full-trailer-[in-cinemas-september-mm-RDMD4H5 HTTP/1.1" 200 7005 "-" "Mozilla/5.0 (Linux; Android 6.0.1; Nexus 5X Build/MMB29P) AppleWebKit/537.36 (KHTML, like Gecko) Chrome/126.0.6478.126 Mobile Safari/537.36 (compatible; Googlebot/2.1; +http://www.google.com/bot.html)"
66.249.70.109 - - [28/Jul/2024:00:03:36 +0200] "GET /?m=15-line-quran-juz-to-30-pdf-with-english-zz-prEPAlIg HTTP/1.1" 200 7574 "-" "Mozilla/5.0 (Linux; Android 6.0.1; Nexus 5X Build/MMB29P) AppleWebKit/537.36 (KHTML, like Gecko) Chrome/126.0.6478.126 Mobile Safari/537.36 (compatible; GoogleOther)"
66.249.70.4 - - [28/Jul/2024:00:03:36 +0200] "GET /?i=icefut-jersey-review%EF%BD%9Ctiktok-search-mm-1wJPEPS7 HTTP/1.1" 200 7020 "-" "Mozilla/5.0 (Linux; Android 6.0.1; Nexus 5X Build/MMB29P) AppleWebKit/537.36 (KHTML, like Gecko) Chrome/126.0.6478.126 Mobile Safari/537.36 (compatible; Googlebot/2.1; +http://www.google.com/bot.html)"
66.249.70.1 - - [28/Jul/2024:00:03:36 +0200] "GET /?i=best-halloween-dog-costumes-12-options-to-dress-up-mm-xk9jqiq HTTP/1.1" 200 7394 "-" "Mozilla/5.0 (Linux; Android 6.0.1; Nexus 5X Build/MMB29P) AppleWebKit/537.36 (KHTML, like Gecko) Chrome/126.0.6478.126 Mobile Safari/537.36 (compatible; Googlebot/2.1; +http://www.google.com/bot.html)"
66.249.70.8 - - [28/Jul/2024:00:03:36 +0200] "GET /?i=pokimane-imane-anys-twitch-influencer-poster-mm-zBLN0Ki5 HTTP/1.1" 200 7059 "-" "Mozilla/5.0 (Linux; Android 6.0.1; Nexus 5X Build/MMB29P) AppleWebKit/537.36 (KHTML, like Gecko) Chrome/126.0.6478.126 Mobile Safari/537.36 (compatible; Googlebot/2.1; +http://www.google.com/bot.html)"
66.249.70.5 - - [28/Jul/2024:00:03:36 +0200] "GET /it/?i=perbezaan-emas-916-dan-emas-999-mm-reGqYc4 HTTP/1.1" 200 6999 "-" "Mozilla/5.0 (Linux; Android 6.0.1; Nexus 5X Build/MMB29P) AppleWebKit/537.36 (KHTML, like Gecko) Chrome/126.0.6478.126 Mobile Safari/537.36 (compatible; Googlebot/2.1; +http://www.google.com/bot.html)"
66.249.70.1 - - [28/Jul/2024:00:03:36 +0200] "GET /?i=editor-%D0%9F%D0%BB%D0%B0%D1%82%D1%84%D0%BE%D1%80%D0%BC%D0%B0-%D0%B4%D0%BB%D1%8F-%D1%81%D0%BE%D0%B7%D0%B4%D0%B0%D0%BD%D0%B8%D1%8F-%D1%81%D0%B0%D0%B9%D1%82%D0%BE%D0%B2-%D0%B8-%D0%BA%D0%BE%D0%BD%D1%81%D1%82%D1%80%D1%83%D0%BA%D1%82%D0%BE%D1%80-%D1%81%D0%B0%D0%B9%D1%82%D0%BE%D0%B2-mm-7wVvgwh0 HTTP/1.1" 200 6389 "-" "Mozilla/5.0 (Linux; Android 6.0.1; Nexus 5X Build/MMB29P) AppleWebKit/537.36 (KHTML, like Gecko) Chrome/126.0.6478.126 Mobile Safari/537.36 (compatible; Googlebot/2.1; +http://www.google.com/bot.html)"
66.249.70.2 - - [28/Jul/2024:00:03:37 +0200] "GET /?i=today-in-wrestling-history-via-wwe-network-01-10-mm-Paz9LJIB HTTP/1.1" 200 7074 "-" "Mozilla/5.0 (Linux; Android 6.0.1; Nexus 5X Build/MMB29P) AppleWebKit/537.36 (KHTML, like Gecko) Chrome/126.0.6478.126 Mobile Safari/537.36 (compatible; Googlebot/2.1; +http://www.google.com/bot.html)"
66.249.70.8 - - [28/Jul/2024:00:03:37 +0200] "GET /?i=delight-yourself-in-the-lord-sterling-silver-bangle-bracelet-mm-gd0njJU7 HTTP/1.1" 200 11246 "-" "Mozilla/5.0 (Linux; Android 6.0.1; Nexus 5X Build/MMB29P) AppleWebKit/537.36 (KHTML, like Gecko) Chrome/126.0.6478.126 Mobile Safari/537.36 (compatible; Googlebot/2.1; +http://www.google.com/bot.html)"
66.249.70.2 - - [28/Jul/2024:00:03:37 +0200] "GET /it/?i=characteristics-of-attitude-pdf-job-satisfaction-attitude-psychology-mm-YmekYjFn HTTP/1.1" 200 6957 "-" "Mozilla/5.0 (Linux; Android 6.0.1; Nexus 5X Build/MMB29P) AppleWebKit/537.36 (KHTML, like Gecko) Chrome/126.0.6478.126 Mobile Safari/537.36 (compatible; Googlebot/2.1; +http://www.google.com/bot.html)"
66.249.70.3 - - [28/Jul/2024:00:03:37 +0200] "GET /?i=hp-deskjet-ink-advantage-5275-all-in-one-printer-mm-6nmrQWFN HTTP/1.1" 200 7378 "-" "Mozilla/5.0 (Linux; Android 6.0.1; Nexus 5X Build/MMB29P) AppleWebKit/537.36 (KHTML, like Gecko) Chrome/126.0.6478.126 Mobile Safari/537.36 (compatible; Googlebot/2.1; +http://www.google.com/bot.html)"
66.249.70.4 - - [28/Jul/2024:00:03:37 +0200] "GET /?i=morgan-wallen-%E2%80%93-summers-lyrics-genius-lyrics-mm-a1GxObCN HTTP/1.1" 200 6827 "-" "Mozilla/5.0 (Linux; Android 6.0.1; Nexus 5X Build/MMB29P) AppleWebKit/537.36 (KHTML, like Gecko) Chrome/126.0.6478.126 Mobile Safari/537.36 (compatible; Googlebot/2.1; +http://www.google.com/bot.html)"
66.249.70.1 - - [28/Jul/2024:00:03:37 +0200] "GET /?i=cpk-y-ldh-pdf-lactato-deshidrogenasa-nicotinamida-adenina-dinucle%C3%B3tido-mm-zVWVJxI5 HTTP/1.1" 200 7077 "-" "Mozilla/5.0 (Linux; Android 6.0.1; Nexus 5X Build/MMB29P) AppleWebKit/537.36 (KHTML, like Gecko) Chrome/126.0.6478.126 Mobile Safari/537.36 (compatible; Googlebot/2.1; +http://www.google.com/bot.html)"
187.190.213.127 - - [28/Jul/2024:00:03:37 +0200] "GET /?i=el-auto-ideal-mazda-cx-9-2010-mm-qYrKJETj HTTP/1.1" 200 4355 "https://www.google.com/" "Mozilla/5.0 (Linux; Android 10; K) AppleWebKit/537.36 (KHTML, like Gecko) Chrome/126.0.0.0 Mobile Safari/537.36"
136.243.228.194 - - [28/Jul/2024:00:03:37 +0200] "GET /?i=samsung-galaxy-a71-5g-review-a-drab-but-reliable-mm-ORVwbEiX HTTP/1.1" 200 1816 "-" "Mozilla/5.0 (compatible; DataForSeoBot/1.0; +https://dataforseo.com/dataforseo-bot)"
66.249.70.6 - - [28/Jul/2024:00:03:37 +0200] "GET /?i=pinterest-mm-rA360Os4 HTTP/1.1" 200 6841 "-" "Mozilla/5.0 (Linux; Android 6.0.1; Nexus 5X Build/MMB29P) AppleWebKit/537.36 (KHTML, like Gecko) Chrome/126.0.6478.126 Mobile Safari/537.36 (compatible; Googlebot/2.1; +http://www.google.com/bot.html)"
66.249.70.7 - - [28/Jul/2024:00:03:37 +0200] "GET /?i=%E0%AE%B5%E0%AE%9F%E0%AE%AE%E0%AF%8A%E0%AE%B4%E0%AE%BF-%E0%AE%8E%E0%AE%B4%E0%AF%81%E0%AE%A4%E0%AF%8D%E0%AE%A4%E0%AF%81%E0%AE%95%E0%AF%8D%E0%AE%95%E0%AE%B3%E0%AF%8D-vadamozhi-letters-in-tamil-tamil-letters-for-mm-L66390hd HTTP/1.1" 200 6982 "-" "Mozilla/5.0 (Linux; Android 6.0.1; Nexus 5X Build/MMB29P) AppleWebKit/537.36 (KHTML, like Gecko) Chrome/126.0.6478.126 Mobile Safari/537.36 (compatible; Googlebot/2.1; +http://www.google.com/bot.html)"
181.174.72.227 - - [28/Jul/2024:00:03:37 +0200] "GET /?i=el-patr%C3%B3n-video-original-%C2%BFde-que-trata-la-grabaci%C3%B3n-mm-gG5eDbF7 HTTP/1.1" 200 1097 "https://www.google.com/" "Mozilla/5.0 (Linux; Android 10; K) AppleWebKit/537.36 (KHTML, like Gecko) Chrome/126.0.0.0 Mobile Safari/537.36"
66.249.70.7 - - [28/Jul/2024:00:03:37 +0200] "GET /it/?i=amazon-logo-3d-pictures-download-free-images-on-unsplash-mm-6WV2xYTN HTTP/1.1" 200 7186 "-" "Mozilla/5.0 (Linux; Android 6.0.1; Nexus 5X Build/MMB29P) AppleWebKit/537.36 (KHTML, like Gecko) Chrome/126.0.6478.126 Mobile Safari/537.36 (compatible; Googlebot/2.1; +http://www.google.com/bot.html)"
66.249.70.6 - - [28/Jul/2024:00:03:37 +0200] "GET /?i=british-royal-navy-nelson-s-uniform-[09-220]-historical-mm-vLNBGrUV HTTP/1.1" 200 7070 "-" "Mozilla/5.0 (Linux; Android 6.0.1; Nexus 5X Build/MMB29P) AppleWebKit/537.36 (KHTML, like Gecko) Chrome/126.0.6478.126 Mobile Safari/537.36 (compatible; Googlebot/2.1; +http://www.google.com/bot.html)"
66.249.70.4 - - [28/Jul/2024:00:03:37 +0200] "GET /?i=backup-archiving-mm-Q61O6rfX HTTP/1.1" 200 6353 "-" "Mozilla/5.0 (Linux; Android 6.0.1; Nexus 5X Build/MMB29P) AppleWebKit/537.36 (KHTML, like Gecko) Chrome/126.0.6478.126 Mobile Safari/537.36 (compatible; Googlebot/2.1; +http://www.google.com/bot.html)"
66.249.70.7 - - [28/Jul/2024:00:03:37 +0200] "GET /?i=chord-kentrung-senar-chord-kentrung-senar-mm-xeRmaqcq HTTP/1.1" 200 6813 "-" "Mozilla/5.0 (Linux; Android 6.0.1; Nexus 5X Build/MMB29P) AppleWebKit/537.36 (KHTML, like Gecko) Chrome/126.0.6478.126 Mobile Safari/537.36 (compatible; Googlebot/2.1; +http://www.google.com/bot.html)"
66.249.70.8 - - [28/Jul/2024:00:03:38 +0200] "GET /?i=batanga-tequila-hood-river-distillers-mm-3A6kmQs6 HTTP/1.1" 200 7463 "-" "Mozilla/5.0 (Linux; Android 6.0.1; Nexus 5X Build/MMB29P) AppleWebKit/537.36 (KHTML, like Gecko) Chrome/126.0.6478.126 Mobile Safari/537.36 (compatible; Googlebot/2.1; +http://www.google.com/bot.html)"
66.249.70.7 - - [28/Jul/2024:00:03:38 +0200] "GET /?i=dailying-an-old-jaguar-xjr-6-90-day-ownership-mm-bOGajxcX HTTP/1.1" 200 7014 "-" "Mozilla/5.0 (Linux; Android 6.0.1; Nexus 5X Build/MMB29P) AppleWebKit/537.36 (KHTML, like Gecko) Chrome/126.0.6478.126 Mobile Safari/537.36 (compatible; Googlebot/2.1; +http://www.google.com/bot.html)"
66.249.70.2 - - [28/Jul/2024:00:03:38 +0200] "GET /?i=types-of-pumps-the-home-depot-mm-Q1B6dLcX HTTP/1.1" 200 7468 "-" "Mozilla/5.0 (Linux; Android 6.0.1; Nexus 5X Build/MMB29P) AppleWebKit/537.36 (KHTML, like Gecko) Chrome/126.0.6478.126 Mobile Safari/537.36 (compatible; Googlebot/2.1; +http://www.google.com/bot.html)"
99.118.13.25 - - [28/Jul/2024:00:03:38 +0200] "GET /it/?i=these-bathroom-trends-will-be-everywhere-bathroom-trends-2022-mm-d2bMzQfe HTTP/1.1" 200 4355 "https://www.google.com/" "Mozilla/5.0 (iPhone; CPU iPhone OS 17_2_1 like Mac OS X) AppleWebKit/605.1.15 (KHTML, like Gecko) Version/17.2 Mobile/15E148 Safari/604.1"
18.201.76.160 - - [28/Jul/2024:00:03:38 +0200] "GET /?i=andriy-shevchenko-signed-ac-milan-photo-2004-ballon-d-mm-PWOgXuB HTTP/1.1" 200 5777 "-" "Mozilla/5.0 (X11; Linux x86_64) AppleWebKit/537.36 (KHTML, like Gecko) HeadlessChrome/119.0.6045.105 Safari/537.36"
66.249.70.109 - - [28/Jul/2024:00:03:38 +0200] "GET /?m=tutorial-crochet-pattern-touni-and-meli-pdf-fr-ladm-zz-vj4KwjTq HTTP/1.1" 200 8070 "-" "Mozilla/5.0 (Linux; Android 6.0.1; Nexus 5X Build/MMB29P) AppleWebKit/537.36 (KHTML, like Gecko) Chrome/126.0.6478.126 Mobile Safari/537.36 (compatible; GoogleOther)"
18.201.76.160 - - [28/Jul/2024:00:03:38 +0200] "GET /css/style.css?v=1 HTTP/1.1" 200 11362 "https://www.congress-intercultural.eu/?i=andriy-shevchenko-signed-ac-milan-photo-2004-ballon-d-mm-PWOgXuB" "Mozilla/5.0 (X11; Linux x86_64) AppleWebKit/537.36 (KHTML, like Gecko) HeadlessChrome/119.0.6045.105 Safari/537.36"
18.201.76.160 - - [28/Jul/2024:00:03:38 +0200] "GET /js/fancybox/jquery.fancybox.css HTTP/1.1" 200 1509 "https://www.congress-intercultural.eu/?i=andriy-shevchenko-signed-ac-milan-photo-2004-ballon-d-mm-PWOgXuB" "Mozilla/5.0 (X11; Linux x86_64) AppleWebKit/537.36 (KHTML, like Gecko) HeadlessChrome/119.0.6045.105 Safari/537.36"
18.201.76.160 - - [28/Jul/2024:00:03:38 +0200] "GET /css/jquery.selectBox.css HTTP/1.1" 200 1918 "https://www.congress-intercultural.eu/?i=andriy-shevchenko-signed-ac-milan-photo-2004-ballon-d-mm-PWOgXuB" "Mozilla/5.0 (X11; Linux x86_64) AppleWebKit/537.36 (KHTML, like Gecko) HeadlessChrome/119.0.6045.105 Safari/537.36"
18.201.76.160 - - [28/Jul/2024:00:03:38 +0200] "GET /css/slicknav.css HTTP/1.1" 200 1909 "https://www.congress-intercultural.eu/?i=andriy-shevchenko-signed-ac-milan-photo-2004-ballon-d-mm-PWOgXuB" "Mozilla/5.0 (X11; Linux x86_64) AppleWebKit/537.36 (KHTML, like Gecko) HeadlessChrome/119.0.6045.105 Safari/537.36"
18.201.76.160 - - [28/Jul/2024:00:03:38 +0200] "GET /css/font-awesome.min.css HTTP/1.1" 200 10956 "https://www.congress-intercultural.eu/?i=andriy-shevchenko-signed-ac-milan-photo-2004-ballon-d-mm-PWOgXuB" "Mozilla/5.0 (X11; Linux x86_64) AppleWebKit/537.36 (KHTML, like Gecko) HeadlessChrome/119.0.6045.105 Safari/537.36"
18.201.76.160 - - [28/Jul/2024:00:03:38 +0200] "GET /js/libs/modernizr.js HTTP/1.1" 200 6363 "https://www.congress-intercultural.eu/?i=andriy-shevchenko-signed-ac-milan-photo-2004-ballon-d-mm-PWOgXuB" "Mozilla/5.0 (X11; Linux x86_64) AppleWebKit/537.36 (KHTML, like Gecko) HeadlessChrome/119.0.6045.105 Safari/537.36"
18.201.76.160 - - [28/Jul/2024:00:03:38 +0200] "GET /js/libs/jquery-1.7.1.min.js HTTP/1.1" 200 37534 "https://www.congress-intercultural.eu/?i=andriy-shevchenko-signed-ac-milan-photo-2004-ballon-d-mm-PWOgXuB" "Mozilla/5.0 (X11; Linux x86_64) AppleWebKit/537.36 (KHTML, like Gecko) HeadlessChrome/119.0.6045.105 Safari/537.36"
18.201.76.160 - - [28/Jul/2024:00:03:38 +0200] "GET /js/libs/jquery.imagesloaded.min.js HTTP/1.1" 200 4814 "https://www.congress-intercultural.eu/?i=andriy-shevchenko-signed-ac-milan-photo-2004-ballon-d-mm-PWOgXuB" "Mozilla/5.0 (X11; Linux x86_64) AppleWebKit/537.36 (KHTML, like Gecko) HeadlessChrome/119.0.6045.105 Safari/537.36"
18.201.76.160 - - [28/Jul/2024:00:03:38 +0200] "GET /js/libs/jquery.masonry.min.js HTTP/1.1" 200 2656 "https://www.congress-intercultural.eu/?i=andriy-shevchenko-signed-ac-milan-photo-2004-ballon-d-mm-PWOgXuB" "Mozilla/5.0 (X11; Linux x86_64) AppleWebKit/537.36 (KHTML, like Gecko) HeadlessChrome/119.0.6045.105 Safari/537.36"
18.201.76.160 - - [28/Jul/2024:00:03:38 +0200] "GET /js/fancybox/jquery.mousewheel-3.0.6.pack.js HTTP/1.1" 200 1132 "https://www.congress-intercultural.eu/?i=andriy-shevchenko-signed-ac-milan-photo-2004-ballon-d-mm-PWOgXuB" "Mozilla/5.0 (X11; Linux x86_64) AppleWebKit/537.36 (KHTML, like Gecko) HeadlessChrome/119.0.6045.105 Safari/537.36"
18.201.76.160 - - [28/Jul/2024:00:03:38 +0200] "GET /js/jquery.slicknav.js HTTP/1.1" 200 5102 "https://www.congress-intercultural.eu/?i=andriy-shevchenko-signed-ac-milan-photo-2004-ballon-d-mm-PWOgXuB" "Mozilla/5.0 (X11; Linux x86_64) AppleWebKit/537.36 (KHTML, like Gecko) HeadlessChrome/119.0.6045.105 Safari/537.36"
18.201.76.160 - - [28/Jul/2024:00:03:38 +0200] "GET /js/fancybox/jquery.fancybox.pack.js HTTP/1.1" 200 6327 "https://www.congress-intercultural.eu/?i=andriy-shevchenko-signed-ac-milan-photo-2004-ballon-d-mm-PWOgXuB" "Mozilla/5.0 (X11; Linux x86_64) AppleWebKit/537.36 (KHTML, like Gecko) HeadlessChrome/119.0.6045.105 Safari/537.36"
18.201.76.160 - - [28/Jul/2024:00:03:38 +0200] "GET /js/jquery.selectBox.min.js HTTP/1.1" 200 3755 "https://www.congress-intercultural.eu/?i=andriy-shevchenko-signed-ac-milan-photo-2004-ballon-d-mm-PWOgXuB" "Mozilla/5.0 (X11; Linux x86_64) AppleWebKit/537.36 (KHTML, like Gecko) HeadlessChrome/119.0.6045.105 Safari/537.36"
18.201.76.160 - - [28/Jul/2024:00:03:38 +0200] "GET /js/script.js HTTP/1.1" 200 1108 "https://www.congress-intercultural.eu/?i=andriy-shevchenko-signed-ac-milan-photo-2004-ballon-d-mm-PWOgXuB" "Mozilla/5.0 (X11; Linux x86_64) AppleWebKit/537.36 (KHTML, like Gecko) HeadlessChrome/119.0.6045.105 Safari/537.36"
18.201.76.160 - - [28/Jul/2024:00:03:38 +0200] "GET /fonts/roboto-regular-webfont.woff2 HTTP/1.1" 200 69206 "https://www.congress-intercultural.eu/css/style.css?v=1" "Mozilla/5.0 (X11; Linux x86_64) AppleWebKit/537.36 (KHTML, like Gecko) HeadlessChrome/119.0.6045.105 Safari/537.36"
18.201.76.160 - - [28/Jul/2024:00:03:38 +0200] "GET /fonts/opensans-condbold-webfont.woff HTTP/1.1" 200 23438 "https://www.congress-intercultural.eu/css/style.css?v=1" "Mozilla/5.0 (X11; Linux x86_64) AppleWebKit/537.36 (KHTML, like Gecko) HeadlessChrome/119.0.6045.105 Safari/537.36"
18.201.76.160 - - [28/Jul/2024:00:03:38 +0200] "GET /fonts/fontawesome-webfont.woff2?v=4.6.3 HTTP/1.1" 200 72366 "https://www.congress-intercultural.eu/css/font-awesome.min.css" "Mozilla/5.0 (X11; Linux x86_64) AppleWebKit/537.36 (KHTML, like Gecko) HeadlessChrome/119.0.6045.105 Safari/537.36"
18.201.76.160 - - [28/Jul/2024:00:03:38 +0200] "GET /images/people.jpg HTTP/1.1" 200 448647 "https://www.congress-intercultural.eu/css/style.css?v=1" "Mozilla/5.0 (X11; Linux x86_64) AppleWebKit/537.36 (KHTML, like Gecko) HeadlessChrome/119.0.6045.105 Safari/537.36"
66.249.70.3 - - [28/Jul/2024:00:03:38 +0200] "GET /it/?i=ver-el-cisne-negro-disney+-mm-4eBxMmU6 HTTP/1.1" 200 6781 "-" "Mozilla/5.0 (Linux; Android 6.0.1; Nexus 5X Build/MMB29P) AppleWebKit/537.36 (KHTML, like Gecko) Chrome/126.0.6478.126 Mobile Safari/537.36 (compatible; Googlebot/2.1; +http://www.google.com/bot.html)"
66.249.70.7 - - [28/Jul/2024:00:03:38 +0200] "GET /?i=lg-model-sn5y-channel-sound-bar-system-w-subwoofer-mm-dGP9Wxie HTTP/1.1" 200 7743 "-" "Mozilla/5.0 (Linux; Android 6.0.1; Nexus 5X Build/MMB29P) AppleWebKit/537.36 (KHTML, like Gecko) Chrome/126.0.6478.126 Mobile Safari/537.36 (compatible; Googlebot/2.1; +http://www.google.com/bot.html)"
66.249.70.1 - - [28/Jul/2024:00:03:38 +0200] "GET /?i=medusa-pro-ii-box-full-set-emmc-in-socket-mm-N3vdLVTd HTTP/1.1" 200 7795 "-" "Mozilla/5.0 (Linux; Android 6.0.1; Nexus 5X Build/MMB29P) AppleWebKit/537.36 (KHTML, like Gecko) Chrome/126.0.6478.126 Mobile Safari/537.36 (compatible; Googlebot/2.1; +http://www.google.com/bot.html)"
66.249.70.4 - - [28/Jul/2024:00:03:38 +0200] "GET /ru/?i=fusion-guided-biopsy-improves-prostate-cancer-detection-mm-a9P1EktN HTTP/1.1" 200 7130 "-" "Mozilla/5.0 (Linux; Android 6.0.1; Nexus 5X Build/MMB29P) AppleWebKit/537.36 (KHTML, like Gecko) Chrome/126.0.6478.126 Mobile Safari/537.36 (compatible; Googlebot/2.1; +http://www.google.com/bot.html)"
18.201.76.160 - - [28/Jul/2024:00:03:38 +0200] "GET /fonts/opensans-condlight-webfont.woff HTTP/1.1" 200 1881 "https://www.congress-intercultural.eu/css/style.css?v=1" "Mozilla/5.0 (X11; Linux x86_64) AppleWebKit/537.36 (KHTML, like Gecko) HeadlessChrome/119.0.6045.105 Safari/537.36"
66.249.70.8 - - [28/Jul/2024:00:03:38 +0200] "GET /?i=battle-through-the-heavens-s5-ep-58-and-59-mm-aMGPP6tN HTTP/1.1" 200 7184 "-" "Mozilla/5.0 (Linux; Android 6.0.1; Nexus 5X Build/MMB29P) AppleWebKit/537.36 (KHTML, like Gecko) Chrome/126.0.6478.126 Mobile Safari/537.36 (compatible; Googlebot/2.1; +http://www.google.com/bot.html)"
18.201.76.160 - - [28/Jul/2024:00:03:39 +0200] "GET /fonts/OpenSans-CondLight-webfont.ttf HTTP/1.1" 200 36843 "https://www.congress-intercultural.eu/css/style.css?v=1" "Mozilla/5.0 (X11; Linux x86_64) AppleWebKit/537.36 (KHTML, like Gecko) HeadlessChrome/119.0.6045.105 Safari/537.36"
66.249.70.1 - - [28/Jul/2024:00:03:39 +0200] "GET /ru/?i=can-amoxicillin-treat-root-canal-infection-mm-gYPPKAf7 HTTP/1.1" 200 10492 "-" "Mozilla/5.0 (Linux; Android 6.0.1; Nexus 5X Build/MMB29P) AppleWebKit/537.36 (KHTML, like Gecko) Chrome/126.0.6478.126 Mobile Safari/537.36 (compatible; Googlebot/2.1; +http://www.google.com/bot.html)"
66.249.70.8 - - [28/Jul/2024:00:03:39 +0200] "GET /?i=britain-railways-hi-res-stock-photography-and-images-alamy-mm-bYpAJDFX HTTP/1.1" 200 6723 "-" "Mozilla/5.0 (Linux; Android 6.0.1; Nexus 5X Build/MMB29P) AppleWebKit/537.36 (KHTML, like Gecko) Chrome/126.0.6478.126 Mobile Safari/537.36 (compatible; Googlebot/2.1; +http://www.google.com/bot.html)"
66.249.70.5 - - [28/Jul/2024:00:03:39 +0200] "GET /?i=%ED%95%9C%EC%9E%AC%EC%84%9D%E2%99%A5-%EB%B0%95%EC%86%94%EB%AF%B8%EA%B0%80-%EB%B0%9D%ED%9E%8C-%EC%95%84%EC%9D%B4%EC%9C%A0-%EC%8B%A0%EA%B3%A1-%EB%9D%BC%EC%9D%BC%EB%9D%BD-%EC%B9%98%EB%AA%85%EC%A0%81-%EB%8B%A8%EC%A0%90-mm-X22n1nHX HTTP/1.1" 200 11800 "-" "Mozilla/5.0 (Linux; Android 6.0.1; Nexus 5X Build/MMB29P) AppleWebKit/537.36 (KHTML, like Gecko) Chrome/126.0.6478.126 Mobile Safari/537.36 (compatible; Googlebot/2.1; +http://www.google.com/bot.html)"
66.249.70.7 - - [28/Jul/2024:00:03:39 +0200] "GET /?i=the-cable-car-museum-historical-overview%E2%80%A6-flickr-mm-1oeVDqh7 HTTP/1.1" 200 6430 "-" "Mozilla/5.0 (Linux; Android 6.0.1; Nexus 5X Build/MMB29P) AppleWebKit/537.36 (KHTML, like Gecko) Chrome/126.0.6478.126 Mobile Safari/537.36 (compatible; Googlebot/2.1; +http://www.google.com/bot.html)"
66.249.70.6 - - [28/Jul/2024:00:03:39 +0200] "GET /?i=winona-ryder-mina-green-velvet-long-sleeve-dress-in-mm-X7MQBgfX HTTP/1.1" 200 7320 "-" "Mozilla/5.0 (Linux; Android 6.0.1; Nexus 5X Build/MMB29P) AppleWebKit/537.36 (KHTML, like Gecko) Chrome/126.0.6478.126 Mobile Safari/537.36 (compatible; Googlebot/2.1; +http://www.google.com/bot.html)"
66.249.70.5 - - [28/Jul/2024:00:03:39 +0200] "GET /?i=price-list-haircuts-salon-studion-beauty-spa-template-postermywall-mm-6kqjO0cN HTTP/1.1" 200 11477 "-" "Mozilla/5.0 (Linux; Android 6.0.1; Nexus 5X Build/MMB29P) AppleWebKit/537.36 (KHTML, like Gecko) Chrome/126.0.6478.126 Mobile Safari/537.36 (compatible; Googlebot/2.1; +http://www.google.com/bot.html)"
66.249.70.7 - - [28/Jul/2024:00:03:39 +0200] "GET /?i=mdm-tablet-for-diabetes-mellitus-%E2%80%93-arwa-pharmaceutical-mm-qpwn0Gij HTTP/1.1" 200 6766 "-" "Mozilla/5.0 (Linux; Android 6.0.1; Nexus 5X Build/MMB29P) AppleWebKit/537.36 (KHTML, like Gecko) Chrome/126.0.6478.126 Mobile Safari/537.36 (compatible; Googlebot/2.1; +http://www.google.com/bot.html)"
66.249.70.5 - - [28/Jul/2024:00:03:39 +0200] "GET /?i=paula-abdul-here-s-just-a-sneak-peak-into-mm-gO7xevC7 HTTP/1.1" 200 7188 "-" "Mozilla/5.0 (Linux; Android 6.0.1; Nexus 5X Build/MMB29P) AppleWebKit/537.36 (KHTML, like Gecko) Chrome/126.0.6478.126 Mobile Safari/537.36 (compatible; Googlebot/2.1; +http://www.google.com/bot.html)"
66.249.70.6 - - [28/Jul/2024:00:03:39 +0200] "GET /?i=leqembi-lecanemab-irmb-for-the-treatment-of-alzheimer-s-mm-WbrNO4ce HTTP/1.1" 200 7504 "-" "Mozilla/5.0 (Linux; Android 6.0.1; Nexus 5X Build/MMB29P) AppleWebKit/537.36 (KHTML, like Gecko) Chrome/126.0.6478.126 Mobile Safari/537.36 (compatible; Googlebot/2.1; +http://www.google.com/bot.html)"
66.249.70.8 - - [28/Jul/2024:00:03:40 +0200] "GET /it/?i=characteristics-of-attitude-pdf-job-satisfaction-attitude-psychology-mm-YmekYjFn HTTP/1.1" 200 6664 "-" "Mozilla/5.0 (Linux; Android 6.0.1; Nexus 5X Build/MMB29P) AppleWebKit/537.36 (KHTML, like Gecko) Chrome/126.0.6478.126 Mobile Safari/537.36 (compatible; Googlebot/2.1; +http://www.google.com/bot.html)"
66.249.70.8 - - [28/Jul/2024:00:03:40 +0200] "GET /en/?i=pdf-implementation-of-good-clinical-laboratory-practice-gclp-guidelines-mm-5dg5KSm HTTP/1.1" 200 11026 "-" "Mozilla/5.0 (Linux; Android 6.0.1; Nexus 5X Build/MMB29P) AppleWebKit/537.36 (KHTML, like Gecko) Chrome/126.0.6478.126 Mobile Safari/537.36 (compatible; GoogleOther)"
66.249.70.8 - - [28/Jul/2024:00:03:40 +0200] "GET /?i=hd-wallpaper-pubg-minimal-artistic-wallpaper-flare-mm-JBGWPRu1 HTTP/1.1" 200 6906 "-" "Mozilla/5.0 (Linux; Android 6.0.1; Nexus 5X Build/MMB29P) AppleWebKit/537.36 (KHTML, like Gecko) Chrome/126.0.6478.126 Mobile Safari/537.36 (compatible; Googlebot/2.1; +http://www.google.com/bot.html)"
66.249.70.4 - - [28/Jul/2024:00:03:40 +0200] "GET /?i=jae-shin-in-2023-nocturne-anime-ghost-mm-J6jzLvU1 HTTP/1.1" 200 7045 "-" "Mozilla/5.0 (Linux; Android 6.0.1; Nexus 5X Build/MMB29P) AppleWebKit/537.36 (KHTML, like Gecko) Chrome/126.0.6478.126 Mobile Safari/537.36 (compatible; Googlebot/2.1; +http://www.google.com/bot.html)"
66.249.70.3 - - [28/Jul/2024:00:03:40 +0200] "GET /?i=rnu4-2-gene-genecards-rnu4-2-rna-gene-mm-mQpw0bhX HTTP/1.1" 200 7054 "-" "Mozilla/5.0 (Linux; Android 6.0.1; Nexus 5X Build/MMB29P) AppleWebKit/537.36 (KHTML, like Gecko) Chrome/126.0.6478.126 Mobile Safari/537.36 (compatible; Googlebot/2.1; +http://www.google.com/bot.html)"
66.249.70.4 - - [28/Jul/2024:00:03:40 +0200] "GET /?i=black-white-3080-build-by-nsamra213-amd-ryzen-3700x-mm-eEYAoQFg HTTP/1.1" 200 11308 "-" "Mozilla/5.0 (Linux; Android 6.0.1; Nexus 5X Build/MMB29P) AppleWebKit/537.36 (KHTML, like Gecko) Chrome/126.0.6478.126 Mobile Safari/537.36 (compatible; Googlebot/2.1; +http://www.google.com/bot.html)"
66.249.70.3 - - [28/Jul/2024:00:03:40 +0200] "GET /?i=front-view-of-old-color-tv-from-early-80s-mm-oPnz5BCL HTTP/1.1" 200 10677 "-" "Mozilla/5.0 (Linux; Android 6.0.1; Nexus 5X Build/MMB29P) AppleWebKit/537.36 (KHTML, like Gecko) Chrome/126.0.6478.126 Mobile Safari/537.36 (compatible; Googlebot/2.1; +http://www.google.com/bot.html)"
119.155.187.99 - - [28/Jul/2024:00:03:41 +0200] "GET /?i=thank-you-for-all-the-birthday-wishes-happy-birthday-mm-w2jjpkfk HTTP/1.1" 200 4355 "https://www.google.com/" "Mozilla/5.0 (Linux; Android 10; K) AppleWebKit/537.36 (KHTML, like Gecko) Chrome/126.0.0.0 Mobile Safari/537.36"
66.249.70.2 - - [28/Jul/2024:00:03:41 +0200] "GET /it/?i=the-ultimate-guide-to-the-best-dining-deals-in-mm-z7Dd3bH5 HTTP/1.1" 200 11018 "-" "Mozilla/5.0 (Linux; Android 6.0.1; Nexus 5X Build/MMB29P) AppleWebKit/537.36 (KHTML, like Gecko) Chrome/126.0.6478.126 Mobile Safari/537.36 (compatible; GoogleOther)"
18.201.76.160 - - [28/Jul/2024:00:03:40 +0200] "GET /?i=andriy-shevchenko-signed-ac-milan-photo-2004-ballon-d-mm-PWOgXuB HTTP/1.1" 200 5777 "-" "Mozilla/5.0 (X11; Linux x86_64) AppleWebKit/537.36 (KHTML, like Gecko) HeadlessChrome/119.0.6045.105 Safari/537.36"
18.201.76.160 - - [28/Jul/2024:00:03:41 +0200] "GET /css/style.css?v=1 HTTP/1.1" 200 11362 "https://www.congress-intercultural.eu/?i=andriy-shevchenko-signed-ac-milan-photo-2004-ballon-d-mm-PWOgXuB" "Mozilla/5.0 (X11; Linux x86_64) AppleWebKit/537.36 (KHTML, like Gecko) HeadlessChrome/119.0.6045.105 Safari/537.36"
18.201.76.160 - - [28/Jul/2024:00:03:41 +0200] "GET /js/fancybox/jquery.fancybox.css HTTP/1.1" 200 1509 "https://www.congress-intercultural.eu/?i=andriy-shevchenko-signed-ac-milan-photo-2004-ballon-d-mm-PWOgXuB" "Mozilla/5.0 (X11; Linux x86_64) AppleWebKit/537.36 (KHTML, like Gecko) HeadlessChrome/119.0.6045.105 Safari/537.36"
18.201.76.160 - - [28/Jul/2024:00:03:41 +0200] "GET /css/jquery.selectBox.css HTTP/1.1" 200 1918 "https://www.congress-intercultural.eu/?i=andriy-shevchenko-signed-ac-milan-photo-2004-ballon-d-mm-PWOgXuB" "Mozilla/5.0 (X11; Linux x86_64) AppleWebKit/537.36 (KHTML, like Gecko) HeadlessChrome/119.0.6045.105 Safari/537.36"
18.201.76.160 - - [28/Jul/2024:00:03:41 +0200] "GET /css/slicknav.css HTTP/1.1" 200 1909 "https://www.congress-intercultural.eu/?i=andriy-shevchenko-signed-ac-milan-photo-2004-ballon-d-mm-PWOgXuB" "Mozilla/5.0 (X11; Linux x86_64) AppleWebKit/537.36 (KHTML, like Gecko) HeadlessChrome/119.0.6045.105 Safari/537.36"
18.201.76.160 - - [28/Jul/2024:00:03:41 +0200] "GET /css/font-awesome.min.css HTTP/1.1" 200 10956 "https://www.congress-intercultural.eu/?i=andriy-shevchenko-signed-ac-milan-photo-2004-ballon-d-mm-PWOgXuB" "Mozilla/5.0 (X11; Linux x86_64) AppleWebKit/537.36 (KHTML, like Gecko) HeadlessChrome/119.0.6045.105 Safari/537.36"
18.201.76.160 - - [28/Jul/2024:00:03:41 +0200] "GET /js/libs/modernizr.js HTTP/1.1" 200 6363 "https://www.congress-intercultural.eu/?i=andriy-shevchenko-signed-ac-milan-photo-2004-ballon-d-mm-PWOgXuB" "Mozilla/5.0 (X11; Linux x86_64) AppleWebKit/537.36 (KHTML, like Gecko) HeadlessChrome/119.0.6045.105 Safari/537.36"
18.201.76.160 - - [28/Jul/2024:00:03:41 +0200] "GET /js/libs/jquery.imagesloaded.min.js HTTP/1.1" 200 4814 "https://www.congress-intercultural.eu/?i=andriy-shevchenko-signed-ac-milan-photo-2004-ballon-d-mm-PWOgXuB" "Mozilla/5.0 (X11; Linux x86_64) AppleWebKit/537.36 (KHTML, like Gecko) HeadlessChrome/119.0.6045.105 Safari/537.36"
18.201.76.160 - - [28/Jul/2024:00:03:41 +0200] "GET /js/libs/jquery-1.7.1.min.js HTTP/1.1" 200 37534 "https://www.congress-intercultural.eu/?i=andriy-shevchenko-signed-ac-milan-photo-2004-ballon-d-mm-PWOgXuB" "Mozilla/5.0 (X11; Linux x86_64) AppleWebKit/537.36 (KHTML, like Gecko) HeadlessChrome/119.0.6045.105 Safari/537.36"
18.201.76.160 - - [28/Jul/2024:00:03:41 +0200] "GET /js/libs/jquery.masonry.min.js HTTP/1.1" 200 2656 "https://www.congress-intercultural.eu/?i=andriy-shevchenko-signed-ac-milan-photo-2004-ballon-d-mm-PWOgXuB" "Mozilla/5.0 (X11; Linux x86_64) AppleWebKit/537.36 (KHTML, like Gecko) HeadlessChrome/119.0.6045.105 Safari/537.36"
18.201.76.160 - - [28/Jul/2024:00:03:41 +0200] "GET /js/fancybox/jquery.mousewheel-3.0.6.pack.js HTTP/1.1" 200 1132 "https://www.congress-intercultural.eu/?i=andriy-shevchenko-signed-ac-milan-photo-2004-ballon-d-mm-PWOgXuB" "Mozilla/5.0 (X11; Linux x86_64) AppleWebKit/537.36 (KHTML, like Gecko) HeadlessChrome/119.0.6045.105 Safari/537.36"
18.201.76.160 - - [28/Jul/2024:00:03:41 +0200] "GET /js/jquery.selectBox.min.js HTTP/1.1" 200 3755 "https://www.congress-intercultural.eu/?i=andriy-shevchenko-signed-ac-milan-photo-2004-ballon-d-mm-PWOgXuB" "Mozilla/5.0 (X11; Linux x86_64) AppleWebKit/537.36 (KHTML, like Gecko) HeadlessChrome/119.0.6045.105 Safari/537.36"
18.201.76.160 - - [28/Jul/2024:00:03:41 +0200] "GET /js/fancybox/jquery.fancybox.pack.js HTTP/1.1" 200 6327 "https://www.congress-intercultural.eu/?i=andriy-shevchenko-signed-ac-milan-photo-2004-ballon-d-mm-PWOgXuB" "Mozilla/5.0 (X11; Linux x86_64) AppleWebKit/537.36 (KHTML, like Gecko) HeadlessChrome/119.0.6045.105 Safari/537.36"
18.201.76.160 - - [28/Jul/2024:00:03:41 +0200] "GET /js/jquery.slicknav.js HTTP/1.1" 200 5102 "https://www.congress-intercultural.eu/?i=andriy-shevchenko-signed-ac-milan-photo-2004-ballon-d-mm-PWOgXuB" "Mozilla/5.0 (X11; Linux x86_64) AppleWebKit/537.36 (KHTML, like Gecko) HeadlessChrome/119.0.6045.105 Safari/537.36"
18.201.76.160 - - [28/Jul/2024:00:03:41 +0200] "GET /js/script.js HTTP/1.1" 200 1108 "https://www.congress-intercultural.eu/?i=andriy-shevchenko-signed-ac-milan-photo-2004-ballon-d-mm-PWOgXuB" "Mozilla/5.0 (X11; Linux x86_64) AppleWebKit/537.36 (KHTML, like Gecko) HeadlessChrome/119.0.6045.105 Safari/537.36"
18.201.76.160 - - [28/Jul/2024:00:03:41 +0200] "GET /fonts/roboto-regular-webfont.woff2 HTTP/1.1" 200 69206 "https://www.congress-intercultural.eu/css/style.css?v=1" "Mozilla/5.0 (X11; Linux x86_64) AppleWebKit/537.36 (KHTML, like Gecko) HeadlessChrome/119.0.6045.105 Safari/537.36"
18.201.76.160 - - [28/Jul/2024:00:03:41 +0200] "GET /fonts/opensans-condbold-webfont.woff HTTP/1.1" 200 23438 "https://www.congress-intercultural.eu/css/style.css?v=1" "Mozilla/5.0 (X11; Linux x86_64) AppleWebKit/537.36 (KHTML, like Gecko) HeadlessChrome/119.0.6045.105 Safari/537.36"
18.201.76.160 - - [28/Jul/2024:00:03:41 +0200] "GET /fonts/fontawesome-webfont.woff2?v=4.6.3 HTTP/1.1" 200 72366 "https://www.congress-intercultural.eu/css/font-awesome.min.css" "Mozilla/5.0 (X11; Linux x86_64) AppleWebKit/537.36 (KHTML, like Gecko) HeadlessChrome/119.0.6045.105 Safari/537.36"
18.201.76.160 - - [28/Jul/2024:00:03:41 +0200] "GET /images/people.jpg HTTP/1.1" 200 448647 "https://www.congress-intercultural.eu/css/style.css?v=1" "Mozilla/5.0 (X11; Linux x86_64) AppleWebKit/537.36 (KHTML, like Gecko) HeadlessChrome/119.0.6045.105 Safari/537.36"
66.249.70.3 - - [28/Jul/2024:00:03:41 +0200] "GET /?i=friday-night-funkin-sky-but-every-turn-a-different-mm-kO1mdzho HTTP/1.1" 200 6420 "-" "Mozilla/5.0 (Linux; Android 6.0.1; Nexus 5X Build/MMB29P) AppleWebKit/537.36 (KHTML, like Gecko) Chrome/126.0.6478.126 Mobile Safari/537.36 (compatible; Googlebot/2.1; +http://www.google.com/bot.html)"
66.249.70.5 - - [28/Jul/2024:00:03:41 +0200] "GET /?i=economic-complexity-index-wikipedia-mm-N7mbW0fd HTTP/1.1" 200 7117 "-" "Mozilla/5.0 (Linux; Android 6.0.1; Nexus 5X Build/MMB29P) AppleWebKit/537.36 (KHTML, like Gecko) Chrome/126.0.6478.126 Mobile Safari/537.36 (compatible; Googlebot/2.1; +http://www.google.com/bot.html)"
66.249.70.8 - - [28/Jul/2024:00:03:41 +0200] "GET /?i=rcc-ranat-cricket-club-mahuva-mm-wo3n24uk HTTP/1.1" 200 6714 "-" "Mozilla/5.0 (Linux; Android 6.0.1; Nexus 5X Build/MMB29P) AppleWebKit/537.36 (KHTML, like Gecko) Chrome/126.0.6478.126 Mobile Safari/537.36 (compatible; Googlebot/2.1; +http://www.google.com/bot.html)"
66.249.70.5 - - [28/Jul/2024:00:03:41 +0200] "GET /?i=pin-by-francis-on-quick-saves-in-2023-prime-mm-MwL6ExHo HTTP/1.1" 200 7226 "-" "Mozilla/5.0 (Linux; Android 6.0.1; Nexus 5X Build/MMB29P) AppleWebKit/537.36 (KHTML, like Gecko) Chrome/126.0.6478.126 Mobile Safari/537.36 (compatible; Googlebot/2.1; +http://www.google.com/bot.html)"
66.249.70.6 - - [28/Jul/2024:00:03:41 +0200] "GET /?i=x-ray-man-s-image-photo-free-trial-bigstock-mm-YEjE2Vfn HTTP/1.1" 200 6830 "-" "Mozilla/5.0 (Linux; Android 6.0.1; Nexus 5X Build/MMB29P) AppleWebKit/537.36 (KHTML, like Gecko) Chrome/126.0.6478.126 Mobile Safari/537.36 (compatible; Googlebot/2.1; +http://www.google.com/bot.html)"
66.249.70.7 - - [28/Jul/2024:00:03:41 +0200] "GET /?i=how-to-pronounce-amide-in-english-mm-3BMvkeH6 HTTP/1.1" 200 6584 "-" "Mozilla/5.0 (Linux; Android 6.0.1; Nexus 5X Build/MMB29P) AppleWebKit/537.36 (KHTML, like Gecko) Chrome/126.0.6478.126 Mobile Safari/537.36 (compatible; Googlebot/2.1; +http://www.google.com/bot.html)"
136.243.228.194 - - [28/Jul/2024:00:03:41 +0200] "GET /?i=samsung-galaxy-s24-new-look-features-2023-%40techiside-mm-MQ5Rj7To HTTP/1.1" 200 1816 "-" "Mozilla/5.0 (compatible; DataForSeoBot/1.0; +https://dataforseo.com/dataforseo-bot)"
66.249.70.7 - - [28/Jul/2024:00:03:42 +0200] "GET /it/DT-725/?i=teteras-para-te-mercado-libre-m-EqWYk7U3 HTTP/1.1" 200 4455 "-" "Mozilla/5.0 (Linux; Android 6.0.1; Nexus 5X Build/MMB29P) AppleWebKit/537.36 (KHTML, like Gecko) Chrome/126.0.6478.126 Mobile Safari/537.36 (compatible; Googlebot/2.1; +http://www.google.com/bot.html)"
66.249.70.7 - - [28/Jul/2024:00:03:42 +0200] "GET /?i=technical-specification-for-33kv-outdoor-vacuum-circuit-breakers-mm-aRgak5UN HTTP/1.1" 200 7136 "-" "Mozilla/5.0 (Linux; Android 6.0.1; Nexus 5X Build/MMB29P) AppleWebKit/537.36 (KHTML, like Gecko) Chrome/126.0.6478.126 Mobile Safari/537.36 (compatible; Googlebot/2.1; +http://www.google.com/bot.html)"
18.201.76.160 - - [28/Jul/2024:00:03:41 +0200] "GET /fonts/opensans-condlight-webfont.woff HTTP/1.1" 200 1881 "https://www.congress-intercultural.eu/css/style.css?v=1" "Mozilla/5.0 (X11; Linux x86_64) AppleWebKit/537.36 (KHTML, like Gecko) HeadlessChrome/119.0.6045.105 Safari/537.36"
18.201.76.160 - - [28/Jul/2024:00:03:42 +0200] "GET /fonts/OpenSans-CondLight-webfont.ttf HTTP/1.1" 200 36843 "https://www.congress-intercultural.eu/css/style.css?v=1" "Mozilla/5.0 (X11; Linux x86_64) AppleWebKit/537.36 (KHTML, like Gecko) HeadlessChrome/119.0.6045.105 Safari/537.36"
66.249.70.6 - - [28/Jul/2024:00:03:42 +0200] "GET /it/?i=divine-wickedness-by-watermelonsmellinfelon-on-ao3-hannibal-tv-show-mm-Y16pddHn HTTP/1.1" 200 7147 "-" "Mozilla/5.0 (Linux; Android 6.0.1; Nexus 5X Build/MMB29P) AppleWebKit/537.36 (KHTML, like Gecko) Chrome/126.0.6478.126 Mobile Safari/537.36 (compatible; Googlebot/2.1; +http://www.google.com/bot.html)"
66.249.70.6 - - [28/Jul/2024:00:03:42 +0200] "GET /?i=cerro-otto-loop-45-reviews-map-rio-negro-argentina-mm-vwgKYGSV HTTP/1.1" 200 7091 "-" "Mozilla/5.0 (Linux; Android 6.0.1; Nexus 5X Build/MMB29P) AppleWebKit/537.36 (KHTML, like Gecko) Chrome/126.0.6478.126 Mobile Safari/537.36 (compatible; Googlebot/2.1; +http://www.google.com/bot.html)"
66.249.70.3 - - [28/Jul/2024:00:03:42 +0200] "GET /?i=toony-on-x-i-really-like-the-old-mario-mm-RvV63OH5 HTTP/1.1" 200 7745 "-" "Mozilla/5.0 (Linux; Android 6.0.1; Nexus 5X Build/MMB29P) AppleWebKit/537.36 (KHTML, like Gecko) Chrome/126.0.6478.126 Mobile Safari/537.36 (compatible; Googlebot/2.1; +http://www.google.com/bot.html)"
66.249.70.2 - - [28/Jul/2024:00:03:42 +0200] "GET /?i=dial-up-dux-14-x-7-1-4-evaporative-mm-z1KnR5c5 HTTP/1.1" 200 7057 "-" "Mozilla/5.0 (Linux; Android 6.0.1; Nexus 5X Build/MMB29P) AppleWebKit/537.36 (KHTML, like Gecko) Chrome/126.0.6478.126 Mobile Safari/537.36 (compatible; Googlebot/2.1; +http://www.google.com/bot.html)"
66.249.70.8 - - [28/Jul/2024:00:03:42 +0200] "GET /?i=toto-thx1a-3n-p-trap-for-lavaratory-%E2%80%93-tilottoma-mm-1r4P2qi7 HTTP/1.1" 200 7166 "-" "Mozilla/5.0 (Linux; Android 6.0.1; Nexus 5X Build/MMB29P) AppleWebKit/537.36 (KHTML, like Gecko) Chrome/126.0.6478.126 Mobile Safari/537.36 (compatible; Googlebot/2.1; +http://www.google.com/bot.html)"
99.250.233.1 - - [28/Jul/2024:00:03:42 +0200] "GET / HTTP/1.1" 200 3837 "-" "Mozilla/5.0 (iPhone; CPU iPhone OS 16_1 like Mac OS X) AppleWebKit/605.1.15 (KHTML, like Gecko) Version/16.1 Mobile/15E148 Safari/604.1"
45.70.253.164 - - [28/Jul/2024:00:03:42 +0200] "GET /?i=capa-para-destaques-do-instagram-%E2%80%93-rosa-%E2%80%93-viv%C3%AAncias-mm-Ed30VOH3 HTTP/1.1" 200 4356 "https://www.google.com/" "Mozilla/5.0 (iPhone; CPU iPhone OS 17_5 like Mac OS X) AppleWebKit/605.1.15 (KHTML, like Gecko) GSA/326.0.653331328 Mobile/15E148 Safari/604.1"
94.206.211.124 - - [28/Jul/2024:00:03:42 +0200] "GET /?i=how-much-does-an-airbus-a320-cost-mm-BPkvr2tV HTTP/1.1" 200 5777 "-" "Mozilla/5.0 (Macintosh; Intel Mac OS X 10_15_7) AppleWebKit/605.1.15 (KHTML, like Gecko) Version/17.5 Safari/605.1.15"
66.249.70.5 - - [28/Jul/2024:00:03:42 +0200] "GET /?i=sharif-jewelers-jewelers-the-knot-mm-5nvqO9hm HTTP/1.1" 200 7320 "-" "Mozilla/5.0 (Linux; Android 6.0.1; Nexus 5X Build/MMB29P) AppleWebKit/537.36 (KHTML, like Gecko) Chrome/126.0.6478.126 Mobile Safari/537.36 (compatible; Googlebot/2.1; +http://www.google.com/bot.html)"
66.249.70.1 - - [28/Jul/2024:00:03:42 +0200] "GET /?i=ace-ventura-when-nature-calls-where-to-stream-and-mm-pEWWAXfj HTTP/1.1" 200 6785 "-" "Mozilla/5.0 (Linux; Android 6.0.1; Nexus 5X Build/MMB29P) AppleWebKit/537.36 (KHTML, like Gecko) Chrome/126.0.6478.126 Mobile Safari/537.36 (compatible; Googlebot/2.1; +http://www.google.com/bot.html)"
66.249.70.4 - - [28/Jul/2024:00:03:42 +0200] "GET /?i=10-ham-sandwiches-that-are-anything-but-ordinary-mm-MLRP5eSo HTTP/1.1" 200 7232 "-" "Mozilla/5.0 (Linux; Android 6.0.1; Nexus 5X Build/MMB29P) AppleWebKit/537.36 (KHTML, like Gecko) Chrome/126.0.6478.126 Mobile Safari/537.36 (compatible; Googlebot/2.1; +http://www.google.com/bot.html)"
187.190.213.127 - - [28/Jul/2024:00:03:42 +0200] "GET /?i=el-auto-ideal-mazda-cx-9-2010-mm-qYrKJETj HTTP/1.1" 200 4355 "https://www.google.com/" "Mozilla/5.0 (Linux; Android 10; K) AppleWebKit/537.36 (KHTML, like Gecko) Chrome/126.0.0.0 Mobile Safari/537.36"
66.249.70.5 - - [28/Jul/2024:00:03:42 +0200] "GET /?i=free-pass-fire-extinguisher-download-mm-APKdaQuO HTTP/1.1" 200 6983 "-" "Mozilla/5.0 (Linux; Android 6.0.1; Nexus 5X Build/MMB29P) AppleWebKit/537.36 (KHTML, like Gecko) Chrome/126.0.6478.126 Mobile Safari/537.36 (compatible; Googlebot/2.1; +http://www.google.com/bot.html)"
66.249.70.7 - - [28/Jul/2024:00:03:43 +0200] "GET /?i=48-hours-in-doha-qatar-airways-mm-bW2Kz7TX HTTP/1.1" 200 6894 "-" "Mozilla/5.0 (Linux; Android 6.0.1; Nexus 5X Build/MMB29P) AppleWebKit/537.36 (KHTML, like Gecko) Chrome/126.0.6478.126 Mobile Safari/537.36 (compatible; Googlebot/2.1; +http://www.google.com/bot.html)"
66.249.70.7 - - [28/Jul/2024:00:03:43 +0200] "GET /?i=how-to-reset-the-ecu-on-a-jeep-wrangler-mm-VXK6dns6 HTTP/1.1" 200 7445 "-" "Mozilla/5.0 (Linux; Android 6.0.1; Nexus 5X Build/MMB29P) AppleWebKit/537.36 (KHTML, like Gecko) Chrome/126.0.6478.126 Mobile Safari/537.36 (compatible; Googlebot/2.1; +http://www.google.com/bot.html)"
66.249.70.1 - - [28/Jul/2024:00:03:43 +0200] "GET /?i=airport-lfpg-page-5-flightaware-mm-g20N0et7 HTTP/1.1" 200 7259 "-" "Mozilla/5.0 (Linux; Android 6.0.1; Nexus 5X Build/MMB29P) AppleWebKit/537.36 (KHTML, like Gecko) Chrome/126.0.6478.126 Mobile Safari/537.36 (compatible; Googlebot/2.1; +http://www.google.com/bot.html)"
66.249.70.4 - - [28/Jul/2024:00:03:43 +0200] "GET /?i=usa-whose-info-should-i-write-in-the-ds-mm-zDaYD5h5 HTTP/1.1" 200 6943 "-" "Mozilla/5.0 (Linux; Android 6.0.1; Nexus 5X Build/MMB29P) AppleWebKit/537.36 (KHTML, like Gecko) Chrome/126.0.6478.126 Mobile Safari/537.36 (compatible; Googlebot/2.1; +http://www.google.com/bot.html)"
41.198.147.2 - - [28/Jul/2024:00:03:43 +0200] "GET /?i=gucci-x-adidas-gucci-x-adidas-2022-web-accent-mm-GjRO95sd HTTP/1.1" 200 5777 "-" "Mozilla/5.0 (Linux; Android 13; SM-A032F Build/TP1A.220624.014) AppleWebKit/537.36 (KHTML, like Gecko) Chrome/126.0.6478.186 Mobile Safari/537.36"
