66.249.70.5 - - [28/Jul/2024:00:05:15 +0200] "GET /it/?i=an-tpq-36-firefinder-radar-wikipedia-mm-aYQ6LwTN HTTP/1.1" 200 7070 "-" "Mozilla/5.0 (Linux; Android 6.0.1; Nexus 5X Build/MMB29P) AppleWebKit/537.36 (KHTML, like Gecko) Chrome/126.0.6478.126 Mobile Safari/537.36 (compatible; Googlebot/2.1; +http://www.google.com/bot.html)"
66.249.70.8 - - [28/Jul/2024:00:05:15 +0200] "GET /?i=conkeldurr-v-073-078-full-art-ultra-rare-pokemon-mm-Ek1A0dt3 HTTP/1.1" 200 11185 "-" "Mozilla/5.0 (Linux; Android 6.0.1; Nexus 5X Build/MMB29P) AppleWebKit/537.36 (KHTML, like Gecko) Chrome/126.0.6478.126 Mobile Safari/537.36 (compatible; Googlebot/2.1; +http://www.google.com/bot.html)"
66.249.70.7 - - [28/Jul/2024:00:05:15 +0200] "GET /?i=qmf-mh-18001d-amplificador-compacto-de-audio-para-autom%C3%B3vil-mm-v1MQ9FV HTTP/1.1" 200 7576 "-" "Mozilla/5.0 (Linux; Android 6.0.1; Nexus 5X Build/MMB29P) AppleWebKit/537.36 (KHTML, like Gecko) Chrome/126.0.6478.126 Mobile Safari/537.36 (compatible; Googlebot/2.1; +http://www.google.com/bot.html)"
66.249.70.8 - - [28/Jul/2024:00:05:15 +0200] "GET /?i=jio-fiber-broadband-services-mm-kqanjNTo HTTP/1.1" 200 6584 "-" "Mozilla/5.0 (Linux; Android 6.0.1; Nexus 5X Build/MMB29P) AppleWebKit/537.36 (KHTML, like Gecko) Chrome/126.0.6478.126 Mobile Safari/537.36 (compatible; Googlebot/2.1; +http://www.google.com/bot.html)"
66.249.70.5 - - [28/Jul/2024:00:05:15 +0200] "GET /?i=little-caesars-%C2%A1ahora-puedes-disfrutar-tu-super-facebook-mm-onxq1bHL HTTP/1.1" 200 6770 "-" "Mozilla/5.0 (Linux; Android 6.0.1; Nexus 5X Build/MMB29P) AppleWebKit/537.36 (KHTML, like Gecko) Chrome/126.0.6478.126 Mobile Safari/537.36 (compatible; Googlebot/2.1; +http://www.google.com/bot.html)"
66.249.70.4 - - [28/Jul/2024:00:05:15 +0200] "GET /?i=p0420-honda-odyssey-forum-mm-akoKXBfN HTTP/1.1" 200 7259 "-" "Mozilla/5.0 (Linux; Android 6.0.1; Nexus 5X Build/MMB29P) AppleWebKit/537.36 (KHTML, like Gecko) Chrome/126.0.6478.126 Mobile Safari/537.36 (compatible; Googlebot/2.1; +http://www.google.com/bot.html)"
66.249.70.8 - - [28/Jul/2024:00:05:15 +0200] "GET /?i=pbs-kids-go-ready-to-learn-plug-funding-2004-mm-LKXoKdCd HTTP/1.1" 200 6880 "-" "Mozilla/5.0 (Linux; Android 6.0.1; Nexus 5X Build/MMB29P) AppleWebKit/537.36 (KHTML, like Gecko) Chrome/126.0.6478.126 Mobile Safari/537.36 (compatible; Googlebot/2.1; +http://www.google.com/bot.html)"
66.249.70.3 - - [28/Jul/2024:00:05:15 +0200] "GET /?i=new-and-original-kmq82000sm-b418-kmgd6001bm-b421-kmqnw000sm-b316-mm-q4EDAGfj HTTP/1.1" 200 7578 "-" "Mozilla/5.0 (Linux; Android 6.0.1; Nexus 5X Build/MMB29P) AppleWebKit/537.36 (KHTML, like Gecko) Chrome/126.0.6478.126 Mobile Safari/537.36 (compatible; Googlebot/2.1; +http://www.google.com/bot.html)"
66.249.70.4 - - [28/Jul/2024:00:05:15 +0200] "GET /?i=cds-trend-analysis-topic-subject-wise-weightage-mm-qYG5JPfj HTTP/1.1" 200 11067 "-" "Mozilla/5.0 (Linux; Android 6.0.1; Nexus 5X Build/MMB29P) AppleWebKit/537.36 (KHTML, like Gecko) Chrome/126.0.6478.126 Mobile Safari/537.36 (compatible; Googlebot/2.1; +http://www.google.com/bot.html)"
66.249.70.8 - - [28/Jul/2024:00:05:15 +0200] "GET /?i=purchase-paris-metro-poster-online-mm-rMw0o1F4 HTTP/1.1" 200 7241 "-" "Mozilla/5.0 (Linux; Android 6.0.1; Nexus 5X Build/MMB29P) AppleWebKit/537.36 (KHTML, like Gecko) Chrome/126.0.6478.126 Mobile Safari/537.36 (compatible; Googlebot/2.1; +http://www.google.com/bot.html)"
76.100.35.164 - - [28/Jul/2024:00:05:15 +0200] "GET /?i=as-vaccine-mandates-take-effect-religious-exemption-requests-are-mm-rPwKWGc4 HTTP/1.1" 200 4355 "https://www.google.com/" "Mozilla/5.0 (Linux; Android 10; K) AppleWebKit/537.36 (KHTML, like Gecko) Chrome/126.0.0.0 Mobile Safari/537.36"
66.249.70.5 - - [28/Jul/2024:00:05:15 +0200] "GET /?i=plastic-overshoot-bakit-hindi-na-kinakaya-ng-mundo-ang-mm-z1vngdT5 HTTP/1.1" 200 7609 "-" "Mozilla/5.0 (Linux; Android 6.0.1; Nexus 5X Build/MMB29P) AppleWebKit/537.36 (KHTML, like Gecko) Chrome/126.0.6478.126 Mobile Safari/537.36 (compatible; Googlebot/2.1; +http://www.google.com/bot.html)"
66.249.70.6 - - [28/Jul/2024:00:05:15 +0200] "GET /?i=county-cricket-wikipedia-mm-LwjMRzfd HTTP/1.1" 200 6879 "-" "Mozilla/5.0 (Linux; Android 6.0.1; Nexus 5X Build/MMB29P) AppleWebKit/537.36 (KHTML, like Gecko) Chrome/126.0.6478.126 Mobile Safari/537.36 (compatible; Googlebot/2.1; +http://www.google.com/bot.html)"
66.249.70.2 - - [28/Jul/2024:00:05:16 +0200] "GET /?i=hudin-anda-platouri-aperitive-reci-facebook-mm-bpRgrnIX HTTP/1.1" 200 6545 "-" "Mozilla/5.0 (Linux; Android 6.0.1; Nexus 5X Build/MMB29P) AppleWebKit/537.36 (KHTML, like Gecko) Chrome/126.0.6478.126 Mobile Safari/537.36 (compatible; Googlebot/2.1; +http://www.google.com/bot.html)"
93.193.176.9 - - [28/Jul/2024:00:05:16 +0200] "GET /?i=warum-sollten-sie-sich-f%C3%BCr-einen-wpc-sichtschutzzaun-entscheiden-mm-eE5KwGUg HTTP/1.1" 200 1095 "https://www.google.com/" "Mozilla/5.0 (Linux; Android 10; K) AppleWebKit/537.36 (KHTML, like Gecko) Chrome/126.0.0.0 Mobile Safari/537.36"
66.249.70.6 - - [28/Jul/2024:00:05:16 +0200] "GET /?i=private-banking-services-barclays-private-bank-mm-W0A3M5Fe HTTP/1.1" 200 10768 "-" "Mozilla/5.0 (Linux; Android 6.0.1; Nexus 5X Build/MMB29P) AppleWebKit/537.36 (KHTML, like Gecko) Chrome/126.0.6478.126 Mobile Safari/537.36 (compatible; Googlebot/2.1; +http://www.google.com/bot.html)"
46.6.142.31 - - [28/Jul/2024:00:05:16 +0200] "GET /?i=alpargatas-blancas-con-dise%C3%B1o-anudado-al-tobillo-y-plataforma-mm-4nz2O5U6 HTTP/1.1" 200 4355 "https://www.google.com/" "Mozilla/5.0 (iPhone; CPU iPhone OS 17_5 like Mac OS X) AppleWebKit/605.1.15 (KHTML, like Gecko) GSA/326.0.653331328 Mobile/15E148 Safari/604.1"
66.249.70.7 - - [28/Jul/2024:00:05:16 +0200] "GET /?i=file-stadion-mks-u-wikimedia-commons-mm-jM19AjU9 HTTP/1.1" 200 6744 "-" "Mozilla/5.0 (Linux; Android 6.0.1; Nexus 5X Build/MMB29P) AppleWebKit/537.36 (KHTML, like Gecko) Chrome/126.0.6478.126 Mobile Safari/537.36 (compatible; Googlebot/2.1; +http://www.google.com/bot.html)"
66.249.70.8 - - [28/Jul/2024:00:05:16 +0200] "GET /?i=bryan-s-bricks-mm-3Ax1gRt6 HTTP/1.1" 200 7351 "-" "Mozilla/5.0 (Linux; Android 6.0.1; Nexus 5X Build/MMB29P) AppleWebKit/537.36 (KHTML, like Gecko) Chrome/126.0.6478.126 Mobile Safari/537.36 (compatible; Googlebot/2.1; +http://www.google.com/bot.html)"
66.249.70.6 - - [28/Jul/2024:00:05:16 +0200] "GET /?i=splat-di%C5%9F-macunu-blackwood-ton-beyaz-75-ml-mm-kkGmOzco HTTP/1.1" 200 6573 "-" "Mozilla/5.0 (Linux; Android 6.0.1; Nexus 5X Build/MMB29P) AppleWebKit/537.36 (KHTML, like Gecko) Chrome/126.0.6478.126 Mobile Safari/537.36 (compatible; Googlebot/2.1; +http://www.google.com/bot.html)"
66.249.70.1 - - [28/Jul/2024:00:05:16 +0200] "GET /en/?i=who-international-bibliography-of-kmc-pdf-neonatal-intensive-care-mm-Kvqj3fN HTTP/1.1" 200 10862 "-" "Mozilla/5.0 (Linux; Android 6.0.1; Nexus 5X Build/MMB29P) AppleWebKit/537.36 (KHTML, like Gecko) Chrome/126.0.6478.126 Mobile Safari/537.36 (compatible; GoogleOther)"
66.249.70.6 - - [28/Jul/2024:00:05:16 +0200] "GET /?i=sofas-exclusif-asymmetrical-sofa-complete-element-ligne-roset-mm-G0e9wzCd HTTP/1.1" 200 6367 "-" "Mozilla/5.0 (Linux; Android 6.0.1; Nexus 5X Build/MMB29P) AppleWebKit/537.36 (KHTML, like Gecko) Chrome/126.0.6478.126 Mobile Safari/537.36 (compatible; Googlebot/2.1; +http://www.google.com/bot.html)"
66.249.70.2 - - [28/Jul/2024:00:05:16 +0200] "GET /it/?i=khwab-mein-loh-e-mahfooz-dekhnay-ki-tabeer-mm-AAJ3xKuO HTTP/1.1" 200 7825 "-" "Mozilla/5.0 (Linux; Android 6.0.1; Nexus 5X Build/MMB29P) AppleWebKit/537.36 (KHTML, like Gecko) Chrome/126.0.6478.126 Mobile Safari/537.36 (compatible; Googlebot/2.1; +http://www.google.com/bot.html)"
66.249.70.5 - - [28/Jul/2024:00:05:16 +0200] "GET /?i=the-brilliant-bitter-history-of-fabled-ma-maison-where-mm-7gxkKeH0 HTTP/1.1" 200 7424 "-" "Mozilla/5.0 (Linux; Android 6.0.1; Nexus 5X Build/MMB29P) AppleWebKit/537.36 (KHTML, like Gecko) Chrome/126.0.6478.126 Mobile Safari/537.36 (compatible; Googlebot/2.1; +http://www.google.com/bot.html)"
73.172.255.207 - - [28/Jul/2024:00:05:16 +0200] "GET /it/?i=lvmpd-from-the-screen-to-the-streets-forensic-facebook-mm-MQPWj7So HTTP/1.1" 200 4355 "https://www.google.com/" "Mozilla/5.0 (Windows NT 10.0; Win64; x64) AppleWebKit/537.36 (KHTML, like Gecko) Chrome/127.0.0.0 Safari/537.36"
66.249.70.2 - - [28/Jul/2024:00:05:17 +0200] "GET /?i=raj-rif-%E2%80%93-defence-stories-mm-LAJ96ntd HTTP/1.1" 200 7319 "-" "Mozilla/5.0 (Linux; Android 6.0.1; Nexus 5X Build/MMB29P) AppleWebKit/537.36 (KHTML, like Gecko) Chrome/126.0.6478.126 Mobile Safari/537.36 (compatible; Googlebot/2.1; +http://www.google.com/bot.html)"
66.249.70.7 - - [28/Jul/2024:00:05:17 +0200] "GET /?i=a-suggested-mother-s-day-playlist-to-honor-moms-mm-XYzDv0iX HTTP/1.1" 200 7337 "-" "Mozilla/5.0 (Linux; Android 6.0.1; Nexus 5X Build/MMB29P) AppleWebKit/537.36 (KHTML, like Gecko) Chrome/126.0.6478.126 Mobile Safari/537.36 (compatible; Googlebot/2.1; +http://www.google.com/bot.html)"
66.249.70.6 - - [28/Jul/2024:00:05:17 +0200] "GET /?i=file-edinburgh-morningside-23-nile-grove-wikipedia-mm-1rYbxec7 HTTP/1.1" 200 6864 "-" "Mozilla/5.0 (Linux; Android 6.0.1; Nexus 5X Build/MMB29P) AppleWebKit/537.36 (KHTML, like Gecko) Chrome/126.0.6478.126 Mobile Safari/537.36 (compatible; Googlebot/2.1; +http://www.google.com/bot.html)"
66.249.70.7 - - [28/Jul/2024:00:05:17 +0200] "GET /?i=pack-single-lcd-computer-monitor-free-standing-desk-stand-mm-R7eoOAH5 HTTP/1.1" 200 11201 "-" "Mozilla/5.0 (Linux; Android 6.0.1; Nexus 5X Build/MMB29P) AppleWebKit/537.36 (KHTML, like Gecko) Chrome/126.0.6478.126 Mobile Safari/537.36 (compatible; Googlebot/2.1; +http://www.google.com/bot.html)"
66.249.70.4 - - [28/Jul/2024:00:05:17 +0200] "GET /?i=one-of-russia-s-newest-air-defense-systems-has-mm-rLEob5S4 HTTP/1.1" 200 7251 "-" "Mozilla/5.0 (Linux; Android 6.0.1; Nexus 5X Build/MMB29P) AppleWebKit/537.36 (KHTML, like Gecko) Chrome/126.0.6478.126 Mobile Safari/537.36 (compatible; Googlebot/2.1; +http://www.google.com/bot.html)"
66.249.70.7 - - [28/Jul/2024:00:05:17 +0200] "GET /?i=laureus-south-africa-on-x-our-sincere-condolences-go-mm-MRYaQBho HTTP/1.1" 200 11041 "-" "Mozilla/5.0 (Linux; Android 6.0.1; Nexus 5X Build/MMB29P) AppleWebKit/537.36 (KHTML, like Gecko) Chrome/126.0.6478.126 Mobile Safari/537.36 (compatible; Googlebot/2.1; +http://www.google.com/bot.html)"
66.249.70.3 - - [28/Jul/2024:00:05:17 +0200] "GET /?i=kaizer-chiefs-new-kappa-kits-soccer-laduma-mm-wYa9qLsk HTTP/1.1" 200 7631 "-" "Mozilla/5.0 (Linux; Android 6.0.1; Nexus 5X Build/MMB29P) AppleWebKit/537.36 (KHTML, like Gecko) Chrome/126.0.6478.126 Mobile Safari/537.36 (compatible; Googlebot/2.1; +http://www.google.com/bot.html)"
66.249.70.4 - - [28/Jul/2024:00:05:17 +0200] "GET /?i=3738-great-western-railway-steam-locomotive-didcot-railway-centre-mm-1NR2zYS7 HTTP/1.1" 200 7110 "-" "Mozilla/5.0 (Linux; Android 6.0.1; Nexus 5X Build/MMB29P) AppleWebKit/537.36 (KHTML, like Gecko) Chrome/126.0.6478.126 Mobile Safari/537.36 (compatible; Googlebot/2.1; +http://www.google.com/bot.html)"
66.249.70.7 - - [28/Jul/2024:00:05:17 +0200] "GET /?i=krua-apsorn-is-one-of-the-best-restaurants-in-mm-E5wwnKf3 HTTP/1.1" 200 6775 "-" "Mozilla/5.0 (Linux; Android 6.0.1; Nexus 5X Build/MMB29P) AppleWebKit/537.36 (KHTML, like Gecko) Chrome/126.0.6478.126 Mobile Safari/537.36 (compatible; Googlebot/2.1; +http://www.google.com/bot.html)"
110.54.175.211 - - [28/Jul/2024:00:05:17 +0200] "GET /?i=grade-science-lesson-plan-compilation-pdf-water-lesson-plan-mm-426gQWT6 HTTP/1.1" 200 4355 "https://www.google.com/" "Mozilla/5.0 (Linux; Android 10; K) AppleWebKit/537.36 (KHTML, like Gecko) Chrome/126.0.0.0 Mobile Safari/537.36"
78.178.54.67 - - [28/Jul/2024:00:05:17 +0200] "GET /?i=kymco-lifestyle-bikes-cebu-the-all-new-kymco-dtx-mm-1z700Yc7 HTTP/1.1" 200 4356 "https://www.google.com/" "Mozilla/5.0 (iPhone; CPU iPhone OS 17_5 like Mac OS X) AppleWebKit/605.1.15 (KHTML, like Gecko) GSA/326.0.653331328 Mobile/15E148 Safari/604.1"
66.249.70.3 - - [28/Jul/2024:00:05:18 +0200] "GET /?i=quayside-set-lunch-menu-of-may-20th-to-may-mm-v6MgYPCV HTTP/1.1" 200 10991 "-" "Mozilla/5.0 (Linux; Android 6.0.1; Nexus 5X Build/MMB29P) AppleWebKit/537.36 (KHTML, like Gecko) Chrome/126.0.6478.126 Mobile Safari/537.36 (compatible; Googlebot/2.1; +http://www.google.com/bot.html)"
136.243.228.194 - - [28/Jul/2024:00:05:17 +0200] "GET /?i=the-best-old-phones-to-buy-in-2023-zdnet-mm-WWd92VSe HTTP/1.1" 200 1816 "-" "Mozilla/5.0 (compatible; DataForSeoBot/1.0; +https://dataforseo.com/dataforseo-bot)"
66.249.70.8 - - [28/Jul/2024:00:05:18 +0200] "GET /?i=mercedes-benz-sprinter-511-kleyn-vans-mm-6JjWmeiN HTTP/1.1" 200 6842 "-" "Mozilla/5.0 (Linux; Android 6.0.1; Nexus 5X Build/MMB29P) AppleWebKit/537.36 (KHTML, like Gecko) Chrome/126.0.6478.126 Mobile Safari/537.36 (compatible; Googlebot/2.1; +http://www.google.com/bot.html)"
66.249.70.1 - - [28/Jul/2024:00:05:18 +0200] "GET /?i=standing-man-sublime-ideas-drawings-by-giovanni-battista-piranesi-mm-wNJLM6Ik HTTP/1.1" 200 11260 "-" "Mozilla/5.0 (Linux; Android 6.0.1; Nexus 5X Build/MMB29P) AppleWebKit/537.36 (KHTML, like Gecko) Chrome/126.0.6478.126 Mobile Safari/537.36 (compatible; Googlebot/2.1; +http://www.google.com/bot.html)"
66.249.70.109 - - [28/Jul/2024:00:05:18 +0200] "GET /?m=a-critical-appreciation-of-mrichchhakatika-pdf-zz-QrMBEof4 HTTP/1.1" 200 7600 "-" "Mozilla/5.0 (Linux; Android 6.0.1; Nexus 5X Build/MMB29P) AppleWebKit/537.36 (KHTML, like Gecko) Chrome/126.0.6478.126 Mobile Safari/537.36 (compatible; GoogleOther)"
66.249.70.1 - - [28/Jul/2024:00:05:18 +0200] "GET /?i=polycab-10ltr-5star-eterna-geyser-esquare-plaza-mm-7BkB6Yu0 HTTP/1.1" 200 11940 "-" "Mozilla/5.0 (Linux; Android 6.0.1; Nexus 5X Build/MMB29P) AppleWebKit/537.36 (KHTML, like Gecko) Chrome/126.0.6478.126 Mobile Safari/537.36 (compatible; Googlebot/2.1; +http://www.google.com/bot.html)"
223.205.76.187 - - [28/Jul/2024:00:05:18 +0200] "GET /?i=sak-yant-yantra-tattoo-set-mm-EdxzLdH3 HTTP/1.1" 200 4355 "https://www.google.com/" "Mozilla/5.0 (iPhone; CPU iPhone OS 17_5 like Mac OS X) AppleWebKit/605.1.15 (KHTML, like Gecko) CriOS/126.0.6478.153 Mobile/15E148 Safari/604.1"
66.249.70.2 - - [28/Jul/2024:00:05:18 +0200] "GET /?i=madoka-kaname-homura-akemi-white-dress-puella-magi-madoka-mm-D2O3pjIk HTTP/1.1" 200 7320 "-" "Mozilla/5.0 (Linux; Android 6.0.1; Nexus 5X Build/MMB29P) AppleWebKit/537.36 (KHTML, like Gecko) Chrome/126.0.6478.126 Mobile Safari/537.36 (compatible; Googlebot/2.1; +http://www.google.com/bot.html)"
66.249.70.4 - - [28/Jul/2024:00:05:18 +0200] "GET /?i=romoss-zeus-40000mah-pd-20w-fast-charging-powerbank-price-mm-XPzn1mHX HTTP/1.1" 200 7600 "-" "Mozilla/5.0 (Linux; Android 6.0.1; Nexus 5X Build/MMB29P) AppleWebKit/537.36 (KHTML, like Gecko) Chrome/126.0.6478.126 Mobile Safari/537.36 (compatible; Googlebot/2.1; +http://www.google.com/bot.html)"
66.249.70.4 - - [28/Jul/2024:00:05:18 +0200] "GET /?i=lic-project-report-by-deependra-pdf-insurance-annuity-european-mm-JG1jvI1 HTTP/1.1" 200 6901 "-" "Mozilla/5.0 (Linux; Android 6.0.1; Nexus 5X Build/MMB29P) AppleWebKit/537.36 (KHTML, like Gecko) Chrome/126.0.6478.126 Mobile Safari/537.36 (compatible; Googlebot/2.1; +http://www.google.com/bot.html)"
217.113.194.89 - - [28/Jul/2024:00:05:18 +0200] "GET /fr/initiative/311-toplumlar-arasa-%EF%BF%BDndaki-engelleri-aaymak---barselona--a-%EF%BF%BDspanya.html HTTP/1.1" 200 2488 "-" "Mozilla/5.0 (compatible; Barkrowler/0.9; +https://babbar.tech/crawler)"
66.249.70.7 - - [28/Jul/2024:00:05:18 +0200] "GET /?i=new-2023-chrysler-300-touring-sedan-in-new-carlisle-mm-DxVjPfk HTTP/1.1" 200 7339 "-" "Mozilla/5.0 (Linux; Android 6.0.1; Nexus 5X Build/MMB29P) AppleWebKit/537.36 (KHTML, like Gecko) Chrome/126.0.6478.126 Mobile Safari/537.36 (compatible; Googlebot/2.1; +http://www.google.com/bot.html)"
66.249.70.2 - - [28/Jul/2024:00:05:18 +0200] "GET /?i=blk-box-wall-mounted-stall-bars-mm-rAGb2pH4 HTTP/1.1" 200 7203 "-" "Mozilla/5.0 (Linux; Android 6.0.1; Nexus 5X Build/MMB29P) AppleWebKit/537.36 (KHTML, like Gecko) Chrome/126.0.6478.126 Mobile Safari/537.36 (compatible; Googlebot/2.1; +http://www.google.com/bot.html)"
66.249.70.6 - - [28/Jul/2024:00:05:18 +0200] "GET /?i=wikimedia-commons-mm-2zj70Qfj HTTP/1.1" 200 7139 "-" "Mozilla/5.0 (Linux; Android 6.0.1; Nexus 5X Build/MMB29P) AppleWebKit/537.36 (KHTML, like Gecko) Chrome/126.0.6478.126 Mobile Safari/537.36 (compatible; Googlebot/2.1; +http://www.google.com/bot.html)"
66.249.70.5 - - [28/Jul/2024:00:05:18 +0200] "GET /?i=nvidia-dlss-is-now-available-in-red-dead-redemption-mm-r9JnWpu4 HTTP/1.1" 200 6646 "-" "Mozilla/5.0 (Linux; Android 6.0.1; Nexus 5X Build/MMB29P) AppleWebKit/537.36 (KHTML, like Gecko) Chrome/126.0.6478.126 Mobile Safari/537.36 (compatible; Googlebot/2.1; +http://www.google.com/bot.html)"
66.249.70.7 - - [28/Jul/2024:00:05:18 +0200] "GET /?i=quick-bites-king-s-tacos-bakerbots-baking-hanyang-jokbal-mm-WLBg4Vhe HTTP/1.1" 200 7770 "-" "Mozilla/5.0 (Linux; Android 6.0.1; Nexus 5X Build/MMB29P) AppleWebKit/537.36 (KHTML, like Gecko) Chrome/126.0.6478.126 Mobile Safari/537.36 (compatible; Googlebot/2.1; +http://www.google.com/bot.html)"
223.205.76.187 - - [28/Jul/2024:00:05:19 +0200] "GET /favicon.ico HTTP/1.1" 200 5359 "-" "Mozilla/5.0 (iPhone; CPU iPhone OS 17_5 like Mac OS X) AppleWebKit/605.1.15 (KHTML, like Gecko) CriOS/126.0.6478.153 Mobile/15E148 Safari/604.1"
66.249.70.1 - - [28/Jul/2024:00:05:19 +0200] "GET /it/?i=lady-liberty-hip-hop-music-wu-tang-lady-liberty-mm-PYrz4UB HTTP/1.1" 200 6978 "-" "Mozilla/5.0 (Linux; Android 6.0.1; Nexus 5X Build/MMB29P) AppleWebKit/537.36 (KHTML, like Gecko) Chrome/126.0.6478.126 Mobile Safari/537.36 (compatible; Googlebot/2.1; +http://www.google.com/bot.html)"
66.249.70.3 - - [28/Jul/2024:00:05:19 +0200] "GET /?i=hire-a-business-consultant-why-you-should-hire-a-mm-X115VptX HTTP/1.1" 200 7039 "-" "Mozilla/5.0 (Linux; Android 6.0.1; Nexus 5X Build/MMB29P) AppleWebKit/537.36 (KHTML, like Gecko) Chrome/126.0.6478.126 Mobile Safari/537.36 (compatible; Googlebot/2.1; +http://www.google.com/bot.html)"
66.249.70.2 - - [28/Jul/2024:00:05:19 +0200] "GET /?i=sri-vratodhyapan-vrat-udyapan-rahasyam-%E0%A4%B6%E0%A5%8D%E0%A4%B0%E0%A5%80-%E0%A4%B5%E0%A5%8D%E0%A4%B0%E0%A4%A4%E0%A5%8B%E0%A4%A6%E0%A5%8D%E0%A4%AF%E0%A4%BE%E0%A4%AA%E0%A4%A8-%E0%A4%B0%E0%A4%B9%E0%A4%B8%E0%A5%8D%E0%A4%AF%E0%A4%AE-hindi-mm-9dQW97U7 HTTP/1.1" 200 6976 "-" "Mozilla/5.0 (Linux; Android 6.0.1; Nexus 5X Build/MMB29P) AppleWebKit/537.36 (KHTML, like Gecko) Chrome/126.0.6478.126 Mobile Safari/537.36 (compatible; Googlebot/2.1; +http://www.google.com/bot.html)"
66.249.70.8 - - [28/Jul/2024:00:05:19 +0200] "GET /?i=iris-plant-wikipedia-mm-v6PPoGUV HTTP/1.1" 200 7242 "-" "Mozilla/5.0 (Linux; Android 6.0.1; Nexus 5X Build/MMB29P) AppleWebKit/537.36 (KHTML, like Gecko) Chrome/126.0.6478.126 Mobile Safari/537.36 (compatible; Googlebot/2.1; +http://www.google.com/bot.html)"
160.179.2.52 - - [28/Jul/2024:00:05:19 +0200] "GET /?i=samsung-galaxy-s10-128gb-blue-mm-WvjLd5Fe HTTP/1.1" 200 5777 "-" "Mozilla/5.0 (Linux; Android 10; Infinix X612B Build/QP1A.190711.020) AppleWebKit/537.36 (KHTML, like Gecko) Chrome/126.0.6478.134 Mobile Safari/537.36"
160.179.2.52 - - [28/Jul/2024:00:05:19 +0200] "GET /css/style.css?v=1 HTTP/1.1" 200 11362 "https://www.congress-intercultural.eu/?i=samsung-galaxy-s10-128gb-blue-mm-WvjLd5Fe" "Mozilla/5.0 (Linux; Android 10; Infinix X612B Build/QP1A.190711.020) AppleWebKit/537.36 (KHTML, like Gecko) Chrome/126.0.6478.134 Mobile Safari/537.36"
66.249.70.4 - - [28/Jul/2024:00:05:19 +0200] "GET /en/?i=april-2024-calendar-complete-with-red-dates-for-holidays-mm-EJOKrrt3 HTTP/1.1" 200 7186 "-" "Mozilla/5.0 (Linux; Android 6.0.1; Nexus 5X Build/MMB29P) AppleWebKit/537.36 (KHTML, like Gecko) Chrome/126.0.6478.126 Mobile Safari/537.36 (compatible; Googlebot/2.1; +http://www.google.com/bot.html)"
66.249.70.5 - - [28/Jul/2024:00:05:19 +0200] "GET /?i=hp-smart-tank-580-all-in-one-printer-1f3y2a-mm-Px3PAPcB HTTP/1.1" 200 7986 "-" "Mozilla/5.0 (Linux; Android 6.0.1; Nexus 5X Build/MMB29P) AppleWebKit/537.36 (KHTML, like Gecko) Chrome/126.0.6478.126 Mobile Safari/537.36 (compatible; Googlebot/2.1; +http://www.google.com/bot.html)"
66.249.70.3 - - [28/Jul/2024:00:05:19 +0200] "GET /it/?i=explore-charlottesville-the-charming-area-surrounding-uva-mm-2wMm5zUj HTTP/1.1" 200 7356 "-" "Mozilla/5.0 (Linux; Android 6.0.1; Nexus 5X Build/MMB29P) AppleWebKit/537.36 (KHTML, like Gecko) Chrome/126.0.6478.126 Mobile Safari/537.36 (compatible; Googlebot/2.1; +http://www.google.com/bot.html)"
160.179.2.52 - - [28/Jul/2024:00:05:19 +0200] "GET /js/fancybox/jquery.fancybox.css HTTP/1.1" 200 1509 "https://www.congress-intercultural.eu/?i=samsung-galaxy-s10-128gb-blue-mm-WvjLd5Fe" "Mozilla/5.0 (Linux; Android 10; Infinix X612B Build/QP1A.190711.020) AppleWebKit/537.36 (KHTML, like Gecko) Chrome/126.0.6478.134 Mobile Safari/537.36"
160.179.2.52 - - [28/Jul/2024:00:05:19 +0200] "GET /css/slicknav.css HTTP/1.1" 200 1909 "https://www.congress-intercultural.eu/?i=samsung-galaxy-s10-128gb-blue-mm-WvjLd5Fe" "Mozilla/5.0 (Linux; Android 10; Infinix X612B Build/QP1A.190711.020) AppleWebKit/537.36 (KHTML, like Gecko) Chrome/126.0.6478.134 Mobile Safari/537.36"
160.179.2.52 - - [28/Jul/2024:00:05:19 +0200] "GET /css/font-awesome.min.css HTTP/1.1" 200 7698 "https://www.congress-intercultural.eu/?i=samsung-galaxy-s10-128gb-blue-mm-WvjLd5Fe" "Mozilla/5.0 (Linux; Android 10; Infinix X612B Build/QP1A.190711.020) AppleWebKit/537.36 (KHTML, like Gecko) Chrome/126.0.6478.134 Mobile Safari/537.36"
160.179.2.52 - - [28/Jul/2024:00:05:19 +0200] "GET /js/libs/modernizr.js HTTP/1.1" 200 10201 "https://www.congress-intercultural.eu/?i=samsung-galaxy-s10-128gb-blue-mm-WvjLd5Fe" "Mozilla/5.0 (Linux; Android 10; Infinix X612B Build/QP1A.190711.020) AppleWebKit/537.36 (KHTML, like Gecko) Chrome/126.0.6478.134 Mobile Safari/537.36"
66.249.70.109 - - [28/Jul/2024:00:05:19 +0200] "GET /?m=spotlight-workbook-pdf-z-YoWbW8Fq HTTP/1.1" 200 4420 "-" "Mozilla/5.0 (Linux; Android 6.0.1; Nexus 5X Build/MMB29P) AppleWebKit/537.36 (KHTML, like Gecko) Chrome/126.0.6478.126 Mobile Safari/537.36 (compatible; GoogleOther)"
160.179.2.52 - - [28/Jul/2024:00:05:19 +0200] "GET /js/libs/jquery-1.7.1.min.js HTTP/1.1" 200 37534 "https://www.congress-intercultural.eu/?i=samsung-galaxy-s10-128gb-blue-mm-WvjLd5Fe" "Mozilla/5.0 (Linux; Android 10; Infinix X612B Build/QP1A.190711.020) AppleWebKit/537.36 (KHTML, like Gecko) Chrome/126.0.6478.134 Mobile Safari/537.36"
160.179.2.52 - - [28/Jul/2024:00:05:19 +0200] "GET /css/jquery.selectBox.css HTTP/1.1" 200 5176 "https://www.congress-intercultural.eu/?i=samsung-galaxy-s10-128gb-blue-mm-WvjLd5Fe" "Mozilla/5.0 (Linux; Android 10; Infinix X612B Build/QP1A.190711.020) AppleWebKit/537.36 (KHTML, like Gecko) Chrome/126.0.6478.134 Mobile Safari/537.36"
160.179.2.52 - - [28/Jul/2024:00:05:19 +0200] "GET /js/libs/jquery.imagesloaded.min.js HTTP/1.1" 200 976 "https://www.congress-intercultural.eu/?i=samsung-galaxy-s10-128gb-blue-mm-WvjLd5Fe" "Mozilla/5.0 (Linux; Android 10; Infinix X612B Build/QP1A.190711.020) AppleWebKit/537.36 (KHTML, like Gecko) Chrome/126.0.6478.134 Mobile Safari/537.36"
160.179.2.52 - - [28/Jul/2024:00:05:19 +0200] "GET /js/libs/jquery.masonry.min.js HTTP/1.1" 200 2656 "https://www.congress-intercultural.eu/?i=samsung-galaxy-s10-128gb-blue-mm-WvjLd5Fe" "Mozilla/5.0 (Linux; Android 10; Infinix X612B Build/QP1A.190711.020) AppleWebKit/537.36 (KHTML, like Gecko) Chrome/126.0.6478.134 Mobile Safari/537.36"
160.179.2.52 - - [28/Jul/2024:00:05:19 +0200] "GET /js/fancybox/jquery.mousewheel-3.0.6.pack.js HTTP/1.1" 200 1132 "https://www.congress-intercultural.eu/?i=samsung-galaxy-s10-128gb-blue-mm-WvjLd5Fe" "Mozilla/5.0 (Linux; Android 10; Infinix X612B Build/QP1A.190711.020) AppleWebKit/537.36 (KHTML, like Gecko) Chrome/126.0.6478.134 Mobile Safari/537.36"
160.179.2.52 - - [28/Jul/2024:00:05:19 +0200] "GET /js/fancybox/jquery.fancybox.pack.js HTTP/1.1" 200 6327 "https://www.congress-intercultural.eu/?i=samsung-galaxy-s10-128gb-blue-mm-WvjLd5Fe" "Mozilla/5.0 (Linux; Android 10; Infinix X612B Build/QP1A.190711.020) AppleWebKit/537.36 (KHTML, like Gecko) Chrome/126.0.6478.134 Mobile Safari/537.36"
160.179.2.52 - - [28/Jul/2024:00:05:19 +0200] "GET /js/jquery.slicknav.js HTTP/1.1" 200 5102 "https://www.congress-intercultural.eu/?i=samsung-galaxy-s10-128gb-blue-mm-WvjLd5Fe" "Mozilla/5.0 (Linux; Android 10; Infinix X612B Build/QP1A.190711.020) AppleWebKit/537.36 (KHTML, like Gecko) Chrome/126.0.6478.134 Mobile Safari/537.36"
160.179.2.52 - - [28/Jul/2024:00:05:20 +0200] "GET /js/jquery.selectBox.min.js HTTP/1.1" 200 3755 "https://www.congress-intercultural.eu/?i=samsung-galaxy-s10-128gb-blue-mm-WvjLd5Fe" "Mozilla/5.0 (Linux; Android 10; Infinix X612B Build/QP1A.190711.020) AppleWebKit/537.36 (KHTML, like Gecko) Chrome/126.0.6478.134 Mobile Safari/537.36"
160.179.2.52 - - [28/Jul/2024:00:05:20 +0200] "GET /js/script.js HTTP/1.1" 200 1108 "https://www.congress-intercultural.eu/?i=samsung-galaxy-s10-128gb-blue-mm-WvjLd5Fe" "Mozilla/5.0 (Linux; Android 10; Infinix X612B Build/QP1A.190711.020) AppleWebKit/537.36 (KHTML, like Gecko) Chrome/126.0.6478.134 Mobile Safari/537.36"
66.249.70.8 - - [28/Jul/2024:00:05:19 +0200] "GET /?i=acer-asp%C4%B0re-5742-pew71-notebook-alt-kasa-mm-bP4L0xfX HTTP/1.1" 200 7616 "-" "Mozilla/5.0 (Linux; Android 6.0.1; Nexus 5X Build/MMB29P) AppleWebKit/537.36 (KHTML, like Gecko) Chrome/126.0.6478.126 Mobile Safari/537.36 (compatible; Googlebot/2.1; +http://www.google.com/bot.html)"
160.179.2.52 - - [28/Jul/2024:00:05:20 +0200] "GET /fonts/roboto-regular-webfont.woff2 HTTP/1.1" 200 69786 "https://www.congress-intercultural.eu/css/style.css?v=1" "Mozilla/5.0 (Linux; Android 10; Infinix X612B Build/QP1A.190711.020) AppleWebKit/537.36 (KHTML, like Gecko) Chrome/126.0.6478.134 Mobile Safari/537.36"
66.249.70.5 - - [28/Jul/2024:00:05:19 +0200] "GET /?i=nz-gst-changes-%E2%80%93-iconic-mp-mm-jMv40js9 HTTP/1.1" 200 6740 "-" "Mozilla/5.0 (Linux; Android 6.0.1; Nexus 5X Build/MMB29P) AppleWebKit/537.36 (KHTML, like Gecko) Chrome/126.0.6478.126 Mobile Safari/537.36 (compatible; Googlebot/2.1; +http://www.google.com/bot.html)"
160.179.2.52 - - [28/Jul/2024:00:05:20 +0200] "GET /fonts/opensans-condbold-webfont.woff HTTP/1.1" 200 23438 "https://www.congress-intercultural.eu/css/style.css?v=1" "Mozilla/5.0 (Linux; Android 10; Infinix X612B Build/QP1A.190711.020) AppleWebKit/537.36 (KHTML, like Gecko) Chrome/126.0.6478.134 Mobile Safari/537.36"
66.249.70.7 - - [28/Jul/2024:00:05:20 +0200] "GET /it/?i=this-large-format-led-matrix-display-chains-12-panels-mm-bQQ2p7fX HTTP/1.1" 200 7383 "-" "Mozilla/5.0 (Linux; Android 6.0.1; Nexus 5X Build/MMB29P) AppleWebKit/537.36 (KHTML, like Gecko) Chrome/126.0.6478.126 Mobile Safari/537.36 (compatible; Googlebot/2.1; +http://www.google.com/bot.html)"
157.55.39.62 - - [28/Jul/2024:00:05:20 +0200] "GET /?a=little-tikes-rc-bumper-cars-little-tikes-%E2%80%93-official-mm-DxdvwqIk HTTP/1.1" 200 10923 "-" "Mozilla/5.0 AppleWebKit/537.36 (KHTML, like Gecko; compatible; bingbot/2.0; +http://www.bing.com/bingbot.htm) Chrome/116.0.1938.76 Safari/537.36"
66.249.70.4 - - [28/Jul/2024:00:05:20 +0200] "GET /?i=ominous-forecast-for-tourism-during-georgia-s-summer-of-mm-7okgVas0 HTTP/1.1" 200 7521 "-" "Mozilla/5.0 (Linux; Android 6.0.1; Nexus 5X Build/MMB29P) AppleWebKit/537.36 (KHTML, like Gecko) Chrome/126.0.6478.126 Mobile Safari/537.36 (compatible; Googlebot/2.1; +http://www.google.com/bot.html)"
66.249.70.3 - - [28/Jul/2024:00:05:20 +0200] "GET /?i=foreign-intelligence-service-russia-wikipedia-mm-XKeommFX HTTP/1.1" 200 7257 "-" "Mozilla/5.0 (Linux; Android 6.0.1; Nexus 5X Build/MMB29P) AppleWebKit/537.36 (KHTML, like Gecko) Chrome/126.0.6478.126 Mobile Safari/537.36 (compatible; Googlebot/2.1; +http://www.google.com/bot.html)"
66.249.70.7 - - [28/Jul/2024:00:05:20 +0200] "GET /?i=jspgironde-le-teich-mm-k3pB4jfo HTTP/1.1" 200 6827 "-" "Mozilla/5.0 (Linux; Android 6.0.1; Nexus 5X Build/MMB29P) AppleWebKit/537.36 (KHTML, like Gecko) Chrome/126.0.6478.126 Mobile Safari/537.36 (compatible; Googlebot/2.1; +http://www.google.com/bot.html)"
160.179.2.52 - - [28/Jul/2024:00:05:20 +0200] "GET /fonts/opensans-condlight-webfont.woff HTTP/1.1" 200 1881 "https://www.congress-intercultural.eu/css/style.css?v=1" "Mozilla/5.0 (Linux; Android 10; Infinix X612B Build/QP1A.190711.020) AppleWebKit/537.36 (KHTML, like Gecko) Chrome/126.0.6478.134 Mobile Safari/537.36"
66.249.70.1 - - [28/Jul/2024:00:05:20 +0200] "GET /?i=wot-eu-%E2%80%93-iv-black-sheep-the-schmalturm-%E2%80%93-mm-BEB0G1cV HTTP/1.1" 200 6748 "-" "Mozilla/5.0 (Linux; Android 6.0.1; Nexus 5X Build/MMB29P) AppleWebKit/537.36 (KHTML, like Gecko) Chrome/126.0.6478.126 Mobile Safari/537.36 (compatible; Googlebot/2.1; +http://www.google.com/bot.html)"
157.55.39.62 - - [28/Jul/2024:00:05:20 +0200] "GET /?i=vb-parking-m-mkdMk4TX HTTP/1.1" 200 4551 "-" "Mozilla/5.0 AppleWebKit/537.36 (KHTML, like Gecko; compatible; bingbot/2.0; +http://www.bing.com/bingbot.htm) Chrome/116.0.1938.76 Safari/537.36"
66.249.70.8 - - [28/Jul/2024:00:05:20 +0200] "GET /?i=winter-work-jacket-ergodyne-mm-A7BWqKuO HTTP/1.1" 200 7222 "-" "Mozilla/5.0 (Linux; Android 6.0.1; Nexus 5X Build/MMB29P) AppleWebKit/537.36 (KHTML, like Gecko) Chrome/126.0.6478.126 Mobile Safari/537.36 (compatible; Googlebot/2.1; +http://www.google.com/bot.html)"
94.249.48.94 - - [28/Jul/2024:00:05:20 +0200] "GET /it/?i=project-management-professional-pmp-exam-preparation-e-learning-in-mm-GBqz26Hd HTTP/1.1" 200 1097 "https://www.google.com/" "Mozilla/5.0 (Linux; Android 10; K) AppleWebKit/537.36 (KHTML, like Gecko) Chrome/119.0.0.0 Mobile Safari/537.36"
66.249.70.5 - - [28/Jul/2024:00:05:20 +0200] "GET /?i=esprit-de-france-01-by-o2c-issuu-mm-o4m4DwTL HTTP/1.1" 200 6282 "-" "Mozilla/5.0 (Linux; Android 6.0.1; Nexus 5X Build/MMB29P) AppleWebKit/537.36 (KHTML, like Gecko) Chrome/126.0.6478.126 Mobile Safari/537.36 (compatible; Googlebot/2.1; +http://www.google.com/bot.html)"
160.179.2.52 - - [28/Jul/2024:00:05:20 +0200] "GET /fonts/OpenSans-CondLight-webfont.ttf HTTP/1.1" 200 36843 "https://www.congress-intercultural.eu/css/style.css?v=1" "Mozilla/5.0 (Linux; Android 10; Infinix X612B Build/QP1A.190711.020) AppleWebKit/537.36 (KHTML, like Gecko) Chrome/126.0.6478.134 Mobile Safari/537.36"
66.249.70.1 - - [28/Jul/2024:00:05:20 +0200] "GET /?i=pre-owned-2018-porsche-911-gt3-for-sale-special-mm-Kp6zafN HTTP/1.1" 200 7224 "-" "Mozilla/5.0 (Linux; Android 6.0.1; Nexus 5X Build/MMB29P) AppleWebKit/537.36 (KHTML, like Gecko) Chrome/126.0.6478.126 Mobile Safari/537.36 (compatible; Googlebot/2.1; +http://www.google.com/bot.html)"
66.249.70.7 - - [28/Jul/2024:00:05:20 +0200] "GET /?i=calendar-school-holidays-victoria-school-calendar-school-holidays-school-mm-D1bY25Ik HTTP/1.1" 200 7026 "-" "Mozilla/5.0 (Linux; Android 6.0.1; Nexus 5X Build/MMB29P) AppleWebKit/537.36 (KHTML, like Gecko) Chrome/126.0.6478.126 Mobile Safari/537.36 (compatible; Googlebot/2.1; +http://www.google.com/bot.html)"
66.249.70.2 - - [28/Jul/2024:00:05:20 +0200] "GET /?i=need-help-in-installing-wifi-driver-for-mbp-8-mm-pvek2hj HTTP/1.1" 200 7466 "-" "Mozilla/5.0 (Linux; Android 6.0.1; Nexus 5X Build/MMB29P) AppleWebKit/537.36 (KHTML, like Gecko) Chrome/126.0.6478.126 Mobile Safari/537.36 (compatible; Googlebot/2.1; +http://www.google.com/bot.html)"
66.249.70.3 - - [28/Jul/2024:00:05:21 +0200] "GET /?i=time-to-show-out-in-indy-%E2%8F%B0-penn-state-mm-PPn95JhB HTTP/1.1" 200 7804 "-" "Mozilla/5.0 (Linux; Android 6.0.1; Nexus 5X Build/MMB29P) AppleWebKit/537.36 (KHTML, like Gecko) Chrome/126.0.6478.126 Mobile Safari/537.36 (compatible; Googlebot/2.1; +http://www.google.com/bot.html)"
157.55.39.62 - - [28/Jul/2024:00:05:21 +0200] "GET /?i=the-delorean-is-coming-back-as-an-ev-sports-mm-1nwpKvc7 HTTP/1.1" 200 7139 "-" "Mozilla/5.0 (iPhone; CPU iPhone OS 7_0 like Mac OS X) AppleWebKit/537.51.1 (KHTML, like Gecko) Version/7.0 Mobile/11A465 Safari/9537.53 (compatible; bingbot/2.0; +http://www.bing.com/bingbot.htm)"
66.249.70.8 - - [28/Jul/2024:00:05:21 +0200] "GET /it/?i=free-download-iphone-wallpaper-4k-aesthetic-sunset-tree-wallpaper-mm-PJpbqbiB HTTP/1.1" 200 7054 "-" "Mozilla/5.0 (Linux; Android 6.0.1; Nexus 5X Build/MMB29P) AppleWebKit/537.36 (KHTML, like Gecko) Chrome/126.0.6478.126 Mobile Safari/537.36 (compatible; Googlebot/2.1; +http://www.google.com/bot.html)"
160.179.2.52 - - [28/Jul/2024:00:05:21 +0200] "GET /favicon.ico HTTP/1.1" 200 1521 "https://www.congress-intercultural.eu/?i=samsung-galaxy-s10-128gb-blue-mm-WvjLd5Fe" "Mozilla/5.0 (Linux; Android 10; Infinix X612B Build/QP1A.190711.020) AppleWebKit/537.36 (KHTML, like Gecko) Chrome/126.0.6478.134 Mobile Safari/537.36"
160.179.2.52 - - [28/Jul/2024:00:05:21 +0200] "GET /images/favicon.ico HTTP/1.1" 200 1521 "https://www.congress-intercultural.eu/?i=samsung-galaxy-s10-128gb-blue-mm-WvjLd5Fe" "Mozilla/5.0 (Linux; Android 10; Infinix X612B Build/QP1A.190711.020) AppleWebKit/537.36 (KHTML, like Gecko) Chrome/126.0.6478.134 Mobile Safari/537.36"
66.249.70.2 - - [28/Jul/2024:00:05:21 +0200] "GET /?i=mastering-evard-s-black-tentacles-by-decherli71-on-deviantart-mm-1jBJ4S7 HTTP/1.1" 200 8266 "-" "Mozilla/5.0 (Linux; Android 6.0.1; Nexus 5X Build/MMB29P) AppleWebKit/537.36 (KHTML, like Gecko) Chrome/126.0.6478.126 Mobile Safari/537.36 (compatible; Googlebot/2.1; +http://www.google.com/bot.html)"
66.249.70.8 - - [28/Jul/2024:00:05:21 +0200] "GET /?i=motherboards-computer-components-parts-computers-tablets-networking-picclick-mm-n2J97bHE HTTP/1.1" 200 11271 "-" "Mozilla/5.0 (Linux; Android 6.0.1; Nexus 5X Build/MMB29P) AppleWebKit/537.36 (KHTML, like Gecko) Chrome/126.0.6478.126 Mobile Safari/537.36 (compatible; Googlebot/2.1; +http://www.google.com/bot.html)"
66.249.70.7 - - [28/Jul/2024:00:05:21 +0200] "GET /ru/?i=solved-table-complete-blood-count-patient-adult-male-mm-LE530PId HTTP/1.1" 200 7363 "-" "Mozilla/5.0 (Linux; Android 6.0.1; Nexus 5X Build/MMB29P) AppleWebKit/537.36 (KHTML, like Gecko) Chrome/126.0.6478.126 Mobile Safari/537.36 (compatible; Googlebot/2.1; +http://www.google.com/bot.html)"
66.249.70.4 - - [28/Jul/2024:00:05:21 +0200] "GET /?i=hydra-%E2%80%93-biology-classification-characteristics-and-reproduction-mm-aXR2wwTN HTTP/1.1" 200 6801 "-" "Mozilla/5.0 (Linux; Android 6.0.1; Nexus 5X Build/MMB29P) AppleWebKit/537.36 (KHTML, like Gecko) Chrome/126.0.6478.126 Mobile Safari/537.36 (compatible; Googlebot/2.1; +http://www.google.com/bot.html)"
66.249.70.2 - - [28/Jul/2024:00:05:21 +0200] "GET /?i=lord-of-the-rings-custom-lego-aragorn-strider-most-mm-rWvPvOs4 HTTP/1.1" 200 7657 "-" "Mozilla/5.0 (Linux; Android 6.0.1; Nexus 5X Build/MMB29P) AppleWebKit/537.36 (KHTML, like Gecko) Chrome/126.0.6478.126 Mobile Safari/537.36 (compatible; Googlebot/2.1; +http://www.google.com/bot.html)"
157.55.39.62 - - [28/Jul/2024:00:05:21 +0200] "GET /?i=c-e-bookshop-mm-W0qLKKce HTTP/1.1" 200 6940 "-" "Mozilla/5.0 (iPhone; CPU iPhone OS 7_0 like Mac OS X) AppleWebKit/537.51.1 (KHTML, like Gecko) Version/7.0 Mobile/11A465 Safari/9537.53 (compatible; bingbot/2.0; +http://www.bing.com/bingbot.htm)"
66.249.70.5 - - [28/Jul/2024:00:05:21 +0200] "GET /?i=oralb-costco-mm-kp2djGio HTTP/1.1" 200 7243 "-" "Mozilla/5.0 (Linux; Android 6.0.1; Nexus 5X Build/MMB29P) AppleWebKit/537.36 (KHTML, like Gecko) Chrome/126.0.6478.126 Mobile Safari/537.36 (compatible; Googlebot/2.1; +http://www.google.com/bot.html)"
66.249.70.2 - - [28/Jul/2024:00:05:21 +0200] "GET /en/?i=pcd-price-list-with-containt-pdf-vitamin-essential-nutrients-mm-QEBL9ruX HTTP/1.1" 200 9475 "-" "Mozilla/5.0 (Linux; Android 6.0.1; Nexus 5X Build/MMB29P) AppleWebKit/537.36 (KHTML, like Gecko) Chrome/126.0.6478.126 Mobile Safari/537.36 (compatible; GoogleOther)"
66.249.70.4 - - [28/Jul/2024:00:05:21 +0200] "GET /?i=39-weeks-pregnant-symptoms-labor-signs-and-more-mm-KrYG7LSN HTTP/1.1" 200 7087 "-" "Mozilla/5.0 (Linux; Android 6.0.1; Nexus 5X Build/MMB29P) AppleWebKit/537.36 (KHTML, like Gecko) Chrome/126.0.6478.126 Mobile Safari/537.36 (compatible; Googlebot/2.1; +http://www.google.com/bot.html)"
66.249.70.3 - - [28/Jul/2024:00:05:21 +0200] "GET /?i=49-best-gifts-for-teachers-2023-recommended-by-educators-mm-LGBgncd HTTP/1.1" 200 7398 "-" "Mozilla/5.0 (Linux; Android 6.0.1; Nexus 5X Build/MMB29P) AppleWebKit/537.36 (KHTML, like Gecko) Chrome/126.0.6478.126 Mobile Safari/537.36 (compatible; Googlebot/2.1; +http://www.google.com/bot.html)"
136.243.228.194 - - [28/Jul/2024:00:05:21 +0200] "GET /?i=sony-telefonlar-neden-ba%C5%9Far%C4%B1s%C4%B1z-oldu-mm-XY3dO6tX HTTP/1.1" 200 1816 "-" "Mozilla/5.0 (compatible; DataForSeoBot/1.0; +https://dataforseo.com/dataforseo-bot)"
31.223.156.52 - - [28/Jul/2024:00:05:22 +0200] "GET /?i=pedophilia-in-ancient-greece-and-rome-mm-Q121k3cX HTTP/1.1" 200 1096 "https://www.google.com/" "Mozilla/5.0 (Linux; Android 10; K) AppleWebKit/537.36 (KHTML, like Gecko) Chrome/126.0.0.0 Mobile Safari/537.36"
66.249.70.3 - - [28/Jul/2024:00:05:22 +0200] "GET /?i=the-best-kitchen-scales-of-2023-tested-reviewed-mm-KNojr3SN HTTP/1.1" 200 11226 "-" "Mozilla/5.0 (Linux; Android 6.0.1; Nexus 5X Build/MMB29P) AppleWebKit/537.36 (KHTML, like Gecko) Chrome/126.0.6478.126 Mobile Safari/537.36 (compatible; Googlebot/2.1; +http://www.google.com/bot.html)"
66.249.70.1 - - [28/Jul/2024:00:05:22 +0200] "GET /?i=infinity-hybrid-cream-tint-15ml-singles-%E2%80%93-microartistry-academy-mm-3pLQwMu6 HTTP/1.1" 200 7597 "-" "Mozilla/5.0 (Linux; Android 6.0.1; Nexus 5X Build/MMB29P) AppleWebKit/537.36 (KHTML, like Gecko) Chrome/126.0.6478.126 Mobile Safari/537.36 (compatible; Googlebot/2.1; +http://www.google.com/bot.html)"
66.249.70.3 - - [28/Jul/2024:00:05:22 +0200] "GET /?i=las-vegas-xfl-team-to-be-named-vipers-mm-YBzr9Min HTTP/1.1" 200 11028 "-" "Mozilla/5.0 (Linux; Android 6.0.1; Nexus 5X Build/MMB29P) AppleWebKit/537.36 (KHTML, like Gecko) Chrome/126.0.6478.126 Mobile Safari/537.36 (compatible; Googlebot/2.1; +http://www.google.com/bot.html)"
66.249.70.1 - - [28/Jul/2024:00:05:22 +0200] "GET /?i=british-pound-to-dollar-forecast-gbp-usd-forecast-mm-M0rWO5io HTTP/1.1" 200 7063 "-" "Mozilla/5.0 (Linux; Android 6.0.1; Nexus 5X Build/MMB29P) AppleWebKit/537.36 (KHTML, like Gecko) Chrome/126.0.6478.126 Mobile Safari/537.36 (compatible; Googlebot/2.1; +http://www.google.com/bot.html)"
66.249.70.7 - - [28/Jul/2024:00:05:22 +0200] "GET /?i=beatles-live-at-the-hollywood-bowl-out-on-cd-mm-E0oKjdU3 HTTP/1.1" 200 7428 "-" "Mozilla/5.0 (Linux; Android 6.0.1; Nexus 5X Build/MMB29P) AppleWebKit/537.36 (KHTML, like Gecko) Chrome/126.0.6478.126 Mobile Safari/537.36 (compatible; Googlebot/2.1; +http://www.google.com/bot.html)"
66.249.70.3 - - [28/Jul/2024:00:05:22 +0200] "GET /?i=pituitary-gland-definition-function-and-location-biology-dictionary-mm-dMRe33te HTTP/1.1" 200 7140 "-" "Mozilla/5.0 (Linux; Android 6.0.1; Nexus 5X Build/MMB29P) AppleWebKit/537.36 (KHTML, like Gecko) Chrome/126.0.6478.126 Mobile Safari/537.36 (compatible; Googlebot/2.1; +http://www.google.com/bot.html)"
66.249.70.5 - - [28/Jul/2024:00:05:22 +0200] "GET /?i=snapdragon-665-vs-mediatek-helio-p35-which-one-is-mm-PE2pdbsB HTTP/1.1" 200 6897 "-" "Mozilla/5.0 (Linux; Android 6.0.1; Nexus 5X Build/MMB29P) AppleWebKit/537.36 (KHTML, like Gecko) Chrome/126.0.6478.126 Mobile Safari/537.36 (compatible; Googlebot/2.1; +http://www.google.com/bot.html)"
66.249.70.3 - - [28/Jul/2024:00:05:22 +0200] "GET /?i=kansas-city-chiefs-my-ideal-weight-is-travis-kelce-mm-MqQ1dRio HTTP/1.1" 200 6739 "-" "Mozilla/5.0 (Linux; Android 6.0.1; Nexus 5X Build/MMB29P) AppleWebKit/537.36 (KHTML, like Gecko) Chrome/126.0.6478.126 Mobile Safari/537.36 (compatible; Googlebot/2.1; +http://www.google.com/bot.html)"
66.249.70.4 - - [28/Jul/2024:00:05:22 +0200] "GET /?i=multi-mode-pfc-current-mode-llc-controller-application-note-mm-xg6Je6Cq HTTP/1.1" 200 7366 "-" "Mozilla/5.0 (Linux; Android 6.0.1; Nexus 5X Build/MMB29P) AppleWebKit/537.36 (KHTML, like Gecko) Chrome/126.0.6478.126 Mobile Safari/537.36 (compatible; Googlebot/2.1; +http://www.google.com/bot.html)"
47.149.105.204 - - [28/Jul/2024:00:05:22 +0200] "GET /?i=walmart-s-also-got-some-new-trapper-keeper-r-mm-LAvK30Cd HTTP/1.1" 200 4355 "https://www.google.com/" "Mozilla/5.0 (iPhone; CPU iPhone OS 17_5_1 like Mac OS X) AppleWebKit/605.1.15 (KHTML, like Gecko) Version/17.5 Mobile/15E148 Safari/604.1"
66.249.70.7 - - [28/Jul/2024:00:05:22 +0200] "GET /?i=shares-animated-punisher-music-video-mm-4WAbJ1c6 HTTP/1.1" 200 6637 "-" "Mozilla/5.0 (Linux; Android 6.0.1; Nexus 5X Build/MMB29P) AppleWebKit/537.36 (KHTML, like Gecko) Chrome/126.0.6478.126 Mobile Safari/537.36 (compatible; Googlebot/2.1; +http://www.google.com/bot.html)"
66.249.70.7 - - [28/Jul/2024:00:05:22 +0200] "GET /?i=the-ozone-layer-what-is-it-how-its-formed-mm-Md9vWVho HTTP/1.1" 200 6820 "-" "Mozilla/5.0 (Linux; Android 6.0.1; Nexus 5X Build/MMB29P) AppleWebKit/537.36 (KHTML, like Gecko) Chrome/126.0.6478.126 Mobile Safari/537.36 (compatible; Googlebot/2.1; +http://www.google.com/bot.html)"
66.249.70.5 - - [28/Jul/2024:00:05:23 +0200] "GET /?i=lip-gloss-deluxe-edition-b-%E2%80%93-3dz-%E2%80%93-luxi-mm-zYROnEC5 HTTP/1.1" 200 7514 "-" "Mozilla/5.0 (Linux; Android 6.0.1; Nexus 5X Build/MMB29P) AppleWebKit/537.36 (KHTML, like Gecko) Chrome/126.0.6478.126 Mobile Safari/537.36 (compatible; Googlebot/2.1; +http://www.google.com/bot.html)"
66.249.70.7 - - [28/Jul/2024:00:05:23 +0200] "GET /ru/?i=lego-ninjago-spinjitzu-lloyd-garmadon-70664-mm-BN26BXUV HTTP/1.1" 200 7152 "-" "Mozilla/5.0 (Linux; Android 6.0.1; Nexus 5X Build/MMB29P) AppleWebKit/537.36 (KHTML, like Gecko) Chrome/126.0.6478.126 Mobile Safari/537.36 (compatible; Googlebot/2.1; +http://www.google.com/bot.html)"
66.249.70.5 - - [28/Jul/2024:00:05:23 +0200] "GET /?i=flextronics-sp-pcm02-he580-ac-hp-584w-12v-50-mm-Waw9r4se HTTP/1.1" 200 11191 "-" "Mozilla/5.0 (Linux; Android 6.0.1; Nexus 5X Build/MMB29P) AppleWebKit/537.36 (KHTML, like Gecko) Chrome/126.0.6478.126 Mobile Safari/537.36 (compatible; Googlebot/2.1; +http://www.google.com/bot.html)"
66.249.70.5 - - [28/Jul/2024:00:05:23 +0200] "GET /?i=fruits-and-vegetables-alphabet-a-z-graphic-by-ovi-mm-1ojvR4C7 HTTP/1.1" 200 11190 "-" "Mozilla/5.0 (Linux; Android 6.0.1; Nexus 5X Build/MMB29P) AppleWebKit/537.36 (KHTML, like Gecko) Chrome/126.0.6478.126 Mobile Safari/537.36 (compatible; Googlebot/2.1; +http://www.google.com/bot.html)"
66.249.70.3 - - [28/Jul/2024:00:05:23 +0200] "GET /?i=boys-dont-cry-posters%EF%BD%9Ctiktok-search-mm-bvxg7SX HTTP/1.1" 200 7900 "-" "Mozilla/5.0 (Linux; Android 6.0.1; Nexus 5X Build/MMB29P) AppleWebKit/537.36 (KHTML, like Gecko) Chrome/126.0.6478.126 Mobile Safari/537.36 (compatible; Googlebot/2.1; +http://www.google.com/bot.html)"
66.249.70.8 - - [28/Jul/2024:00:05:23 +0200] "GET /?i=trip-definition-and-meaning-collins-english-dictionary-mm-4ME1ABS6 HTTP/1.1" 200 6603 "-" "Mozilla/5.0 (Linux; Android 6.0.1; Nexus 5X Build/MMB29P) AppleWebKit/537.36 (KHTML, like Gecko) Chrome/126.0.6478.126 Mobile Safari/537.36 (compatible; Googlebot/2.1; +http://www.google.com/bot.html)"
66.249.70.7 - - [28/Jul/2024:00:05:23 +0200] "GET /it/?i=darpan-pankha-chamar-mm-BkoPvzUV HTTP/1.1" 200 10947 "-" "Mozilla/5.0 (Linux; Android 6.0.1; Nexus 5X Build/MMB29P) AppleWebKit/537.36 (KHTML, like Gecko) Chrome/126.0.6478.126 Mobile Safari/537.36 (compatible; GoogleOther)"
66.249.70.1 - - [28/Jul/2024:00:05:23 +0200] "GET /?i=mixeur-multifonction-10en1-1000w-moulinex-fp825e10-mm-DN35eqIk HTTP/1.1" 200 7208 "-" "Mozilla/5.0 (Linux; Android 6.0.1; Nexus 5X Build/MMB29P) AppleWebKit/537.36 (KHTML, like Gecko) Chrome/126.0.6478.126 Mobile Safari/537.36 (compatible; Googlebot/2.1; +http://www.google.com/bot.html)"
66.249.70.7 - - [28/Jul/2024:00:05:23 +0200] "GET /?i=best-buy-dell-inspiron-2-in-1-14-touch-mm-mkAMnHX HTTP/1.1" 200 7839 "-" "Mozilla/5.0 (Linux; Android 6.0.1; Nexus 5X Build/MMB29P) AppleWebKit/537.36 (KHTML, like Gecko) Chrome/126.0.6478.126 Mobile Safari/537.36 (compatible; Googlebot/2.1; +http://www.google.com/bot.html)"
66.249.70.1 - - [28/Jul/2024:00:05:23 +0200] "GET /?i=stimuli-responsive-gene-delivery-nanocarriers-for-cancer-therapy-nano-mm-Mwgj2jHo HTTP/1.1" 200 7624 "-" "Mozilla/5.0 (Linux; Android 6.0.1; Nexus 5X Build/MMB29P) AppleWebKit/537.36 (KHTML, like Gecko) Chrome/126.0.6478.126 Mobile Safari/537.36 (compatible; Googlebot/2.1; +http://www.google.com/bot.html)"
66.249.70.3 - - [28/Jul/2024:00:05:23 +0200] "GET /?i=vespa-club-of-melbourne-mm-eJkn2Rsg HTTP/1.1" 200 6551 "-" "Mozilla/5.0 (Linux; Android 6.0.1; Nexus 5X Build/MMB29P) AppleWebKit/537.36 (KHTML, like Gecko) Chrome/126.0.6478.126 Mobile Safari/537.36 (compatible; Googlebot/2.1; +http://www.google.com/bot.html)"
66.249.70.7 - - [28/Jul/2024:00:05:24 +0200] "GET /?i=dota-best-yolo-on-x-which-is-the-best-mm-kjwYkco HTTP/1.1" 200 6984 "-" "Mozilla/5.0 (Linux; Android 6.0.1; Nexus 5X Build/MMB29P) AppleWebKit/537.36 (KHTML, like Gecko) Chrome/126.0.6478.126 Mobile Safari/537.36 (compatible; Googlebot/2.1; +http://www.google.com/bot.html)"
3.144.224.8 - - [28/Jul/2024:00:05:24 +0200] "GET /?m=timber-wolf-character-3d-model-zz-b1zQvGUD HTTP/1.1" 200 4356 "https://www.google.com/" "Mozilla/5.0 (Linux; Android 10; K) AppleWebKit/537.36 (KHTML, like Gecko) Chrome/126.0.0.0 Mobile Safari/537.36"
66.249.70.1 - - [28/Jul/2024:00:05:24 +0200] "GET /?i=esr-48-56b-c-for-delta-communication-power-module-mm-1wNGgYI7 HTTP/1.1" 200 7414 "-" "Mozilla/5.0 (Linux; Android 6.0.1; Nexus 5X Build/MMB29P) AppleWebKit/537.36 (KHTML, like Gecko) Chrome/126.0.6478.126 Mobile Safari/537.36 (compatible; Googlebot/2.1; +http://www.google.com/bot.html)"
66.249.70.5 - - [28/Jul/2024:00:05:24 +0200] "GET /?i=pythagorean-triples-list-examples-definition-video-mm-YaMmRdSn HTTP/1.1" 200 6430 "-" "Mozilla/5.0 (Linux; Android 6.0.1; Nexus 5X Build/MMB29P) AppleWebKit/537.36 (KHTML, like Gecko) Chrome/126.0.6478.126 Mobile Safari/537.36 (compatible; Googlebot/2.1; +http://www.google.com/bot.html)"
66.249.70.3 - - [28/Jul/2024:00:05:24 +0200] "GET /?i=sri-tantralokah-chapter-five-six-seven-mm-P6YYNJSB HTTP/1.1" 200 6275 "-" "Mozilla/5.0 (Linux; Android 6.0.1; Nexus 5X Build/MMB29P) AppleWebKit/537.36 (KHTML, like Gecko) Chrome/126.0.6478.126 Mobile Safari/537.36 (compatible; Googlebot/2.1; +http://www.google.com/bot.html)"
66.249.70.8 - - [28/Jul/2024:00:05:24 +0200] "GET /?i=shahi-korma-recipe-english-urdu-mm-AkabYkcO HTTP/1.1" 200 6405 "-" "Mozilla/5.0 (Linux; Android 6.0.1; Nexus 5X Build/MMB29P) AppleWebKit/537.36 (KHTML, like Gecko) Chrome/126.0.6478.126 Mobile Safari/537.36 (compatible; Googlebot/2.1; +http://www.google.com/bot.html)"
66.249.70.109 - - [28/Jul/2024:00:05:24 +0200] "GET /?m=curriculum-map-science-fourth-quarter-2019-2020-pdf-eclipse-zz-8rXonEs3 HTTP/1.1" 200 11035 "-" "Mozilla/5.0 (Linux; Android 6.0.1; Nexus 5X Build/MMB29P) AppleWebKit/537.36 (KHTML, like Gecko) Chrome/126.0.6478.126 Mobile Safari/537.36 (compatible; GoogleOther)"
66.249.70.4 - - [28/Jul/2024:00:05:24 +0200] "GET /?i=pin-on-products-mm-JjdJM0C1 HTTP/1.1" 200 7792 "-" "Mozilla/5.0 (Linux; Android 6.0.1; Nexus 5X Build/MMB29P) AppleWebKit/537.36 (KHTML, like Gecko) Chrome/126.0.6478.126 Mobile Safari/537.36 (compatible; Googlebot/2.1; +http://www.google.com/bot.html)"
66.249.70.1 - - [28/Jul/2024:00:05:24 +0200] "GET /?i=how-to-take-part-in-a-traditional-fijian-culture-mm-KQBp5niN HTTP/1.1" 200 6906 "-" "Mozilla/5.0 (Linux; Android 6.0.1; Nexus 5X Build/MMB29P) AppleWebKit/537.36 (KHTML, like Gecko) Chrome/126.0.6478.126 Mobile Safari/537.36 (compatible; Googlebot/2.1; +http://www.google.com/bot.html)"
66.249.70.4 - - [28/Jul/2024:00:05:24 +0200] "GET /?i=paris-map-and-paris-satellite-image-mm-9DJGgXT7 HTTP/1.1" 200 10617 "-" "Mozilla/5.0 (Linux; Android 6.0.1; Nexus 5X Build/MMB29P) AppleWebKit/537.36 (KHTML, like Gecko) Chrome/126.0.6478.126 Mobile Safari/537.36 (compatible; Googlebot/2.1; +http://www.google.com/bot.html)"
66.249.70.1 - - [28/Jul/2024:00:05:24 +0200] "GET /?i=street-tracking-mm-goxaqgI7 HTTP/1.1" 200 7437 "-" "Mozilla/5.0 (Linux; Android 6.0.1; Nexus 5X Build/MMB29P) AppleWebKit/537.36 (KHTML, like Gecko) Chrome/126.0.6478.126 Mobile Safari/537.36 (compatible; Googlebot/2.1; +http://www.google.com/bot.html)"
66.249.70.7 - - [28/Jul/2024:00:05:25 +0200] "GET /?i=preppy-collage-laptop-wallpaper-wallpaper-laptop-wallpaper-printed-shower-mm-wJzGNQSk HTTP/1.1" 200 6914 "-" "Mozilla/5.0 (Linux; Android 6.0.1; Nexus 5X Build/MMB29P) AppleWebKit/537.36 (KHTML, like Gecko) Chrome/126.0.6478.126 Mobile Safari/537.36 (compatible; Googlebot/2.1; +http://www.google.com/bot.html)"
172.58.227.146 - - [28/Jul/2024:00:05:24 +0200] "GET /?i=cardboard-baler-for-sale-cardboard-baler-cardboard-balers-mm-WoB5rLte HTTP/1.1" 200 5777 "-" "Mozilla/5.0 (iPhone; CPU iPhone OS 14_4_2 like Mac OS X) AppleWebKit/605.1.15 (KHTML, like Gecko) Version/14.0.3 Mobile/15E148 Safari/604.1"
66.249.70.4 - - [28/Jul/2024:00:05:25 +0200] "GET /?i=object-detection-with-raspberry-pi-and-python-by-quantum-mm-bmPoApuX HTTP/1.1" 200 7408 "-" "Mozilla/5.0 (Linux; Android 6.0.1; Nexus 5X Build/MMB29P) AppleWebKit/537.36 (KHTML, like Gecko) Chrome/126.0.6478.126 Mobile Safari/537.36 (compatible; Googlebot/2.1; +http://www.google.com/bot.html)"
66.249.70.4 - - [28/Jul/2024:00:05:25 +0200] "GET /?i=tonjiru-pork-miso-soup-sudachi-mm-ORDGAkSX HTTP/1.1" 200 6656 "-" "Mozilla/5.0 (Linux; Android 6.0.1; Nexus 5X Build/MMB29P) AppleWebKit/537.36 (KHTML, like Gecko) Chrome/126.0.6478.126 Mobile Safari/537.36 (compatible; Googlebot/2.1; +http://www.google.com/bot.html)"
66.249.70.3 - - [28/Jul/2024:00:05:25 +0200] "GET /?i=2001-ford-taurus-88-ups-wip-nascar-model-cars-mm-3Ab1nQi6 HTTP/1.1" 200 7257 "-" "Mozilla/5.0 (Linux; Android 6.0.1; Nexus 5X Build/MMB29P) AppleWebKit/537.36 (KHTML, like Gecko) Chrome/126.0.6478.126 Mobile Safari/537.36 (compatible; Googlebot/2.1; +http://www.google.com/bot.html)"
