66.249.70.4 - - [28/Jul/2024:00:07:46 +0200] "GET /?i=why-it-s-difficult-to-make-wnba-rosters-impacts-mm-Pg26vFB HTTP/1.1" 200 7516 "-" "Mozilla/5.0 (Linux; Android 6.0.1; Nexus 5X Build/MMB29P) AppleWebKit/537.36 (KHTML, like Gecko) Chrome/126.0.6478.126 Mobile Safari/537.36 (compatible; Googlebot/2.1; +http://www.google.com/bot.html)"
66.249.70.1 - - [28/Jul/2024:00:07:46 +0200] "GET /?i=ksb-mining-mining-technology-mm-XPM6b3UX HTTP/1.1" 200 6928 "-" "Mozilla/5.0 (Linux; Android 6.0.1; Nexus 5X Build/MMB29P) AppleWebKit/537.36 (KHTML, like Gecko) Chrome/126.0.6478.126 Mobile Safari/537.36 (compatible; Googlebot/2.1; +http://www.google.com/bot.html)"
66.249.70.1 - - [28/Jul/2024:00:07:46 +0200] "GET /?i=motorola-edge-2023-review-moto-got-its-mojo-back-mm-9DzQL5H7 HTTP/1.1" 200 11550 "-" "Mozilla/5.0 (Linux; Android 6.0.1; Nexus 5X Build/MMB29P) AppleWebKit/537.36 (KHTML, like Gecko) Chrome/126.0.6478.126 Mobile Safari/537.36 (compatible; Googlebot/2.1; +http://www.google.com/bot.html)"
66.249.70.4 - - [28/Jul/2024:00:07:46 +0200] "GET /?i=kerbside-dual-505-2-%EF%BB%BF-vinyl-and-turntables-mm-BJ2WeCV HTTP/1.1" 200 6744 "-" "Mozilla/5.0 (Linux; Android 6.0.1; Nexus 5X Build/MMB29P) AppleWebKit/537.36 (KHTML, like Gecko) Chrome/126.0.6478.126 Mobile Safari/537.36 (compatible; Googlebot/2.1; +http://www.google.com/bot.html)"
66.249.70.1 - - [28/Jul/2024:00:07:46 +0200] "GET /?i=decline-marble-hornets-mm-RwK4ws5 HTTP/1.1" 200 10903 "-" "Mozilla/5.0 (Linux; Android 6.0.1; Nexus 5X Build/MMB29P) AppleWebKit/537.36 (KHTML, like Gecko) Chrome/126.0.6478.126 Mobile Safari/537.36 (compatible; Googlebot/2.1; +http://www.google.com/bot.html)"
66.249.70.5 - - [28/Jul/2024:00:07:46 +0200] "GET /?i=terre-des-hommes-tdh-germany-part-time-communications-officer-mm-z6zkpbi5 HTTP/1.1" 200 6787 "-" "Mozilla/5.0 (Linux; Android 6.0.1; Nexus 5X Build/MMB29P) AppleWebKit/537.36 (KHTML, like Gecko) Chrome/126.0.6478.126 Mobile Safari/537.36 (compatible; Googlebot/2.1; +http://www.google.com/bot.html)"
66.249.70.1 - - [28/Jul/2024:00:07:46 +0200] "GET /?i=instructions-for-edpm-sba-2020-pdf-mm-eWBxwAhg HTTP/1.1" 200 6657 "-" "Mozilla/5.0 (Linux; Android 6.0.1; Nexus 5X Build/MMB29P) AppleWebKit/537.36 (KHTML, like Gecko) Chrome/126.0.6478.126 Mobile Safari/537.36 (compatible; Googlebot/2.1; +http://www.google.com/bot.html)"
66.249.70.8 - - [28/Jul/2024:00:07:47 +0200] "GET /?i=panduan-archlinux-untuk-pemula-pdf-mm-1QoJ1vF7 HTTP/1.1" 200 6631 "-" "Mozilla/5.0 (Linux; Android 6.0.1; Nexus 5X Build/MMB29P) AppleWebKit/537.36 (KHTML, like Gecko) Chrome/126.0.6478.126 Mobile Safari/537.36 (compatible; Googlebot/2.1; +http://www.google.com/bot.html)"
177.244.195.70 - - [28/Jul/2024:00:07:47 +0200] "GET /?i=mij%C3%BA-sue%C3%B1os-y-scrap-invitacion-digital-paw-patrol-%E2%9D%A4%EF%B8%8F-mm-vVn7GKuV HTTP/1.1" 200 4355 "https://www.google.com/" "Mozilla/5.0 (Linux; Android 10; K) AppleWebKit/537.36 (KHTML, like Gecko) Chrome/127.0.0.0 Mobile Safari/537.36"
66.249.70.2 - - [28/Jul/2024:00:07:47 +0200] "GET /?i=chinese-dynasties-1000-1300-ce-t-ang-song-ming-mm-GaAppid HTTP/1.1" 200 7209 "-" "Mozilla/5.0 (Linux; Android 6.0.1; Nexus 5X Build/MMB29P) AppleWebKit/537.36 (KHTML, like Gecko) Chrome/126.0.6478.126 Mobile Safari/537.36 (compatible; Googlebot/2.1; +http://www.google.com/bot.html)"
66.249.70.6 - - [28/Jul/2024:00:07:47 +0200] "GET /?i=buildon-hub-klauer-manufacturing-mm-abJXDBuN HTTP/1.1" 200 6388 "-" "Mozilla/5.0 (Linux; Android 6.0.1; Nexus 5X Build/MMB29P) AppleWebKit/537.36 (KHTML, like Gecko) Chrome/126.0.6478.126 Mobile Safari/537.36 (compatible; Googlebot/2.1; +http://www.google.com/bot.html)"
136.243.228.194 - - [28/Jul/2024:00:07:47 +0200] "GET /?i=buy-galaxy-s21-fe-5g-256gb-unlocked-phones-samsung-mm-1BKz67i7 HTTP/1.1" 200 1816 "-" "Mozilla/5.0 (compatible; DataForSeoBot/1.0; +https://dataforseo.com/dataforseo-bot)"
66.249.70.8 - - [28/Jul/2024:00:07:47 +0200] "GET /?i=used-fast-hp-8300-desktop-computer-tower-pc-intel-mm-X9jkgKfX HTTP/1.1" 200 8216 "-" "Mozilla/5.0 (Linux; Android 6.0.1; Nexus 5X Build/MMB29P) AppleWebKit/537.36 (KHTML, like Gecko) Chrome/126.0.6478.126 Mobile Safari/537.36 (compatible; Googlebot/2.1; +http://www.google.com/bot.html)"
66.249.70.7 - - [28/Jul/2024:00:07:47 +0200] "GET /?i=lews-carbon-fire-casting-rod-7%E2%80%993-heavy-fast-for-mm-kKavD0ho HTTP/1.1" 200 7253 "-" "Mozilla/5.0 (Linux; Android 6.0.1; Nexus 5X Build/MMB29P) AppleWebKit/537.36 (KHTML, like Gecko) Chrome/126.0.6478.126 Mobile Safari/537.36 (compatible; Googlebot/2.1; +http://www.google.com/bot.html)"
66.249.70.109 - - [28/Jul/2024:00:07:47 +0200] "GET /?m=hanson-rivet-catalog-web-pdf-pdf-rivet-screw-zz-LG1Z53sk HTTP/1.1" 200 11020 "-" "Mozilla/5.0 (Linux; Android 6.0.1; Nexus 5X Build/MMB29P) AppleWebKit/537.36 (KHTML, like Gecko) Chrome/126.0.6478.126 Mobile Safari/537.36 (compatible; GoogleOther)"
66.249.70.6 - - [28/Jul/2024:00:07:47 +0200] "GET /?i=samsung-c27hg70-chg70-menu-system-osd-mm-RBPQqLt5 HTTP/1.1" 200 7099 "-" "Mozilla/5.0 (Linux; Android 6.0.1; Nexus 5X Build/MMB29P) AppleWebKit/537.36 (KHTML, like Gecko) Chrome/126.0.6478.126 Mobile Safari/537.36 (compatible; Googlebot/2.1; +http://www.google.com/bot.html)"
170.79.6.158 - - [28/Jul/2024:00:07:47 +0200] "GET /?i=ferramenta-para-aplica%C3%A7%C3%A3o-conector-cunha-ampact-bot%C3%A3o-mm-OrvwQfX HTTP/1.1" 200 4355 "https://www.google.com/" "Mozilla/5.0 (Linux; Android 10; K) AppleWebKit/537.36 (KHTML, like Gecko) SamsungBrowser/25.0 Chrome/121.0.0.0 Mobile Safari/537.36"
66.249.70.1 - - [28/Jul/2024:00:07:47 +0200] "GET /?i=icubedvapes-mm-2QV5YxUj HTTP/1.1" 200 6667 "-" "Mozilla/5.0 (Linux; Android 6.0.1; Nexus 5X Build/MMB29P) AppleWebKit/537.36 (KHTML, like Gecko) Chrome/126.0.6478.126 Mobile Safari/537.36 (compatible; Googlebot/2.1; +http://www.google.com/bot.html)"
66.249.70.2 - - [28/Jul/2024:00:07:47 +0200] "GET /it/?i=in-the-neet-omr-sheet-if-i-color-a-mm-0zD1Lrtx HTTP/1.1" 200 6819 "-" "Mozilla/5.0 (Linux; Android 6.0.1; Nexus 5X Build/MMB29P) AppleWebKit/537.36 (KHTML, like Gecko) Chrome/126.0.6478.126 Mobile Safari/537.36 (compatible; Googlebot/2.1; +http://www.google.com/bot.html)"
66.249.70.7 - - [28/Jul/2024:00:07:47 +0200] "GET /?i=profiles-celebrities-profile-icons-indonesian-girl-band-mm-G1NeQptd HTTP/1.1" 200 7133 "-" "Mozilla/5.0 (Linux; Android 6.0.1; Nexus 5X Build/MMB29P) AppleWebKit/537.36 (KHTML, like Gecko) Chrome/126.0.6478.126 Mobile Safari/537.36 (compatible; Googlebot/2.1; +http://www.google.com/bot.html)"
66.249.70.6 - - [28/Jul/2024:00:07:47 +0200] "GET /?i=la-pino-z-pizza-la-pino-z-pizza-added-mm-XgnGLpsX HTTP/1.1" 200 6788 "-" "Mozilla/5.0 (Linux; Android 6.0.1; Nexus 5X Build/MMB29P) AppleWebKit/537.36 (KHTML, like Gecko) Chrome/126.0.6478.126 Mobile Safari/537.36 (compatible; Googlebot/2.1; +http://www.google.com/bot.html)"
66.249.70.1 - - [28/Jul/2024:00:07:48 +0200] "GET /?i=janet-webb-consulting-mm-1wMLOqu7 HTTP/1.1" 200 6621 "-" "Mozilla/5.0 (Linux; Android 6.0.1; Nexus 5X Build/MMB29P) AppleWebKit/537.36 (KHTML, like Gecko) Chrome/126.0.6478.126 Mobile Safari/537.36 (compatible; Googlebot/2.1; +http://www.google.com/bot.html)"
66.249.70.4 - - [28/Jul/2024:00:07:48 +0200] "GET /?i=nyc-lowers-speed-limit-on-flatbush-mm-Vg7dLet6 HTTP/1.1" 200 7369 "-" "Mozilla/5.0 (Linux; Android 6.0.1; Nexus 5X Build/MMB29P) AppleWebKit/537.36 (KHTML, like Gecko) Chrome/126.0.6478.126 Mobile Safari/537.36 (compatible; Googlebot/2.1; +http://www.google.com/bot.html)"
66.249.70.6 - - [28/Jul/2024:00:07:48 +0200] "GET /?i=dont-make-this-w4-mistake-taxtips-taxtip-tax-taxes-mm-6aedojCN HTTP/1.1" 200 10835 "-" "Mozilla/5.0 (Linux; Android 6.0.1; Nexus 5X Build/MMB29P) AppleWebKit/537.36 (KHTML, like Gecko) Chrome/126.0.6478.126 Mobile Safari/537.36 (compatible; Googlebot/2.1; +http://www.google.com/bot.html)"
66.249.70.7 - - [28/Jul/2024:00:07:48 +0200] "GET /?i=chuwi-hipen-h6-4096-pressure-levels-sensitivity-metal-body-mm-AXwdXkUO HTTP/1.1" 200 7365 "-" "Mozilla/5.0 (Linux; Android 6.0.1; Nexus 5X Build/MMB29P) AppleWebKit/537.36 (KHTML, like Gecko) Chrome/126.0.6478.126 Mobile Safari/537.36 (compatible; Googlebot/2.1; +http://www.google.com/bot.html)"
66.249.70.2 - - [28/Jul/2024:00:07:48 +0200] "GET /?i=entropy-on-x-got-the-d-amp;d-characters-from-mm-Px35AvIB HTTP/1.1" 200 7456 "-" "Mozilla/5.0 (Linux; Android 6.0.1; Nexus 5X Build/MMB29P) AppleWebKit/537.36 (KHTML, like Gecko) Chrome/126.0.6478.126 Mobile Safari/537.36 (compatible; Googlebot/2.1; +http://www.google.com/bot.html)"
66.249.70.5 - - [28/Jul/2024:00:07:48 +0200] "GET /?i=viewsonic-vx2776-smhd-review-%C2%AB-7review-mm-W0xajdfe HTTP/1.1" 200 7277 "-" "Mozilla/5.0 (Linux; Android 6.0.1; Nexus 5X Build/MMB29P) AppleWebKit/537.36 (KHTML, like Gecko) Chrome/126.0.6478.126 Mobile Safari/537.36 (compatible; Googlebot/2.1; +http://www.google.com/bot.html)"
66.249.70.2 - - [28/Jul/2024:00:07:48 +0200] "GET /?i=pompa-autoadescante-gc-gp-1046-n-einhell-4171528-casa-mm-kepKqdho HTTP/1.1" 200 7707 "-" "Mozilla/5.0 (Linux; Android 6.0.1; Nexus 5X Build/MMB29P) AppleWebKit/537.36 (KHTML, like Gecko) Chrome/126.0.6478.126 Mobile Safari/537.36 (compatible; Googlebot/2.1; +http://www.google.com/bot.html)"
66.249.70.5 - - [28/Jul/2024:00:07:48 +0200] "GET /?i=pivaldi-picture-of-pivaldi-yurlovo-tripadvisor-mm-qb92nfj HTTP/1.1" 200 10552 "-" "Mozilla/5.0 (Linux; Android 6.0.1; Nexus 5X Build/MMB29P) AppleWebKit/537.36 (KHTML, like Gecko) Chrome/126.0.6478.126 Mobile Safari/537.36 (compatible; Googlebot/2.1; +http://www.google.com/bot.html)"
66.249.70.4 - - [28/Jul/2024:00:07:48 +0200] "GET /?i=power-supplies-and-building-your-gaming-pc-avadirect-mm-RWvJNnF5 HTTP/1.1" 200 7434 "-" "Mozilla/5.0 (Linux; Android 6.0.1; Nexus 5X Build/MMB29P) AppleWebKit/537.36 (KHTML, like Gecko) Chrome/126.0.6478.126 Mobile Safari/537.36 (compatible; Googlebot/2.1; +http://www.google.com/bot.html)"
66.249.70.7 - - [28/Jul/2024:00:07:48 +0200] "GET /?i=ski-444-for-sale-in-durban-north-kwazulu-natal-mm-VDVwJqC6 HTTP/1.1" 200 6823 "-" "Mozilla/5.0 (Linux; Android 6.0.1; Nexus 5X Build/MMB29P) AppleWebKit/537.36 (KHTML, like Gecko) Chrome/126.0.6478.126 Mobile Safari/537.36 (compatible; Googlebot/2.1; +http://www.google.com/bot.html)"
66.249.70.5 - - [28/Jul/2024:00:07:48 +0200] "GET /?i=observation-of-robust-polarization-squeezing-via-the-kerr-nonlinearity-mm-WbvVLBce HTTP/1.1" 200 6759 "-" "Mozilla/5.0 (Linux; Android 6.0.1; Nexus 5X Build/MMB29P) AppleWebKit/537.36 (KHTML, like Gecko) Chrome/126.0.6478.126 Mobile Safari/537.36 (compatible; Googlebot/2.1; +http://www.google.com/bot.html)"
66.249.70.5 - - [28/Jul/2024:00:07:49 +0200] "GET /?i=21-creative-photography-ideas-and-techniques-for-inspiration-mm-973YmJC7 HTTP/1.1" 200 6989 "-" "Mozilla/5.0 (Linux; Android 6.0.1; Nexus 5X Build/MMB29P) AppleWebKit/537.36 (KHTML, like Gecko) Chrome/126.0.6478.126 Mobile Safari/537.36 (compatible; Googlebot/2.1; +http://www.google.com/bot.html)"
66.249.70.6 - - [28/Jul/2024:00:07:49 +0200] "GET /index.php?i=pdf-mb-lukoil-mm-GNkr0Aud HTTP/1.1" 200 11051 "-" "Mozilla/5.0 (Linux; Android 6.0.1; Nexus 5X Build/MMB29P) AppleWebKit/537.36 (KHTML, like Gecko) Chrome/126.0.6478.126 Mobile Safari/537.36 (compatible; GoogleOther)"
66.249.70.5 - - [28/Jul/2024:00:07:49 +0200] "GET /it/?i=free-tree-silhouette-transparent-background-download-free-tree-silhouette-mm-1Aqqbf7 HTTP/1.1" 200 6573 "-" "Mozilla/5.0 (Linux; Android 6.0.1; Nexus 5X Build/MMB29P) AppleWebKit/537.36 (KHTML, like Gecko) Chrome/126.0.6478.126 Mobile Safari/537.36 (compatible; Googlebot/2.1; +http://www.google.com/bot.html)"
66.249.70.6 - - [28/Jul/2024:00:07:49 +0200] "GET /?i=100%-working-fh5at-la-k093p-mainboard-for-acer-aspire-mm-mQrXEWuX HTTP/1.1" 200 7556 "-" "Mozilla/5.0 (Linux; Android 6.0.1; Nexus 5X Build/MMB29P) AppleWebKit/537.36 (KHTML, like Gecko) Chrome/126.0.6478.126 Mobile Safari/537.36 (compatible; Googlebot/2.1; +http://www.google.com/bot.html)"
66.249.70.5 - - [28/Jul/2024:00:07:49 +0200] "GET /?i=otakuisians-confessing-your-love-in-japanese-the-phrase-above-mm-R59024U5 HTTP/1.1" 200 7478 "-" "Mozilla/5.0 (Linux; Android 6.0.1; Nexus 5X Build/MMB29P) AppleWebKit/537.36 (KHTML, like Gecko) Chrome/126.0.6478.126 Mobile Safari/537.36 (compatible; Googlebot/2.1; +http://www.google.com/bot.html)"
207.46.13.54 - - [28/Jul/2024:00:07:49 +0200] "GET /tr/?i=city-of-belmont-wa-perth-wa-mm-7B5XqbU0 HTTP/1.1" 200 10878 "-" "Mozilla/5.0 AppleWebKit/537.36 (KHTML, like Gecko; compatible; bingbot/2.0; +http://www.bing.com/bingbot.htm) Chrome/116.0.1938.76 Safari/537.36"
66.249.70.5 - - [28/Jul/2024:00:07:49 +0200] "GET /?i=realme-mobile-phones-under-%E2%82%B910-000-smartprix-mm-kod3zuo HTTP/1.1" 200 7395 "-" "Mozilla/5.0 (Linux; Android 6.0.1; Nexus 5X Build/MMB29P) AppleWebKit/537.36 (KHTML, like Gecko) Chrome/126.0.6478.126 Mobile Safari/537.36 (compatible; Googlebot/2.1; +http://www.google.com/bot.html)"
66.249.70.3 - - [28/Jul/2024:00:07:49 +0200] "GET /?i=%E2%9C%AA-battlefield-hacker-report-%E2%9C%AA-mm-P3PkKMIB HTTP/1.1" 200 11467 "-" "Mozilla/5.0 (Linux; Android 6.0.1; Nexus 5X Build/MMB29P) AppleWebKit/537.36 (KHTML, like Gecko) Chrome/126.0.6478.126 Mobile Safari/537.36 (compatible; Googlebot/2.1; +http://www.google.com/bot.html)"
66.249.70.3 - - [28/Jul/2024:00:07:49 +0200] "GET /?i=aqa-gcse-combined-science-trilogy-8464-p-1h-higher-mm-wqox34Fk HTTP/1.1" 200 10930 "-" "Mozilla/5.0 (Linux; Android 6.0.1; Nexus 5X Build/MMB29P) AppleWebKit/537.36 (KHTML, like Gecko) Chrome/126.0.6478.126 Mobile Safari/537.36 (compatible; Googlebot/2.1; +http://www.google.com/bot.html)"
66.249.70.5 - - [28/Jul/2024:00:07:49 +0200] "GET /?i=specs-and-performance-lenovo-thinkpad-yoga-15-review-page-mm-JrGeQBH1 HTTP/1.1" 200 7447 "-" "Mozilla/5.0 (Linux; Android 6.0.1; Nexus 5X Build/MMB29P) AppleWebKit/537.36 (KHTML, like Gecko) Chrome/126.0.6478.126 Mobile Safari/537.36 (compatible; Googlebot/2.1; +http://www.google.com/bot.html)"
66.249.70.3 - - [28/Jul/2024:00:07:49 +0200] "GET /?i=jasad-hiu-paus-tutul-terdampar-di-pantai-selatan-cianjur-mm-EJn14ru3 HTTP/1.1" 200 11138 "-" "Mozilla/5.0 (Linux; Android 6.0.1; Nexus 5X Build/MMB29P) AppleWebKit/537.36 (KHTML, like Gecko) Chrome/126.0.6478.126 Mobile Safari/537.36 (compatible; Googlebot/2.1; +http://www.google.com/bot.html)"
66.249.70.2 - - [28/Jul/2024:00:07:50 +0200] "GET /?i=target-store-deals-secrets-and-insider-facts-only-employees-mm-g7qMkvU7 HTTP/1.1" 200 6991 "-" "Mozilla/5.0 (Linux; Android 6.0.1; Nexus 5X Build/MMB29P) AppleWebKit/537.36 (KHTML, like Gecko) Chrome/126.0.6478.126 Mobile Safari/537.36 (compatible; Googlebot/2.1; +http://www.google.com/bot.html)"
66.249.70.5 - - [28/Jul/2024:00:07:50 +0200] "GET /?i=rfa-argus-and-a-chinook-at-bournemouth-air-festival-mm-eKbxpaFg HTTP/1.1" 200 11004 "-" "Mozilla/5.0 (Linux; Android 6.0.1; Nexus 5X Build/MMB29P) AppleWebKit/537.36 (KHTML, like Gecko) Chrome/126.0.6478.126 Mobile Safari/537.36 (compatible; GoogleOther)"
66.249.70.4 - - [28/Jul/2024:00:07:50 +0200] "GET /?i=minicomponente-one-body-mini-xboom-lg-xboom-om4560-con-mm-EooaNNS3 HTTP/1.1" 200 6944 "-" "Mozilla/5.0 (Linux; Android 6.0.1; Nexus 5X Build/MMB29P) AppleWebKit/537.36 (KHTML, like Gecko) Chrome/126.0.6478.126 Mobile Safari/537.36 (compatible; Googlebot/2.1; +http://www.google.com/bot.html)"
66.249.70.6 - - [28/Jul/2024:00:07:50 +0200] "GET /?i=new-lcd-for-macbook-retina-a1466-a1932-a2179-a2337-mm-wmBbqLsk HTTP/1.1" 200 8000 "-" "Mozilla/5.0 (Linux; Android 6.0.1; Nexus 5X Build/MMB29P) AppleWebKit/537.36 (KHTML, like Gecko) Chrome/126.0.6478.126 Mobile Safari/537.36 (compatible; Googlebot/2.1; +http://www.google.com/bot.html)"
207.46.13.54 - - [28/Jul/2024:00:07:50 +0200] "GET /?i=n%C3%BAmeros-del-al-99-exercise-live-worksheets-mm-OrnvqPiX HTTP/1.1" 200 6750 "-" "Mozilla/5.0 AppleWebKit/537.36 (KHTML, like Gecko; compatible; bingbot/2.0; +http://www.bing.com/bingbot.htm) Chrome/116.0.1938.76 Safari/537.36"
66.249.70.7 - - [28/Jul/2024:00:07:50 +0200] "GET /?i=23-astonishing-blue-whale-facts-fact-animal-mm-mL1AE4TX HTTP/1.1" 200 7123 "-" "Mozilla/5.0 (Linux; Android 6.0.1; Nexus 5X Build/MMB29P) AppleWebKit/537.36 (KHTML, like Gecko) Chrome/126.0.6478.126 Mobile Safari/537.36 (compatible; Googlebot/2.1; +http://www.google.com/bot.html)"
24.185.51.97 - - [28/Jul/2024:00:07:50 +0200] "GET /?i=who-s-who-in-the-billionaire-porsche-family-bloomberg-mm-3aaJe6S6 HTTP/1.1" 200 4355 "https://www.google.com/" "Mozilla/5.0 (iPhone; CPU iPhone OS 17_5 like Mac OS X) AppleWebKit/605.1.15 (KHTML, like Gecko) GSA/326.0.653331328 Mobile/15E148 Safari/604.1"
66.249.70.4 - - [28/Jul/2024:00:07:50 +0200] "GET /?i=the-rate-of-naira-over-cedis-is-shocking-naira-mm-xjnGoAIq HTTP/1.1" 200 10462 "-" "Mozilla/5.0 (Linux; Android 6.0.1; Nexus 5X Build/MMB29P) AppleWebKit/537.36 (KHTML, like Gecko) Chrome/126.0.6478.126 Mobile Safari/537.36 (compatible; Googlebot/2.1; +http://www.google.com/bot.html)"
66.249.70.109 - - [28/Jul/2024:00:07:50 +0200] "GET /?m=equivalencia-nbe-ea-95-une-pdf-acero-rieles-zz-7pDzlLcW HTTP/1.1" 200 6602 "-" "Mozilla/5.0 (Linux; Android 6.0.1; Nexus 5X Build/MMB29P) AppleWebKit/537.36 (KHTML, like Gecko) Chrome/126.0.6478.126 Mobile Safari/537.36 (compatible; GoogleOther)"
136.243.228.194 - - [28/Jul/2024:00:07:51 +0200] "GET /?i=used-samsung-galaxy-s21-5g-128gb-silver-excellent-trocaphone-mm-Y1bGPKFn HTTP/1.1" 200 1816 "-" "Mozilla/5.0 (compatible; DataForSeoBot/1.0; +https://dataforseo.com/dataforseo-bot)"
91.97.226.208 - - [28/Jul/2024:00:07:52 +0200] "GET /?i=1982-jawa-mustang-mm-0vOgbYsx HTTP/1.1" 200 4355 "https://www.google.de/" "Mozilla/5.0 (Linux; Android 10; K) AppleWebKit/537.36 (KHTML, like Gecko) Chrome/126.0.0.0 Mobile Safari/537.36"
184.163.105.246 - - [28/Jul/2024:00:07:52 +0200] "GET /?i=breville-the-barista-express-coffee-maker-and-milk-boiler-mm-NXP9bud HTTP/1.1" 200 4354 "https://www.google.com/" "Mozilla/5.0 (iPhone; CPU iPhone OS 17_5 like Mac OS X) AppleWebKit/605.1.15 (KHTML, like Gecko) GSA/326.0.653331328 Mobile/15E148 Safari/604.1"
66.249.70.2 - - [28/Jul/2024:00:07:52 +0200] "GET /?i=national-instruments-ni-9375-cdaq-digital-input-output-module-mm-DN2eeDFk HTTP/1.1" 200 6885 "-" "Mozilla/5.0 (Linux; Android 6.0.1; Nexus 5X Build/MMB29P) AppleWebKit/537.36 (KHTML, like Gecko) Chrome/126.0.6478.126 Mobile Safari/537.36 (compatible; Googlebot/2.1; +http://www.google.com/bot.html)"
66.249.70.3 - - [28/Jul/2024:00:07:52 +0200] "GET /?i=what-do-the-oxford-colleges-own-%E2%80%93-who-owns-mm-Jz2kH1 HTTP/1.1" 200 7268 "-" "Mozilla/5.0 (Linux; Android 6.0.1; Nexus 5X Build/MMB29P) AppleWebKit/537.36 (KHTML, like Gecko) Chrome/126.0.6478.126 Mobile Safari/537.36 (compatible; Googlebot/2.1; +http://www.google.com/bot.html)"
66.249.70.5 - - [28/Jul/2024:00:07:52 +0200] "GET /?i=how-to-enjoy-the-incredible-oases-in-egypt-connollycove-mm-rQApaGc4 HTTP/1.1" 200 6880 "-" "Mozilla/5.0 (Linux; Android 6.0.1; Nexus 5X Build/MMB29P) AppleWebKit/537.36 (KHTML, like Gecko) Chrome/126.0.6478.126 Mobile Safari/537.36 (compatible; Googlebot/2.1; +http://www.google.com/bot.html)"
66.249.70.3 - - [28/Jul/2024:00:07:52 +0200] "GET /?i=adelaide-pascaris-pmp-on-linkedin-thanksgiving-harvardbusinessschool-executiveeducation-pld34%E2%80%A6-mm-m2xa4AuX HTTP/1.1" 200 7652 "-" "Mozilla/5.0 (Linux; Android 6.0.1; Nexus 5X Build/MMB29P) AppleWebKit/537.36 (KHTML, like Gecko) Chrome/126.0.6478.126 Mobile Safari/537.36 (compatible; Googlebot/2.1; +http://www.google.com/bot.html)"
66.249.70.5 - - [28/Jul/2024:00:07:52 +0200] "GET /?i=hovet-mirror-black-303-4x771-8-ikea-mm-YQej1Jsn HTTP/1.1" 200 6806 "-" "Mozilla/5.0 (Linux; Android 6.0.1; Nexus 5X Build/MMB29P) AppleWebKit/537.36 (KHTML, like Gecko) Chrome/126.0.6478.126 Mobile Safari/537.36 (compatible; Googlebot/2.1; +http://www.google.com/bot.html)"
66.249.70.6 - - [28/Jul/2024:00:07:52 +0200] "GET /?i=nicte-locutora-mix-villahermosa-facebook-mm-2VYbQQij HTTP/1.1" 200 6979 "-" "Mozilla/5.0 (Linux; Android 6.0.1; Nexus 5X Build/MMB29P) AppleWebKit/537.36 (KHTML, like Gecko) Chrome/126.0.6478.126 Mobile Safari/537.36 (compatible; Googlebot/2.1; +http://www.google.com/bot.html)"
66.249.70.109 - - [28/Jul/2024:00:07:52 +0200] "GET /?m=qaeda-al-noorania-pdf-z-rQ7NevhA HTTP/1.1" 200 3908 "-" "Mozilla/5.0 (Linux; Android 6.0.1; Nexus 5X Build/MMB29P) AppleWebKit/537.36 (KHTML, like Gecko) Chrome/126.0.6478.126 Mobile Safari/537.36 (compatible; GoogleOther)"
66.249.70.3 - - [28/Jul/2024:00:07:52 +0200] "GET /?i=new-bollywood-movies-2018-download-free-download-new-bollywood-mm-N2252nCd HTTP/1.1" 200 7492 "-" "Mozilla/5.0 (Linux; Android 6.0.1; Nexus 5X Build/MMB29P) AppleWebKit/537.36 (KHTML, like Gecko) Chrome/126.0.6478.126 Mobile Safari/537.36 (compatible; Googlebot/2.1; +http://www.google.com/bot.html)"
66.249.70.8 - - [28/Jul/2024:00:07:52 +0200] "GET /?i=tornado-size-comparison-%EF%B8%8F-storm-tornado-ef1-ef2-ef3-mm-AxbVNKtO HTTP/1.1" 200 11190 "-" "Mozilla/5.0 (Linux; Android 6.0.1; Nexus 5X Build/MMB29P) AppleWebKit/537.36 (KHTML, like Gecko) Chrome/126.0.6478.126 Mobile Safari/537.36 (compatible; Googlebot/2.1; +http://www.google.com/bot.html)"
66.249.70.3 - - [28/Jul/2024:00:07:52 +0200] "GET /?i=copo-americano-comemora-70-anos-com-novidades-para-o-mm-LQwkkrtd HTTP/1.1" 200 7488 "-" "Mozilla/5.0 (Linux; Android 6.0.1; Nexus 5X Build/MMB29P) AppleWebKit/537.36 (KHTML, like Gecko) Chrome/126.0.6478.126 Mobile Safari/537.36 (compatible; Googlebot/2.1; +http://www.google.com/bot.html)"
66.249.70.8 - - [28/Jul/2024:00:07:52 +0200] "GET /?i=fifth-harmony-announces-hiatus-to-pursue-solo-careers-%E2%80%93-mm-n7L2qRhE HTTP/1.1" 200 11280 "-" "Mozilla/5.0 (Linux; Android 6.0.1; Nexus 5X Build/MMB29P) AppleWebKit/537.36 (KHTML, like Gecko) Chrome/126.0.6478.126 Mobile Safari/537.36 (compatible; Googlebot/2.1; +http://www.google.com/bot.html)"
66.249.70.8 - - [28/Jul/2024:00:07:52 +0200] "GET /?i=28-ue570-uhd-monitor-monitors-lu28e570ds-za-samsung-us-mm-RoaJBOf5 HTTP/1.1" 200 11005 "-" "Mozilla/5.0 (Linux; Android 6.0.1; Nexus 5X Build/MMB29P) AppleWebKit/537.36 (KHTML, like Gecko) Chrome/126.0.6478.126 Mobile Safari/537.36 (compatible; Googlebot/2.1; +http://www.google.com/bot.html)"
217.113.194.86 - - [28/Jul/2024:00:07:52 +0200] "GET /fr/initiative/24-le-dialogue-interculturel-et-interreligieux---une-chance-pour-la-democratie-locale---recommandation-245--2008-.html HTTP/1.1" 200 2488 "-" "Mozilla/5.0 (compatible; Barkrowler/0.9; +https://babbar.tech/crawler)"
66.249.70.6 - - [28/Jul/2024:00:07:52 +0200] "GET /?i=900-trillion-dollars-%E2%80%93-parker-live-mm-L3woK2Fd HTTP/1.1" 200 7270 "-" "Mozilla/5.0 (Linux; Android 6.0.1; Nexus 5X Build/MMB29P) AppleWebKit/537.36 (KHTML, like Gecko) Chrome/126.0.6478.126 Mobile Safari/537.36 (compatible; Googlebot/2.1; +http://www.google.com/bot.html)"
66.249.70.8 - - [28/Jul/2024:00:07:53 +0200] "GET /?i=solution-activity-pangngalan-studypool-mm-qRAGa0fj HTTP/1.1" 200 11577 "-" "Mozilla/5.0 (Linux; Android 6.0.1; Nexus 5X Build/MMB29P) AppleWebKit/537.36 (KHTML, like Gecko) Chrome/126.0.6478.126 Mobile Safari/537.36 (compatible; Googlebot/2.1; +http://www.google.com/bot.html)"
66.249.70.4 - - [28/Jul/2024:00:07:53 +0200] "GET /?i=dodomorn-new-01av424-01av425-01av427-laptop-battery-for-lenovo-mm-YEDd4Khn HTTP/1.1" 200 7441 "-" "Mozilla/5.0 (Linux; Android 6.0.1; Nexus 5X Build/MMB29P) AppleWebKit/537.36 (KHTML, like Gecko) Chrome/126.0.6478.126 Mobile Safari/537.36 (compatible; Googlebot/2.1; +http://www.google.com/bot.html)"
66.249.70.7 - - [28/Jul/2024:00:07:53 +0200] "GET /?i=oolong-dragon-ball-wiki-fandom-mm-mO0ko9cX HTTP/1.1" 200 7352 "-" "Mozilla/5.0 (Linux; Android 6.0.1; Nexus 5X Build/MMB29P) AppleWebKit/537.36 (KHTML, like Gecko) Chrome/126.0.6478.126 Mobile Safari/537.36 (compatible; Googlebot/2.1; +http://www.google.com/bot.html)"
66.249.70.6 - - [28/Jul/2024:00:07:53 +0200] "GET /?i=mit-thinks-you-are-making-r63-r-roblox-mm-onjWobuL HTTP/1.1" 200 10849 "-" "Mozilla/5.0 (Linux; Android 6.0.1; Nexus 5X Build/MMB29P) AppleWebKit/537.36 (KHTML, like Gecko) Chrome/126.0.6478.126 Mobile Safari/537.36 (compatible; Googlebot/2.1; +http://www.google.com/bot.html)"
66.249.70.1 - - [28/Jul/2024:00:07:53 +0200] "GET /tr/?i=octavia-butler-s-wild-seed-to-be-adapted-for-mm-pEeO7Bhj HTTP/1.1" 200 11025 "-" "Mozilla/5.0 (Linux; Android 6.0.1; Nexus 5X Build/MMB29P) AppleWebKit/537.36 (KHTML, like Gecko) Chrome/126.0.6478.126 Mobile Safari/537.36 (compatible; Googlebot/2.1; +http://www.google.com/bot.html)"
66.249.70.3 - - [28/Jul/2024:00:07:53 +0200] "GET /?i=version-measure-how-to-use-a-ruler-in-centimeters-mm-Bw3Mr1cV HTTP/1.1" 200 7200 "-" "Mozilla/5.0 (Linux; Android 6.0.1; Nexus 5X Build/MMB29P) AppleWebKit/537.36 (KHTML, like Gecko) Chrome/126.0.6478.126 Mobile Safari/537.36 (compatible; Googlebot/2.1; +http://www.google.com/bot.html)"
66.249.70.1 - - [28/Jul/2024:00:07:53 +0200] "GET /?i=o-que-%C3%A9-e-como-pode-gerar-um-ficheiro-mm-03Ww1eix HTTP/1.1" 200 11148 "-" "Mozilla/5.0 (Linux; Android 6.0.1; Nexus 5X Build/MMB29P) AppleWebKit/537.36 (KHTML, like Gecko) Chrome/126.0.6478.126 Mobile Safari/537.36 (compatible; Googlebot/2.1; +http://www.google.com/bot.html)"
66.249.70.4 - - [28/Jul/2024:00:07:53 +0200] "GET /?i=personalised-gold-foil-thank-you-wine-label-gold-foil-mm-L5YpK0Fd HTTP/1.1" 200 7642 "-" "Mozilla/5.0 (Linux; Android 6.0.1; Nexus 5X Build/MMB29P) AppleWebKit/537.36 (KHTML, like Gecko) Chrome/126.0.6478.126 Mobile Safari/537.36 (compatible; Googlebot/2.1; +http://www.google.com/bot.html)"
66.249.70.1 - - [28/Jul/2024:00:07:53 +0200] "GET /ru/?i=hcf-of-22-44-and-66-by-prime-factorization-mm-05zjREIx HTTP/1.1" 200 10556 "-" "Mozilla/5.0 (Linux; Android 6.0.1; Nexus 5X Build/MMB29P) AppleWebKit/537.36 (KHTML, like Gecko) Chrome/126.0.6478.126 Mobile Safari/537.36 (compatible; Googlebot/2.1; +http://www.google.com/bot.html)"
84.161.204.19 - - [28/Jul/2024:00:07:53 +0200] "GET /?i=lumisource-electra-vintage-double-mushroom-plasma-lamp-in-mint-mm-okqQxbcL HTTP/1.1" 200 1097 "https://www.google.com/" "Mozilla/5.0 (Linux; Android 10; K) AppleWebKit/537.36 (KHTML, like Gecko) Chrome/126.0.0.0 Mobile Safari/537.36"
66.249.70.5 - - [28/Jul/2024:00:07:53 +0200] "GET /?i=%D0%A4%D1%80%D0%B0%D0%BD%D1%86%D1%83%D0%B7%D1%81%D0%BA%D0%B0%D1%8F-%D0%BA%D0%BE%D1%81%D0%BC%D0%B5%D1%82%D0%B8%D0%BA%D0%B0-%D0%9F%D0%B0%D1%80%D1%84%D1%8E%D0%BC-@fragonard_kazakhstan-%E2%80%A2-instagram-photos-and-videos-mm-xG4p66tq HTTP/1.1" 200 7068 "-" "Mozilla/5.0 (Linux; Android 6.0.1; Nexus 5X Build/MMB29P) AppleWebKit/537.36 (KHTML, like Gecko) Chrome/126.0.6478.126 Mobile Safari/537.36 (compatible; Googlebot/2.1; +http://www.google.com/bot.html)"
66.249.70.7 - - [28/Jul/2024:00:07:53 +0200] "GET /de/?i=48-laws-of-power-law-6-court-attention-at-mm-xGgjP6tq HTTP/1.1" 200 7286 "-" "Mozilla/5.0 (Linux; Android 6.0.1; Nexus 5X Build/MMB29P) AppleWebKit/537.36 (KHTML, like Gecko) Chrome/126.0.6478.126 Mobile Safari/537.36 (compatible; Googlebot/2.1; +http://www.google.com/bot.html)"
66.249.70.8 - - [28/Jul/2024:00:07:53 +0200] "GET /?i=strategic-retail-partners-srp-retail-solutions-mm-wMx9Ggck HTTP/1.1" 200 6541 "-" "Mozilla/5.0 (Linux; Android 6.0.1; Nexus 5X Build/MMB29P) AppleWebKit/537.36 (KHTML, like Gecko) Chrome/126.0.6478.126 Mobile Safari/537.36 (compatible; Googlebot/2.1; +http://www.google.com/bot.html)"
66.249.70.4 - - [28/Jul/2024:00:07:54 +0200] "GET /?i=kundru-recipe-tundli-ki-sabzi-spicy-tendli-fry-recipe-mm-pon5eEhj HTTP/1.1" 200 7537 "-" "Mozilla/5.0 (Linux; Android 6.0.1; Nexus 5X Build/MMB29P) AppleWebKit/537.36 (KHTML, like Gecko) Chrome/126.0.6478.126 Mobile Safari/537.36 (compatible; Googlebot/2.1; +http://www.google.com/bot.html)"
66.249.70.3 - - [28/Jul/2024:00:07:54 +0200] "GET /?i=enthusiasts-guide-to-brisbane-transport-mm-56PPV3Fm HTTP/1.1" 200 6733 "-" "Mozilla/5.0 (Linux; Android 6.0.1; Nexus 5X Build/MMB29P) AppleWebKit/537.36 (KHTML, like Gecko) Chrome/126.0.6478.126 Mobile Safari/537.36 (compatible; Googlebot/2.1; +http://www.google.com/bot.html)"
66.249.70.4 - - [28/Jul/2024:00:07:54 +0200] "GET /?i=norlys-srl-mm-0mNWewtx HTTP/1.1" 200 6818 "-" "Mozilla/5.0 (Linux; Android 6.0.1; Nexus 5X Build/MMB29P) AppleWebKit/537.36 (KHTML, like Gecko) Chrome/126.0.6478.126 Mobile Safari/537.36 (compatible; Googlebot/2.1; +http://www.google.com/bot.html)"
66.249.70.3 - - [28/Jul/2024:00:07:54 +0200] "GET /?i=centurion-gate-motors-fault-finding-mm-BAjg01IV HTTP/1.1" 200 6729 "-" "Mozilla/5.0 (Linux; Android 6.0.1; Nexus 5X Build/MMB29P) AppleWebKit/537.36 (KHTML, like Gecko) Chrome/126.0.6478.126 Mobile Safari/537.36 (compatible; Googlebot/2.1; +http://www.google.com/bot.html)"
66.249.70.3 - - [28/Jul/2024:00:07:54 +0200] "GET /?i=pdf-of-japanese-lg-all-stars-unique-rosters-%E2%80%93-mm-1792jzT7 HTTP/1.1" 200 7592 "-" "Mozilla/5.0 (Linux; Android 6.0.1; Nexus 5X Build/MMB29P) AppleWebKit/537.36 (KHTML, like Gecko) Chrome/126.0.6478.126 Mobile Safari/537.36 (compatible; Googlebot/2.1; +http://www.google.com/bot.html)"
66.249.70.109 - - [28/Jul/2024:00:07:54 +0200] "GET /?m=some-features-of-ceylon-tamil-pdf-pdf-tamil-language-zz-qDVj9Gi7 HTTP/1.1" 200 6801 "-" "Mozilla/5.0 (Linux; Android 6.0.1; Nexus 5X Build/MMB29P) AppleWebKit/537.36 (KHTML, like Gecko) Chrome/126.0.6478.126 Mobile Safari/537.36 (compatible; GoogleOther)"
66.249.70.5 - - [28/Jul/2024:00:07:54 +0200] "GET /?i=honor-magicbook-x-15-intel-core-i3-10110u-inch-mm-NMpMo0Fd HTTP/1.1" 200 7686 "-" "Mozilla/5.0 (Linux; Android 6.0.1; Nexus 5X Build/MMB29P) AppleWebKit/537.36 (KHTML, like Gecko) Chrome/126.0.6478.126 Mobile Safari/537.36 (compatible; Googlebot/2.1; +http://www.google.com/bot.html)"
66.249.70.6 - - [28/Jul/2024:00:07:54 +0200] "GET /?i=alizayd-al-qahtani-daevapedia-wiki-fandom-mm-bvwLMpiX HTTP/1.1" 200 6867 "-" "Mozilla/5.0 (Linux; Android 6.0.1; Nexus 5X Build/MMB29P) AppleWebKit/537.36 (KHTML, like Gecko) Chrome/126.0.6478.126 Mobile Safari/537.36 (compatible; Googlebot/2.1; +http://www.google.com/bot.html)"
66.249.70.1 - - [28/Jul/2024:00:07:54 +0200] "GET /?i=chlorobutyl-septa-vials-epa-voa-vials-mm-LJXX4oId HTTP/1.1" 200 7015 "-" "Mozilla/5.0 (Linux; Android 6.0.1; Nexus 5X Build/MMB29P) AppleWebKit/537.36 (KHTML, like Gecko) Chrome/126.0.6478.126 Mobile Safari/537.36 (compatible; Googlebot/2.1; +http://www.google.com/bot.html)"
66.249.70.7 - - [28/Jul/2024:00:07:54 +0200] "GET /it/?i=honda-pcx-150-ampliador-de-base-para-apoio-lateral-mm-dJ5Bq0ie HTTP/1.1" 200 7500 "-" "Mozilla/5.0 (Linux; Android 6.0.1; Nexus 5X Build/MMB29P) AppleWebKit/537.36 (KHTML, like Gecko) Chrome/126.0.6478.126 Mobile Safari/537.36 (compatible; Googlebot/2.1; +http://www.google.com/bot.html)"
66.249.70.4 - - [28/Jul/2024:00:07:54 +0200] "GET /?i=my-crx-has-been-under-the-knife-for-a-mm-AkkEOKcO HTTP/1.1" 200 7793 "-" "Mozilla/5.0 (Linux; Android 6.0.1; Nexus 5X Build/MMB29P) AppleWebKit/537.36 (KHTML, like Gecko) Chrome/126.0.6478.126 Mobile Safari/537.36 (compatible; Googlebot/2.1; +http://www.google.com/bot.html)"
157.55.39.62 - - [28/Jul/2024:00:07:55 +0200] "GET /?i=snakes-in-georgia-how-to-tell-if-venomous-mm-Kj4VRcN HTTP/1.1" 200 10611 "-" "Mozilla/5.0 AppleWebKit/537.36 (KHTML, like Gecko; compatible; bingbot/2.0; +http://www.bing.com/bingbot.htm) Chrome/116.0.1938.76 Safari/537.36"
66.249.70.1 - - [28/Jul/2024:00:07:55 +0200] "GET /?i=pgr-october-2022-revenue-r-punishinggrayraven-mm-4bzp2OC6 HTTP/1.1" 200 7490 "-" "Mozilla/5.0 (Linux; Android 6.0.1; Nexus 5X Build/MMB29P) AppleWebKit/537.36 (KHTML, like Gecko) Chrome/126.0.6478.126 Mobile Safari/537.36 (compatible; Googlebot/2.1; +http://www.google.com/bot.html)"
66.249.70.2 - - [28/Jul/2024:00:07:55 +0200] "GET /?i=source-12mm-thick-waterproof-shuttering-plywood-price-list-on-mm-gPde0vU7 HTTP/1.1" 200 7881 "-" "Mozilla/5.0 (Linux; Android 6.0.1; Nexus 5X Build/MMB29P) AppleWebKit/537.36 (KHTML, like Gecko) Chrome/126.0.6478.126 Mobile Safari/537.36 (compatible; Googlebot/2.1; +http://www.google.com/bot.html)"
66.249.70.8 - - [28/Jul/2024:00:07:55 +0200] "GET /?i=fc-barcelona-news-13-march-2014;-bar%C3%A7a-advance-to-mm-gYGY9Af7 HTTP/1.1" 200 8018 "-" "Mozilla/5.0 (Linux; Android 6.0.1; Nexus 5X Build/MMB29P) AppleWebKit/537.36 (KHTML, like Gecko) Chrome/126.0.6478.126 Mobile Safari/537.36 (compatible; Googlebot/2.1; +http://www.google.com/bot.html)"
66.249.70.6 - - [28/Jul/2024:00:07:55 +0200] "GET /ru/?i=measles-outbreak-worst-in-25-years-with-nearly-1-mm-aeWPVjFN HTTP/1.1" 200 7557 "-" "Mozilla/5.0 (Linux; Android 6.0.1; Nexus 5X Build/MMB29P) AppleWebKit/537.36 (KHTML, like Gecko) Chrome/126.0.6478.126 Mobile Safari/537.36 (compatible; Googlebot/2.1; +http://www.google.com/bot.html)"
66.249.70.7 - - [28/Jul/2024:00:07:55 +0200] "GET /?i=outreach-material-wildlife-day-save-environment-posters-save-wildlife-mm-kKbnANCo HTTP/1.1" 200 7102 "-" "Mozilla/5.0 (Linux; Android 6.0.1; Nexus 5X Build/MMB29P) AppleWebKit/537.36 (KHTML, like Gecko) Chrome/126.0.6478.126 Mobile Safari/537.36 (compatible; Googlebot/2.1; +http://www.google.com/bot.html)"
157.55.39.62 - - [28/Jul/2024:00:07:55 +0200] "GET /?i=22re-egr-air-injection-delete-what-to-remove-out-mm-Lzg1KPhd HTTP/1.1" 200 7277 "-" "Mozilla/5.0 AppleWebKit/537.36 (KHTML, like Gecko; compatible; bingbot/2.0; +http://www.bing.com/bingbot.htm) Chrome/116.0.1938.76 Safari/537.36"
66.249.70.109 - - [28/Jul/2024:00:07:55 +0200] "GET /?m=pdf-the-diyanet-qur-%C4%81n-commentary-kur-an-yolu-zz-J9XoAzCg HTTP/1.1" 200 7982 "-" "Mozilla/5.0 (Linux; Android 6.0.1; Nexus 5X Build/MMB29P) AppleWebKit/537.36 (KHTML, like Gecko) Chrome/126.0.6478.126 Mobile Safari/537.36 (compatible; GoogleOther)"
66.249.70.2 - - [28/Jul/2024:00:07:55 +0200] "GET /?i=rangoli-hand-painted-kurta-germa-bazar-mm-kOPRvzFo HTTP/1.1" 200 10931 "-" "Mozilla/5.0 (Linux; Android 6.0.1; Nexus 5X Build/MMB29P) AppleWebKit/537.36 (KHTML, like Gecko) Chrome/126.0.6478.126 Mobile Safari/537.36 (compatible; Googlebot/2.1; +http://www.google.com/bot.html)"
66.249.70.6 - - [28/Jul/2024:00:07:55 +0200] "GET /100/?i=buy-natural-stone-sink-limestone-vessel-sinks-river-stone-mm-1xmrPS7 HTTP/1.1" 200 7186 "-" "Mozilla/5.0 (Linux; Android 6.0.1; Nexus 5X Build/MMB29P) AppleWebKit/537.36 (KHTML, like Gecko) Chrome/126.0.6478.126 Mobile Safari/537.36 (compatible; Googlebot/2.1; +http://www.google.com/bot.html)"
66.249.70.8 - - [28/Jul/2024:00:07:55 +0200] "GET /?i=smart-iptv-box-jb%EF%BD%9Ctiktok-search-mm-JNrgeRC1 HTTP/1.1" 200 7304 "-" "Mozilla/5.0 (Linux; Android 6.0.1; Nexus 5X Build/MMB29P) AppleWebKit/537.36 (KHTML, like Gecko) Chrome/126.0.6478.126 Mobile Safari/537.36 (compatible; Googlebot/2.1; +http://www.google.com/bot.html)"
136.243.228.194 - - [28/Jul/2024:00:07:55 +0200] "GET /?i=walmart-family-mobile-samsung-galaxy-a14-5g-64gb-black-mm-gP9nkqU7 HTTP/1.1" 200 1816 "-" "Mozilla/5.0 (compatible; DataForSeoBot/1.0; +https://dataforseo.com/dataforseo-bot)"
66.249.70.2 - - [28/Jul/2024:00:07:56 +0200] "GET /?i=bluenotes-southgate-mall-unit-460-edmonton-ab-clothing-retail-mm-DdxrLPIk HTTP/1.1" 200 7081 "-" "Mozilla/5.0 (Linux; Android 6.0.1; Nexus 5X Build/MMB29P) AppleWebKit/537.36 (KHTML, like Gecko) Chrome/126.0.6478.126 Mobile Safari/537.36 (compatible; Googlebot/2.1; +http://www.google.com/bot.html)"
66.249.70.3 - - [28/Jul/2024:00:07:56 +0200] "GET /?i=just-bought-my-first-pro-grade-crt-jvc-tips-mm-Kjx2a3SN HTTP/1.1" 200 7113 "-" "Mozilla/5.0 (Linux; Android 6.0.1; Nexus 5X Build/MMB29P) AppleWebKit/537.36 (KHTML, like Gecko) Chrome/126.0.6478.126 Mobile Safari/537.36 (compatible; Googlebot/2.1; +http://www.google.com/bot.html)"
66.249.70.1 - - [28/Jul/2024:00:07:56 +0200] "GET /?i=whatsapp-qr-code-a-complete-guide-for-2021-beaconstac-mm-k2WMWOho HTTP/1.1" 200 6652 "-" "Mozilla/5.0 (Linux; Android 6.0.1; Nexus 5X Build/MMB29P) AppleWebKit/537.36 (KHTML, like Gecko) Chrome/126.0.6478.126 Mobile Safari/537.36 (compatible; Googlebot/2.1; +http://www.google.com/bot.html)"
66.249.70.8 - - [28/Jul/2024:00:07:56 +0200] "GET /?i=transferencias-internacionales-con-bci-proceso-y-costos-wise-mm-PazK3MiB HTTP/1.1" 200 7195 "-" "Mozilla/5.0 (Linux; Android 6.0.1; Nexus 5X Build/MMB29P) AppleWebKit/537.36 (KHTML, like Gecko) Chrome/126.0.6478.126 Mobile Safari/537.36 (compatible; Googlebot/2.1; +http://www.google.com/bot.html)"
66.249.70.2 - - [28/Jul/2024:00:07:56 +0200] "GET /?i=we-can-learn-much-from-the-life-of-joseph-mm-2MwVzrHj HTTP/1.1" 200 7100 "-" "Mozilla/5.0 (Linux; Android 6.0.1; Nexus 5X Build/MMB29P) AppleWebKit/537.36 (KHTML, like Gecko) Chrome/126.0.6478.126 Mobile Safari/537.36 (compatible; Googlebot/2.1; +http://www.google.com/bot.html)"
66.249.70.8 - - [28/Jul/2024:00:07:56 +0200] "GET /?i=samsung-galaxy-s9-plus-vs-s8-plus-speedtest-and-mm-LRV9xrFd HTTP/1.1" 200 7279 "-" "Mozilla/5.0 (Linux; Android 6.0.1; Nexus 5X Build/MMB29P) AppleWebKit/537.36 (KHTML, like Gecko) Chrome/126.0.6478.126 Mobile Safari/537.36 (compatible; Googlebot/2.1; +http://www.google.com/bot.html)"
174.197.135.226 - - [28/Jul/2024:00:07:56 +0200] "GET /?i=flights-from-paris-to-new-york-cdg-to-jfk-mm-7B96vMC0 HTTP/1.1" 200 4354 "https://www.google.com/" "Mozilla/5.0 (iPhone; CPU iPhone OS 17_5_1 like Mac OS X) AppleWebKit/605.1.15 (KHTML, like Gecko) Version/17.5 Mobile/15E148 Safari/604.1"
66.249.70.7 - - [28/Jul/2024:00:07:56 +0200] "GET /?i=family-field-trip-philippine-air-force-aerospace-museum-%E2%80%93-mm-R3Jo5ps5 HTTP/1.1" 200 6827 "-" "Mozilla/5.0 (Linux; Android 6.0.1; Nexus 5X Build/MMB29P) AppleWebKit/537.36 (KHTML, like Gecko) Chrome/126.0.6478.126 Mobile Safari/537.36 (compatible; Googlebot/2.1; +http://www.google.com/bot.html)"
66.249.70.3 - - [28/Jul/2024:00:07:56 +0200] "GET /?i=china-2017-new-agriculture-equipment-and-implements-used-for-mm-QbrAwkcX HTTP/1.1" 200 7205 "-" "Mozilla/5.0 (Linux; Android 6.0.1; Nexus 5X Build/MMB29P) AppleWebKit/537.36 (KHTML, like Gecko) Chrome/126.0.6478.126 Mobile Safari/537.36 (compatible; Googlebot/2.1; +http://www.google.com/bot.html)"
66.249.70.5 - - [28/Jul/2024:00:07:56 +0200] "GET /?i=untuk-oppo-rx17-pro-penutup-baterai-penutup-belakang-perumahan-mm-xjBLBkiq HTTP/1.1" 200 8013 "-" "Mozilla/5.0 (Linux; Android 6.0.1; Nexus 5X Build/MMB29P) AppleWebKit/537.36 (KHTML, like Gecko) Chrome/126.0.6478.126 Mobile Safari/537.36 (compatible; Googlebot/2.1; +http://www.google.com/bot.html)"
66.249.70.7 - - [28/Jul/2024:00:07:56 +0200] "GET /?i=solved-use-the-following-to-answer-questions-22-28-mm-YKRkebUn HTTP/1.1" 200 10762 "-" "Mozilla/5.0 (Linux; Android 6.0.1; Nexus 5X Build/MMB29P) AppleWebKit/537.36 (KHTML, like Gecko) Chrome/126.0.6478.126 Mobile Safari/537.36 (compatible; Googlebot/2.1; +http://www.google.com/bot.html)"
66.249.70.7 - - [28/Jul/2024:00:07:56 +0200] "GET /?i=carb-issues-ttr250-mm-Ddp5z0Ik HTTP/1.1" 200 6699 "-" "Mozilla/5.0 (Linux; Android 6.0.1; Nexus 5X Build/MMB29P) AppleWebKit/537.36 (KHTML, like Gecko) Chrome/126.0.6478.126 Mobile Safari/537.36 (compatible; Googlebot/2.1; +http://www.google.com/bot.html)"
66.249.70.2 - - [28/Jul/2024:00:07:57 +0200] "GET /?i=dell-latitude-7400-review-pcmag-mm-r4pWYGS4 HTTP/1.1" 200 7356 "-" "Mozilla/5.0 (Linux; Android 6.0.1; Nexus 5X Build/MMB29P) AppleWebKit/537.36 (KHTML, like Gecko) Chrome/126.0.6478.126 Mobile Safari/537.36 (compatible; Googlebot/2.1; +http://www.google.com/bot.html)"
66.249.70.3 - - [28/Jul/2024:00:07:57 +0200] "GET /?i=july-algeria-independence-day-royalty-free-vector-image-mm-3d5rXRT6 HTTP/1.1" 200 7023 "-" "Mozilla/5.0 (Linux; Android 6.0.1; Nexus 5X Build/MMB29P) AppleWebKit/537.36 (KHTML, like Gecko) Chrome/126.0.6478.126 Mobile Safari/537.36 (compatible; Googlebot/2.1; +http://www.google.com/bot.html)"
18.201.76.160 - - [28/Jul/2024:00:07:56 +0200] "GET /ru/?i=23-24-ac-milan-training-jersey%EF%BC%88ac%E7%B1%B3%E5%85%B0%E4%B8%BB%E5%9C%BA%E7%90%83%E8%BF%B7%E7%89%88%EF%BC%89-mm-zW3vz4i5 HTTP/1.1" 200 5777 "-" "Mozilla/5.0 (X11; Linux x86_64) AppleWebKit/537.36 (KHTML, like Gecko) HeadlessChrome/119.0.6045.105 Safari/537.36"
66.249.70.2 - - [28/Jul/2024:00:07:57 +0200] "GET /?i=windows-vm-workstation-pro-vmware-mm-rqoer7U4 HTTP/1.1" 200 7093 "-" "Mozilla/5.0 (Linux; Android 6.0.1; Nexus 5X Build/MMB29P) AppleWebKit/537.36 (KHTML, like Gecko) Chrome/126.0.6478.126 Mobile Safari/537.36 (compatible; Googlebot/2.1; +http://www.google.com/bot.html)"
18.201.76.160 - - [28/Jul/2024:00:07:57 +0200] "GET /css/style.css?v=1 HTTP/1.1" 200 11362 "https://www.congress-intercultural.eu/ru/?i=23-24-ac-milan-training-jersey%EF%BC%88ac%E7%B1%B3%E5%85%B0%E4%B8%BB%E5%9C%BA%E7%90%83%E8%BF%B7%E7%89%88%EF%BC%89-mm-zW3vz4i5" "Mozilla/5.0 (X11; Linux x86_64) AppleWebKit/537.36 (KHTML, like Gecko) HeadlessChrome/119.0.6045.105 Safari/537.36"
18.201.76.160 - - [28/Jul/2024:00:07:57 +0200] "GET /js/fancybox/jquery.fancybox.css HTTP/1.1" 200 1509 "https://www.congress-intercultural.eu/ru/?i=23-24-ac-milan-training-jersey%EF%BC%88ac%E7%B1%B3%E5%85%B0%E4%B8%BB%E5%9C%BA%E7%90%83%E8%BF%B7%E7%89%88%EF%BC%89-mm-zW3vz4i5" "Mozilla/5.0 (X11; Linux x86_64) AppleWebKit/537.36 (KHTML, like Gecko) HeadlessChrome/119.0.6045.105 Safari/537.36"
18.201.76.160 - - [28/Jul/2024:00:07:57 +0200] "GET /css/jquery.selectBox.css HTTP/1.1" 200 1918 "https://www.congress-intercultural.eu/ru/?i=23-24-ac-milan-training-jersey%EF%BC%88ac%E7%B1%B3%E5%85%B0%E4%B8%BB%E5%9C%BA%E7%90%83%E8%BF%B7%E7%89%88%EF%BC%89-mm-zW3vz4i5" "Mozilla/5.0 (X11; Linux x86_64) AppleWebKit/537.36 (KHTML, like Gecko) HeadlessChrome/119.0.6045.105 Safari/537.36"
18.201.76.160 - - [28/Jul/2024:00:07:57 +0200] "GET /css/slicknav.css HTTP/1.1" 200 1909 "https://www.congress-intercultural.eu/ru/?i=23-24-ac-milan-training-jersey%EF%BC%88ac%E7%B1%B3%E5%85%B0%E4%B8%BB%E5%9C%BA%E7%90%83%E8%BF%B7%E7%89%88%EF%BC%89-mm-zW3vz4i5" "Mozilla/5.0 (X11; Linux x86_64) AppleWebKit/537.36 (KHTML, like Gecko) HeadlessChrome/119.0.6045.105 Safari/537.36"
18.201.76.160 - - [28/Jul/2024:00:07:57 +0200] "GET /css/font-awesome.min.css HTTP/1.1" 200 10956 "https://www.congress-intercultural.eu/ru/?i=23-24-ac-milan-training-jersey%EF%BC%88ac%E7%B1%B3%E5%85%B0%E4%B8%BB%E5%9C%BA%E7%90%83%E8%BF%B7%E7%89%88%EF%BC%89-mm-zW3vz4i5" "Mozilla/5.0 (X11; Linux x86_64) AppleWebKit/537.36 (KHTML, like Gecko) HeadlessChrome/119.0.6045.105 Safari/537.36"
18.201.76.160 - - [28/Jul/2024:00:07:57 +0200] "GET /js/libs/modernizr.js HTTP/1.1" 200 10201 "https://www.congress-intercultural.eu/ru/?i=23-24-ac-milan-training-jersey%EF%BC%88ac%E7%B1%B3%E5%85%B0%E4%B8%BB%E5%9C%BA%E7%90%83%E8%BF%B7%E7%89%88%EF%BC%89-mm-zW3vz4i5" "Mozilla/5.0 (X11; Linux x86_64) AppleWebKit/537.36 (KHTML, like Gecko) HeadlessChrome/119.0.6045.105 Safari/537.36"
18.201.76.160 - - [28/Jul/2024:00:07:57 +0200] "GET /js/libs/jquery.imagesloaded.min.js HTTP/1.1" 200 976 "https://www.congress-intercultural.eu/ru/?i=23-24-ac-milan-training-jersey%EF%BC%88ac%E7%B1%B3%E5%85%B0%E4%B8%BB%E5%9C%BA%E7%90%83%E8%BF%B7%E7%89%88%EF%BC%89-mm-zW3vz4i5" "Mozilla/5.0 (X11; Linux x86_64) AppleWebKit/537.36 (KHTML, like Gecko) HeadlessChrome/119.0.6045.105 Safari/537.36"
18.201.76.160 - - [28/Jul/2024:00:07:57 +0200] "GET /js/libs/jquery-1.7.1.min.js HTTP/1.1" 200 37534 "https://www.congress-intercultural.eu/ru/?i=23-24-ac-milan-training-jersey%EF%BC%88ac%E7%B1%B3%E5%85%B0%E4%B8%BB%E5%9C%BA%E7%90%83%E8%BF%B7%E7%89%88%EF%BC%89-mm-zW3vz4i5" "Mozilla/5.0 (X11; Linux x86_64) AppleWebKit/537.36 (KHTML, like Gecko) HeadlessChrome/119.0.6045.105 Safari/537.36"
18.201.76.160 - - [28/Jul/2024:00:07:57 +0200] "GET /js/libs/jquery.masonry.min.js HTTP/1.1" 200 2656 "https://www.congress-intercultural.eu/ru/?i=23-24-ac-milan-training-jersey%EF%BC%88ac%E7%B1%B3%E5%85%B0%E4%B8%BB%E5%9C%BA%E7%90%83%E8%BF%B7%E7%89%88%EF%BC%89-mm-zW3vz4i5" "Mozilla/5.0 (X11; Linux x86_64) AppleWebKit/537.36 (KHTML, like Gecko) HeadlessChrome/119.0.6045.105 Safari/537.36"
18.201.76.160 - - [28/Jul/2024:00:07:57 +0200] "GET /js/fancybox/jquery.mousewheel-3.0.6.pack.js HTTP/1.1" 200 1132 "https://www.congress-intercultural.eu/ru/?i=23-24-ac-milan-training-jersey%EF%BC%88ac%E7%B1%B3%E5%85%B0%E4%B8%BB%E5%9C%BA%E7%90%83%E8%BF%B7%E7%89%88%EF%BC%89-mm-zW3vz4i5" "Mozilla/5.0 (X11; Linux x86_64) AppleWebKit/537.36 (KHTML, like Gecko) HeadlessChrome/119.0.6045.105 Safari/537.36"
18.201.76.160 - - [28/Jul/2024:00:07:57 +0200] "GET /js/fancybox/jquery.fancybox.pack.js HTTP/1.1" 200 6327 "https://www.congress-intercultural.eu/ru/?i=23-24-ac-milan-training-jersey%EF%BC%88ac%E7%B1%B3%E5%85%B0%E4%B8%BB%E5%9C%BA%E7%90%83%E8%BF%B7%E7%89%88%EF%BC%89-mm-zW3vz4i5" "Mozilla/5.0 (X11; Linux x86_64) AppleWebKit/537.36 (KHTML, like Gecko) HeadlessChrome/119.0.6045.105 Safari/537.36"
18.201.76.160 - - [28/Jul/2024:00:07:57 +0200] "GET /js/jquery.slicknav.js HTTP/1.1" 200 5102 "https://www.congress-intercultural.eu/ru/?i=23-24-ac-milan-training-jersey%EF%BC%88ac%E7%B1%B3%E5%85%B0%E4%B8%BB%E5%9C%BA%E7%90%83%E8%BF%B7%E7%89%88%EF%BC%89-mm-zW3vz4i5" "Mozilla/5.0 (X11; Linux x86_64) AppleWebKit/537.36 (KHTML, like Gecko) HeadlessChrome/119.0.6045.105 Safari/537.36"
18.201.76.160 - - [28/Jul/2024:00:07:57 +0200] "GET /js/jquery.selectBox.min.js HTTP/1.1" 200 3755 "https://www.congress-intercultural.eu/ru/?i=23-24-ac-milan-training-jersey%EF%BC%88ac%E7%B1%B3%E5%85%B0%E4%B8%BB%E5%9C%BA%E7%90%83%E8%BF%B7%E7%89%88%EF%BC%89-mm-zW3vz4i5" "Mozilla/5.0 (X11; Linux x86_64) AppleWebKit/537.36 (KHTML, like Gecko) HeadlessChrome/119.0.6045.105 Safari/537.36"
18.201.76.160 - - [28/Jul/2024:00:07:57 +0200] "GET /js/script.js HTTP/1.1" 200 1108 "https://www.congress-intercultural.eu/ru/?i=23-24-ac-milan-training-jersey%EF%BC%88ac%E7%B1%B3%E5%85%B0%E4%B8%BB%E5%9C%BA%E7%90%83%E8%BF%B7%E7%89%88%EF%BC%89-mm-zW3vz4i5" "Mozilla/5.0 (X11; Linux x86_64) AppleWebKit/537.36 (KHTML, like Gecko) HeadlessChrome/119.0.6045.105 Safari/537.36"
18.201.76.160 - - [28/Jul/2024:00:07:57 +0200] "GET /fonts/roboto-regular-webfont.woff2 HTTP/1.1" 200 69206 "https://www.congress-intercultural.eu/css/style.css?v=1" "Mozilla/5.0 (X11; Linux x86_64) AppleWebKit/537.36 (KHTML, like Gecko) HeadlessChrome/119.0.6045.105 Safari/537.36"
66.249.70.5 - - [28/Jul/2024:00:07:57 +0200] "GET /?i=canandaigua-new-york-canandaigua-lake-a-crowded-beach-along-mm-enVk0Etg HTTP/1.1" 200 7183 "-" "Mozilla/5.0 (Linux; Android 6.0.1; Nexus 5X Build/MMB29P) AppleWebKit/537.36 (KHTML, like Gecko) Chrome/126.0.6478.126 Mobile Safari/537.36 (compatible; Googlebot/2.1; +http://www.google.com/bot.html)"
18.201.76.160 - - [28/Jul/2024:00:07:57 +0200] "GET /fonts/opensans-condbold-webfont.woff HTTP/1.1" 200 23438 "https://www.congress-intercultural.eu/css/style.css?v=1" "Mozilla/5.0 (X11; Linux x86_64) AppleWebKit/537.36 (KHTML, like Gecko) HeadlessChrome/119.0.6045.105 Safari/537.36"
18.201.76.160 - - [28/Jul/2024:00:07:57 +0200] "GET /fonts/fontawesome-webfont.woff2?v=4.6.3 HTTP/1.1" 200 72366 "https://www.congress-intercultural.eu/css/font-awesome.min.css" "Mozilla/5.0 (X11; Linux x86_64) AppleWebKit/537.36 (KHTML, like Gecko) HeadlessChrome/119.0.6045.105 Safari/537.36"
18.201.76.160 - - [28/Jul/2024:00:07:57 +0200] "GET /images/people.jpg HTTP/1.1" 200 448647 "https://www.congress-intercultural.eu/css/style.css?v=1" "Mozilla/5.0 (X11; Linux x86_64) AppleWebKit/537.36 (KHTML, like Gecko) HeadlessChrome/119.0.6045.105 Safari/537.36"
66.249.70.8 - - [28/Jul/2024:00:07:57 +0200] "GET /it/?i=dnyanprakash-%E0%A4%AA%E0%A4%BE%E0%A4%A0-%E0%A4%9F%E0%A4%BE%E0%A4%9A%E0%A4%A3-mm-g6mz1Ou7 HTTP/1.1" 200 6799 "-" "Mozilla/5.0 (Linux; Android 6.0.1; Nexus 5X Build/MMB29P) AppleWebKit/537.36 (KHTML, like Gecko) Chrome/126.0.6478.126 Mobile Safari/537.36 (compatible; Googlebot/2.1; +http://www.google.com/bot.html)"
66.249.70.1 - - [28/Jul/2024:00:07:57 +0200] "GET /?i=sharp-mx-3050-mm-51orA9Um HTTP/1.1" 200 6859 "-" "Mozilla/5.0 (Linux; Android 6.0.1; Nexus 5X Build/MMB29P) AppleWebKit/537.36 (KHTML, like Gecko) Chrome/126.0.6478.126 Mobile Safari/537.36 (compatible; Googlebot/2.1; +http://www.google.com/bot.html)"
18.201.76.160 - - [28/Jul/2024:00:07:57 +0200] "GET /fonts/opensans-condlight-webfont.woff HTTP/1.1" 200 1881 "https://www.congress-intercultural.eu/css/style.css?v=1" "Mozilla/5.0 (X11; Linux x86_64) AppleWebKit/537.36 (KHTML, like Gecko) HeadlessChrome/119.0.6045.105 Safari/537.36"
187.150.193.168 - - [28/Jul/2024:00:07:57 +0200] "GET /?i=cristiano-ronaldo-coloring-pages-printable-for-free-download-mm-mOx59iX HTTP/1.1" 200 4353 "https://www.google.com.mx/" "Mozilla/5.0 (Macintosh; Intel Mac OS X 10_15_6) AppleWebKit/605.1.15 (KHTML, like Gecko) Version/15.3 Safari/605.1.15"
18.201.76.160 - - [28/Jul/2024:00:07:57 +0200] "GET /fonts/OpenSans-CondLight-webfont.ttf HTTP/1.1" 200 36843 "https://www.congress-intercultural.eu/css/style.css?v=1" "Mozilla/5.0 (X11; Linux x86_64) AppleWebKit/537.36 (KHTML, like Gecko) HeadlessChrome/119.0.6045.105 Safari/537.36"
72.177.14.154 - - [28/Jul/2024:00:07:57 +0200] "GET /?i=pennybacker-bridge-all-you-need-to-know-before-you-mm-gPY4obU7 HTTP/1.1" 200 4354 "https://www.google.com/" "Mozilla/5.0 (iPhone; CPU iPhone OS 17_5 like Mac OS X) AppleWebKit/605.1.15 (KHTML, like Gecko) GSA/326.0.653331328 Mobile/15E148 Safari/604.1"
66.249.70.6 - - [28/Jul/2024:00:07:57 +0200] "GET /?i=13-metamorphism-of-mafic-and-ultramafic-rocks-%E2%80%93-open-mm-MMwbx7uo HTTP/1.1" 200 7000 "-" "Mozilla/5.0 (Linux; Android 6.0.1; Nexus 5X Build/MMB29P) AppleWebKit/537.36 (KHTML, like Gecko) Chrome/126.0.6478.126 Mobile Safari/537.36 (compatible; Googlebot/2.1; +http://www.google.com/bot.html)"
66.249.70.5 - - [28/Jul/2024:00:07:58 +0200] "GET /?i=ac-and-dc-power-iet-international-11th-mm-Gq3PBpfd HTTP/1.1" 200 6588 "-" "Mozilla/5.0 (Linux; Android 6.0.1; Nexus 5X Build/MMB29P) AppleWebKit/537.36 (KHTML, like Gecko) Chrome/126.0.6478.126 Mobile Safari/537.36 (compatible; Googlebot/2.1; +http://www.google.com/bot.html)"
