66.249.70.1 - - [28/Jul/2024:00:06:55 +0200] "GET /?i=orlando-medspa-@180medspa-%E2%80%A2-instagram-photos-and-videos-mm-d1n0KVhe HTTP/1.1" 200 6894 "-" "Mozilla/5.0 (Linux; Android 6.0.1; Nexus 5X Build/MMB29P) AppleWebKit/537.36 (KHTML, like Gecko) Chrome/126.0.6478.126 Mobile Safari/537.36 (compatible; Googlebot/2.1; +http://www.google.com/bot.html)"
66.249.70.2 - - [28/Jul/2024:00:06:55 +0200] "GET /?i=termites-%E2%80%93-something-over-tea-mm-YL3Prjin HTTP/1.1" 200 10956 "-" "Mozilla/5.0 (Linux; Android 6.0.1; Nexus 5X Build/MMB29P) AppleWebKit/537.36 (KHTML, like Gecko) Chrome/126.0.6478.126 Mobile Safari/537.36 (compatible; Googlebot/2.1; +http://www.google.com/bot.html)"
66.249.70.7 - - [28/Jul/2024:00:06:55 +0200] "GET /?i=hole-in-a-gas-tank-repair-mm-rAMrqoU4 HTTP/1.1" 200 7456 "-" "Mozilla/5.0 (Linux; Android 6.0.1; Nexus 5X Build/MMB29P) AppleWebKit/537.36 (KHTML, like Gecko) Chrome/126.0.6478.126 Mobile Safari/537.36 (compatible; Googlebot/2.1; +http://www.google.com/bot.html)"
189.217.51.23 - - [28/Jul/2024:00:06:55 +0200] "GET /?i=candelabros-y-l%C3%A1mparas-colgantes-dise%C3%B1os-para-iluminaci%C3%B3n-del-hogar-mm-9719P7S7 HTTP/1.1" 200 4355 "https://www.google.com/" "Mozilla/5.0 (iPhone; CPU iPhone OS 17_5 like Mac OS X) AppleWebKit/605.1.15 (KHTML, like Gecko) GSA/326.0.653331328 Mobile/15E148 Safari/604.1"
66.249.70.5 - - [28/Jul/2024:00:06:56 +0200] "GET /de/?i=ced-peanut-butter-m-059A0wfx HTTP/1.1" 200 5124 "-" "Mozilla/5.0 (Linux; Android 6.0.1; Nexus 5X Build/MMB29P) AppleWebKit/537.36 (KHTML, like Gecko) Chrome/126.0.6478.126 Mobile Safari/537.36 (compatible; Googlebot/2.1; +http://www.google.com/bot.html)"
66.249.70.8 - - [28/Jul/2024:00:06:56 +0200] "GET /100/?i=daftar-harga-nov-2016-pdf-mm-DorAJ0Tk HTTP/1.1" 200 10237 "-" "Mozilla/5.0 (Linux; Android 6.0.1; Nexus 5X Build/MMB29P) AppleWebKit/537.36 (KHTML, like Gecko) Chrome/126.0.6478.126 Mobile Safari/537.36 (compatible; GoogleOther)"
66.249.70.7 - - [28/Jul/2024:00:06:56 +0200] "GET /?i=other-unclassified-carte-pr%C3%A9pay%C3%A9e-iradium-pakistan-india-sri-lanka-mm-1kK33Ds7 HTTP/1.1" 200 10794 "-" "Mozilla/5.0 (Linux; Android 6.0.1; Nexus 5X Build/MMB29P) AppleWebKit/537.36 (KHTML, like Gecko) Chrome/126.0.6478.126 Mobile Safari/537.36 (compatible; Googlebot/2.1; +http://www.google.com/bot.html)"
66.249.70.6 - - [28/Jul/2024:00:06:56 +0200] "GET /ru/?i=the-best-types-of-water-filters-for-rvs-campendium-mm-bOPPWDuX HTTP/1.1" 200 7213 "-" "Mozilla/5.0 (Linux; Android 6.0.1; Nexus 5X Build/MMB29P) AppleWebKit/537.36 (KHTML, like Gecko) Chrome/126.0.6478.126 Mobile Safari/537.36 (compatible; Googlebot/2.1; +http://www.google.com/bot.html)"
66.249.70.8 - - [28/Jul/2024:00:06:56 +0200] "GET /?i=how-to-lose-kg-of-weight-every-day-quora-mm-Jd6oW0u1 HTTP/1.1" 200 6839 "-" "Mozilla/5.0 (Linux; Android 6.0.1; Nexus 5X Build/MMB29P) AppleWebKit/537.36 (KHTML, like Gecko) Chrome/126.0.6478.126 Mobile Safari/537.36 (compatible; Googlebot/2.1; +http://www.google.com/bot.html)"
66.249.70.2 - - [28/Jul/2024:00:06:56 +0200] "GET /?i=vulkan-ray-tracing-on-display-in-quake-ii-download-mm-En32kNu3 HTTP/1.1" 200 6978 "-" "Mozilla/5.0 (Linux; Android 6.0.1; Nexus 5X Build/MMB29P) AppleWebKit/537.36 (KHTML, like Gecko) Chrome/126.0.6478.126 Mobile Safari/537.36 (compatible; Googlebot/2.1; +http://www.google.com/bot.html)"
66.249.70.1 - - [28/Jul/2024:00:06:56 +0200] "GET /it/?i=andrei-palitsa-on-x-%D0%92-%D0%90%D0%BD%D0%B3%D0%BB%D0%B8%D0%B8-%D1%81%D0%BF%D1%83%D1%81%D1%82%D1%8F-%D0%BD%D0%B5%D1%81%D0%BA%D0%BE%D0%BB%D1%8C%D0%BA%D0%BE-%D0%B4%D0%BD%D0%B5%D0%B9-mm-kpQ9Ejio HTTP/1.1" 200 7906 "-" "Mozilla/5.0 (Linux; Android 6.0.1; Nexus 5X Build/MMB29P) AppleWebKit/537.36 (KHTML, like Gecko) Chrome/126.0.6478.126 Mobile Safari/537.36 (compatible; Googlebot/2.1; +http://www.google.com/bot.html)"
66.249.70.6 - - [28/Jul/2024:00:06:56 +0200] "GET /?i=new-1980-deere-2440-green-tractor-talk-mm-DqNkPfk HTTP/1.1" 200 6707 "-" "Mozilla/5.0 (Linux; Android 6.0.1; Nexus 5X Build/MMB29P) AppleWebKit/537.36 (KHTML, like Gecko) Chrome/126.0.6478.126 Mobile Safari/537.36 (compatible; Googlebot/2.1; +http://www.google.com/bot.html)"
204.111.98.49 - - [28/Jul/2024:00:06:56 +0200] "GET /it/?i=the-meaning-of-life-according-to-different-philosophers-r-mm-k1XoRNco HTTP/1.1" 200 4355 "https://www.google.com/" "Mozilla/5.0 (X11; CrOS x86_64 14541.0.0) AppleWebKit/537.36 (KHTML, like Gecko) Chrome/126.0.0.0 Safari/537.36"
66.249.70.8 - - [28/Jul/2024:00:06:56 +0200] "GET /?i=map-israel-in-jesus-time-nwt-mm-Jdz14OT1 HTTP/1.1" 200 6782 "-" "Mozilla/5.0 (Linux; Android 6.0.1; Nexus 5X Build/MMB29P) AppleWebKit/537.36 (KHTML, like Gecko) Chrome/126.0.6478.126 Mobile Safari/537.36 (compatible; Googlebot/2.1; +http://www.google.com/bot.html)"
66.249.70.1 - - [28/Jul/2024:00:06:56 +0200] "GET /?i=mpsos-result-2023-here-s-how-to-check-mp-mm-5QBYP9um HTTP/1.1" 200 10778 "-" "Mozilla/5.0 (Linux; Android 6.0.1; Nexus 5X Build/MMB29P) AppleWebKit/537.36 (KHTML, like Gecko) Chrome/126.0.6478.126 Mobile Safari/537.36 (compatible; Googlebot/2.1; +http://www.google.com/bot.html)"
66.249.70.6 - - [28/Jul/2024:00:06:56 +0200] "GET /it/?i=taking-a-sample-history-and-opqrst-pain-assessment-emt-mm-05W94Eix HTTP/1.1" 200 7024 "-" "Mozilla/5.0 (Linux; Android 6.0.1; Nexus 5X Build/MMB29P) AppleWebKit/537.36 (KHTML, like Gecko) Chrome/126.0.6478.126 Mobile Safari/537.36 (compatible; Googlebot/2.1; +http://www.google.com/bot.html)"
66.249.70.2 - - [28/Jul/2024:00:06:56 +0200] "GET /?i=the-best-keto-soup-recipes-low-carb-africa-mm-J476waT1 HTTP/1.1" 200 6686 "-" "Mozilla/5.0 (Linux; Android 6.0.1; Nexus 5X Build/MMB29P) AppleWebKit/537.36 (KHTML, like Gecko) Chrome/126.0.6478.126 Mobile Safari/537.36 (compatible; Googlebot/2.1; +http://www.google.com/bot.html)"
41.116.209.114 - - [28/Jul/2024:00:06:56 +0200] "GET /?i=life-hack-10-five-common-conlog-prepaid-meter-error-mm-2wLBbrij HTTP/1.1" 200 4355 "https://www.google.com/" "Mozilla/5.0 (Linux; Android 10; K) AppleWebKit/537.36 (KHTML, like Gecko) Chrome/127.0.0.0 Mobile Safari/537.36"
36.85.57.27 - - [28/Jul/2024:00:06:56 +0200] "GET /?i=indah-jaya-pabrik-paving-@indahjayapaving-%E2%80%A2-instagram-photos-and-mm-jGaz5eI9 HTTP/1.1" 200 5719 "-" "Mozilla/5.0 (Linux; Android 12; V2166 Build/SP1A.210812.003) AppleWebKit/537.36 (KHTML, like Gecko) Chrome/126.0.6478.135 Mobile Safari/537.36"
66.249.70.5 - - [28/Jul/2024:00:06:56 +0200] "GET /?i=snorerx-plus-snorerx-mm-BPBjKXsV HTTP/1.1" 200 6666 "-" "Mozilla/5.0 (Linux; Android 6.0.1; Nexus 5X Build/MMB29P) AppleWebKit/537.36 (KHTML, like Gecko) Chrome/126.0.6478.126 Mobile Safari/537.36 (compatible; Googlebot/2.1; +http://www.google.com/bot.html)"
66.249.70.7 - - [28/Jul/2024:00:06:57 +0200] "GET /?i=alimentos-alcalinos-vs-acidos-pdf-alimentos-dieta-mm-J2EdE0U1 HTTP/1.1" 200 7440 "-" "Mozilla/5.0 (Linux; Android 6.0.1; Nexus 5X Build/MMB29P) AppleWebKit/537.36 (KHTML, like Gecko) Chrome/126.0.6478.126 Mobile Safari/537.36 (compatible; Googlebot/2.1; +http://www.google.com/bot.html)"
66.249.70.4 - - [28/Jul/2024:00:06:57 +0200] "GET /?i=mac-valves-44b-l000-gem0-1dj-mm-P29B9bSB HTTP/1.1" 200 6910 "-" "Mozilla/5.0 (Linux; Android 6.0.1; Nexus 5X Build/MMB29P) AppleWebKit/537.36 (KHTML, like Gecko) Chrome/126.0.6478.126 Mobile Safari/537.36 (compatible; Googlebot/2.1; +http://www.google.com/bot.html)"
66.249.70.4 - - [28/Jul/2024:00:06:57 +0200] "GET /?i=chisinau-moldova-september-13-2016-captain-morgan-is-a-mm-LzPKXVFd HTTP/1.1" 200 8087 "-" "Mozilla/5.0 (Linux; Android 6.0.1; Nexus 5X Build/MMB29P) AppleWebKit/537.36 (KHTML, like Gecko) Chrome/126.0.6478.126 Mobile Safari/537.36 (compatible; Googlebot/2.1; +http://www.google.com/bot.html)"
66.249.70.3 - - [28/Jul/2024:00:06:57 +0200] "GET /it/?i=grimclaw-tigrex-monster-hunter-wiki-fandom-mm-q77rY0Cj HTTP/1.1" 200 7175 "-" "Mozilla/5.0 (Linux; Android 6.0.1; Nexus 5X Build/MMB29P) AppleWebKit/537.36 (KHTML, like Gecko) Chrome/126.0.6478.126 Mobile Safari/537.36 (compatible; Googlebot/2.1; +http://www.google.com/bot.html)"
66.249.70.3 - - [28/Jul/2024:00:06:57 +0200] "GET /?i=started-seeing-these-communist-posters-uk-r-europe-mm-4n57RdH6 HTTP/1.1" 200 7487 "-" "Mozilla/5.0 (Linux; Android 6.0.1; Nexus 5X Build/MMB29P) AppleWebKit/537.36 (KHTML, like Gecko) Chrome/126.0.6478.126 Mobile Safari/537.36 (compatible; Googlebot/2.1; +http://www.google.com/bot.html)"
66.249.70.5 - - [28/Jul/2024:00:06:57 +0200] "GET /?i=30-dorm-room-ideas-and-dorm-room-essentials-willem-mm-N30mppsd HTTP/1.1" 200 7223 "-" "Mozilla/5.0 (Linux; Android 6.0.1; Nexus 5X Build/MMB29P) AppleWebKit/537.36 (KHTML, like Gecko) Chrome/126.0.6478.126 Mobile Safari/537.36 (compatible; Googlebot/2.1; +http://www.google.com/bot.html)"
66.249.70.5 - - [28/Jul/2024:00:06:57 +0200] "GET /?i=western-digital-scorpio-black-750gb-hard-drive-review-mm-Ave6jQCO HTTP/1.1" 200 7426 "-" "Mozilla/5.0 (Linux; Android 6.0.1; Nexus 5X Build/MMB29P) AppleWebKit/537.36 (KHTML, like Gecko) Chrome/126.0.6478.126 Mobile Safari/537.36 (compatible; Googlebot/2.1; +http://www.google.com/bot.html)"
66.249.70.8 - - [28/Jul/2024:00:06:57 +0200] "GET /?i=lcs-34-uss-augusta-independence-class-littoral-combat-ship-mm-4Yw6YBt6 HTTP/1.1" 200 7248 "-" "Mozilla/5.0 (Linux; Android 6.0.1; Nexus 5X Build/MMB29P) AppleWebKit/537.36 (KHTML, like Gecko) Chrome/126.0.6478.126 Mobile Safari/537.36 (compatible; Googlebot/2.1; +http://www.google.com/bot.html)"
66.249.70.2 - - [28/Jul/2024:00:06:57 +0200] "GET /?i=xpg-to-launch-ddr5-7400-memory-modules-in-third-mm-kOmAk0To HTTP/1.1" 200 7519 "-" "Mozilla/5.0 (Linux; Android 6.0.1; Nexus 5X Build/MMB29P) AppleWebKit/537.36 (KHTML, like Gecko) Chrome/126.0.6478.126 Mobile Safari/537.36 (compatible; Googlebot/2.1; +http://www.google.com/bot.html)"
66.249.70.4 - - [28/Jul/2024:00:06:57 +0200] "GET /?i=water-soluble-powders-from-omex-mm-a9zLQkTN HTTP/1.1" 200 6859 "-" "Mozilla/5.0 (Linux; Android 6.0.1; Nexus 5X Build/MMB29P) AppleWebKit/537.36 (KHTML, like Gecko) Chrome/126.0.6478.126 Mobile Safari/537.36 (compatible; Googlebot/2.1; +http://www.google.com/bot.html)"
66.249.70.5 - - [28/Jul/2024:00:06:58 +0200] "GET /?i=toughbook-33-cf-33sz062km-rugged-depot-mm-NJzoeXsd HTTP/1.1" 200 7468 "-" "Mozilla/5.0 (Linux; Android 6.0.1; Nexus 5X Build/MMB29P) AppleWebKit/537.36 (KHTML, like Gecko) Chrome/126.0.6478.126 Mobile Safari/537.36 (compatible; Googlebot/2.1; +http://www.google.com/bot.html)"
66.249.70.7 - - [28/Jul/2024:00:06:58 +0200] "GET /?i=mcdonald-s-kolejny-weekend-przed-nami-kolekcjonerom-zabawek-z-mm-rMNDx1F4 HTTP/1.1" 200 7707 "-" "Mozilla/5.0 (Linux; Android 6.0.1; Nexus 5X Build/MMB29P) AppleWebKit/537.36 (KHTML, like Gecko) Chrome/126.0.6478.126 Mobile Safari/537.36 (compatible; Googlebot/2.1; +http://www.google.com/bot.html)"
66.249.70.109 - - [28/Jul/2024:00:06:58 +0200] "GET /?m=13-line-tajwidi-quran-sipara-to-30-pdf-color-zz-a2JMW6TP HTTP/1.1" 200 11215 "-" "Mozilla/5.0 (Linux; Android 6.0.1; Nexus 5X Build/MMB29P) AppleWebKit/537.36 (KHTML, like Gecko) Chrome/126.0.6478.126 Mobile Safari/537.36 (compatible; GoogleOther)"
66.249.70.6 - - [28/Jul/2024:00:06:58 +0200] "GET /?i=pngstat-pdf-pdf-oil-refinery-petroleum-mm-kGaR1kto HTTP/1.1" 200 6751 "-" "Mozilla/5.0 (Linux; Android 6.0.1; Nexus 5X Build/MMB29P) AppleWebKit/537.36 (KHTML, like Gecko) Chrome/126.0.6478.126 Mobile Safari/537.36 (compatible; Googlebot/2.1; +http://www.google.com/bot.html)"
66.249.70.1 - - [28/Jul/2024:00:06:58 +0200] "GET /?i=managerial-skills-m-7Gj2MU0 HTTP/1.1" 200 4904 "-" "Mozilla/5.0 (Linux; Android 6.0.1; Nexus 5X Build/MMB29P) AppleWebKit/537.36 (KHTML, like Gecko) Chrome/126.0.6478.126 Mobile Safari/537.36 (compatible; Googlebot/2.1; +http://www.google.com/bot.html)"
66.249.70.2 - - [28/Jul/2024:00:06:58 +0200] "GET /?i=zendikar-rising-commander-decks-six-new-cards-mm-d15Om9Se HTTP/1.1" 200 7278 "-" "Mozilla/5.0 (Linux; Android 6.0.1; Nexus 5X Build/MMB29P) AppleWebKit/537.36 (KHTML, like Gecko) Chrome/126.0.6478.126 Mobile Safari/537.36 (compatible; Googlebot/2.1; +http://www.google.com/bot.html)"
36.85.57.27 - - [28/Jul/2024:00:06:58 +0200] "GET /fonts/opensans-condlight-webfont.woff HTTP/1.1" 200 1881 "https://www.congress-intercultural.eu/css/style.css?v=1" "Mozilla/5.0 (Linux; Android 12; V2166 Build/SP1A.210812.003) AppleWebKit/537.36 (KHTML, like Gecko) Chrome/126.0.6478.135 Mobile Safari/537.36"
66.249.70.3 - - [28/Jul/2024:00:06:58 +0200] "GET /?i=mobile-industrial-robots-mm-XPXQPKHX HTTP/1.1" 200 7286 "-" "Mozilla/5.0 (Linux; Android 6.0.1; Nexus 5X Build/MMB29P) AppleWebKit/537.36 (KHTML, like Gecko) Chrome/126.0.6478.126 Mobile Safari/537.36 (compatible; Googlebot/2.1; +http://www.google.com/bot.html)"
66.249.70.1 - - [28/Jul/2024:00:06:58 +0200] "GET /?i=jodha-akbar-bhojpuri-tv-serial-full-episode-58-rajat-mm-W0en9Bhe HTTP/1.1" 200 6901 "-" "Mozilla/5.0 (Linux; Android 6.0.1; Nexus 5X Build/MMB29P) AppleWebKit/537.36 (KHTML, like Gecko) Chrome/126.0.6478.126 Mobile Safari/537.36 (compatible; Googlebot/2.1; +http://www.google.com/bot.html)"
66.249.70.4 - - [28/Jul/2024:00:06:58 +0200] "GET /?i=slash-s-logo-by-luiscotsuki3-on-deviantart-mm-0VoK4rUx HTTP/1.1" 200 7732 "-" "Mozilla/5.0 (Linux; Android 6.0.1; Nexus 5X Build/MMB29P) AppleWebKit/537.36 (KHTML, like Gecko) Chrome/126.0.6478.126 Mobile Safari/537.36 (compatible; Googlebot/2.1; +http://www.google.com/bot.html)"
66.249.70.3 - - [28/Jul/2024:00:06:58 +0200] "GET /?i=daja-dj6-best-price-laser-engraver-2022-mm-aRg12KtN HTTP/1.1" 200 7480 "-" "Mozilla/5.0 (Linux; Android 6.0.1; Nexus 5X Build/MMB29P) AppleWebKit/537.36 (KHTML, like Gecko) Chrome/126.0.6478.126 Mobile Safari/537.36 (compatible; Googlebot/2.1; +http://www.google.com/bot.html)"
66.249.70.6 - - [28/Jul/2024:00:06:58 +0200] "GET /?i=mtaalamu-wa-kiingereza-online-english-course-haya-ni-baadhi-mm-ogDmYjCL HTTP/1.1" 200 7402 "-" "Mozilla/5.0 (Linux; Android 6.0.1; Nexus 5X Build/MMB29P) AppleWebKit/537.36 (KHTML, like Gecko) Chrome/126.0.6478.126 Mobile Safari/537.36 (compatible; Googlebot/2.1; +http://www.google.com/bot.html)"
66.249.70.6 - - [28/Jul/2024:00:06:59 +0200] "GET /?i=2013-2018-ram-2500-3500-stealth-x-metal-grille-mm-65LaveFN HTTP/1.1" 200 6951 "-" "Mozilla/5.0 (Linux; Android 6.0.1; Nexus 5X Build/MMB29P) AppleWebKit/537.36 (KHTML, like Gecko) Chrome/126.0.6478.126 Mobile Safari/537.36 (compatible; Googlebot/2.1; +http://www.google.com/bot.html)"
66.249.70.4 - - [28/Jul/2024:00:06:59 +0200] "GET /it/?i=vertical-farming-company-eden-green-breaks-ground-on-its-mm-poR0k1Uj HTTP/1.1" 200 7317 "-" "Mozilla/5.0 (Linux; Android 6.0.1; Nexus 5X Build/MMB29P) AppleWebKit/537.36 (KHTML, like Gecko) Chrome/126.0.6478.126 Mobile Safari/537.36 (compatible; Googlebot/2.1; +http://www.google.com/bot.html)"
66.249.70.7 - - [28/Jul/2024:00:06:59 +0200] "GET /?i=fig-29-hi-res-stock-photography-and-images-page-mm-v37MqpSV HTTP/1.1" 200 10323 "-" "Mozilla/5.0 (Linux; Android 6.0.1; Nexus 5X Build/MMB29P) AppleWebKit/537.36 (KHTML, like Gecko) Chrome/126.0.6478.126 Mobile Safari/537.36 (compatible; Googlebot/2.1; +http://www.google.com/bot.html)"
66.249.70.8 - - [28/Jul/2024:00:06:59 +0200] "GET /?i=test-your-well-water-after-flooding-umn-extension-mm-dQxOQ0Fe HTTP/1.1" 200 7070 "-" "Mozilla/5.0 (Linux; Android 6.0.1; Nexus 5X Build/MMB29P) AppleWebKit/537.36 (KHTML, like Gecko) Chrome/126.0.6478.126 Mobile Safari/537.36 (compatible; Googlebot/2.1; +http://www.google.com/bot.html)"
66.249.70.5 - - [28/Jul/2024:00:06:59 +0200] "GET /?i=design-your-own-custom-sash-at-mm-Qona69fX HTTP/1.1" 200 6921 "-" "Mozilla/5.0 (Linux; Android 6.0.1; Nexus 5X Build/MMB29P) AppleWebKit/537.36 (KHTML, like Gecko) Chrome/126.0.6478.126 Mobile Safari/537.36 (compatible; Googlebot/2.1; +http://www.google.com/bot.html)"
66.249.70.4 - - [28/Jul/2024:00:06:59 +0200] "GET /?i=pin-en-halloween-mm-0Aw6PESx HTTP/1.1" 200 7352 "-" "Mozilla/5.0 (Linux; Android 6.0.1; Nexus 5X Build/MMB29P) AppleWebKit/537.36 (KHTML, like Gecko) Chrome/126.0.6478.126 Mobile Safari/537.36 (compatible; Googlebot/2.1; +http://www.google.com/bot.html)"
100.42.163.174 - - [28/Jul/2024:00:06:59 +0200] "GET /?i=chronology-of-jesus-wikipedia-mm-4W1jv1h6 HTTP/1.1" 200 4355 "https://www.google.com/" "Mozilla/5.0 (Macintosh; Intel Mac OS X 10_15_7) AppleWebKit/605.1.15 (KHTML, like Gecko) Version/17.5 Safari/605.1.15"
136.243.228.194 - - [28/Jul/2024:00:06:59 +0200] "GET /?i=samsung-galaxy-s22-ultra-benchmarks-here-s-how-it-mm-pbq1zaFj HTTP/1.1" 200 1816 "-" "Mozilla/5.0 (compatible; DataForSeoBot/1.0; +https://dataforseo.com/dataforseo-bot)"
66.249.70.8 - - [28/Jul/2024:00:06:59 +0200] "GET /?i=hp-m7-j010dx-adata-4gb-1rx8-memory-ram-so-mm-aeWvPjTN HTTP/1.1" 200 10711 "-" "Mozilla/5.0 (Linux; Android 6.0.1; Nexus 5X Build/MMB29P) AppleWebKit/537.36 (KHTML, like Gecko) Chrome/126.0.6478.126 Mobile Safari/537.36 (compatible; Googlebot/2.1; +http://www.google.com/bot.html)"
66.249.70.7 - - [28/Jul/2024:00:06:59 +0200] "GET /?i=urwizards-engraved-walnut-d-d-dice-box-druid-urwizards-mm-bJwXpIX HTTP/1.1" 200 6845 "-" "Mozilla/5.0 (Linux; Android 6.0.1; Nexus 5X Build/MMB29P) AppleWebKit/537.36 (KHTML, like Gecko) Chrome/126.0.6478.126 Mobile Safari/537.36 (compatible; Googlebot/2.1; +http://www.google.com/bot.html)"
66.249.70.2 - - [28/Jul/2024:00:06:59 +0200] "GET /?i=stagecoach-london-13099-route-47-stagecoach-london-envir%E2%80%A6-flickr-mm-W6MrLfe HTTP/1.1" 200 6480 "-" "Mozilla/5.0 (Linux; Android 6.0.1; Nexus 5X Build/MMB29P) AppleWebKit/537.36 (KHTML, like Gecko) Chrome/126.0.6478.126 Mobile Safari/537.36 (compatible; Googlebot/2.1; +http://www.google.com/bot.html)"
66.249.70.6 - - [28/Jul/2024:00:06:59 +0200] "GET /?i=%E2%9C%94%EF%B8%8Fgeforce-rtx-3070-8gb-%E2%9C%94%EF%B8%8Ftest-in-16-games-1440p-mm-PbLKWLcB HTTP/1.1" 200 7449 "-" "Mozilla/5.0 (Linux; Android 6.0.1; Nexus 5X Build/MMB29P) AppleWebKit/537.36 (KHTML, like Gecko) Chrome/126.0.6478.126 Mobile Safari/537.36 (compatible; Googlebot/2.1; +http://www.google.com/bot.html)"
157.55.39.62 - - [28/Jul/2024:00:06:59 +0200] "GET /?i=basos-relative-m-7p3o0zT0 HTTP/1.1" 200 8673 "-" "Mozilla/5.0 AppleWebKit/537.36 (KHTML, like Gecko; compatible; bingbot/2.0; +http://www.bing.com/bingbot.htm) Chrome/116.0.1938.76 Safari/537.36"
217.113.194.90 - - [28/Jul/2024:00:06:59 +0200] "GET /fr/initiative/137-radikalisierung-neu-durchdenken--gemeinschaftsdialog------cheshire--vereinigtes-konigreich.html HTTP/1.1" 200 2488 "-" "Mozilla/5.0 (compatible; Barkrowler/0.9; +https://babbar.tech/crawler)"
66.249.70.5 - - [28/Jul/2024:00:06:59 +0200] "GET /?i=925-sterling-silver-sun-opal-ring-adjustable-ring-for-mm-5vKWvYIm HTTP/1.1" 200 7395 "-" "Mozilla/5.0 (Linux; Android 6.0.1; Nexus 5X Build/MMB29P) AppleWebKit/537.36 (KHTML, like Gecko) Chrome/126.0.6478.126 Mobile Safari/537.36 (compatible; Googlebot/2.1; +http://www.google.com/bot.html)"
66.249.70.8 - - [28/Jul/2024:00:07:00 +0200] "GET /?i=20-questions-to-ask-before-jumping-into-a-business-mm-9DdzrdC7 HTTP/1.1" 200 6998 "-" "Mozilla/5.0 (Linux; Android 6.0.1; Nexus 5X Build/MMB29P) AppleWebKit/537.36 (KHTML, like Gecko) Chrome/126.0.6478.126 Mobile Safari/537.36 (compatible; Googlebot/2.1; +http://www.google.com/bot.html)"
66.249.70.7 - - [28/Jul/2024:00:07:00 +0200] "GET /?i=how-to-read-a-vehicle-identification-number-vin-decoder-mm-PeVPOvtB HTTP/1.1" 200 6799 "-" "Mozilla/5.0 (Linux; Android 6.0.1; Nexus 5X Build/MMB29P) AppleWebKit/537.36 (KHTML, like Gecko) Chrome/126.0.6478.126 Mobile Safari/537.36 (compatible; Googlebot/2.1; +http://www.google.com/bot.html)"
66.249.70.4 - - [28/Jul/2024:00:07:00 +0200] "GET /?i=usb-vs-%C2%B7-issue-194-%C2%B7-raspberrypi-rpi-eeprom-mm-G6pgzLud HTTP/1.1" 200 7661 "-" "Mozilla/5.0 (Linux; Android 6.0.1; Nexus 5X Build/MMB29P) AppleWebKit/537.36 (KHTML, like Gecko) Chrome/126.0.6478.126 Mobile Safari/537.36 (compatible; Googlebot/2.1; +http://www.google.com/bot.html)"
66.249.70.3 - - [28/Jul/2024:00:07:00 +0200] "GET /?i=se-uv-zwemshort-jongens-mannen-blauw-wit-gestreept-mm-wmpvAwuk HTTP/1.1" 200 7917 "-" "Mozilla/5.0 (Linux; Android 6.0.1; Nexus 5X Build/MMB29P) AppleWebKit/537.36 (KHTML, like Gecko) Chrome/126.0.6478.126 Mobile Safari/537.36 (compatible; Googlebot/2.1; +http://www.google.com/bot.html)"
157.55.39.62 - - [28/Jul/2024:00:07:00 +0200] "GET /?i=high-school-dxd-anime-high-school-dxd-wiki-fandom-mm-pbJ5Q2cj HTTP/1.1" 200 7282 "-" "Mozilla/5.0 AppleWebKit/537.36 (KHTML, like Gecko; compatible; bingbot/2.0; +http://www.bing.com/bingbot.htm) Chrome/116.0.1938.76 Safari/537.36"
66.249.70.2 - - [28/Jul/2024:00:07:00 +0200] "GET /?i=ford-f-100-crown-vic-front-suspension-swap-blue-mm-WoAXNVte HTTP/1.1" 200 6474 "-" "Mozilla/5.0 (Linux; Android 6.0.1; Nexus 5X Build/MMB29P) AppleWebKit/537.36 (KHTML, like Gecko) Chrome/126.0.6478.126 Mobile Safari/537.36 (compatible; Googlebot/2.1; +http://www.google.com/bot.html)"
34.248.148.180 - - [28/Jul/2024:00:07:00 +0200] "GET /?i=felpa-cappuccio-verde-core-bambino-ufficiale-puma-milan-2022-mm-OnnM7PiX HTTP/1.1" 200 5777 "-" "Mozilla/5.0 (X11; Linux x86_64) AppleWebKit/537.36 (KHTML, like Gecko) HeadlessChrome/119.0.6045.105 Safari/537.36"
66.249.70.8 - - [28/Jul/2024:00:07:00 +0200] "GET /?i=crysis-on-core-extreme-qx6850-8800gt-sli-720p-very-mm-Yv1WQLfn HTTP/1.1" 200 7274 "-" "Mozilla/5.0 (Linux; Android 6.0.1; Nexus 5X Build/MMB29P) AppleWebKit/537.36 (KHTML, like Gecko) Chrome/126.0.6478.126 Mobile Safari/537.36 (compatible; Googlebot/2.1; +http://www.google.com/bot.html)"
34.248.148.180 - - [28/Jul/2024:00:07:00 +0200] "GET /css/style.css?v=1 HTTP/1.1" 200 11362 "https://www.congress-intercultural.eu/?i=felpa-cappuccio-verde-core-bambino-ufficiale-puma-milan-2022-mm-OnnM7PiX" "Mozilla/5.0 (X11; Linux x86_64) AppleWebKit/537.36 (KHTML, like Gecko) HeadlessChrome/119.0.6045.105 Safari/537.36"
34.248.148.180 - - [28/Jul/2024:00:07:00 +0200] "GET /js/fancybox/jquery.fancybox.css HTTP/1.1" 200 2089 "https://www.congress-intercultural.eu/?i=felpa-cappuccio-verde-core-bambino-ufficiale-puma-milan-2022-mm-OnnM7PiX" "Mozilla/5.0 (X11; Linux x86_64) AppleWebKit/537.36 (KHTML, like Gecko) HeadlessChrome/119.0.6045.105 Safari/537.36"
34.248.148.180 - - [28/Jul/2024:00:07:00 +0200] "GET /css/jquery.selectBox.css HTTP/1.1" 200 1918 "https://www.congress-intercultural.eu/?i=felpa-cappuccio-verde-core-bambino-ufficiale-puma-milan-2022-mm-OnnM7PiX" "Mozilla/5.0 (X11; Linux x86_64) AppleWebKit/537.36 (KHTML, like Gecko) HeadlessChrome/119.0.6045.105 Safari/537.36"
34.248.148.180 - - [28/Jul/2024:00:07:00 +0200] "GET /css/slicknav.css HTTP/1.1" 200 1329 "https://www.congress-intercultural.eu/?i=felpa-cappuccio-verde-core-bambino-ufficiale-puma-milan-2022-mm-OnnM7PiX" "Mozilla/5.0 (X11; Linux x86_64) AppleWebKit/537.36 (KHTML, like Gecko) HeadlessChrome/119.0.6045.105 Safari/537.36"
34.248.148.180 - - [28/Jul/2024:00:07:00 +0200] "GET /js/libs/modernizr.js HTTP/1.1" 200 10201 "https://www.congress-intercultural.eu/?i=felpa-cappuccio-verde-core-bambino-ufficiale-puma-milan-2022-mm-OnnM7PiX" "Mozilla/5.0 (X11; Linux x86_64) AppleWebKit/537.36 (KHTML, like Gecko) HeadlessChrome/119.0.6045.105 Safari/537.36"
34.248.148.180 - - [28/Jul/2024:00:07:00 +0200] "GET /css/font-awesome.min.css HTTP/1.1" 200 10956 "https://www.congress-intercultural.eu/?i=felpa-cappuccio-verde-core-bambino-ufficiale-puma-milan-2022-mm-OnnM7PiX" "Mozilla/5.0 (X11; Linux x86_64) AppleWebKit/537.36 (KHTML, like Gecko) HeadlessChrome/119.0.6045.105 Safari/537.36"
34.248.148.180 - - [28/Jul/2024:00:07:00 +0200] "GET /js/libs/jquery.masonry.min.js HTTP/1.1" 200 2656 "https://www.congress-intercultural.eu/?i=felpa-cappuccio-verde-core-bambino-ufficiale-puma-milan-2022-mm-OnnM7PiX" "Mozilla/5.0 (X11; Linux x86_64) AppleWebKit/537.36 (KHTML, like Gecko) HeadlessChrome/119.0.6045.105 Safari/537.36"
34.248.148.180 - - [28/Jul/2024:00:07:00 +0200] "GET /js/libs/jquery.imagesloaded.min.js HTTP/1.1" 200 976 "https://www.congress-intercultural.eu/?i=felpa-cappuccio-verde-core-bambino-ufficiale-puma-milan-2022-mm-OnnM7PiX" "Mozilla/5.0 (X11; Linux x86_64) AppleWebKit/537.36 (KHTML, like Gecko) HeadlessChrome/119.0.6045.105 Safari/537.36"
34.248.148.180 - - [28/Jul/2024:00:07:00 +0200] "GET /js/libs/jquery-1.7.1.min.js HTTP/1.1" 200 37534 "https://www.congress-intercultural.eu/?i=felpa-cappuccio-verde-core-bambino-ufficiale-puma-milan-2022-mm-OnnM7PiX" "Mozilla/5.0 (X11; Linux x86_64) AppleWebKit/537.36 (KHTML, like Gecko) HeadlessChrome/119.0.6045.105 Safari/537.36"
34.248.148.180 - - [28/Jul/2024:00:07:00 +0200] "GET /js/fancybox/jquery.mousewheel-3.0.6.pack.js HTTP/1.1" 200 1132 "https://www.congress-intercultural.eu/?i=felpa-cappuccio-verde-core-bambino-ufficiale-puma-milan-2022-mm-OnnM7PiX" "Mozilla/5.0 (X11; Linux x86_64) AppleWebKit/537.36 (KHTML, like Gecko) HeadlessChrome/119.0.6045.105 Safari/537.36"
34.248.148.180 - - [28/Jul/2024:00:07:00 +0200] "GET /js/script.js HTTP/1.1" 200 1108 "https://www.congress-intercultural.eu/?i=felpa-cappuccio-verde-core-bambino-ufficiale-puma-milan-2022-mm-OnnM7PiX" "Mozilla/5.0 (X11; Linux x86_64) AppleWebKit/537.36 (KHTML, like Gecko) HeadlessChrome/119.0.6045.105 Safari/537.36"
34.248.148.180 - - [28/Jul/2024:00:07:00 +0200] "GET /js/fancybox/jquery.fancybox.pack.js HTTP/1.1" 200 6327 "https://www.congress-intercultural.eu/?i=felpa-cappuccio-verde-core-bambino-ufficiale-puma-milan-2022-mm-OnnM7PiX" "Mozilla/5.0 (X11; Linux x86_64) AppleWebKit/537.36 (KHTML, like Gecko) HeadlessChrome/119.0.6045.105 Safari/537.36"
34.248.148.180 - - [28/Jul/2024:00:07:00 +0200] "GET /js/jquery.slicknav.js HTTP/1.1" 200 5102 "https://www.congress-intercultural.eu/?i=felpa-cappuccio-verde-core-bambino-ufficiale-puma-milan-2022-mm-OnnM7PiX" "Mozilla/5.0 (X11; Linux x86_64) AppleWebKit/537.36 (KHTML, like Gecko) HeadlessChrome/119.0.6045.105 Safari/537.36"
34.248.148.180 - - [28/Jul/2024:00:07:00 +0200] "GET /js/jquery.selectBox.min.js HTTP/1.1" 200 3755 "https://www.congress-intercultural.eu/?i=felpa-cappuccio-verde-core-bambino-ufficiale-puma-milan-2022-mm-OnnM7PiX" "Mozilla/5.0 (X11; Linux x86_64) AppleWebKit/537.36 (KHTML, like Gecko) HeadlessChrome/119.0.6045.105 Safari/537.36"
34.248.148.180 - - [28/Jul/2024:00:07:00 +0200] "GET /fonts/roboto-regular-webfont.woff2 HTTP/1.1" 200 69206 "https://www.congress-intercultural.eu/css/style.css?v=1" "Mozilla/5.0 (X11; Linux x86_64) AppleWebKit/537.36 (KHTML, like Gecko) HeadlessChrome/119.0.6045.105 Safari/537.36"
34.248.148.180 - - [28/Jul/2024:00:07:00 +0200] "GET /images/people.jpg HTTP/1.1" 200 448647 "https://www.congress-intercultural.eu/css/style.css?v=1" "Mozilla/5.0 (X11; Linux x86_64) AppleWebKit/537.36 (KHTML, like Gecko) HeadlessChrome/119.0.6045.105 Safari/537.36"
66.249.70.5 - - [28/Jul/2024:00:07:00 +0200] "GET /?i=nprinting-review-%E2%80%93-three-steps-forward-and-one-step-mm-g6mnqvC7 HTTP/1.1" 200 6566 "-" "Mozilla/5.0 (Linux; Android 6.0.1; Nexus 5X Build/MMB29P) AppleWebKit/537.36 (KHTML, like Gecko) Chrome/126.0.6478.126 Mobile Safari/537.36 (compatible; Googlebot/2.1; +http://www.google.com/bot.html)"
66.249.70.7 - - [28/Jul/2024:00:07:00 +0200] "GET /tr/?i=high-leg-delta-wiring-240v-208v-120v-3-phase-mm-bBz7fX HTTP/1.1" 200 10948 "-" "Mozilla/5.0 (Linux; Android 6.0.1; Nexus 5X Build/MMB29P) AppleWebKit/537.36 (KHTML, like Gecko) Chrome/126.0.6478.126 Mobile Safari/537.36 (compatible; Googlebot/2.1; +http://www.google.com/bot.html)"
34.248.148.180 - - [28/Jul/2024:00:07:00 +0200] "GET /fonts/opensans-condbold-webfont.woff HTTP/1.1" 200 23438 "https://www.congress-intercultural.eu/css/style.css?v=1" "Mozilla/5.0 (X11; Linux x86_64) AppleWebKit/537.36 (KHTML, like Gecko) HeadlessChrome/119.0.6045.105 Safari/537.36"
34.248.148.180 - - [28/Jul/2024:00:07:00 +0200] "GET /fonts/fontawesome-webfont.woff2?v=4.6.3 HTTP/1.1" 200 72366 "https://www.congress-intercultural.eu/css/font-awesome.min.css" "Mozilla/5.0 (X11; Linux x86_64) AppleWebKit/537.36 (KHTML, like Gecko) HeadlessChrome/119.0.6045.105 Safari/537.36"
66.249.70.6 - - [28/Jul/2024:00:07:00 +0200] "GET /?i=oppo-reno-2z-price-in-india-on-review-in-mm-mYKaK4uX HTTP/1.1" 200 7163 "-" "Mozilla/5.0 (Linux; Android 6.0.1; Nexus 5X Build/MMB29P) AppleWebKit/537.36 (KHTML, like Gecko) Chrome/126.0.6478.126 Mobile Safari/537.36 (compatible; Googlebot/2.1; +http://www.google.com/bot.html)"
45.11.200.206 - - [28/Jul/2024:00:07:00 +0200] "GET /?i=%C4%B0der-mobilya-side-yatak-odas%C4%B1-a%C3%A7%C4%B1k-bordeaux-facebook-mm-PnMDz4cB HTTP/1.1" 200 4356 "https://www.google.com/" "Mozilla/5.0 (iPhone; CPU iPhone OS 17_5_1 like Mac OS X) AppleWebKit/605.1.15 (KHTML, like Gecko) Version/17.5 Mobile/15E148 Safari/604.1"
66.249.70.2 - - [28/Jul/2024:00:07:00 +0200] "GET /?i=what-is-hockey-stick-growth-hockey-stick-growth-in-mm-X9r0NmUX HTTP/1.1" 200 10927 "-" "Mozilla/5.0 (Linux; Android 6.0.1; Nexus 5X Build/MMB29P) AppleWebKit/537.36 (KHTML, like Gecko) Chrome/126.0.6478.126 Mobile Safari/537.36 (compatible; Googlebot/2.1; +http://www.google.com/bot.html)"
66.249.70.8 - - [28/Jul/2024:00:07:00 +0200] "GET /?i=realme-book-slim-teardown-mm-LbV76Nfd HTTP/1.1" 200 7060 "-" "Mozilla/5.0 (Linux; Android 6.0.1; Nexus 5X Build/MMB29P) AppleWebKit/537.36 (KHTML, like Gecko) Chrome/126.0.6478.126 Mobile Safari/537.36 (compatible; Googlebot/2.1; +http://www.google.com/bot.html)"
157.55.39.62 - - [28/Jul/2024:00:07:00 +0200] "GET /?i=example-it-rfp-pdf-request-for-proposal-specification-technical-mm-2E4J5Ptj HTTP/1.1" 200 6799 "-" "Mozilla/5.0 AppleWebKit/537.36 (KHTML, like Gecko; compatible; bingbot/2.0; +http://www.bing.com/bingbot.htm) Chrome/116.0.1938.76 Safari/537.36"
66.249.70.1 - - [28/Jul/2024:00:07:01 +0200] "GET /?i=what-is-the-difference-between-csv-files-and-excel-mm-X15erKIX HTTP/1.1" 200 7012 "-" "Mozilla/5.0 (Linux; Android 6.0.1; Nexus 5X Build/MMB29P) AppleWebKit/537.36 (KHTML, like Gecko) Chrome/126.0.6478.126 Mobile Safari/537.36 (compatible; Googlebot/2.1; +http://www.google.com/bot.html)"
66.249.70.5 - - [28/Jul/2024:00:07:01 +0200] "GET /?i=lineman-pocket-knife-printed-stainless-steel-blade-mm-1Nb267I7 HTTP/1.1" 200 6379 "-" "Mozilla/5.0 (Linux; Android 6.0.1; Nexus 5X Build/MMB29P) AppleWebKit/537.36 (KHTML, like Gecko) Chrome/126.0.6478.126 Mobile Safari/537.36 (compatible; Googlebot/2.1; +http://www.google.com/bot.html)"
66.249.70.3 - - [28/Jul/2024:00:07:01 +0200] "GET /?i=sony-sa-ve325-home-theater-speaker-system-at-crutchfield-mm-wBwKxeSk HTTP/1.1" 200 7221 "-" "Mozilla/5.0 (Linux; Android 6.0.1; Nexus 5X Build/MMB29P) AppleWebKit/537.36 (KHTML, like Gecko) Chrome/126.0.6478.126 Mobile Safari/537.36 (compatible; Googlebot/2.1; +http://www.google.com/bot.html)"
34.248.148.180 - - [28/Jul/2024:00:07:00 +0200] "GET /fonts/opensans-condlight-webfont.woff HTTP/1.1" 200 1881 "https://www.congress-intercultural.eu/css/style.css?v=1" "Mozilla/5.0 (X11; Linux x86_64) AppleWebKit/537.36 (KHTML, like Gecko) HeadlessChrome/119.0.6045.105 Safari/537.36"
66.249.70.6 - - [28/Jul/2024:00:07:01 +0200] "GET /?i=if-design-beko-bpro500-built-in-oven-mm-Qj10MBSX HTTP/1.1" 200 6975 "-" "Mozilla/5.0 (Linux; Android 6.0.1; Nexus 5X Build/MMB29P) AppleWebKit/537.36 (KHTML, like Gecko) Chrome/126.0.6478.126 Mobile Safari/537.36 (compatible; Googlebot/2.1; +http://www.google.com/bot.html)"
34.248.148.180 - - [28/Jul/2024:00:07:01 +0200] "GET /fonts/OpenSans-CondLight-webfont.ttf HTTP/1.1" 200 36843 "https://www.congress-intercultural.eu/css/style.css?v=1" "Mozilla/5.0 (X11; Linux x86_64) AppleWebKit/537.36 (KHTML, like Gecko) HeadlessChrome/119.0.6045.105 Safari/537.36"
157.55.39.62 - - [28/Jul/2024:00:07:01 +0200] "GET /?i=wwe-undisputed-championship-v2-m-zBQr5F5 HTTP/1.1" 200 4143 "-" "Mozilla/5.0 AppleWebKit/537.36 (KHTML, like Gecko; compatible; bingbot/2.0; +http://www.bing.com/bingbot.htm) Chrome/116.0.1938.76 Safari/537.36"
66.249.70.3 - - [28/Jul/2024:00:07:01 +0200] "GET /?i=tried-to-upgrade-my-ram-now-my-pc-will-mm-0LJzOeUx HTTP/1.1" 200 7746 "-" "Mozilla/5.0 (Linux; Android 6.0.1; Nexus 5X Build/MMB29P) AppleWebKit/537.36 (KHTML, like Gecko) Chrome/126.0.6478.126 Mobile Safari/537.36 (compatible; Googlebot/2.1; +http://www.google.com/bot.html)"
66.249.70.3 - - [28/Jul/2024:00:07:01 +0200] "GET /?i=a-little-bit-of-everything-wallpapers-mewis-if-saved-mm-V6QBOnu6 HTTP/1.1" 200 7511 "-" "Mozilla/5.0 (Linux; Android 6.0.1; Nexus 5X Build/MMB29P) AppleWebKit/537.36 (KHTML, like Gecko) Chrome/126.0.6478.126 Mobile Safari/537.36 (compatible; Googlebot/2.1; +http://www.google.com/bot.html)"
66.249.70.8 - - [28/Jul/2024:00:07:01 +0200] "GET /?i=national-association-for-catering-and-events-mm-v1R10vCV HTTP/1.1" 200 6828 "-" "Mozilla/5.0 (Linux; Android 6.0.1; Nexus 5X Build/MMB29P) AppleWebKit/537.36 (KHTML, like Gecko) Chrome/126.0.6478.126 Mobile Safari/537.36 (compatible; Googlebot/2.1; +http://www.google.com/bot.html)"
66.249.70.6 - - [28/Jul/2024:00:07:01 +0200] "GET /?i=mandala-art-channel-name-mandala-how-to-draw-name-mm-AqbqjkcO HTTP/1.1" 200 7180 "-" "Mozilla/5.0 (Linux; Android 6.0.1; Nexus 5X Build/MMB29P) AppleWebKit/537.36 (KHTML, like Gecko) Chrome/126.0.6478.126 Mobile Safari/537.36 (compatible; Googlebot/2.1; +http://www.google.com/bot.html)"
66.249.70.7 - - [28/Jul/2024:00:07:01 +0200] "GET /?i=lem-products-distribution-recalls-5-tray-food-dehydrators-due-mm-1kwarYt7 HTTP/1.1" 200 7094 "-" "Mozilla/5.0 (Linux; Android 6.0.1; Nexus 5X Build/MMB29P) AppleWebKit/537.36 (KHTML, like Gecko) Chrome/126.0.6478.126 Mobile Safari/537.36 (compatible; Googlebot/2.1; +http://www.google.com/bot.html)"
66.249.70.1 - - [28/Jul/2024:00:07:01 +0200] "GET /?i=diy-easy-yin-and-yang-couple-bracelets-macrame-couple-mm-757BbYU0 HTTP/1.1" 200 7117 "-" "Mozilla/5.0 (Linux; Android 6.0.1; Nexus 5X Build/MMB29P) AppleWebKit/537.36 (KHTML, like Gecko) Chrome/126.0.6478.126 Mobile Safari/537.36 (compatible; Googlebot/2.1; +http://www.google.com/bot.html)"
66.249.70.3 - - [28/Jul/2024:00:07:01 +0200] "GET /?i=contemporary-thailand%E2%80%93japan-economic-relations-what-falling-japanese-investment-reveals-mm-9ED20eh7 HTTP/1.1" 200 7787 "-" "Mozilla/5.0 (Linux; Android 6.0.1; Nexus 5X Build/MMB29P) AppleWebKit/537.36 (KHTML, like Gecko) Chrome/126.0.6478.126 Mobile Safari/537.36 (compatible; Googlebot/2.1; +http://www.google.com/bot.html)"
157.55.39.62 - - [28/Jul/2024:00:07:01 +0200] "GET /?i=2017-mercedes-glc-300-m-KMovkPIN HTTP/1.1" 200 4357 "-" "Mozilla/5.0 AppleWebKit/537.36 (KHTML, like Gecko; compatible; bingbot/2.0; +http://www.bing.com/bingbot.htm) Chrome/116.0.1938.76 Safari/537.36"
66.249.70.4 - - [28/Jul/2024:00:07:02 +0200] "GET /?i=uin-footwear-ae-mm-W7A4EVCe HTTP/1.1" 200 7315 "-" "Mozilla/5.0 (Linux; Android 6.0.1; Nexus 5X Build/MMB29P) AppleWebKit/537.36 (KHTML, like Gecko) Chrome/126.0.6478.126 Mobile Safari/537.36 (compatible; Googlebot/2.1; +http://www.google.com/bot.html)"
66.249.70.6 - - [28/Jul/2024:00:07:02 +0200] "GET /?i=snappy-cami-snap-to-bra-mock-camisole-mm-92K3vdu7 HTTP/1.1" 200 7401 "-" "Mozilla/5.0 (Linux; Android 6.0.1; Nexus 5X Build/MMB29P) AppleWebKit/537.36 (KHTML, like Gecko) Chrome/126.0.6478.126 Mobile Safari/537.36 (compatible; Googlebot/2.1; +http://www.google.com/bot.html)"
66.249.70.1 - - [28/Jul/2024:00:07:02 +0200] "GET /?i=shirataki-noodles-a-zero-carb-pasta-mm-XgQKngSX HTTP/1.1" 200 10906 "-" "Mozilla/5.0 (Linux; Android 6.0.1; Nexus 5X Build/MMB29P) AppleWebKit/537.36 (KHTML, like Gecko) Chrome/126.0.6478.126 Mobile Safari/537.36 (compatible; Googlebot/2.1; +http://www.google.com/bot.html)"
66.249.70.2 - - [28/Jul/2024:00:07:02 +0200] "GET /?i=audiologist-brashears-huntington-wv-ascent-audiology-mm-xp6AkqFq HTTP/1.1" 200 7353 "-" "Mozilla/5.0 (Linux; Android 6.0.1; Nexus 5X Build/MMB29P) AppleWebKit/537.36 (KHTML, like Gecko) Chrome/126.0.6478.126 Mobile Safari/537.36 (compatible; Googlebot/2.1; +http://www.google.com/bot.html)"
66.249.70.7 - - [28/Jul/2024:00:07:02 +0200] "GET /?i=dua-a-oozu-bi-kalimaatil-lahi-ttaammati-min-kulli-mm-dgz9qNHe HTTP/1.1" 200 6900 "-" "Mozilla/5.0 (Linux; Android 6.0.1; Nexus 5X Build/MMB29P) AppleWebKit/537.36 (KHTML, like Gecko) Chrome/126.0.6478.126 Mobile Safari/537.36 (compatible; Googlebot/2.1; +http://www.google.com/bot.html)"
66.249.70.4 - - [28/Jul/2024:00:07:02 +0200] "GET /?i=review-qatar-airways-787-9-business-class-live-and-mm-9DV7PWU7 HTTP/1.1" 200 10337 "-" "Mozilla/5.0 (Linux; Android 6.0.1; Nexus 5X Build/MMB29P) AppleWebKit/537.36 (KHTML, like Gecko) Chrome/126.0.6478.126 Mobile Safari/537.36 (compatible; Googlebot/2.1; +http://www.google.com/bot.html)"
66.249.70.7 - - [28/Jul/2024:00:07:02 +0200] "GET /?i=porsche-996-turbo-2005-marketplace-for-porsche-sports-cars-mm-g2BpDJC7 HTTP/1.1" 200 7677 "-" "Mozilla/5.0 (Linux; Android 6.0.1; Nexus 5X Build/MMB29P) AppleWebKit/537.36 (KHTML, like Gecko) Chrome/126.0.6478.126 Mobile Safari/537.36 (compatible; Googlebot/2.1; +http://www.google.com/bot.html)"
66.249.70.4 - - [28/Jul/2024:00:07:02 +0200] "GET /?i=vintage-quaker-calentador-de-bobina-l%C3%A1mpara-ventilador-m%C3%A9xico-mm-OQOWBoUX HTTP/1.1" 200 7211 "-" "Mozilla/5.0 (Linux; Android 6.0.1; Nexus 5X Build/MMB29P) AppleWebKit/537.36 (KHTML, like Gecko) Chrome/126.0.6478.126 Mobile Safari/537.36 (compatible; Googlebot/2.1; +http://www.google.com/bot.html)"
66.249.70.7 - - [28/Jul/2024:00:07:02 +0200] "GET /?i=2022-autumn-new-style-women-casual-shoes-platform-sneakers-mm-PWMwxEFB HTTP/1.1" 200 11564 "-" "Mozilla/5.0 (Linux; Android 6.0.1; Nexus 5X Build/MMB29P) AppleWebKit/537.36 (KHTML, like Gecko) Chrome/126.0.6478.126 Mobile Safari/537.36 (compatible; Googlebot/2.1; +http://www.google.com/bot.html)"
66.249.70.2 - - [28/Jul/2024:00:07:02 +0200] "GET /?i=honbike-uni4-long-range-e-bike-with-belt-drive-mm-aMGGebHN HTTP/1.1" 200 7181 "-" "Mozilla/5.0 (Linux; Android 6.0.1; Nexus 5X Build/MMB29P) AppleWebKit/537.36 (KHTML, like Gecko) Chrome/126.0.6478.126 Mobile Safari/537.36 (compatible; Googlebot/2.1; +http://www.google.com/bot.html)"
66.249.70.7 - - [28/Jul/2024:00:07:03 +0200] "GET /?i=any-tips-for-someone-with-2b-hair-looking-for-mm-56kwqeSm HTTP/1.1" 200 6986 "-" "Mozilla/5.0 (Linux; Android 6.0.1; Nexus 5X Build/MMB29P) AppleWebKit/537.36 (KHTML, like Gecko) Chrome/126.0.6478.126 Mobile Safari/537.36 (compatible; Googlebot/2.1; +http://www.google.com/bot.html)"
66.249.70.5 - - [28/Jul/2024:00:07:03 +0200] "GET /?i=best-quality-rosaria-genshin-impact-cosplay-costume-full-set-mm-VENK2qS6 HTTP/1.1" 200 7597 "-" "Mozilla/5.0 (Linux; Android 6.0.1; Nexus 5X Build/MMB29P) AppleWebKit/537.36 (KHTML, like Gecko) Chrome/126.0.6478.126 Mobile Safari/537.36 (compatible; Googlebot/2.1; +http://www.google.com/bot.html)"
66.249.70.6 - - [28/Jul/2024:00:07:03 +0200] "GET /?i=old-produce-101-poster-resurfaces-reveals-the-members-who-mm-BPnLGztV HTTP/1.1" 200 7921 "-" "Mozilla/5.0 (Linux; Android 6.0.1; Nexus 5X Build/MMB29P) AppleWebKit/537.36 (KHTML, like Gecko) Chrome/126.0.6478.126 Mobile Safari/537.36 (compatible; Googlebot/2.1; +http://www.google.com/bot.html)"
34.248.148.180 - - [28/Jul/2024:00:07:03 +0200] "GET /?i=felpa-cappuccio-verde-core-bambino-ufficiale-puma-milan-2022-mm-OnnM7PiX HTTP/1.1" 200 5777 "-" "Mozilla/5.0 (X11; Linux x86_64) AppleWebKit/537.36 (KHTML, like Gecko) HeadlessChrome/119.0.6045.105 Safari/537.36"
34.248.148.180 - - [28/Jul/2024:00:07:03 +0200] "GET /css/style.css?v=1 HTTP/1.1" 200 11362 "https://www.congress-intercultural.eu/?i=felpa-cappuccio-verde-core-bambino-ufficiale-puma-milan-2022-mm-OnnM7PiX" "Mozilla/5.0 (X11; Linux x86_64) AppleWebKit/537.36 (KHTML, like Gecko) HeadlessChrome/119.0.6045.105 Safari/537.36"
34.248.148.180 - - [28/Jul/2024:00:07:03 +0200] "GET /js/fancybox/jquery.fancybox.css HTTP/1.1" 200 1509 "https://www.congress-intercultural.eu/?i=felpa-cappuccio-verde-core-bambino-ufficiale-puma-milan-2022-mm-OnnM7PiX" "Mozilla/5.0 (X11; Linux x86_64) AppleWebKit/537.36 (KHTML, like Gecko) HeadlessChrome/119.0.6045.105 Safari/537.36"
34.248.148.180 - - [28/Jul/2024:00:07:03 +0200] "GET /css/jquery.selectBox.css HTTP/1.1" 200 1918 "https://www.congress-intercultural.eu/?i=felpa-cappuccio-verde-core-bambino-ufficiale-puma-milan-2022-mm-OnnM7PiX" "Mozilla/5.0 (X11; Linux x86_64) AppleWebKit/537.36 (KHTML, like Gecko) HeadlessChrome/119.0.6045.105 Safari/537.36"
34.248.148.180 - - [28/Jul/2024:00:07:03 +0200] "GET /css/slicknav.css HTTP/1.1" 200 1909 "https://www.congress-intercultural.eu/?i=felpa-cappuccio-verde-core-bambino-ufficiale-puma-milan-2022-mm-OnnM7PiX" "Mozilla/5.0 (X11; Linux x86_64) AppleWebKit/537.36 (KHTML, like Gecko) HeadlessChrome/119.0.6045.105 Safari/537.36"
34.248.148.180 - - [28/Jul/2024:00:07:03 +0200] "GET /css/font-awesome.min.css HTTP/1.1" 200 10956 "https://www.congress-intercultural.eu/?i=felpa-cappuccio-verde-core-bambino-ufficiale-puma-milan-2022-mm-OnnM7PiX" "Mozilla/5.0 (X11; Linux x86_64) AppleWebKit/537.36 (KHTML, like Gecko) HeadlessChrome/119.0.6045.105 Safari/537.36"
34.248.148.180 - - [28/Jul/2024:00:07:03 +0200] "GET /js/libs/modernizr.js HTTP/1.1" 200 10201 "https://www.congress-intercultural.eu/?i=felpa-cappuccio-verde-core-bambino-ufficiale-puma-milan-2022-mm-OnnM7PiX" "Mozilla/5.0 (X11; Linux x86_64) AppleWebKit/537.36 (KHTML, like Gecko) HeadlessChrome/119.0.6045.105 Safari/537.36"
34.248.148.180 - - [28/Jul/2024:00:07:03 +0200] "GET /js/libs/jquery-1.7.1.min.js HTTP/1.1" 200 33696 "https://www.congress-intercultural.eu/?i=felpa-cappuccio-verde-core-bambino-ufficiale-puma-milan-2022-mm-OnnM7PiX" "Mozilla/5.0 (X11; Linux x86_64) AppleWebKit/537.36 (KHTML, like Gecko) HeadlessChrome/119.0.6045.105 Safari/537.36"
66.249.70.1 - - [28/Jul/2024:00:07:03 +0200] "GET /?i=jahseh-dwayne-onfroy-husband-appreciation-love-you-forever-gone-mm-g29nvMC7 HTTP/1.1" 200 8214 "-" "Mozilla/5.0 (Linux; Android 6.0.1; Nexus 5X Build/MMB29P) AppleWebKit/537.36 (KHTML, like Gecko) Chrome/126.0.6478.126 Mobile Safari/537.36 (compatible; Googlebot/2.1; +http://www.google.com/bot.html)"
34.248.148.180 - - [28/Jul/2024:00:07:03 +0200] "GET /js/libs/jquery.imagesloaded.min.js HTTP/1.1" 200 4814 "https://www.congress-intercultural.eu/?i=felpa-cappuccio-verde-core-bambino-ufficiale-puma-milan-2022-mm-OnnM7PiX" "Mozilla/5.0 (X11; Linux x86_64) AppleWebKit/537.36 (KHTML, like Gecko) HeadlessChrome/119.0.6045.105 Safari/537.36"
34.248.148.180 - - [28/Jul/2024:00:07:03 +0200] "GET /js/fancybox/jquery.mousewheel-3.0.6.pack.js HTTP/1.1" 200 1132 "https://www.congress-intercultural.eu/?i=felpa-cappuccio-verde-core-bambino-ufficiale-puma-milan-2022-mm-OnnM7PiX" "Mozilla/5.0 (X11; Linux x86_64) AppleWebKit/537.36 (KHTML, like Gecko) HeadlessChrome/119.0.6045.105 Safari/537.36"
34.248.148.180 - - [28/Jul/2024:00:07:03 +0200] "GET /js/libs/jquery.masonry.min.js HTTP/1.1" 200 2656 "https://www.congress-intercultural.eu/?i=felpa-cappuccio-verde-core-bambino-ufficiale-puma-milan-2022-mm-OnnM7PiX" "Mozilla/5.0 (X11; Linux x86_64) AppleWebKit/537.36 (KHTML, like Gecko) HeadlessChrome/119.0.6045.105 Safari/537.36"
34.248.148.180 - - [28/Jul/2024:00:07:03 +0200] "GET /js/fancybox/jquery.fancybox.pack.js HTTP/1.1" 200 6327 "https://www.congress-intercultural.eu/?i=felpa-cappuccio-verde-core-bambino-ufficiale-puma-milan-2022-mm-OnnM7PiX" "Mozilla/5.0 (X11; Linux x86_64) AppleWebKit/537.36 (KHTML, like Gecko) HeadlessChrome/119.0.6045.105 Safari/537.36"
34.248.148.180 - - [28/Jul/2024:00:07:03 +0200] "GET /js/jquery.slicknav.js HTTP/1.1" 200 5102 "https://www.congress-intercultural.eu/?i=felpa-cappuccio-verde-core-bambino-ufficiale-puma-milan-2022-mm-OnnM7PiX" "Mozilla/5.0 (X11; Linux x86_64) AppleWebKit/537.36 (KHTML, like Gecko) HeadlessChrome/119.0.6045.105 Safari/537.36"
34.248.148.180 - - [28/Jul/2024:00:07:03 +0200] "GET /js/script.js HTTP/1.1" 200 1108 "https://www.congress-intercultural.eu/?i=felpa-cappuccio-verde-core-bambino-ufficiale-puma-milan-2022-mm-OnnM7PiX" "Mozilla/5.0 (X11; Linux x86_64) AppleWebKit/537.36 (KHTML, like Gecko) HeadlessChrome/119.0.6045.105 Safari/537.36"
34.248.148.180 - - [28/Jul/2024:00:07:03 +0200] "GET /js/jquery.selectBox.min.js HTTP/1.1" 200 3755 "https://www.congress-intercultural.eu/?i=felpa-cappuccio-verde-core-bambino-ufficiale-puma-milan-2022-mm-OnnM7PiX" "Mozilla/5.0 (X11; Linux x86_64) AppleWebKit/537.36 (KHTML, like Gecko) HeadlessChrome/119.0.6045.105 Safari/537.36"
66.249.70.6 - - [28/Jul/2024:00:07:03 +0200] "GET /?i=peer-feedback-making-it-meaningful-catlin-tucker-mm-nNbj0KTE HTTP/1.1" 200 11514 "-" "Mozilla/5.0 (Linux; Android 6.0.1; Nexus 5X Build/MMB29P) AppleWebKit/537.36 (KHTML, like Gecko) Chrome/126.0.6478.126 Mobile Safari/537.36 (compatible; Googlebot/2.1; +http://www.google.com/bot.html)"
34.248.148.180 - - [28/Jul/2024:00:07:03 +0200] "GET /fonts/roboto-regular-webfont.woff2 HTTP/1.1" 200 69206 "https://www.congress-intercultural.eu/css/style.css?v=1" "Mozilla/5.0 (X11; Linux x86_64) AppleWebKit/537.36 (KHTML, like Gecko) HeadlessChrome/119.0.6045.105 Safari/537.36"
66.249.70.3 - - [28/Jul/2024:00:07:03 +0200] "GET /?i=waste-toner-bottle-for-ricoh-d2426400-mpc2003-c2004-c2503-mm-66mJ7JfN HTTP/1.1" 200 7562 "-" "Mozilla/5.0 (Linux; Android 6.0.1; Nexus 5X Build/MMB29P) AppleWebKit/537.36 (KHTML, like Gecko) Chrome/126.0.6478.126 Mobile Safari/537.36 (compatible; Googlebot/2.1; +http://www.google.com/bot.html)"
66.249.70.2 - - [28/Jul/2024:00:07:03 +0200] "GET /en/?i=trip-to-salalah-oman-%E2%80%93-memories-from-my-diary-mm-YQVmAdUn HTTP/1.1" 200 7112 "-" "Mozilla/5.0 (Linux; Android 6.0.1; Nexus 5X Build/MMB29P) AppleWebKit/537.36 (KHTML, like Gecko) Chrome/126.0.6478.126 Mobile Safari/537.36 (compatible; Googlebot/2.1; +http://www.google.com/bot.html)"
34.248.148.180 - - [28/Jul/2024:00:07:03 +0200] "GET /images/people.jpg HTTP/1.1" 200 448647 "https://www.congress-intercultural.eu/css/style.css?v=1" "Mozilla/5.0 (X11; Linux x86_64) AppleWebKit/537.36 (KHTML, like Gecko) HeadlessChrome/119.0.6045.105 Safari/537.36"
34.248.148.180 - - [28/Jul/2024:00:07:03 +0200] "GET /fonts/fontawesome-webfont.woff2?v=4.6.3 HTTP/1.1" 200 72366 "https://www.congress-intercultural.eu/css/font-awesome.min.css" "Mozilla/5.0 (X11; Linux x86_64) AppleWebKit/537.36 (KHTML, like Gecko) HeadlessChrome/119.0.6045.105 Safari/537.36"
34.248.148.180 - - [28/Jul/2024:00:07:03 +0200] "GET /fonts/opensans-condbold-webfont.woff HTTP/1.1" 200 23438 "https://www.congress-intercultural.eu/css/style.css?v=1" "Mozilla/5.0 (X11; Linux x86_64) AppleWebKit/537.36 (KHTML, like Gecko) HeadlessChrome/119.0.6045.105 Safari/537.36"
66.249.70.8 - - [28/Jul/2024:00:07:03 +0200] "GET /?i=%D8%B9%D8%B7%D8%B1-%D8%B4%D8%A7%D9%86%D9%8A%D9%84-%D9%83%D9%88%D9%83%D9%88-%D9%85%D8%A7%D8%AF%D9%85%D9%88%D8%B2%D9%8A%D9%84-%D9%84%D9%88-%D8%A8%D8%B1%D9%8A%D9%81%D9%8A%D9%87-%D8%A3%D9%88-%D8%AF%D9%88-%D8%A8%D8%A7%D8%B1%D9%81%D9%8A%D9%88%D9%85-mm-g7r9NJS7 HTTP/1.1" 200 7564 "-" "Mozilla/5.0 (Linux; Android 6.0.1; Nexus 5X Build/MMB29P) AppleWebKit/537.36 (KHTML, like Gecko) Chrome/126.0.6478.126 Mobile Safari/537.36 (compatible; Googlebot/2.1; +http://www.google.com/bot.html)"
66.249.70.7 - - [28/Jul/2024:00:07:03 +0200] "GET /?i=roz-marah-zindgi-ma-kaam-aane-wali-hadith-s-mm-OBKW4ocX HTTP/1.1" 200 6778 "-" "Mozilla/5.0 (Linux; Android 6.0.1; Nexus 5X Build/MMB29P) AppleWebKit/537.36 (KHTML, like Gecko) Chrome/126.0.6478.126 Mobile Safari/537.36 (compatible; Googlebot/2.1; +http://www.google.com/bot.html)"
52.167.144.229 - - [28/Jul/2024:00:07:03 +0200] "GET /?i=antinuclear-antibodies-and-their-detection-methods-in-diagnosis-of-mm-enJXWOHg HTTP/1.1" 200 11192 "-" "Mozilla/5.0 AppleWebKit/537.36 (KHTML, like Gecko; compatible; bingbot/2.0; +http://www.bing.com/bingbot.htm) Chrome/116.0.1938.76 Safari/537.36"
66.249.70.7 - - [28/Jul/2024:00:07:04 +0200] "GET /?i=sap-c_ts452_2020-practice-tests-updated-2023-10-09-mm-VRzJKEH6 HTTP/1.1" 200 7986 "-" "Mozilla/5.0 (Linux; Android 6.0.1; Nexus 5X Build/MMB29P) AppleWebKit/537.36 (KHTML, like Gecko) Chrome/126.0.6478.126 Mobile Safari/537.36 (compatible; Googlebot/2.1; +http://www.google.com/bot.html)"
66.249.70.8 - - [28/Jul/2024:00:07:04 +0200] "GET /?i=international-albinism-awareness-day-national-organization-for-albinism-and-mm-KMnOzaSN HTTP/1.1" 200 10741 "-" "Mozilla/5.0 (Linux; Android 6.0.1; Nexus 5X Build/MMB29P) AppleWebKit/537.36 (KHTML, like Gecko) Chrome/126.0.6478.126 Mobile Safari/537.36 (compatible; Googlebot/2.1; +http://www.google.com/bot.html)"
66.249.70.6 - - [28/Jul/2024:00:07:04 +0200] "GET /?i=cfa-branson-food-truck-mm-rPLk6oI4 HTTP/1.1" 200 6868 "-" "Mozilla/5.0 (Linux; Android 6.0.1; Nexus 5X Build/MMB29P) AppleWebKit/537.36 (KHTML, like Gecko) Chrome/126.0.6478.126 Mobile Safari/537.36 (compatible; Googlebot/2.1; +http://www.google.com/bot.html)"
66.249.70.2 - - [28/Jul/2024:00:07:04 +0200] "GET /?i=porsche-rubber-washer-for-blower-motor-mount-genuine-porsche-mm-R3GKnRf5 HTTP/1.1" 200 7696 "-" "Mozilla/5.0 (Linux; Android 6.0.1; Nexus 5X Build/MMB29P) AppleWebKit/537.36 (KHTML, like Gecko) Chrome/126.0.6478.126 Mobile Safari/537.36 (compatible; Googlebot/2.1; +http://www.google.com/bot.html)"
66.249.70.8 - - [28/Jul/2024:00:07:04 +0200] "GET /?i=jigs-and-fixtures-definition-types-differences-applications-with-pdf-mm-n9pBLKSE HTTP/1.1" 200 11325 "-" "Mozilla/5.0 (Linux; Android 6.0.1; Nexus 5X Build/MMB29P) AppleWebKit/537.36 (KHTML, like Gecko) Chrome/126.0.6478.126 Mobile Safari/537.36 (compatible; Googlebot/2.1; +http://www.google.com/bot.html)"
177.26.230.103 - - [28/Jul/2024:00:07:04 +0200] "GET /?i=volkswagen-passat-tsi-sedan-2015-model-parked-at-roadside-mm-d26mXDSe HTTP/1.1" 200 4356 "https://www.google.com.br/" "Mozilla/5.0 (iPhone; CPU iPhone OS 17_5_1 like Mac OS X) AppleWebKit/605.1.15 (KHTML, like Gecko) Version/17.5 Mobile/15E148 Safari/604.1"
136.243.228.194 - - [28/Jul/2024:00:07:03 +0200] "GET /?i=samsung-galaxy-s-series-evolution-phonearena-mm-QLwLzgFX HTTP/1.1" 200 1816 "-" "Mozilla/5.0 (compatible; DataForSeoBot/1.0; +https://dataforseo.com/dataforseo-bot)"
