66.249.70.4 - - [28/Jul/2024:00:03:14 +0200] "GET /it/?i=ranveer-singh-and-vaani-kapoor-are-rebellious-romantic-in-mm-7BVQ3AT0 HTTP/1.1" 200 7339 "-" "Mozilla/5.0 (Linux; Android 6.0.1; Nexus 5X Build/MMB29P) AppleWebKit/537.36 (KHTML, like Gecko) Chrome/126.0.6478.126 Mobile Safari/537.36 (compatible; Googlebot/2.1; +http://www.google.com/bot.html)"
136.243.228.194 - - [28/Jul/2024:00:03:13 +0200] "GET /?i=galaxy-a54-5g-vs-galaxy-a73-5g-review-mm-2b3Jnrij HTTP/1.1" 200 1816 "-" "Mozilla/5.0 (compatible; DataForSeoBot/1.0; +https://dataforseo.com/dataforseo-bot)"
66.249.70.4 - - [28/Jul/2024:00:03:14 +0200] "GET /?i=pat-mcafee-eat-off-the-floor-shirt-hoodie-sweater-mm-gKQ5eU7 HTTP/1.1" 200 7041 "-" "Mozilla/5.0 (Linux; Android 6.0.1; Nexus 5X Build/MMB29P) AppleWebKit/537.36 (KHTML, like Gecko) Chrome/126.0.6478.126 Mobile Safari/537.36 (compatible; Googlebot/2.1; +http://www.google.com/bot.html)"
66.249.70.8 - - [28/Jul/2024:00:03:14 +0200] "GET /?i=clt-y503l-els-samsung-toner-yellow-f-c3010-c3060-mm-N0R06Mtd HTTP/1.1" 200 7826 "-" "Mozilla/5.0 (Linux; Android 6.0.1; Nexus 5X Build/MMB29P) AppleWebKit/537.36 (KHTML, like Gecko) Chrome/126.0.6478.126 Mobile Safari/537.36 (compatible; Googlebot/2.1; +http://www.google.com/bot.html)"
66.249.70.1 - - [28/Jul/2024:00:03:14 +0200] "GET /?i=fuse-box-location-and-diagrams-ford-ranger-mm-XRKkYnCX HTTP/1.1" 200 7051 "-" "Mozilla/5.0 (Linux; Android 6.0.1; Nexus 5X Build/MMB29P) AppleWebKit/537.36 (KHTML, like Gecko) Chrome/126.0.6478.126 Mobile Safari/537.36 (compatible; Googlebot/2.1; +http://www.google.com/bot.html)"
66.249.70.3 - - [28/Jul/2024:00:03:14 +0200] "GET /?i=nighthawk-docsis-cable-modem-router-with-voice-c7100v-netgear-mm-EN6qQkU3 HTTP/1.1" 200 7361 "-" "Mozilla/5.0 (Linux; Android 6.0.1; Nexus 5X Build/MMB29P) AppleWebKit/537.36 (KHTML, like Gecko) Chrome/126.0.6478.126 Mobile Safari/537.36 (compatible; Googlebot/2.1; +http://www.google.com/bot.html)"
157.55.39.51 - - [28/Jul/2024:00:03:14 +0200] "GET /?i=primer-the-ipa-learn-english-or-starve-mm-2Q7Dkmhj HTTP/1.1" 200 6945 "-" "Mozilla/5.0 AppleWebKit/537.36 (KHTML, like Gecko; compatible; bingbot/2.0; +http://www.bing.com/bingbot.htm) Chrome/116.0.1938.76 Safari/537.36"
3.254.185.217 - - [28/Jul/2024:00:03:14 +0200] "GET /?i=andriy-shevchenko-winner-ballon-d-or-award-2004-by-mm-9A1X5u7 HTTP/1.1" 200 5777 "-" "Mozilla/5.0 (X11; Linux x86_64) AppleWebKit/537.36 (KHTML, like Gecko) HeadlessChrome/119.0.6045.105 Safari/537.36"
66.249.70.7 - - [28/Jul/2024:00:03:14 +0200] "GET /?i=dustin-dust-cosplay-on-x-scooby-doo-where-are-mm-WK3kodFe HTTP/1.1" 200 7768 "-" "Mozilla/5.0 (Linux; Android 6.0.1; Nexus 5X Build/MMB29P) AppleWebKit/537.36 (KHTML, like Gecko) Chrome/126.0.6478.126 Mobile Safari/537.36 (compatible; Googlebot/2.1; +http://www.google.com/bot.html)"
3.254.185.217 - - [28/Jul/2024:00:03:14 +0200] "GET /css/style.css?v=1 HTTP/1.1" 200 11362 "https://www.congress-intercultural.eu/?i=andriy-shevchenko-winner-ballon-d-or-award-2004-by-mm-9A1X5u7" "Mozilla/5.0 (X11; Linux x86_64) AppleWebKit/537.36 (KHTML, like Gecko) HeadlessChrome/119.0.6045.105 Safari/537.36"
3.254.185.217 - - [28/Jul/2024:00:03:14 +0200] "GET /js/fancybox/jquery.fancybox.css HTTP/1.1" 200 1509 "https://www.congress-intercultural.eu/?i=andriy-shevchenko-winner-ballon-d-or-award-2004-by-mm-9A1X5u7" "Mozilla/5.0 (X11; Linux x86_64) AppleWebKit/537.36 (KHTML, like Gecko) HeadlessChrome/119.0.6045.105 Safari/537.36"
3.254.185.217 - - [28/Jul/2024:00:03:14 +0200] "GET /css/slicknav.css HTTP/1.1" 200 1909 "https://www.congress-intercultural.eu/?i=andriy-shevchenko-winner-ballon-d-or-award-2004-by-mm-9A1X5u7" "Mozilla/5.0 (X11; Linux x86_64) AppleWebKit/537.36 (KHTML, like Gecko) HeadlessChrome/119.0.6045.105 Safari/537.36"
3.254.185.217 - - [28/Jul/2024:00:03:14 +0200] "GET /css/jquery.selectBox.css HTTP/1.1" 200 1918 "https://www.congress-intercultural.eu/?i=andriy-shevchenko-winner-ballon-d-or-award-2004-by-mm-9A1X5u7" "Mozilla/5.0 (X11; Linux x86_64) AppleWebKit/537.36 (KHTML, like Gecko) HeadlessChrome/119.0.6045.105 Safari/537.36"
3.254.185.217 - - [28/Jul/2024:00:03:14 +0200] "GET /css/font-awesome.min.css HTTP/1.1" 200 10956 "https://www.congress-intercultural.eu/?i=andriy-shevchenko-winner-ballon-d-or-award-2004-by-mm-9A1X5u7" "Mozilla/5.0 (X11; Linux x86_64) AppleWebKit/537.36 (KHTML, like Gecko) HeadlessChrome/119.0.6045.105 Safari/537.36"
3.254.185.217 - - [28/Jul/2024:00:03:14 +0200] "GET /js/libs/modernizr.js HTTP/1.1" 200 10201 "https://www.congress-intercultural.eu/?i=andriy-shevchenko-winner-ballon-d-or-award-2004-by-mm-9A1X5u7" "Mozilla/5.0 (X11; Linux x86_64) AppleWebKit/537.36 (KHTML, like Gecko) HeadlessChrome/119.0.6045.105 Safari/537.36"
3.254.185.217 - - [28/Jul/2024:00:03:14 +0200] "GET /js/libs/jquery.imagesloaded.min.js HTTP/1.1" 200 976 "https://www.congress-intercultural.eu/?i=andriy-shevchenko-winner-ballon-d-or-award-2004-by-mm-9A1X5u7" "Mozilla/5.0 (X11; Linux x86_64) AppleWebKit/537.36 (KHTML, like Gecko) HeadlessChrome/119.0.6045.105 Safari/537.36"
3.254.185.217 - - [28/Jul/2024:00:03:14 +0200] "GET /js/libs/jquery-1.7.1.min.js HTTP/1.1" 200 37534 "https://www.congress-intercultural.eu/?i=andriy-shevchenko-winner-ballon-d-or-award-2004-by-mm-9A1X5u7" "Mozilla/5.0 (X11; Linux x86_64) AppleWebKit/537.36 (KHTML, like Gecko) HeadlessChrome/119.0.6045.105 Safari/537.36"
3.254.185.217 - - [28/Jul/2024:00:03:14 +0200] "GET /js/libs/jquery.masonry.min.js HTTP/1.1" 200 2656 "https://www.congress-intercultural.eu/?i=andriy-shevchenko-winner-ballon-d-or-award-2004-by-mm-9A1X5u7" "Mozilla/5.0 (X11; Linux x86_64) AppleWebKit/537.36 (KHTML, like Gecko) HeadlessChrome/119.0.6045.105 Safari/537.36"
3.254.185.217 - - [28/Jul/2024:00:03:14 +0200] "GET /js/fancybox/jquery.mousewheel-3.0.6.pack.js HTTP/1.1" 200 1132 "https://www.congress-intercultural.eu/?i=andriy-shevchenko-winner-ballon-d-or-award-2004-by-mm-9A1X5u7" "Mozilla/5.0 (X11; Linux x86_64) AppleWebKit/537.36 (KHTML, like Gecko) HeadlessChrome/119.0.6045.105 Safari/537.36"
3.254.185.217 - - [28/Jul/2024:00:03:14 +0200] "GET /js/fancybox/jquery.fancybox.pack.js HTTP/1.1" 200 6327 "https://www.congress-intercultural.eu/?i=andriy-shevchenko-winner-ballon-d-or-award-2004-by-mm-9A1X5u7" "Mozilla/5.0 (X11; Linux x86_64) AppleWebKit/537.36 (KHTML, like Gecko) HeadlessChrome/119.0.6045.105 Safari/537.36"
3.254.185.217 - - [28/Jul/2024:00:03:14 +0200] "GET /js/jquery.slicknav.js HTTP/1.1" 200 5102 "https://www.congress-intercultural.eu/?i=andriy-shevchenko-winner-ballon-d-or-award-2004-by-mm-9A1X5u7" "Mozilla/5.0 (X11; Linux x86_64) AppleWebKit/537.36 (KHTML, like Gecko) HeadlessChrome/119.0.6045.105 Safari/537.36"
3.254.185.217 - - [28/Jul/2024:00:03:14 +0200] "GET /js/jquery.selectBox.min.js HTTP/1.1" 200 3755 "https://www.congress-intercultural.eu/?i=andriy-shevchenko-winner-ballon-d-or-award-2004-by-mm-9A1X5u7" "Mozilla/5.0 (X11; Linux x86_64) AppleWebKit/537.36 (KHTML, like Gecko) HeadlessChrome/119.0.6045.105 Safari/537.36"
200.68.129.141 - - [28/Jul/2024:00:03:14 +0200] "GET /favicon.ico HTTP/1.1" 200 1521 "https://www.congress-intercultural.eu/?i=bocina-amplificada-hkpro-prestapro-casa-de-empe%C3%B1o-facebook-mm-WKOV5dhe" "Mozilla/5.0 (Linux; Android 10; K) AppleWebKit/537.36 (KHTML, like Gecko) Chrome/126.0.0.0 Mobile Safari/537.36"
3.254.185.217 - - [28/Jul/2024:00:03:14 +0200] "GET /js/script.js HTTP/1.1" 200 1108 "https://www.congress-intercultural.eu/?i=andriy-shevchenko-winner-ballon-d-or-award-2004-by-mm-9A1X5u7" "Mozilla/5.0 (X11; Linux x86_64) AppleWebKit/537.36 (KHTML, like Gecko) HeadlessChrome/119.0.6045.105 Safari/537.36"
66.249.70.4 - - [28/Jul/2024:00:03:14 +0200] "GET /?i=hp-pavilion-x360-14m-dw1033dx-14-touch-8gb-512gb-mm-WbeWj4he HTTP/1.1" 200 8309 "-" "Mozilla/5.0 (Linux; Android 6.0.1; Nexus 5X Build/MMB29P) AppleWebKit/537.36 (KHTML, like Gecko) Chrome/126.0.6478.126 Mobile Safari/537.36 (compatible; Googlebot/2.1; +http://www.google.com/bot.html)"
66.249.70.3 - - [28/Jul/2024:00:03:14 +0200] "GET /en/?i=page-73-pdf-mm-P6d9nPhB HTTP/1.1" 200 11394 "-" "Mozilla/5.0 (Linux; Android 6.0.1; Nexus 5X Build/MMB29P) AppleWebKit/537.36 (KHTML, like Gecko) Chrome/126.0.6478.126 Mobile Safari/537.36 (compatible; GoogleOther)"
3.254.185.217 - - [28/Jul/2024:00:03:14 +0200] "GET /fonts/roboto-regular-webfont.woff2 HTTP/1.1" 200 69206 "https://www.congress-intercultural.eu/css/style.css?v=1" "Mozilla/5.0 (X11; Linux x86_64) AppleWebKit/537.36 (KHTML, like Gecko) HeadlessChrome/119.0.6045.105 Safari/537.36"
66.249.70.3 - - [28/Jul/2024:00:03:14 +0200] "GET /?i=ikea-honefoss-mirrors-foamboard-8x10-photos-and-spray-great-mm-7kzgvaS0 HTTP/1.1" 200 7104 "-" "Mozilla/5.0 (Linux; Android 6.0.1; Nexus 5X Build/MMB29P) AppleWebKit/537.36 (KHTML, like Gecko) Chrome/126.0.6478.126 Mobile Safari/537.36 (compatible; Googlebot/2.1; +http://www.google.com/bot.html)"
3.254.185.217 - - [28/Jul/2024:00:03:15 +0200] "GET /images/people.jpg HTTP/1.1" 200 448647 "https://www.congress-intercultural.eu/css/style.css?v=1" "Mozilla/5.0 (X11; Linux x86_64) AppleWebKit/537.36 (KHTML, like Gecko) HeadlessChrome/119.0.6045.105 Safari/537.36"
104.28.79.152 - - [28/Jul/2024:00:03:14 +0200] "GET /?i=combinations-in-probability-equation-formula-calculation-video-lesson-transcript-mm-9AYpMJU7 HTTP/1.1" 200 4355 "https://www.google.com/" "Mozilla/5.0 (iPhone; CPU iPhone OS 17_5_1 like Mac OS X) AppleWebKit/605.1.15 (KHTML, like Gecko) Version/17.5 Mobile/15E148 Safari/604.1"
3.254.185.217 - - [28/Jul/2024:00:03:15 +0200] "GET /fonts/opensans-condbold-webfont.woff HTTP/1.1" 200 23438 "https://www.congress-intercultural.eu/css/style.css?v=1" "Mozilla/5.0 (X11; Linux x86_64) AppleWebKit/537.36 (KHTML, like Gecko) HeadlessChrome/119.0.6045.105 Safari/537.36"
3.254.185.217 - - [28/Jul/2024:00:03:15 +0200] "GET /fonts/fontawesome-webfont.woff2?v=4.6.3 HTTP/1.1" 200 72366 "https://www.congress-intercultural.eu/css/font-awesome.min.css" "Mozilla/5.0 (X11; Linux x86_64) AppleWebKit/537.36 (KHTML, like Gecko) HeadlessChrome/119.0.6045.105 Safari/537.36"
66.249.70.1 - - [28/Jul/2024:00:03:14 +0200] "GET /?i=microwave-door-latch-fits-frigidaire-ap3767935-ps979580-5304440314-seneca-mm-q6dJadSj HTTP/1.1" 200 7392 "-" "Mozilla/5.0 (Linux; Android 6.0.1; Nexus 5X Build/MMB29P) AppleWebKit/537.36 (KHTML, like Gecko) Chrome/126.0.6478.126 Mobile Safari/537.36 (compatible; Googlebot/2.1; +http://www.google.com/bot.html)"
66.249.70.5 - - [28/Jul/2024:00:03:15 +0200] "GET /?i=pumpkin-seeds-100-gm-pack-of-fresh-mm-2VW9pmFj HTTP/1.1" 200 7736 "-" "Mozilla/5.0 (Linux; Android 6.0.1; Nexus 5X Build/MMB29P) AppleWebKit/537.36 (KHTML, like Gecko) Chrome/126.0.6478.126 Mobile Safari/537.36 (compatible; Googlebot/2.1; +http://www.google.com/bot.html)"
157.55.39.51 - - [28/Jul/2024:00:03:15 +0200] "GET /?i=it-takes-two-how-to-set-up-co-op-mm-pbADqEij HTTP/1.1" 200 7646 "-" "Mozilla/5.0 AppleWebKit/537.36 (KHTML, like Gecko; compatible; bingbot/2.0; +http://www.bing.com/bingbot.htm) Chrome/116.0.1938.76 Safari/537.36"
66.249.70.3 - - [28/Jul/2024:00:03:15 +0200] "GET /?i=asus-zenbook-ux510ux-dm102t-external-reviews-mm-qGxp1PTj HTTP/1.1" 200 11206 "-" "Mozilla/5.0 (Linux; Android 6.0.1; Nexus 5X Build/MMB29P) AppleWebKit/537.36 (KHTML, like Gecko) Chrome/126.0.6478.126 Mobile Safari/537.36 (compatible; Googlebot/2.1; +http://www.google.com/bot.html)"
66.249.70.3 - - [28/Jul/2024:00:03:15 +0200] "GET /?i=chanterelle-mushrooms-snoboy-mm-PeARW5hB HTTP/1.1" 200 7277 "-" "Mozilla/5.0 (Linux; Android 6.0.1; Nexus 5X Build/MMB29P) AppleWebKit/537.36 (KHTML, like Gecko) Chrome/126.0.6478.126 Mobile Safari/537.36 (compatible; Googlebot/2.1; +http://www.google.com/bot.html)"
185.191.171.15 - - [28/Jul/2024:00:03:14 +0200] "GET /ru/initiative/179-toplumdaki-mezhepsel-bolunmu%C5%9Fleri-y%C4%B1kmak-----subotica--s%C4%B1rbistan.html HTTP/1.1" 200 5693 "-" "Mozilla/5.0 (compatible; SemrushBot/7~bl; +http://www.semrush.com/bot.html)"
66.249.70.7 - - [28/Jul/2024:00:03:15 +0200] "GET /?i=is-there-even-a-limit-to-what-ja%C3%A7ob-will-mm-PeKJgLtB HTTP/1.1" 200 7239 "-" "Mozilla/5.0 (Linux; Android 6.0.1; Nexus 5X Build/MMB29P) AppleWebKit/537.36 (KHTML, like Gecko) Chrome/126.0.6478.126 Mobile Safari/537.36 (compatible; Googlebot/2.1; +http://www.google.com/bot.html)"
3.254.185.217 - - [28/Jul/2024:00:03:15 +0200] "GET /fonts/opensans-condlight-webfont.woff HTTP/1.1" 200 1881 "https://www.congress-intercultural.eu/css/style.css?v=1" "Mozilla/5.0 (X11; Linux x86_64) AppleWebKit/537.36 (KHTML, like Gecko) HeadlessChrome/119.0.6045.105 Safari/537.36"
66.249.70.2 - - [28/Jul/2024:00:03:15 +0200] "GET /?i=copeland-zp16k5e-pfv-130-ton-scroll-compressor-r410a-208-mm-B15OOYHV HTTP/1.1" 200 6821 "-" "Mozilla/5.0 (Linux; Android 6.0.1; Nexus 5X Build/MMB29P) AppleWebKit/537.36 (KHTML, like Gecko) Chrome/126.0.6478.126 Mobile Safari/537.36 (compatible; Googlebot/2.1; +http://www.google.com/bot.html)"
3.254.185.217 - - [28/Jul/2024:00:03:15 +0200] "GET /fonts/OpenSans-CondLight-webfont.ttf HTTP/1.1" 200 36843 "https://www.congress-intercultural.eu/css/style.css?v=1" "Mozilla/5.0 (X11; Linux x86_64) AppleWebKit/537.36 (KHTML, like Gecko) HeadlessChrome/119.0.6045.105 Safari/537.36"
66.249.70.3 - - [28/Jul/2024:00:03:15 +0200] "GET /?i=jansampark-mp-on-x-%E0%A4%A4%E0%A4%AC-%E0%A4%A4%E0%A4%95-%E0%A4%B2%E0%A4%A1%E0%A4%BC%E0%A4%A8%E0%A4%BE-%E0%A4%AE%E0%A4%A4-%E0%A4%9B%E0%A5%8B%E0%A4%A1%E0%A4%BC%E0%A5%8B-mm-KjRO5RcN HTTP/1.1" 200 8035 "-" "Mozilla/5.0 (Linux; Android 6.0.1; Nexus 5X Build/MMB29P) AppleWebKit/537.36 (KHTML, like Gecko) Chrome/126.0.6478.126 Mobile Safari/537.36 (compatible; Googlebot/2.1; +http://www.google.com/bot.html)"
66.249.70.3 - - [28/Jul/2024:00:03:15 +0200] "GET /?i=african-wear-boutiques-+27736324231-in-johannesburg-johannesburg-mm-RW4eAh5 HTTP/1.1" 200 7365 "-" "Mozilla/5.0 (Linux; Android 6.0.1; Nexus 5X Build/MMB29P) AppleWebKit/537.36 (KHTML, like Gecko) Chrome/126.0.6478.126 Mobile Safari/537.36 (compatible; Googlebot/2.1; +http://www.google.com/bot.html)"
66.249.70.5 - - [28/Jul/2024:00:03:15 +0200] "GET /?i=st1000lm049-wgs-wu-pn-2gh172-030-fw-sdm2-seagate-mm-X1PDK6HX HTTP/1.1" 200 7568 "-" "Mozilla/5.0 (Linux; Android 6.0.1; Nexus 5X Build/MMB29P) AppleWebKit/537.36 (KHTML, like Gecko) Chrome/126.0.6478.126 Mobile Safari/537.36 (compatible; Googlebot/2.1; +http://www.google.com/bot.html)"
157.55.39.51 - - [28/Jul/2024:00:03:15 +0200] "GET /?m=a-biosocial-model-of-bpd-theory-and-empirical-evidence-mm-abvrP5uN HTTP/1.1" 200 7545 "-" "Mozilla/5.0 AppleWebKit/537.36 (KHTML, like Gecko; compatible; bingbot/2.0; +http://www.bing.com/bingbot.htm) Chrome/116.0.1938.76 Safari/537.36"
66.249.70.7 - - [28/Jul/2024:00:03:15 +0200] "GET /?i=the-best-inspirational-sentences-about-life-holidappy-mm-oejE2zHL HTTP/1.1" 200 7224 "-" "Mozilla/5.0 (Linux; Android 6.0.1; Nexus 5X Build/MMB29P) AppleWebKit/537.36 (KHTML, like Gecko) Chrome/126.0.6478.126 Mobile Safari/537.36 (compatible; Googlebot/2.1; +http://www.google.com/bot.html)"
66.249.70.5 - - [28/Jul/2024:00:03:15 +0200] "GET /?i=xulo-@okayxulo-%E2%80%A2-instagram-photos-and-videos-mm-jMjEYPc9 HTTP/1.1" 200 6406 "-" "Mozilla/5.0 (Linux; Android 6.0.1; Nexus 5X Build/MMB29P) AppleWebKit/537.36 (KHTML, like Gecko) Chrome/126.0.6478.126 Mobile Safari/537.36 (compatible; Googlebot/2.1; +http://www.google.com/bot.html)"
66.249.70.5 - - [28/Jul/2024:00:03:15 +0200] "GET /?i=hoya-para-tamales%EF%BD%9Cb%C3%BAsqueda-de-tiktok-mm-MJ9YGeco HTTP/1.1" 200 7337 "-" "Mozilla/5.0 (Linux; Android 6.0.1; Nexus 5X Build/MMB29P) AppleWebKit/537.36 (KHTML, like Gecko) Chrome/126.0.6478.126 Mobile Safari/537.36 (compatible; Googlebot/2.1; +http://www.google.com/bot.html)"
66.249.70.2 - - [28/Jul/2024:00:03:16 +0200] "GET /?i=old-photographs-of-liverpool-liverpool-picturebook-st-bride-st-mm-d2K5kNSe HTTP/1.1" 200 6615 "-" "Mozilla/5.0 (Linux; Android 6.0.1; Nexus 5X Build/MMB29P) AppleWebKit/537.36 (KHTML, like Gecko) Chrome/126.0.6478.126 Mobile Safari/537.36 (compatible; Googlebot/2.1; +http://www.google.com/bot.html)"
66.249.70.109 - - [28/Jul/2024:00:03:16 +0200] "GET /?m=normas-aplicables-pdf-subestacion-electrica-condensador-zz-nLNJEhn HTTP/1.1" 200 11059 "-" "Mozilla/5.0 (Linux; Android 6.0.1; Nexus 5X Build/MMB29P) AppleWebKit/537.36 (KHTML, like Gecko) Chrome/126.0.6478.126 Mobile Safari/537.36 (compatible; GoogleOther)"
45.70.216.46 - - [28/Jul/2024:00:03:16 +0200] "GET /?i=famke-janssen-is-done-playing-x-men-s-jean-mm-OBV0MJhX HTTP/1.1" 200 4355 "https://www.google.com/" "Mozilla/5.0 (Linux; Android 10; K) AppleWebKit/537.36 (KHTML, like Gecko) Chrome/127.0.0.0 Mobile Safari/537.36"
66.249.70.4 - - [28/Jul/2024:00:03:16 +0200] "GET /?i=ink-box-full-machine-error-46-in-brother-dcp-mm-a16VODFN HTTP/1.1" 200 7087 "-" "Mozilla/5.0 (Linux; Android 6.0.1; Nexus 5X Build/MMB29P) AppleWebKit/537.36 (KHTML, like Gecko) Chrome/126.0.6478.126 Mobile Safari/537.36 (compatible; Googlebot/2.1; +http://www.google.com/bot.html)"
157.55.39.51 - - [28/Jul/2024:00:03:16 +0200] "GET /?i=cotizacion-agregados-cantera-yura-pdf-mm-DkBgjik HTTP/1.1" 200 6643 "-" "Mozilla/5.0 AppleWebKit/537.36 (KHTML, like Gecko; compatible; bingbot/2.0; +http://www.bing.com/bingbot.htm) Chrome/116.0.1938.76 Safari/537.36"
66.249.70.5 - - [28/Jul/2024:00:03:16 +0200] "GET /?i=rm520n-gl-rm520n-5g-iot-module-high-speed-rm520n-mm-m27MgGUX HTTP/1.1" 200 7570 "-" "Mozilla/5.0 (Linux; Android 6.0.1; Nexus 5X Build/MMB29P) AppleWebKit/537.36 (KHTML, like Gecko) Chrome/126.0.6478.126 Mobile Safari/537.36 (compatible; Googlebot/2.1; +http://www.google.com/bot.html)"
66.249.70.3 - - [28/Jul/2024:00:03:16 +0200] "GET /?i=review]-isehan-kiss-me-mommy-uv-mild-gel-spf-mm-KbLzWRfN HTTP/1.1" 200 6979 "-" "Mozilla/5.0 (Linux; Android 6.0.1; Nexus 5X Build/MMB29P) AppleWebKit/537.36 (KHTML, like Gecko) Chrome/126.0.6478.126 Mobile Safari/537.36 (compatible; Googlebot/2.1; +http://www.google.com/bot.html)"
66.249.70.3 - - [28/Jul/2024:00:03:16 +0200] "GET /?i=the-competition-field-packages-inflatable-bunkers-for-paintball-and-mm-QbnxJghX HTTP/1.1" 200 6798 "-" "Mozilla/5.0 (Linux; Android 6.0.1; Nexus 5X Build/MMB29P) AppleWebKit/537.36 (KHTML, like Gecko) Chrome/126.0.6478.126 Mobile Safari/537.36 (compatible; Googlebot/2.1; +http://www.google.com/bot.html)"
66.249.70.7 - - [28/Jul/2024:00:03:16 +0200] "GET /?i=what-is-a-laptop-docking-station-and-do-you-mm-an7W0DuN HTTP/1.1" 200 7827 "-" "Mozilla/5.0 (Linux; Android 6.0.1; Nexus 5X Build/MMB29P) AppleWebKit/537.36 (KHTML, like Gecko) Chrome/126.0.6478.126 Mobile Safari/537.36 (compatible; Googlebot/2.1; +http://www.google.com/bot.html)"
66.249.70.7 - - [28/Jul/2024:00:03:16 +0200] "GET /?i=google-app-engine-health-checks-spamming-app-stack-overflow-mm-56dXM3cm HTTP/1.1" 200 6820 "-" "Mozilla/5.0 (Linux; Android 6.0.1; Nexus 5X Build/MMB29P) AppleWebKit/537.36 (KHTML, like Gecko) Chrome/126.0.6478.126 Mobile Safari/537.36 (compatible; Googlebot/2.1; +http://www.google.com/bot.html)"
66.249.70.3 - - [28/Jul/2024:00:03:16 +0200] "GET /?i=ephesians-4-2-3-bible-tagalog-verses-ephesians-4-mm-D7G76PCk HTTP/1.1" 200 10986 "-" "Mozilla/5.0 (Linux; Android 6.0.1; Nexus 5X Build/MMB29P) AppleWebKit/537.36 (KHTML, like Gecko) Chrome/126.0.6478.126 Mobile Safari/537.36 (compatible; Googlebot/2.1; +http://www.google.com/bot.html)"
66.249.70.1 - - [28/Jul/2024:00:03:17 +0200] "GET /?i=can-i-open-an-file-on-apple-devices-quora-mm-NJ2WE0ud HTTP/1.1" 200 7142 "-" "Mozilla/5.0 (Linux; Android 6.0.1; Nexus 5X Build/MMB29P) AppleWebKit/537.36 (KHTML, like Gecko) Chrome/126.0.6478.126 Mobile Safari/537.36 (compatible; Googlebot/2.1; +http://www.google.com/bot.html)"
66.249.70.3 - - [28/Jul/2024:00:03:16 +0200] "GET /?i=tsuyuri-kumin-r-chuunibyou-mm-AMMEBDIO HTTP/1.1" 200 6892 "-" "Mozilla/5.0 (Linux; Android 6.0.1; Nexus 5X Build/MMB29P) AppleWebKit/537.36 (KHTML, like Gecko) Chrome/126.0.6478.126 Mobile Safari/537.36 (compatible; Googlebot/2.1; +http://www.google.com/bot.html)"
66.249.70.3 - - [28/Jul/2024:00:03:17 +0200] "GET /it/?i=how-do-you-graph-y=1x+3-mm-5Yoz3Hm HTTP/1.1" 200 6916 "-" "Mozilla/5.0 (Linux; Android 6.0.1; Nexus 5X Build/MMB29P) AppleWebKit/537.36 (KHTML, like Gecko) Chrome/126.0.6478.126 Mobile Safari/537.36 (compatible; Googlebot/2.1; +http://www.google.com/bot.html)"
217.113.194.85 - - [28/Jul/2024:00:03:16 +0200] "GET /de/initiative/154-des-fonds-pour-stimuler-la-participation-des-parents-et-les-projets-interculturels-a-l--%EF%BF%BDecole---bergen.html HTTP/1.1" 200 2488 "-" "Mozilla/5.0 (compatible; Barkrowler/0.9; +https://babbar.tech/crawler)"
66.249.70.8 - - [28/Jul/2024:00:03:17 +0200] "GET /?i=church-of-andrew-pervozvannoho-all-saints-bucha-kyivs-ka-mm-kRNx6xho HTTP/1.1" 200 7986 "-" "Mozilla/5.0 (Linux; Android 6.0.1; Nexus 5X Build/MMB29P) AppleWebKit/537.36 (KHTML, like Gecko) Chrome/126.0.6478.126 Mobile Safari/537.36 (compatible; Googlebot/2.1; +http://www.google.com/bot.html)"
66.249.70.3 - - [28/Jul/2024:00:03:17 +0200] "GET /?i=the-exchange-of-consent-for-your-marriage-mm-P31pnDuB HTTP/1.1" 200 7124 "-" "Mozilla/5.0 (Linux; Android 6.0.1; Nexus 5X Build/MMB29P) AppleWebKit/537.36 (KHTML, like Gecko) Chrome/126.0.6478.126 Mobile Safari/537.36 (compatible; Googlebot/2.1; +http://www.google.com/bot.html)"
66.249.70.8 - - [28/Jul/2024:00:03:17 +0200] "GET /?i=imo-icon-download-for-free-%E2%80%93-iconduck-mm-jevVNXs9 HTTP/1.1" 200 10152 "-" "Mozilla/5.0 (Linux; Android 6.0.1; Nexus 5X Build/MMB29P) AppleWebKit/537.36 (KHTML, like Gecko) Chrome/126.0.6478.126 Mobile Safari/537.36 (compatible; Googlebot/2.1; +http://www.google.com/bot.html)"
136.243.228.194 - - [28/Jul/2024:00:03:17 +0200] "GET /?i=galaxy-a53-5g-awesome-black-256-gb-samsung-levant-mm-nYbEDvuE HTTP/1.1" 200 1816 "-" "Mozilla/5.0 (compatible; DataForSeoBot/1.0; +https://dataforseo.com/dataforseo-bot)"
66.249.70.109 - - [28/Jul/2024:00:03:17 +0200] "GET /?m=anubis-mask-printable-template-papercraft-pdf-pattern-zz-3ZDNKdfl HTTP/1.1" 200 7186 "-" "Mozilla/5.0 (Linux; Android 6.0.1; Nexus 5X Build/MMB29P) AppleWebKit/537.36 (KHTML, like Gecko) Chrome/126.0.6478.126 Mobile Safari/537.36 (compatible; GoogleOther)"
66.249.70.8 - - [28/Jul/2024:00:03:17 +0200] "GET /?i=opel-astra-g-far-ankara-far-tasar%C4%B1m-merkezi-facebook-mm-KNp1oRFN HTTP/1.1" 200 10963 "-" "Mozilla/5.0 (Linux; Android 6.0.1; Nexus 5X Build/MMB29P) AppleWebKit/537.36 (KHTML, like Gecko) Chrome/126.0.6478.126 Mobile Safari/537.36 (compatible; Googlebot/2.1; +http://www.google.com/bot.html)"
66.249.70.8 - - [28/Jul/2024:00:03:17 +0200] "GET /?i=new-napoleonic-officers-figures-french-infantry-french-guards-scottish-mm-zWRw1bI5 HTTP/1.1" 200 7362 "-" "Mozilla/5.0 (Linux; Android 6.0.1; Nexus 5X Build/MMB29P) AppleWebKit/537.36 (KHTML, like Gecko) Chrome/126.0.6478.126 Mobile Safari/537.36 (compatible; Googlebot/2.1; +http://www.google.com/bot.html)"
66.249.70.2 - - [28/Jul/2024:00:03:17 +0200] "GET /?i=freakyfriday-different-types-of-supernatural-creatures-that-nazar-taught-mm-Y0YxvLFn HTTP/1.1" 200 7046 "-" "Mozilla/5.0 (Linux; Android 6.0.1; Nexus 5X Build/MMB29P) AppleWebKit/537.36 (KHTML, like Gecko) Chrome/126.0.6478.126 Mobile Safari/537.36 (compatible; Googlebot/2.1; +http://www.google.com/bot.html)"
66.249.70.7 - - [28/Jul/2024:00:03:17 +0200] "GET /?i=penske-used-trucks-mm-PxQaPvIB HTTP/1.1" 200 6424 "-" "Mozilla/5.0 (Linux; Android 6.0.1; Nexus 5X Build/MMB29P) AppleWebKit/537.36 (KHTML, like Gecko) Chrome/126.0.6478.126 Mobile Safari/537.36 (compatible; Googlebot/2.1; +http://www.google.com/bot.html)"
66.249.70.1 - - [28/Jul/2024:00:03:17 +0200] "GET /?i=how-to-cope-with-tooth-pain-at-home-my-mm-0AP5XaUx HTTP/1.1" 200 6871 "-" "Mozilla/5.0 (Linux; Android 6.0.1; Nexus 5X Build/MMB29P) AppleWebKit/537.36 (KHTML, like Gecko) Chrome/126.0.6478.126 Mobile Safari/537.36 (compatible; Googlebot/2.1; +http://www.google.com/bot.html)"
66.249.70.7 - - [28/Jul/2024:00:03:17 +0200] "GET /?i=used-2007-bmw-series-wagon-for-sale-mm-b3KNKnHX HTTP/1.1" 200 7001 "-" "Mozilla/5.0 (Linux; Android 6.0.1; Nexus 5X Build/MMB29P) AppleWebKit/537.36 (KHTML, like Gecko) Chrome/126.0.6478.126 Mobile Safari/537.36 (compatible; Googlebot/2.1; +http://www.google.com/bot.html)"
66.249.70.7 - - [28/Jul/2024:00:03:18 +0200] "GET /?i=malaysia-joker-slot-game-at-co8bet-joker-game-online-mm-Doa029sk HTTP/1.1" 200 7532 "-" "Mozilla/5.0 (Linux; Android 6.0.1; Nexus 5X Build/MMB29P) AppleWebKit/537.36 (KHTML, like Gecko) Chrome/126.0.6478.126 Mobile Safari/537.36 (compatible; Googlebot/2.1; +http://www.google.com/bot.html)"
66.249.70.1 - - [28/Jul/2024:00:03:18 +0200] "GET /?i=2019-2022-hyundai-door-check-79490-j3000-buy-hyundai-mm-XKxonOhX HTTP/1.1" 200 11228 "-" "Mozilla/5.0 (Linux; Android 6.0.1; Nexus 5X Build/MMB29P) AppleWebKit/537.36 (KHTML, like Gecko) Chrome/126.0.6478.126 Mobile Safari/537.36 (compatible; Googlebot/2.1; +http://www.google.com/bot.html)"
37.238.121.21 - - [28/Jul/2024:00:03:18 +0200] "GET /?i=yealink-mvc400-c3-000-microsoft-teams-rooms-system-ip-mm-oDNR24TL HTTP/1.1" 200 4353 "android-app://com.google.android.googlequicksearchbox/" "Mozilla/5.0 (Linux; Android 10; K) AppleWebKit/537.36 (KHTML, like Gecko) Chrome/126.0.0.0 Mobile Safari/537.36"
66.249.70.1 - - [28/Jul/2024:00:03:18 +0200] "GET /?i=it-s-not-too-late-to-benefit-pleysier-incubators-mm-BAa1AmsV HTTP/1.1" 200 6825 "-" "Mozilla/5.0 (Linux; Android 6.0.1; Nexus 5X Build/MMB29P) AppleWebKit/537.36 (KHTML, like Gecko) Chrome/126.0.6478.126 Mobile Safari/537.36 (compatible; Googlebot/2.1; +http://www.google.com/bot.html)"
66.249.70.7 - - [28/Jul/2024:00:03:18 +0200] "GET /?i=samurai-glove-cut-resistant-polyurethane-dipped-palm-glove-size-mm-3AAQ37C6 HTTP/1.1" 200 7469 "-" "Mozilla/5.0 (Linux; Android 6.0.1; Nexus 5X Build/MMB29P) AppleWebKit/537.36 (KHTML, like Gecko) Chrome/126.0.6478.126 Mobile Safari/537.36 (compatible; Googlebot/2.1; +http://www.google.com/bot.html)"
50.108.208.103 - - [28/Jul/2024:00:03:18 +0200] "GET /?i=woodland-lamp-shade-owl-lampshade-in-blue-country-home-mm-WoGL3Que HTTP/1.1" 200 4355 "https://www.google.com/" "Mozilla/5.0 (iPhone; CPU iPhone OS 17_5_1 like Mac OS X) AppleWebKit/605.1.15 (KHTML, like Gecko) Version/17.5 Mobile/15E148 Safari/604.1"
66.249.70.7 - - [28/Jul/2024:00:03:18 +0200] "GET /?i=deft-definition-and-meaning-collins-english-dictionary-mm-wqgPewsk HTTP/1.1" 200 7036 "-" "Mozilla/5.0 (Linux; Android 6.0.1; Nexus 5X Build/MMB29P) AppleWebKit/537.36 (KHTML, like Gecko) Chrome/126.0.6478.126 Mobile Safari/537.36 (compatible; Googlebot/2.1; +http://www.google.com/bot.html)"
66.249.70.1 - - [28/Jul/2024:00:03:18 +0200] "GET /?i=babaton-ruslan-red-dress-euc-red-dress-clothes-design-mm-gpYgMs7 HTTP/1.1" 200 10935 "-" "Mozilla/5.0 (Linux; Android 6.0.1; Nexus 5X Build/MMB29P) AppleWebKit/537.36 (KHTML, like Gecko) Chrome/126.0.6478.126 Mobile Safari/537.36 (compatible; Googlebot/2.1; +http://www.google.com/bot.html)"
66.249.70.2 - - [28/Jul/2024:00:03:18 +0200] "GET /?i=gifs-of-cars-with-tiny-difference-tutorial-gt500-mx5-mm-n7WejAIE HTTP/1.1" 200 7072 "-" "Mozilla/5.0 (Linux; Android 6.0.1; Nexus 5X Build/MMB29P) AppleWebKit/537.36 (KHTML, like Gecko) Chrome/126.0.6478.126 Mobile Safari/537.36 (compatible; Googlebot/2.1; +http://www.google.com/bot.html)"
66.249.70.3 - - [28/Jul/2024:00:03:18 +0200] "GET /it/?i=universal-mercedes-esl-emulator-emulators-gold-mm-4WnJRS6 HTTP/1.1" 200 7335 "-" "Mozilla/5.0 (Linux; Android 6.0.1; Nexus 5X Build/MMB29P) AppleWebKit/537.36 (KHTML, like Gecko) Chrome/126.0.6478.126 Mobile Safari/537.36 (compatible; Googlebot/2.1; +http://www.google.com/bot.html)"
189.113.74.92 - - [28/Jul/2024:00:03:18 +0200] "GET /?i=pudim-de-leite-condensado-receitas-saborosas-receitas-deliciosas-receitas-mm-N5DkG0ud HTTP/1.1" 200 5777 "-" "Mozilla/5.0 (Linux; Android 10; K) AppleWebKit/537.36 (KHTML, like Gecko) SamsungBrowser/26.0 Chrome/122.0.0.0 Mobile Safari/537.36"
66.249.70.3 - - [28/Jul/2024:00:03:18 +0200] "GET /?i=parhelions-or-sun-dogs-mm-MqAWYVco HTTP/1.1" 200 6529 "-" "Mozilla/5.0 (Linux; Android 6.0.1; Nexus 5X Build/MMB29P) AppleWebKit/537.36 (KHTML, like Gecko) Chrome/126.0.6478.126 Mobile Safari/537.36 (compatible; Googlebot/2.1; +http://www.google.com/bot.html)"
66.249.70.3 - - [28/Jul/2024:00:03:18 +0200] "GET /?i=hardcore-slurpee-lovers-rejoice-luxury-7-eleven-jewelry-is-mm-ExrwV7H3 HTTP/1.1" 200 7707 "-" "Mozilla/5.0 (Linux; Android 6.0.1; Nexus 5X Build/MMB29P) AppleWebKit/537.36 (KHTML, like Gecko) Chrome/126.0.6478.126 Mobile Safari/537.36 (compatible; Googlebot/2.1; +http://www.google.com/bot.html)"
157.55.39.51 - - [28/Jul/2024:00:03:18 +0200] "GET /?i=%C4%90%C3%A0o-t%E1%BA%A1o-li%C3%AAn-t%E1%BB%A5c-d%C6%B0%E1%BB%A3c-ho-chi-minh-city-mm-gepR5qS7 HTTP/1.1" 200 6576 "-" "Mozilla/5.0 AppleWebKit/537.36 (KHTML, like Gecko; compatible; bingbot/2.0; +http://www.bing.com/bingbot.htm) Chrome/116.0.1938.76 Safari/537.36"
66.249.70.1 - - [28/Jul/2024:00:03:18 +0200] "GET /?i=artstation-lumity-the-owl-house-fanart-mm-b3VX5VuX HTTP/1.1" 200 7376 "-" "Mozilla/5.0 (Linux; Android 6.0.1; Nexus 5X Build/MMB29P) AppleWebKit/537.36 (KHTML, like Gecko) Chrome/126.0.6478.126 Mobile Safari/537.36 (compatible; Googlebot/2.1; +http://www.google.com/bot.html)"
66.249.70.4 - - [28/Jul/2024:00:03:19 +0200] "GET /?i=betonplatten-f%C3%BCr-die-terrasse-eine-%C3%9Cbersicht-mm-qGazJPsj HTTP/1.1" 200 7124 "-" "Mozilla/5.0 (Linux; Android 6.0.1; Nexus 5X Build/MMB29P) AppleWebKit/537.36 (KHTML, like Gecko) Chrome/126.0.6478.126 Mobile Safari/537.36 (compatible; Googlebot/2.1; +http://www.google.com/bot.html)"
66.249.70.2 - - [28/Jul/2024:00:03:19 +0200] "GET /?i=bryson-tiller-chandler-info-06-25-16-rawhide-relentless-mm-N3E53wUd HTTP/1.1" 200 6864 "-" "Mozilla/5.0 (Linux; Android 6.0.1; Nexus 5X Build/MMB29P) AppleWebKit/537.36 (KHTML, like Gecko) Chrome/126.0.6478.126 Mobile Safari/537.36 (compatible; Googlebot/2.1; +http://www.google.com/bot.html)"
157.55.39.51 - - [28/Jul/2024:00:03:19 +0200] "GET /?i=2c-blanc-road-silverdale-m-1VrQvDF7 HTTP/1.1" 200 4258 "-" "Mozilla/5.0 AppleWebKit/537.36 (KHTML, like Gecko; compatible; bingbot/2.0; +http://www.bing.com/bingbot.htm) Chrome/116.0.1938.76 Safari/537.36"
66.249.70.1 - - [28/Jul/2024:00:03:19 +0200] "GET /?i=palm-trees-florida-beach-seascape-mm-jYAKGef9 HTTP/1.1" 200 7482 "-" "Mozilla/5.0 (Linux; Android 6.0.1; Nexus 5X Build/MMB29P) AppleWebKit/537.36 (KHTML, like Gecko) Chrome/126.0.6478.126 Mobile Safari/537.36 (compatible; Googlebot/2.1; +http://www.google.com/bot.html)"
66.249.70.2 - - [28/Jul/2024:00:03:19 +0200] "GET /?i=sneak-peek-black-high-heel-sandals-mm-vAGkGcV HTTP/1.1" 200 7764 "-" "Mozilla/5.0 (Linux; Android 6.0.1; Nexus 5X Build/MMB29P) AppleWebKit/537.36 (KHTML, like Gecko) Chrome/126.0.6478.126 Mobile Safari/537.36 (compatible; Googlebot/2.1; +http://www.google.com/bot.html)"
66.249.70.4 - - [28/Jul/2024:00:03:19 +0200] "GET /en/?i=10-best-printable-time-tables-multiplication-chart-20-pdf-mm-WW0AjYte HTTP/1.1" 200 10868 "-" "Mozilla/5.0 (Linux; Android 6.0.1; Nexus 5X Build/MMB29P) AppleWebKit/537.36 (KHTML, like Gecko) Chrome/126.0.6478.126 Mobile Safari/537.36 (compatible; GoogleOther)"
66.249.70.3 - - [28/Jul/2024:00:03:19 +0200] "GET /?i=neeraj-books-new-edition-ma-sociology-neeraj-ignou-books-mm-m9eBeAsX HTTP/1.1" 200 7263 "-" "Mozilla/5.0 (Linux; Android 6.0.1; Nexus 5X Build/MMB29P) AppleWebKit/537.36 (KHTML, like Gecko) Chrome/126.0.6478.126 Mobile Safari/537.36 (compatible; Googlebot/2.1; +http://www.google.com/bot.html)"
157.55.39.51 - - [28/Jul/2024:00:03:19 +0200] "GET /?i=java-tutorial-what-makes-java-platform-independent-mm-rPawvoc4 HTTP/1.1" 200 6620 "-" "Mozilla/5.0 (iPhone; CPU iPhone OS 7_0 like Mac OS X) AppleWebKit/537.51.1 (KHTML, like Gecko) Version/7.0 Mobile/11A465 Safari/9537.53 (compatible; bingbot/2.0; +http://www.bing.com/bingbot.htm)"
66.249.70.2 - - [28/Jul/2024:00:03:19 +0200] "GET /?i=mga-dulog-sa-pagtuturo-ng-wika-pdf-mm-2obmBRSj HTTP/1.1" 200 10245 "-" "Mozilla/5.0 (Linux; Android 6.0.1; Nexus 5X Build/MMB29P) AppleWebKit/537.36 (KHTML, like Gecko) Chrome/126.0.6478.126 Mobile Safari/537.36 (compatible; Googlebot/2.1; +http://www.google.com/bot.html)"
66.249.70.2 - - [28/Jul/2024:00:03:19 +0200] "GET /?i=50th-anniversary-rudolph-red-nosed-reindeer-hermey-the-elf-mm-M062BSo HTTP/1.1" 200 7196 "-" "Mozilla/5.0 (Linux; Android 6.0.1; Nexus 5X Build/MMB29P) AppleWebKit/537.36 (KHTML, like Gecko) Chrome/126.0.6478.126 Mobile Safari/537.36 (compatible; Googlebot/2.1; +http://www.google.com/bot.html)"
91.73.15.100 - - [28/Jul/2024:00:03:19 +0200] "GET /?i=essence-lippenbalsam-space-glow-colour-changing-3-2-g-mm-abo2gDCN HTTP/1.1" 200 4355 "https://www.google.com/" "Mozilla/5.0 (iPhone; CPU iPhone OS 16_2 like Mac OS X) AppleWebKit/605.1.15 (KHTML, like Gecko) GSA/295.0.590048842 Mobile/15E148 Safari/604.1"
66.249.70.7 - - [28/Jul/2024:00:03:19 +0200] "GET /?i=girl-on-fire-acoustic-song-and-lyrics-by-this-mm-Wax0b5ce HTTP/1.1" 200 6373 "-" "Mozilla/5.0 (Linux; Android 6.0.1; Nexus 5X Build/MMB29P) AppleWebKit/537.36 (KHTML, like Gecko) Chrome/126.0.6478.126 Mobile Safari/537.36 (compatible; Googlebot/2.1; +http://www.google.com/bot.html)"
173.208.193.186 - - [28/Jul/2024:00:03:19 +0200] "GET / HTTP/1.1" 200 5039 "-" "Mozilla/5.0 (iPhone; CPU iPhone OS 13_2_3 like Mac OS X) AppleWebKit/605.1.15 (KHTML, like Gecko) Version/13.0.3 Mobile/15E148 Safari/604.1"
66.249.70.8 - - [28/Jul/2024:00:03:19 +0200] "GET /?i=plaquitas-barranquilla-%E2%9E%A1%EF%B8%8F%E2%9E%A1%EF%B8%8F%E2%9E%A1%EF%B8%8F-super-noticia-si-les-colaboras-con-mm-KrYvrPhN HTTP/1.1" 200 6435 "-" "Mozilla/5.0 (Linux; Android 6.0.1; Nexus 5X Build/MMB29P) AppleWebKit/537.36 (KHTML, like Gecko) Chrome/126.0.6478.126 Mobile Safari/537.36 (compatible; Googlebot/2.1; +http://www.google.com/bot.html)"
66.249.70.7 - - [28/Jul/2024:00:03:20 +0200] "GET /?i=sexy-coins-replica-gold-coin-decorative-meta-gold-plated-mm-LRQaL2Fd HTTP/1.1" 200 7438 "-" "Mozilla/5.0 (Linux; Android 6.0.1; Nexus 5X Build/MMB29P) AppleWebKit/537.36 (KHTML, like Gecko) Chrome/126.0.6478.126 Mobile Safari/537.36 (compatible; Googlebot/2.1; +http://www.google.com/bot.html)"
66.249.70.8 - - [28/Jul/2024:00:03:19 +0200] "GET /en/?i=drew-house-hoodie-white-m-mm-evbbNRtg HTTP/1.1" 200 2666 "-" "Mozilla/5.0 (Linux; Android 6.0.1; Nexus 5X Build/MMB29P) AppleWebKit/537.36 (KHTML, like Gecko) Chrome/126.0.6478.126 Mobile Safari/537.36 (compatible; Googlebot/2.1; +http://www.google.com/bot.html)"
66.249.70.3 - - [28/Jul/2024:00:03:20 +0200] "GET /?i=complete-boiler-install-viessmann-vitodens-100-w-mm-Ekowj6i3 HTTP/1.1" 200 7077 "-" "Mozilla/5.0 (Linux; Android 6.0.1; Nexus 5X Build/MMB29P) AppleWebKit/537.36 (KHTML, like Gecko) Chrome/126.0.6478.126 Mobile Safari/537.36 (compatible; Googlebot/2.1; +http://www.google.com/bot.html)"
66.249.70.7 - - [28/Jul/2024:00:03:20 +0200] "GET /?i=first-day-at-school-poem-class-get-summary-and-mm-6wbNB0hN HTTP/1.1" 200 6650 "-" "Mozilla/5.0 (Linux; Android 6.0.1; Nexus 5X Build/MMB29P) AppleWebKit/537.36 (KHTML, like Gecko) Chrome/126.0.6478.126 Mobile Safari/537.36 (compatible; Googlebot/2.1; +http://www.google.com/bot.html)"
66.249.70.2 - - [28/Jul/2024:00:03:20 +0200] "GET /?i=the-smith-clan-celebrates-trey-smith-s-21st-birthday-mm-wN2BOXck HTTP/1.1" 200 7716 "-" "Mozilla/5.0 (Linux; Android 6.0.1; Nexus 5X Build/MMB29P) AppleWebKit/537.36 (KHTML, like Gecko) Chrome/126.0.6478.126 Mobile Safari/537.36 (compatible; Googlebot/2.1; +http://www.google.com/bot.html)"
84.56.255.161 - - [28/Jul/2024:00:03:20 +0200] "GET /?i=vaya-con-dios-band-wikipedia-mm-0VL09Dsx HTTP/1.1" 200 4355 "https://www.google.com/" "Mozilla/5.0 (Linux; Android 10; K) AppleWebKit/537.36 (KHTML, like Gecko) Chrome/127.0.0.0 Mobile Safari/537.36"
66.249.70.3 - - [28/Jul/2024:00:03:20 +0200] "GET /?i=all-fingers-up-memes%EF%BD%9Ctiktok-search-mm-YmnBxKfn HTTP/1.1" 200 6768 "-" "Mozilla/5.0 (Linux; Android 6.0.1; Nexus 5X Build/MMB29P) AppleWebKit/537.36 (KHTML, like Gecko) Chrome/126.0.6478.126 Mobile Safari/537.36 (compatible; Googlebot/2.1; +http://www.google.com/bot.html)"
157.55.39.51 - - [28/Jul/2024:00:03:20 +0200] "GET /?i=route-221-in-georgia-wikipedia-mm-3MbPKQF6 HTTP/1.1" 200 6507 "-" "Mozilla/5.0 (iPhone; CPU iPhone OS 7_0 like Mac OS X) AppleWebKit/537.51.1 (KHTML, like Gecko) Version/7.0 Mobile/11A465 Safari/9537.53 (compatible; bingbot/2.0; +http://www.bing.com/bingbot.htm)"
66.249.70.2 - - [28/Jul/2024:00:03:20 +0200] "GET /?i=vintage-fashion-plate-rosanna-collectible-plate-made-in-italy-mm-YEA3xJCn HTTP/1.1" 200 7233 "-" "Mozilla/5.0 (Linux; Android 6.0.1; Nexus 5X Build/MMB29P) AppleWebKit/537.36 (KHTML, like Gecko) Chrome/126.0.6478.126 Mobile Safari/537.36 (compatible; Googlebot/2.1; +http://www.google.com/bot.html)"
66.249.70.4 - - [28/Jul/2024:00:03:20 +0200] "GET /?i=c-comments-geeksforgeeks-mm-j73XdqI9 HTTP/1.1" 200 6900 "-" "Mozilla/5.0 (Linux; Android 6.0.1; Nexus 5X Build/MMB29P) AppleWebKit/537.36 (KHTML, like Gecko) Chrome/126.0.6478.126 Mobile Safari/537.36 (compatible; Googlebot/2.1; +http://www.google.com/bot.html)"
66.249.70.8 - - [28/Jul/2024:00:03:20 +0200] "GET /?i=upsc-2022-toppers-from-karnataka-25-students-clear-exam-mm-oK5E7XHL HTTP/1.1" 200 7683 "-" "Mozilla/5.0 (Linux; Android 6.0.1; Nexus 5X Build/MMB29P) AppleWebKit/537.36 (KHTML, like Gecko) Chrome/126.0.6478.126 Mobile Safari/537.36 (compatible; Googlebot/2.1; +http://www.google.com/bot.html)"
66.249.70.3 - - [28/Jul/2024:00:03:20 +0200] "GET /?i=gaucho-tower-bridge-in-london-restaurant-reviews-menu-and-mm-r9DWNGf4 HTTP/1.1" 200 6602 "-" "Mozilla/5.0 (Linux; Android 6.0.1; Nexus 5X Build/MMB29P) AppleWebKit/537.36 (KHTML, like Gecko) Chrome/126.0.6478.126 Mobile Safari/537.36 (compatible; Googlebot/2.1; +http://www.google.com/bot.html)"
66.249.70.2 - - [28/Jul/2024:00:03:20 +0200] "GET /?i=looking-for-affordable-disney-merch-maxx-has-you-covered-mm-Ev05YOs3 HTTP/1.1" 200 7358 "-" "Mozilla/5.0 (Linux; Android 6.0.1; Nexus 5X Build/MMB29P) AppleWebKit/537.36 (KHTML, like Gecko) Chrome/126.0.6478.126 Mobile Safari/537.36 (compatible; Googlebot/2.1; +http://www.google.com/bot.html)"
157.55.39.51 - - [28/Jul/2024:00:03:21 +0200] "GET /?i=history-lessons-hydlide-3-the-space-memories-aka-super-mm-2VaNKPij HTTP/1.1" 200 6401 "-" "Mozilla/5.0 (iPhone; CPU iPhone OS 7_0 like Mac OS X) AppleWebKit/537.51.1 (KHTML, like Gecko) Version/7.0 Mobile/11A465 Safari/9537.53 (compatible; bingbot/2.0; +http://www.bing.com/bingbot.htm)"
66.249.70.109 - - [28/Jul/2024:00:03:21 +0200] "GET /?m=15-refranes-y-su-significado-pdf-zz-pG2Y47Fg HTTP/1.1" 200 6818 "-" "Mozilla/5.0 (Linux; Android 6.0.1; Nexus 5X Build/MMB29P) AppleWebKit/537.36 (KHTML, like Gecko) Chrome/126.0.6478.126 Mobile Safari/537.36 (compatible; GoogleOther)"
66.249.70.4 - - [28/Jul/2024:00:03:21 +0200] "GET /?i=cinghia-distribuzione-cos-%C3%A8-e-quando-sostituirla-mm-ngXXm7hE HTTP/1.1" 200 11012 "-" "Mozilla/5.0 (Linux; Android 6.0.1; Nexus 5X Build/MMB29P) AppleWebKit/537.36 (KHTML, like Gecko) Chrome/126.0.6478.126 Mobile Safari/537.36 (compatible; Googlebot/2.1; +http://www.google.com/bot.html)"
66.249.70.4 - - [28/Jul/2024:00:03:21 +0200] "GET /?i=pink-colored-pet-birds-%E2%80%93-lafeber-mm-EqR4P6H3 HTTP/1.1" 200 7322 "-" "Mozilla/5.0 (Linux; Android 6.0.1; Nexus 5X Build/MMB29P) AppleWebKit/537.36 (KHTML, like Gecko) Chrome/126.0.6478.126 Mobile Safari/537.36 (compatible; Googlebot/2.1; +http://www.google.com/bot.html)"
66.249.70.2 - - [28/Jul/2024:00:03:21 +0200] "GET /?i=the-12-best-sports-watches-of-2022-zdnet-mm-VDY4dnH6 HTTP/1.1" 200 7497 "-" "Mozilla/5.0 (Linux; Android 6.0.1; Nexus 5X Build/MMB29P) AppleWebKit/537.36 (KHTML, like Gecko) Chrome/126.0.6478.126 Mobile Safari/537.36 (compatible; Googlebot/2.1; +http://www.google.com/bot.html)"
66.249.70.4 - - [28/Jul/2024:00:03:21 +0200] "GET /?i=ways-to-scan-qr-codes-on-a-windows-pc-mm-EqB2nOs3 HTTP/1.1" 200 10516 "-" "Mozilla/5.0 (Linux; Android 6.0.1; Nexus 5X Build/MMB29P) AppleWebKit/537.36 (KHTML, like Gecko) Chrome/126.0.6478.126 Mobile Safari/537.36 (compatible; Googlebot/2.1; +http://www.google.com/bot.html)"
66.249.70.8 - - [28/Jul/2024:00:03:21 +0200] "GET /?i=%E0%AE%9A%E0%AE%B0%E0%AF%8D%E0%AE%B5%E0%AE%A4%E0%AF%87%E0%AE%9A-%E0%AE%AF%E0%AF%8B%E0%AE%95%E0%AE%BE-%E0%AE%A4%E0%AE%BF%E0%AE%A9-%E0%AE%B5%E0%AE%BE%E0%AE%B4%E0%AF%8D%E0%AE%A4%E0%AF%8D%E0%AE%A4%E0%AF%81%E0%AE%95%E0%AE%B3%E0%AF%8D-yoga-fitness-meditation-yogapractice-yogainspiration-mm-VX64Kqt6 HTTP/1.1" 200 7762 "-" "Mozilla/5.0 (Linux; Android 6.0.1; Nexus 5X Build/MMB29P) AppleWebKit/537.36 (KHTML, like Gecko) Chrome/126.0.6478.126 Mobile Safari/537.36 (compatible; Googlebot/2.1; +http://www.google.com/bot.html)"
66.249.70.1 - - [28/Jul/2024:00:03:21 +0200] "GET /?i=coolers-on-sale-shop-clearance-coolers-soft-cooler-igloo-mm-N7O4qpcd HTTP/1.1" 200 7339 "-" "Mozilla/5.0 (Linux; Android 6.0.1; Nexus 5X Build/MMB29P) AppleWebKit/537.36 (KHTML, like Gecko) Chrome/126.0.6478.126 Mobile Safari/537.36 (compatible; Googlebot/2.1; +http://www.google.com/bot.html)"
136.243.228.194 - - [28/Jul/2024:00:03:21 +0200] "GET /?i=samsung-galaxy-s23-ultra-with-512-gb-drops-by-mm-nJWVK9CE HTTP/1.1" 200 1816 "-" "Mozilla/5.0 (compatible; DataForSeoBot/1.0; +https://dataforseo.com/dataforseo-bot)"
66.249.70.4 - - [28/Jul/2024:00:03:21 +0200] "GET /?i=how-international-colgate-blended-into-indian-culture-the-strategy-mm-nvpvvCE HTTP/1.1" 200 7145 "-" "Mozilla/5.0 (Linux; Android 6.0.1; Nexus 5X Build/MMB29P) AppleWebKit/537.36 (KHTML, like Gecko) Chrome/126.0.6478.126 Mobile Safari/537.36 (compatible; Googlebot/2.1; +http://www.google.com/bot.html)"
50.158.18.226 - - [28/Jul/2024:00:03:21 +0200] "GET /?i=howard-beach-jfk-subway-station-airport-airtrain-guide-mm-Xa5AdRCX HTTP/1.1" 200 4355 "https://www.google.com/" "Mozilla/5.0 (Linux; Android 10; K) AppleWebKit/537.36 (KHTML, like Gecko) Chrome/126.0.0.0 Mobile Safari/537.36"
66.249.70.5 - - [28/Jul/2024:00:03:21 +0200] "GET /?i=dodge-ram-logo-background-listed-in-[]-for-your-mm-rPdMPkS4 HTTP/1.1" 200 10918 "-" "Mozilla/5.0 (Linux; Android 6.0.1; Nexus 5X Build/MMB29P) AppleWebKit/537.36 (KHTML, like Gecko) Chrome/126.0.6478.126 Mobile Safari/537.36 (compatible; Googlebot/2.1; +http://www.google.com/bot.html)"
66.249.70.4 - - [28/Jul/2024:00:03:21 +0200] "GET /?i=10-awesome-activities-for-adding-and-subtracting-fractions-with-mm-1oPg5bs7 HTTP/1.1" 200 7055 "-" "Mozilla/5.0 (Linux; Android 6.0.1; Nexus 5X Build/MMB29P) AppleWebKit/537.36 (KHTML, like Gecko) Chrome/126.0.6478.126 Mobile Safari/537.36 (compatible; Googlebot/2.1; +http://www.google.com/bot.html)"
66.249.70.8 - - [28/Jul/2024:00:03:22 +0200] "GET /?i=artworks-of-juan-luna-mm-kqJb00Ho HTTP/1.1" 200 7365 "-" "Mozilla/5.0 (Linux; Android 6.0.1; Nexus 5X Build/MMB29P) AppleWebKit/537.36 (KHTML, like Gecko) Chrome/126.0.6478.126 Mobile Safari/537.36 (compatible; Googlebot/2.1; +http://www.google.com/bot.html)"
66.249.70.5 - - [28/Jul/2024:00:03:22 +0200] "GET /?i=cyber-attacks-and-cyber-defense-options-secplicity-security-simplified-mm-ww6wqFk HTTP/1.1" 200 10760 "-" "Mozilla/5.0 (Linux; Android 6.0.1; Nexus 5X Build/MMB29P) AppleWebKit/537.36 (KHTML, like Gecko) Chrome/126.0.6478.126 Mobile Safari/537.36 (compatible; Googlebot/2.1; +http://www.google.com/bot.html)"
66.249.70.4 - - [28/Jul/2024:00:03:22 +0200] "GET /?i=zinerit-30-ml-poudre-for-solution-mm-XkR776CX HTTP/1.1" 200 6791 "-" "Mozilla/5.0 (Linux; Android 6.0.1; Nexus 5X Build/MMB29P) AppleWebKit/537.36 (KHTML, like Gecko) Chrome/126.0.6478.126 Mobile Safari/537.36 (compatible; Googlebot/2.1; +http://www.google.com/bot.html)"
66.249.70.5 - - [28/Jul/2024:00:03:22 +0200] "GET /?i=virat-kohli-anushka-sharma-chill-at-rcb-bar-cafe-mm-WvRmYBfe HTTP/1.1" 200 10989 "-" "Mozilla/5.0 (Linux; Android 6.0.1; Nexus 5X Build/MMB29P) AppleWebKit/537.36 (KHTML, like Gecko) Chrome/126.0.6478.126 Mobile Safari/537.36 (compatible; Googlebot/2.1; +http://www.google.com/bot.html)"
66.249.70.2 - - [28/Jul/2024:00:03:22 +0200] "GET /?i=long-landscape-oil-painting-panoramic-farmhouse-wall-art-canada-mm-vG6bQ9cV HTTP/1.1" 200 7702 "-" "Mozilla/5.0 (Linux; Android 6.0.1; Nexus 5X Build/MMB29P) AppleWebKit/537.36 (KHTML, like Gecko) Chrome/126.0.6478.126 Mobile Safari/537.36 (compatible; Googlebot/2.1; +http://www.google.com/bot.html)"
217.44.79.51 - - [28/Jul/2024:00:03:22 +0200] "GET /?i=the-winsome-lady-ballymoney-mm-q69qoxhj HTTP/1.1" 200 4354 "https://www.google.com/" "Mozilla/5.0 (Linux; Android 10; K) AppleWebKit/537.36 (KHTML, like Gecko) Chrome/126.0.0.0 Mobile Safari/537.36"
66.249.70.2 - - [28/Jul/2024:00:03:22 +0200] "GET /?i=bmw-m3-f80-%E2%80%93-dmodelkits-mm-JXWJLXu1 HTTP/1.1" 200 7184 "-" "Mozilla/5.0 (Linux; Android 6.0.1; Nexus 5X Build/MMB29P) AppleWebKit/537.36 (KHTML, like Gecko) Chrome/126.0.6478.126 Mobile Safari/537.36 (compatible; Googlebot/2.1; +http://www.google.com/bot.html)"
213.149.61.116 - - [28/Jul/2024:00:03:22 +0200] "GET /?i=stickerpedia-on-x-hajduk-hajduksplit-1995-96-x-mm-2w7gaxsj HTTP/1.1" 200 4354 "https://www.google.com/" "Mozilla/5.0 (Linux; Android 10; K) AppleWebKit/537.36 (KHTML, like Gecko) Chrome/127.0.0.0 Mobile Safari/537.36"
66.249.70.7 - - [28/Jul/2024:00:03:22 +0200] "GET /?i=reebok-baskets-zig-dynamica-pour-homme-bleu-batik-chaussures-mm-m20E9AuX HTTP/1.1" 200 7275 "-" "Mozilla/5.0 (Linux; Android 6.0.1; Nexus 5X Build/MMB29P) AppleWebKit/537.36 (KHTML, like Gecko) Chrome/126.0.6478.126 Mobile Safari/537.36 (compatible; Googlebot/2.1; +http://www.google.com/bot.html)"
66.249.70.3 - - [28/Jul/2024:00:03:22 +0200] "GET /de/?i=pdf]-reduction-theory-of-binary-forms-semantic-scholar-mm-GnmQr5Td HTTP/1.1" 200 11225 "-" "Mozilla/5.0 (Linux; Android 6.0.1; Nexus 5X Build/MMB29P) AppleWebKit/537.36 (KHTML, like Gecko) Chrome/126.0.6478.126 Mobile Safari/537.36 (compatible; GoogleOther)"
66.249.70.5 - - [28/Jul/2024:00:03:22 +0200] "GET /?i=cadbury-logo-png-logo-vector-downloads-svg-eps-mm-5nqEO2Fm HTTP/1.1" 200 6951 "-" "Mozilla/5.0 (Linux; Android 6.0.1; Nexus 5X Build/MMB29P) AppleWebKit/537.36 (KHTML, like Gecko) Chrome/126.0.6478.126 Mobile Safari/537.36 (compatible; Googlebot/2.1; +http://www.google.com/bot.html)"
66.249.70.7 - - [28/Jul/2024:00:03:22 +0200] "GET /?i=2023-corvette-z06-extends-legend-with-radical-new-engine-mm-eEBkLGCg HTTP/1.1" 200 7435 "-" "Mozilla/5.0 (Linux; Android 6.0.1; Nexus 5X Build/MMB29P) AppleWebKit/537.36 (KHTML, like Gecko) Chrome/126.0.6478.126 Mobile Safari/537.36 (compatible; Googlebot/2.1; +http://www.google.com/bot.html)"
66.249.70.2 - - [28/Jul/2024:00:03:22 +0200] "GET /?i=pin-on-desktop-wallpaper-mm-2pQYwxij HTTP/1.1" 200 7063 "-" "Mozilla/5.0 (Linux; Android 6.0.1; Nexus 5X Build/MMB29P) AppleWebKit/537.36 (KHTML, like Gecko) Chrome/126.0.6478.126 Mobile Safari/537.36 (compatible; Googlebot/2.1; +http://www.google.com/bot.html)"
38.7.106.65 - - [28/Jul/2024:00:03:22 +0200] "GET /?i=c%C3%B3mo-pintar-verjas-de-hierro-correctamente-paso-a-paso-mm-PEOvavTB HTTP/1.1" 200 4354 "https://www.google.com/" "Mozilla/5.0 (iPhone; CPU iPhone OS 17_5_1 like Mac OS X) AppleWebKit/605.1.15 (KHTML, like Gecko) Version/17.5 Mobile/15E148 Safari/604.1"
66.249.70.3 - - [28/Jul/2024:00:03:22 +0200] "GET /?i=canon-pg-46-cl-56-kartu%C5%9F-dolum-seti-4x100ml-mm-jpWR3XU9 HTTP/1.1" 200 7709 "-" "Mozilla/5.0 (Linux; Android 6.0.1; Nexus 5X Build/MMB29P) AppleWebKit/537.36 (KHTML, like Gecko) Chrome/126.0.6478.126 Mobile Safari/537.36 (compatible; Googlebot/2.1; +http://www.google.com/bot.html)"
66.249.70.7 - - [28/Jul/2024:00:03:22 +0200] "GET /?i=a-brief-history-of-the-war-in-croatia-%E2%80%93-mm-qYgz3rtj HTTP/1.1" 200 7335 "-" "Mozilla/5.0 (Linux; Android 6.0.1; Nexus 5X Build/MMB29P) AppleWebKit/537.36 (KHTML, like Gecko) Chrome/126.0.6478.126 Mobile Safari/537.36 (compatible; Googlebot/2.1; +http://www.google.com/bot.html)"
66.249.70.3 - - [28/Jul/2024:00:03:23 +0200] "GET /?i=sapui5-file-and-sapui5-manifest-file-part-sapui5-programming-mm-LQpNVoHd HTTP/1.1" 200 7074 "-" "Mozilla/5.0 (Linux; Android 6.0.1; Nexus 5X Build/MMB29P) AppleWebKit/537.36 (KHTML, like Gecko) Chrome/126.0.6478.126 Mobile Safari/537.36 (compatible; Googlebot/2.1; +http://www.google.com/bot.html)"
66.249.70.8 - - [28/Jul/2024:00:03:23 +0200] "GET /?i=customized-size-windows-glass-films-door-stickers-wall-sticker-mm-XYNjv0CX HTTP/1.1" 200 7556 "-" "Mozilla/5.0 (Linux; Android 6.0.1; Nexus 5X Build/MMB29P) AppleWebKit/537.36 (KHTML, like Gecko) Chrome/126.0.6478.126 Mobile Safari/537.36 (compatible; Googlebot/2.1; +http://www.google.com/bot.html)"
66.249.70.1 - - [28/Jul/2024:00:03:23 +0200] "GET /?i=dvb-remote-control-all-in-one-apk-for-android-mm-DrpVp0Sk HTTP/1.1" 200 7556 "-" "Mozilla/5.0 (Linux; Android 6.0.1; Nexus 5X Build/MMB29P) AppleWebKit/537.36 (KHTML, like Gecko) Chrome/126.0.6478.126 Mobile Safari/537.36 (compatible; Googlebot/2.1; +http://www.google.com/bot.html)"
66.249.70.5 - - [28/Jul/2024:00:03:23 +0200] "GET /?i=splashmania-waterpark-ticket-in-gamuda-cove-selangor-klook-malaysia-mm-v3oEDnTV HTTP/1.1" 200 6835 "-" "Mozilla/5.0 (Linux; Android 6.0.1; Nexus 5X Build/MMB29P) AppleWebKit/537.36 (KHTML, like Gecko) Chrome/126.0.6478.126 Mobile Safari/537.36 (compatible; Googlebot/2.1; +http://www.google.com/bot.html)"
66.249.70.8 - - [28/Jul/2024:00:03:23 +0200] "GET /?i=8-687-girl-covers-stock-photos-free-royalty-free-mm-z6rxvbI5 HTTP/1.1" 200 7341 "-" "Mozilla/5.0 (Linux; Android 6.0.1; Nexus 5X Build/MMB29P) AppleWebKit/537.36 (KHTML, like Gecko) Chrome/126.0.6478.126 Mobile Safari/537.36 (compatible; Googlebot/2.1; +http://www.google.com/bot.html)"
66.249.70.1 - - [28/Jul/2024:00:03:23 +0200] "GET /?i=vestido-festa-social-mm-eEYKGAfg HTTP/1.1" 200 7930 "-" "Mozilla/5.0 (Linux; Android 6.0.1; Nexus 5X Build/MMB29P) AppleWebKit/537.36 (KHTML, like Gecko) Chrome/126.0.6478.126 Mobile Safari/537.36 (compatible; Googlebot/2.1; +http://www.google.com/bot.html)"
