67.255.79.233 - - [28/Jul/2024:00:03:49 +0200] "GET /js/script.js HTTP/1.1" 200 1108 "https://www.congress-intercultural.eu/en/?i=1929-ford-a-fordor-sedan-the-ford-model-a-mm-BqvqXtV" "Mozilla/5.0 (iPhone; CPU iPhone OS 17_5 like Mac OS X) AppleWebKit/605.1.15 (KHTML, like Gecko) CriOS/126.0.6478.153 Mobile/15E148 Safari/604.1"
66.249.70.8 - - [28/Jul/2024:00:03:49 +0200] "GET /?i=%E0%A4%9C%E0%A4%97%E0%A4%BE%E0%A4%A4%E0%A5%80%E0%A4%B2-%E0%A4%B8%E0%A4%BE%E0%A4%A4-%E0%A4%96%E0%A4%82%E0%A4%A1%E0%A4%BE%E0%A4%82%E0%A4%9A%E0%A5%80-%E0%A4%A8%E0%A4%BE%E0%A4%B5%E0%A5%87-name-of-continents-of-the-mm-D0ELGPSk HTTP/1.1" 200 7261 "-" "Mozilla/5.0 (Linux; Android 6.0.1; Nexus 5X Build/MMB29P) AppleWebKit/537.36 (KHTML, like Gecko) Chrome/126.0.6478.126 Mobile Safari/537.36 (compatible; Googlebot/2.1; +http://www.google.com/bot.html)"
66.249.70.4 - - [28/Jul/2024:00:03:49 +0200] "GET /?i=jee-on-x-kangkung-hedi-x-mm-w2QK3efk HTTP/1.1" 200 7539 "-" "Mozilla/5.0 (Linux; Android 6.0.1; Nexus 5X Build/MMB29P) AppleWebKit/537.36 (KHTML, like Gecko) Chrome/126.0.6478.126 Mobile Safari/537.36 (compatible; Googlebot/2.1; +http://www.google.com/bot.html)"
67.255.79.233 - - [28/Jul/2024:00:03:49 +0200] "GET /fonts/roboto-regular-webfont.woff2 HTTP/1.1" 200 69206 "https://www.congress-intercultural.eu/en/?i=1929-ford-a-fordor-sedan-the-ford-model-a-mm-BqvqXtV" "Mozilla/5.0 (iPhone; CPU iPhone OS 17_5 like Mac OS X) AppleWebKit/605.1.15 (KHTML, like Gecko) CriOS/126.0.6478.153 Mobile/15E148 Safari/604.1"
67.255.79.233 - - [28/Jul/2024:00:03:49 +0200] "GET /fonts/opensans-condbold-webfont.woff HTTP/1.1" 200 23438 "https://www.congress-intercultural.eu/en/?i=1929-ford-a-fordor-sedan-the-ford-model-a-mm-BqvqXtV" "Mozilla/5.0 (iPhone; CPU iPhone OS 17_5 like Mac OS X) AppleWebKit/605.1.15 (KHTML, like Gecko) CriOS/126.0.6478.153 Mobile/15E148 Safari/604.1"
66.249.70.3 - - [28/Jul/2024:00:03:49 +0200] "GET /?i=itel-exquisite-design-and-refined-aesthetic-facebook-mm-wOWBn4Tk HTTP/1.1" 200 7362 "-" "Mozilla/5.0 (Linux; Android 6.0.1; Nexus 5X Build/MMB29P) AppleWebKit/537.36 (KHTML, like Gecko) Chrome/126.0.6478.126 Mobile Safari/537.36 (compatible; Googlebot/2.1; +http://www.google.com/bot.html)"
66.249.70.4 - - [28/Jul/2024:00:03:49 +0200] "GET /?i=pop-up-parade-lucy-heartfilia-mm-Ko20oaFN HTTP/1.1" 200 6941 "-" "Mozilla/5.0 (Linux; Android 6.0.1; Nexus 5X Build/MMB29P) AppleWebKit/537.36 (KHTML, like Gecko) Chrome/126.0.6478.126 Mobile Safari/537.36 (compatible; Googlebot/2.1; +http://www.google.com/bot.html)"
66.249.70.6 - - [28/Jul/2024:00:03:49 +0200] "GET /?i=in-hong-kong-e-cigarettes-are-as-available-to-mm-Ev6AeKs3 HTTP/1.1" 200 6880 "-" "Mozilla/5.0 (Linux; Android 6.0.1; Nexus 5X Build/MMB29P) AppleWebKit/537.36 (KHTML, like Gecko) Chrome/126.0.6478.126 Mobile Safari/537.36 (compatible; Googlebot/2.1; +http://www.google.com/bot.html)"
66.249.70.8 - - [28/Jul/2024:00:03:49 +0200] "GET /?i=entertaining-appetizer-plate-holder-harry-david-mm-XXrXaKUX HTTP/1.1" 200 7573 "-" "Mozilla/5.0 (Linux; Android 6.0.1; Nexus 5X Build/MMB29P) AppleWebKit/537.36 (KHTML, like Gecko) Chrome/126.0.6478.126 Mobile Safari/537.36 (compatible; Googlebot/2.1; +http://www.google.com/bot.html)"
185.7.22.202 - - [28/Jul/2024:00:03:49 +0200] "GET /?i=on-cruise-missiles-and-white-elephants-mm-k2mgM0co HTTP/1.1" 200 4355 "https://www.google.com/" "Mozilla/5.0 (Linux; Android 10; K) AppleWebKit/537.36 (KHTML, like Gecko) Chrome/127.0.0.0 Mobile Safari/537.36"
67.255.79.233 - - [28/Jul/2024:00:03:49 +0200] "GET /images/favicon.ico HTTP/1.1" 200 5359 "-" "Mozilla/5.0 (iPhone; CPU iPhone OS 17_5 like Mac OS X) AppleWebKit/605.1.15 (KHTML, like Gecko) CriOS/126.0.6478.153 Mobile/15E148 Safari/604.1"
66.249.70.6 - - [28/Jul/2024:00:03:49 +0200] "GET /it/?i=susu-kemasan-kotak-yang-rendah-kalori-galeri-diposting-oleh-mm-JN4Oewu1 HTTP/1.1" 200 7987 "-" "Mozilla/5.0 (Linux; Android 6.0.1; Nexus 5X Build/MMB29P) AppleWebKit/537.36 (KHTML, like Gecko) Chrome/126.0.6478.126 Mobile Safari/537.36 (compatible; Googlebot/2.1; +http://www.google.com/bot.html)"
67.255.79.233 - - [28/Jul/2024:00:03:49 +0200] "GET /fonts/opensans-condlight-webfont.woff HTTP/1.1" 200 1881 "https://www.congress-intercultural.eu/en/?i=1929-ford-a-fordor-sedan-the-ford-model-a-mm-BqvqXtV" "Mozilla/5.0 (iPhone; CPU iPhone OS 17_5 like Mac OS X) AppleWebKit/605.1.15 (KHTML, like Gecko) CriOS/126.0.6478.153 Mobile/15E148 Safari/604.1"
66.249.70.4 - - [28/Jul/2024:00:03:49 +0200] "GET /?i=org-2022-apk-mod-unlocked-all-content-mm-AkqLYpTO HTTP/1.1" 200 6861 "-" "Mozilla/5.0 (Linux; Android 6.0.1; Nexus 5X Build/MMB29P) AppleWebKit/537.36 (KHTML, like Gecko) Chrome/126.0.6478.126 Mobile Safari/537.36 (compatible; Googlebot/2.1; +http://www.google.com/bot.html)"
66.249.70.7 - - [28/Jul/2024:00:03:49 +0200] "GET /?i=gondor-%E2%80%93-vision-of-the-palantir-mm-R33eVLS5 HTTP/1.1" 200 7199 "-" "Mozilla/5.0 (Linux; Android 6.0.1; Nexus 5X Build/MMB29P) AppleWebKit/537.36 (KHTML, like Gecko) Chrome/126.0.6478.126 Mobile Safari/537.36 (compatible; Googlebot/2.1; +http://www.google.com/bot.html)"
67.255.79.233 - - [28/Jul/2024:00:03:50 +0200] "GET /fonts/OpenSans-CondLight-webfont.ttf HTTP/1.1" 200 36843 "https://www.congress-intercultural.eu/en/?i=1929-ford-a-fordor-sedan-the-ford-model-a-mm-BqvqXtV" "Mozilla/5.0 (iPhone; CPU iPhone OS 17_5 like Mac OS X) AppleWebKit/605.1.15 (KHTML, like Gecko) CriOS/126.0.6478.153 Mobile/15E148 Safari/604.1"
66.249.70.3 - - [28/Jul/2024:00:03:50 +0200] "GET /?i=overlooked-performance-2003-2005-dodge-neon-srt-4-drivingline-mm-7pzE4Yu0 HTTP/1.1" 200 7733 "-" "Mozilla/5.0 (Linux; Android 6.0.1; Nexus 5X Build/MMB29P) AppleWebKit/537.36 (KHTML, like Gecko) Chrome/126.0.6478.126 Mobile Safari/537.36 (compatible; Googlebot/2.1; +http://www.google.com/bot.html)"
66.249.70.6 - - [28/Jul/2024:00:03:50 +0200] "GET /web/lotto%20up/?i=kohler-purist-18-towel-bar-in-polished-chrome-k-mm-Exnq3rT3 HTTP/1.1" 200 7703 "-" "Mozilla/5.0 (Linux; Android 6.0.1; Nexus 5X Build/MMB29P) AppleWebKit/537.36 (KHTML, like Gecko) Chrome/126.0.6478.126 Mobile Safari/537.36 (compatible; Googlebot/2.1; +http://www.google.com/bot.html)"
105.112.214.183 - - [28/Jul/2024:00:03:50 +0200] "GET /?i=automated-trading-systems-the-pros-and-cons-mm-pb03m2Ij HTTP/1.1" 200 4355 "https://www.google.com/" "Mozilla/5.0 (Linux; Android 10; K) AppleWebKit/537.36 (KHTML, like Gecko) Chrome/126.0.0.0 Mobile Safari/537.36"
136.243.228.194 - - [28/Jul/2024:00:03:49 +0200] "GET /?i=samsung-galaxy-a73-vs-a53-vs-a33-vs-s21-mm-BdMNResV HTTP/1.1" 200 1816 "-" "Mozilla/5.0 (compatible; DataForSeoBot/1.0; +https://dataforseo.com/dataforseo-bot)"
66.249.70.1 - - [28/Jul/2024:00:03:50 +0200] "GET /?i=marcus-wesson-killed-nine-of-his-children-because-he-mm-5gOEL3Im HTTP/1.1" 200 6881 "-" "Mozilla/5.0 (Linux; Android 6.0.1; Nexus 5X Build/MMB29P) AppleWebKit/537.36 (KHTML, like Gecko) Chrome/126.0.6478.126 Mobile Safari/537.36 (compatible; Googlebot/2.1; +http://www.google.com/bot.html)"
66.249.70.7 - - [28/Jul/2024:00:03:50 +0200] "GET /?i=hdr-731-streaming-media-processor%EF%BD%9Cbxb-mm-kkd7MBso HTTP/1.1" 200 10692 "-" "Mozilla/5.0 (Linux; Android 6.0.1; Nexus 5X Build/MMB29P) AppleWebKit/537.36 (KHTML, like Gecko) Chrome/126.0.6478.126 Mobile Safari/537.36 (compatible; Googlebot/2.1; +http://www.google.com/bot.html)"
66.249.70.3 - - [28/Jul/2024:00:03:50 +0200] "GET /?i=luxury-bedroom-contemporary-house-plan-kerala-home-design-and-mm-52GWEYIm HTTP/1.1" 200 7256 "-" "Mozilla/5.0 (Linux; Android 6.0.1; Nexus 5X Build/MMB29P) AppleWebKit/537.36 (KHTML, like Gecko) Chrome/126.0.6478.126 Mobile Safari/537.36 (compatible; Googlebot/2.1; +http://www.google.com/bot.html)"
81.0.44.108 - - [28/Jul/2024:00:03:50 +0200] "GET /?i=d-d-beyond-have-you-played-a-dnd-artificer-mm-mMj7B9sX HTTP/1.1" 200 1098 "https://www.google.com/" "Mozilla/5.0 (Linux; Android 10; K) AppleWebKit/537.36 (KHTML, like Gecko) Chrome/126.0.0.0 Mobile Safari/537.36"
66.249.70.5 - - [28/Jul/2024:00:03:50 +0200] "GET /?i=iphone-13-pro-max-90fps-is-live-r-pubgmobile-mm-ojqbrksL HTTP/1.1" 200 7056 "-" "Mozilla/5.0 (Linux; Android 6.0.1; Nexus 5X Build/MMB29P) AppleWebKit/537.36 (KHTML, like Gecko) Chrome/126.0.6478.126 Mobile Safari/537.36 (compatible; Googlebot/2.1; +http://www.google.com/bot.html)"
66.249.70.2 - - [28/Jul/2024:00:03:50 +0200] "GET /?i=rinnai-super-high-efficiency-130000-btu-indoor-natural-gas-mm-4mdNnAs6 HTTP/1.1" 200 7701 "-" "Mozilla/5.0 (Linux; Android 6.0.1; Nexus 5X Build/MMB29P) AppleWebKit/537.36 (KHTML, like Gecko) Chrome/126.0.6478.126 Mobile Safari/537.36 (compatible; Googlebot/2.1; +http://www.google.com/bot.html)"
66.249.70.109 - - [28/Jul/2024:00:03:50 +0200] "GET /?m=pdf]-an-orthopedic-approach-to-the-treatment-of-class-zz-Xrx306tE HTTP/1.1" 200 7342 "-" "Mozilla/5.0 (Linux; Android 6.0.1; Nexus 5X Build/MMB29P) AppleWebKit/537.36 (KHTML, like Gecko) Chrome/126.0.6478.126 Mobile Safari/537.36 (compatible; GoogleOther)"
52.167.144.174 - - [28/Jul/2024:00:03:50 +0200] "GET /?i=adding-two-2-digit-numbers-using-expanded-form-powerpoint-mm-XQRnv3IX HTTP/1.1" 200 10853 "-" "Mozilla/5.0 (iPhone; CPU iPhone OS 7_0 like Mac OS X) AppleWebKit/537.51.1 (KHTML, like Gecko) Version/7.0 Mobile/11A465 Safari/9537.53 (compatible; bingbot/2.0; +http://www.bing.com/bingbot.htm)"
66.249.70.3 - - [28/Jul/2024:00:03:50 +0200] "GET /?i=max-out-heros-at-th9-fandom-mm-G3JqWzfd HTTP/1.1" 200 7125 "-" "Mozilla/5.0 (Linux; Android 6.0.1; Nexus 5X Build/MMB29P) AppleWebKit/537.36 (KHTML, like Gecko) Chrome/126.0.6478.126 Mobile Safari/537.36 (compatible; Googlebot/2.1; +http://www.google.com/bot.html)"
66.249.70.6 - - [28/Jul/2024:00:03:50 +0200] "GET /?i=india-jai-ho-today-is-the-day-to-look-mm-GAjKDAUd HTTP/1.1" 200 7340 "-" "Mozilla/5.0 (Linux; Android 6.0.1; Nexus 5X Build/MMB29P) AppleWebKit/537.36 (KHTML, like Gecko) Chrome/126.0.6478.126 Mobile Safari/537.36 (compatible; Googlebot/2.1; +http://www.google.com/bot.html)"
66.249.70.6 - - [28/Jul/2024:00:03:50 +0200] "GET /ru/?i=v6x115-kmb-1a-%E4%B9%9D%E5%B7%B4-1a-%E5%AF%8C%E8%B1%AAb8l-v6x-%E4%B8%8A%E5%B1%A4%E6%9C%89%E5%80%92%E5%BE%8C%E4%BD%8D-facebook-mm-YvgQYLSn HTTP/1.1" 200 7191 "-" "Mozilla/5.0 (Linux; Android 6.0.1; Nexus 5X Build/MMB29P) AppleWebKit/537.36 (KHTML, like Gecko) Chrome/126.0.6478.126 Mobile Safari/537.36 (compatible; Googlebot/2.1; +http://www.google.com/bot.html)"
69.218.239.116 - - [28/Jul/2024:00:03:51 +0200] "GET /?i=the-traits-of-different-horoscopes-of-hindu-astrology-mm-Vv4XReC6 HTTP/1.1" 200 4355 "https://www.google.com/" "Mozilla/5.0 (iPhone; CPU iPhone OS 17_5_1 like Mac OS X) AppleWebKit/605.1.15 (KHTML, like Gecko) Version/17.5 Mobile/15E148 Safari/604.1"
66.249.70.3 - - [28/Jul/2024:00:03:51 +0200] "GET /?i=custom-built-gaming-computer-stock-photo-by-%C2%A9daliu-136028818-mm-bQQkvkiX HTTP/1.1" 200 8025 "-" "Mozilla/5.0 (Linux; Android 6.0.1; Nexus 5X Build/MMB29P) AppleWebKit/537.36 (KHTML, like Gecko) Chrome/126.0.6478.126 Mobile Safari/537.36 (compatible; Googlebot/2.1; +http://www.google.com/bot.html)"
188.88.205.53 - - [28/Jul/2024:00:03:51 +0200] "GET /?i=how-to-attend-a-muslim-friday-prayer-service-jum-mm-pqo7qEUj HTTP/1.1" 200 4355 "https://www.google.com/" "Mozilla/5.0 (Linux; Android 10; K) AppleWebKit/537.36 (KHTML, like Gecko) Chrome/127.0.0.0 Mobile Safari/537.36"
66.249.70.2 - - [28/Jul/2024:00:03:51 +0200] "GET /?i=colores-en-el-viento-pdf-ocio-naturaleza-mm-RLA2RRC5 HTTP/1.1" 200 6691 "-" "Mozilla/5.0 (Linux; Android 6.0.1; Nexus 5X Build/MMB29P) AppleWebKit/537.36 (KHTML, like Gecko) Chrome/126.0.6478.126 Mobile Safari/537.36 (compatible; Googlebot/2.1; +http://www.google.com/bot.html)"
66.249.70.4 - - [28/Jul/2024:00:03:51 +0200] "GET /?i=ford-everest-2014-3d-%D0%BC%D0%BE%D0%B4%D0%B5%D0%BB%D1%8C-mm-okmrvwSL HTTP/1.1" 200 7225 "-" "Mozilla/5.0 (Linux; Android 6.0.1; Nexus 5X Build/MMB29P) AppleWebKit/537.36 (KHTML, like Gecko) Chrome/126.0.6478.126 Mobile Safari/537.36 (compatible; Googlebot/2.1; +http://www.google.com/bot.html)"
66.249.70.1 - - [28/Jul/2024:00:03:51 +0200] "GET /?i=timesheet-startups-new-startups-launching-next-mm-1wYMnDt7 HTTP/1.1" 200 6187 "-" "Mozilla/5.0 (Linux; Android 6.0.1; Nexus 5X Build/MMB29P) AppleWebKit/537.36 (KHTML, like Gecko) Chrome/126.0.6478.126 Mobile Safari/537.36 (compatible; Googlebot/2.1; +http://www.google.com/bot.html)"
66.249.70.2 - - [28/Jul/2024:00:03:51 +0200] "GET /?i=among-us-character-pink-by-josiosi-on-deviantart-mm-0VNzvEHx HTTP/1.1" 200 8451 "-" "Mozilla/5.0 (Linux; Android 6.0.1; Nexus 5X Build/MMB29P) AppleWebKit/537.36 (KHTML, like Gecko) Chrome/126.0.6478.126 Mobile Safari/537.36 (compatible; Googlebot/2.1; +http://www.google.com/bot.html)"
66.249.70.4 - - [28/Jul/2024:00:03:51 +0200] "GET /?i=head-phrasal-verbs-%E2%80%93-head-up-head-out-head-mm-r9mJ1pu4 HTTP/1.1" 200 6808 "-" "Mozilla/5.0 (Linux; Android 6.0.1; Nexus 5X Build/MMB29P) AppleWebKit/537.36 (KHTML, like Gecko) Chrome/126.0.6478.126 Mobile Safari/537.36 (compatible; Googlebot/2.1; +http://www.google.com/bot.html)"
66.249.70.4 - - [28/Jul/2024:00:03:51 +0200] "GET /?i=dc-water-heater-element-24-volt-600-watt-submersible-mm-2bkmQRIj HTTP/1.1" 200 7658 "-" "Mozilla/5.0 (Linux; Android 6.0.1; Nexus 5X Build/MMB29P) AppleWebKit/537.36 (KHTML, like Gecko) Chrome/126.0.6478.126 Mobile Safari/537.36 (compatible; Googlebot/2.1; +http://www.google.com/bot.html)"
66.249.70.7 - - [28/Jul/2024:00:03:51 +0200] "GET /?i=augmentin-conversion-chart-mm-DvJwK9Sk HTTP/1.1" 200 6824 "-" "Mozilla/5.0 (Linux; Android 6.0.1; Nexus 5X Build/MMB29P) AppleWebKit/537.36 (KHTML, like Gecko) Chrome/126.0.6478.126 Mobile Safari/537.36 (compatible; Googlebot/2.1; +http://www.google.com/bot.html)"
66.249.70.1 - - [28/Jul/2024:00:03:51 +0200] "GET /?i=online-birthday-party-cake-delivery-in-kanpur-kidwai-nagar-mm-XnogxOUX HTTP/1.1" 200 7059 "-" "Mozilla/5.0 (Linux; Android 6.0.1; Nexus 5X Build/MMB29P) AppleWebKit/537.36 (KHTML, like Gecko) Chrome/126.0.6478.126 Mobile Safari/537.36 (compatible; Googlebot/2.1; +http://www.google.com/bot.html)"
77.137.69.61 - - [28/Jul/2024:00:03:51 +0200] "GET /it/?i=%D7%A9%D7%9E%D7%A2-%D7%99%D7%A9%D7%A8%D7%90%D7%9C-%D7%A7%D7%A8%D7%99%D7%90%D7%AA-%D7%A9%D7%9E%D7%A2-%D7%A9%D7%A2%D7%9C-%D7%94%D7%9E%D7%99%D7%98%D7%94-%D7%A1%D7%99%D7%93%D7%95%D7%A8-%D7%99%D7%94%D7%95%D7%93%D7%99-%D7%AA%D7%A4%D7%99%D7%9C%D7%94-mm-QNLjLLFX HTTP/1.1" 200 4355 "https://www.google.com/" "Mozilla/5.0 (Linux; Android 10; K) AppleWebKit/537.36 (KHTML, like Gecko) Chrome/126.0.0.0 Mobile Safari/537.36"
66.249.70.5 - - [28/Jul/2024:00:03:51 +0200] "GET /?i=pla02-plate-for-dual-flush-geberit-cistern-with-flush-mm-XRjJLKCX HTTP/1.1" 200 7066 "-" "Mozilla/5.0 (Linux; Android 6.0.1; Nexus 5X Build/MMB29P) AppleWebKit/537.36 (KHTML, like Gecko) Chrome/126.0.6478.126 Mobile Safari/537.36 (compatible; Googlebot/2.1; +http://www.google.com/bot.html)"
66.249.70.4 - - [28/Jul/2024:00:03:51 +0200] "GET /it/?i=sebodel-%E2%80%93-acne-body-spray-%E2%80%93-delbruk-life-science-mm-GnNkEptd HTTP/1.1" 200 6496 "-" "Mozilla/5.0 (Linux; Android 6.0.1; Nexus 5X Build/MMB29P) AppleWebKit/537.36 (KHTML, like Gecko) Chrome/126.0.6478.126 Mobile Safari/537.36 (compatible; Googlebot/2.1; +http://www.google.com/bot.html)"
66.249.70.7 - - [28/Jul/2024:00:03:52 +0200] "GET /?i=mbti-and-the-big-five-personality-traits-mm-EdWegNu3 HTTP/1.1" 200 6432 "-" "Mozilla/5.0 (Linux; Android 6.0.1; Nexus 5X Build/MMB29P) AppleWebKit/537.36 (KHTML, like Gecko) Chrome/126.0.6478.126 Mobile Safari/537.36 (compatible; Googlebot/2.1; +http://www.google.com/bot.html)"
66.249.70.7 - - [28/Jul/2024:00:03:52 +0200] "GET /?i=ivyglam-beauty-bar-academy-@ivyglambeautybar-%E2%80%A2-instagram-photos-and-mm-EvJVpKs3 HTTP/1.1" 200 6530 "-" "Mozilla/5.0 (Linux; Android 6.0.1; Nexus 5X Build/MMB29P) AppleWebKit/537.36 (KHTML, like Gecko) Chrome/126.0.6478.126 Mobile Safari/537.36 (compatible; Googlebot/2.1; +http://www.google.com/bot.html)"
66.249.70.1 - - [28/Jul/2024:00:03:52 +0200] "GET /?i=qualcomm-launches-snapdragon-782g-soc-in-india-smartprix-mm-X1v67RsX HTTP/1.1" 200 7168 "-" "Mozilla/5.0 (Linux; Android 6.0.1; Nexus 5X Build/MMB29P) AppleWebKit/537.36 (KHTML, like Gecko) Chrome/126.0.6478.126 Mobile Safari/537.36 (compatible; Googlebot/2.1; +http://www.google.com/bot.html)"
217.113.194.85 - - [28/Jul/2024:00:03:51 +0200] "GET /de/initiative/227-progetto---%EF%BF%BDpraefix-r--%EF%BF%BD---programma-di-accompagnamento-per-i-genitori-in-carcere.html HTTP/1.1" 200 2488 "-" "Mozilla/5.0 (compatible; Barkrowler/0.9; +https://babbar.tech/crawler)"
129.45.125.8 - - [28/Jul/2024:00:03:52 +0200] "GET /?i=%D8%A7%D9%84%D9%85%D8%AE%D8%AA%D8%B5%D8%B1-%D9%81%D9%8A-%D8%AA%D9%81%D8%B3%D9%8A%D8%B1-%D8%A7%D9%84%D9%82%D8%B1%D8%A2%D9%86-%D8%A7%D9%84%D9%83%D8%B1%D9%8A%D9%85-%D9%85%D8%AA%D8%AC%D8%B1-%D8%A3%D8%AD%D8%B1%D9%81-mm-EMWeAdH3 HTTP/1.1" 200 4356 "https://www.google.com/" "Mozilla/5.0 (Linux; Android 10; K) AppleWebKit/537.36 (KHTML, like Gecko) Chrome/125.0.0.0 Mobile Safari/537.36"
66.249.70.8 - - [28/Jul/2024:00:03:52 +0200] "GET /?i=%EB%A7%9B%EC%9E%88%EC%96%B4%EC%9A%94-how-to-say-delicious-in-korean-kimchi-cloud-mm-M0DGV5io HTTP/1.1" 200 7608 "-" "Mozilla/5.0 (Linux; Android 6.0.1; Nexus 5X Build/MMB29P) AppleWebKit/537.36 (KHTML, like Gecko) Chrome/126.0.6478.126 Mobile Safari/537.36 (compatible; Googlebot/2.1; +http://www.google.com/bot.html)"
66.249.70.8 - - [28/Jul/2024:00:03:52 +0200] "GET /?i=elemental-warriors-beyblade-elemental-mm-w9GkqIk HTTP/1.1" 200 7036 "-" "Mozilla/5.0 (Linux; Android 6.0.1; Nexus 5X Build/MMB29P) AppleWebKit/537.36 (KHTML, like Gecko) Chrome/126.0.6478.126 Mobile Safari/537.36 (compatible; Googlebot/2.1; +http://www.google.com/bot.html)"
66.249.70.7 - - [28/Jul/2024:00:03:52 +0200] "GET /en/?i=guys-is-this-my-wife-s-exhaust-pipe-hanging-mm-ge41LMH7 HTTP/1.1" 200 11157 "-" "Mozilla/5.0 (Linux; Android 6.0.1; Nexus 5X Build/MMB29P) AppleWebKit/537.36 (KHTML, like Gecko) Chrome/126.0.6478.126 Mobile Safari/537.36 (compatible; Googlebot/2.1; +http://www.google.com/bot.html)"
66.249.70.2 - - [28/Jul/2024:00:03:52 +0200] "GET /?i=squad-building]-my-fifa-mobile-19-legacy-squad-and-mm-MLBQq0ho HTTP/1.1" 200 7083 "-" "Mozilla/5.0 (Linux; Android 6.0.1; Nexus 5X Build/MMB29P) AppleWebKit/537.36 (KHTML, like Gecko) Chrome/126.0.6478.126 Mobile Safari/537.36 (compatible; Googlebot/2.1; +http://www.google.com/bot.html)"
66.249.70.3 - - [28/Jul/2024:00:03:52 +0200] "GET /?i=geforce-rtx%E2%84%A2-3060-ti-windforce-oc-8g-key-features-mm-qGeOGrIj HTTP/1.1" 200 7797 "-" "Mozilla/5.0 (Linux; Android 6.0.1; Nexus 5X Build/MMB29P) AppleWebKit/537.36 (KHTML, like Gecko) Chrome/126.0.6478.126 Mobile Safari/537.36 (compatible; Googlebot/2.1; +http://www.google.com/bot.html)"
66.249.70.6 - - [28/Jul/2024:00:03:52 +0200] "GET /?i=sus-derechos-en-el-trabajo-afl-cio-mm-nKKXorFE HTTP/1.1" 200 6871 "-" "Mozilla/5.0 (Linux; Android 6.0.1; Nexus 5X Build/MMB29P) AppleWebKit/537.36 (KHTML, like Gecko) Chrome/126.0.6478.126 Mobile Safari/537.36 (compatible; Googlebot/2.1; +http://www.google.com/bot.html)"
66.249.70.3 - - [28/Jul/2024:00:03:52 +0200] "GET /?i=cbse-papers-questions-answers-mcq-cbse-class-12-informatics-mm-4j1RBOT6 HTTP/1.1" 200 7587 "-" "Mozilla/5.0 (Linux; Android 6.0.1; Nexus 5X Build/MMB29P) AppleWebKit/537.36 (KHTML, like Gecko) Chrome/126.0.6478.126 Mobile Safari/537.36 (compatible; Googlebot/2.1; +http://www.google.com/bot.html)"
66.249.70.5 - - [28/Jul/2024:00:03:52 +0200] "GET /?i=university-of-texas-at-austin-logo-symbol-meaning-history-mm-e5Vz6Otg HTTP/1.1" 200 6889 "-" "Mozilla/5.0 (Linux; Android 6.0.1; Nexus 5X Build/MMB29P) AppleWebKit/537.36 (KHTML, like Gecko) Chrome/126.0.6478.126 Mobile Safari/537.36 (compatible; Googlebot/2.1; +http://www.google.com/bot.html)"
66.249.70.3 - - [28/Jul/2024:00:03:53 +0200] "GET /?i=jsk-technology-mm-LNBqQPSd HTTP/1.1" 200 5855 "-" "Mozilla/5.0 (Linux; Android 6.0.1; Nexus 5X Build/MMB29P) AppleWebKit/537.36 (KHTML, like Gecko) Chrome/126.0.6478.126 Mobile Safari/537.36 (compatible; Googlebot/2.1; +http://www.google.com/bot.html)"
66.249.70.6 - - [28/Jul/2024:00:03:53 +0200] "GET /?i=sjg-pharma-ghazni-branch-ghazni-mm-4jO9jmt6 HTTP/1.1" 200 6914 "-" "Mozilla/5.0 (Linux; Android 6.0.1; Nexus 5X Build/MMB29P) AppleWebKit/537.36 (KHTML, like Gecko) Chrome/126.0.6478.126 Mobile Safari/537.36 (compatible; Googlebot/2.1; +http://www.google.com/bot.html)"
66.249.70.8 - - [28/Jul/2024:00:03:53 +0200] "GET /?i=wmkk_kuala-lumpur-scenery-packages-forum-mm-W9XPDvhe HTTP/1.1" 200 6890 "-" "Mozilla/5.0 (Linux; Android 6.0.1; Nexus 5X Build/MMB29P) AppleWebKit/537.36 (KHTML, like Gecko) Chrome/126.0.6478.126 Mobile Safari/537.36 (compatible; Googlebot/2.1; +http://www.google.com/bot.html)"
66.249.70.3 - - [28/Jul/2024:00:03:53 +0200] "GET /?i=rpgs-coming-this-week-12-5-22-rpgfan-mm-dnXXrVce HTTP/1.1" 200 7898 "-" "Mozilla/5.0 (Linux; Android 6.0.1; Nexus 5X Build/MMB29P) AppleWebKit/537.36 (KHTML, like Gecko) Chrome/126.0.6478.126 Mobile Safari/537.36 (compatible; Googlebot/2.1; +http://www.google.com/bot.html)"
66.249.70.3 - - [28/Jul/2024:00:03:53 +0200] "GET /?i=cash-apple-iphone-12-pro-max-mm-p4bz9Xcj HTTP/1.1" 200 7284 "-" "Mozilla/5.0 (Linux; Android 6.0.1; Nexus 5X Build/MMB29P) AppleWebKit/537.36 (KHTML, like Gecko) Chrome/126.0.6478.126 Mobile Safari/537.36 (compatible; Googlebot/2.1; +http://www.google.com/bot.html)"
66.249.70.5 - - [28/Jul/2024:00:03:53 +0200] "GET /?i=nuk-insulated-hard-spout-sippy-cup-oz-pack-mm-EPjD0ds3 HTTP/1.1" 200 7232 "-" "Mozilla/5.0 (Linux; Android 6.0.1; Nexus 5X Build/MMB29P) AppleWebKit/537.36 (KHTML, like Gecko) Chrome/126.0.6478.126 Mobile Safari/537.36 (compatible; Googlebot/2.1; +http://www.google.com/bot.html)"
66.249.70.1 - - [28/Jul/2024:00:03:53 +0200] "GET /it/?i=source-manufacturing-energy-saving-cryogenic-lng-plant-gas-generation-mm-RRQEQaU5 HTTP/1.1" 200 7143 "-" "Mozilla/5.0 (Linux; Android 6.0.1; Nexus 5X Build/MMB29P) AppleWebKit/537.36 (KHTML, like Gecko) Chrome/126.0.6478.126 Mobile Safari/537.36 (compatible; Googlebot/2.1; +http://www.google.com/bot.html)"
66.249.70.2 - - [28/Jul/2024:00:03:53 +0200] "GET /?i=johnny-depp-hats-the-ultimate-hat-style-guide-%E2%80%93-mm-1rQPNri7 HTTP/1.1" 200 7471 "-" "Mozilla/5.0 (Linux; Android 6.0.1; Nexus 5X Build/MMB29P) AppleWebKit/537.36 (KHTML, like Gecko) Chrome/126.0.6478.126 Mobile Safari/537.36 (compatible; Googlebot/2.1; +http://www.google.com/bot.html)"
66.249.70.7 - - [28/Jul/2024:00:03:53 +0200] "GET /?i=is-a-coconut-a-fruit-or-a-vegetable-quora-mm-MQbebVSo HTTP/1.1" 200 8332 "-" "Mozilla/5.0 (Linux; Android 6.0.1; Nexus 5X Build/MMB29P) AppleWebKit/537.36 (KHTML, like Gecko) Chrome/126.0.6478.126 Mobile Safari/537.36 (compatible; Googlebot/2.1; +http://www.google.com/bot.html)"
66.249.70.4 - - [28/Jul/2024:00:03:53 +0200] "GET /?i=how-tough-is-it-to-be-a-kvs-prt-mm-Aa29ObSO HTTP/1.1" 200 7150 "-" "Mozilla/5.0 (Linux; Android 6.0.1; Nexus 5X Build/MMB29P) AppleWebKit/537.36 (KHTML, like Gecko) Chrome/126.0.6478.126 Mobile Safari/537.36 (compatible; Googlebot/2.1; +http://www.google.com/bot.html)"
166.196.89.136 - - [28/Jul/2024:00:03:53 +0200] "GET /?i=how-do-i-get-this-bathtub-faucet-to-stop-mm-dYLMEaie HTTP/1.1" 200 4355 "https://www.google.com/" "Mozilla/5.0 (iPhone; CPU iPhone OS 17_5 like Mac OS X) AppleWebKit/605.1.15 (KHTML, like Gecko) GSA/326.0.653331328 Mobile/15E148 Safari/604.1"
66.249.70.1 - - [28/Jul/2024:00:03:53 +0200] "GET /?i=l-eau-d-issey-pour-homme-eau-vetiver-eau-mm-PVLjEFB HTTP/1.1" 200 11488 "-" "Mozilla/5.0 (Linux; Android 6.0.1; Nexus 5X Build/MMB29P) AppleWebKit/537.36 (KHTML, like Gecko) Chrome/126.0.6478.126 Mobile Safari/537.36 (compatible; Googlebot/2.1; +http://www.google.com/bot.html)"
66.249.70.109 - - [28/Jul/2024:00:03:54 +0200] "GET /?m=40702-pages-1-50-flip-pdf-download-fliphtml5-zz-rKNvpJSA HTTP/1.1" 200 7359 "-" "Mozilla/5.0 (Linux; Android 6.0.1; Nexus 5X Build/MMB29P) AppleWebKit/537.36 (KHTML, like Gecko) Chrome/126.0.6478.126 Mobile Safari/537.36 (compatible; GoogleOther)"
136.243.228.194 - - [28/Jul/2024:00:03:53 +0200] "GET /?i=samsung-galaxy-s22-price-release-date-preorder-where-to-mm-v3RV09FV HTTP/1.1" 200 1816 "-" "Mozilla/5.0 (compatible; DataForSeoBot/1.0; +https://dataforseo.com/dataforseo-bot)"
66.249.70.7 - - [28/Jul/2024:00:03:54 +0200] "GET /?i=shardor-bd-cg015-digital-coffee-grinder-overview-mm-EdozpKC3 HTTP/1.1" 200 7169 "-" "Mozilla/5.0 (Linux; Android 6.0.1; Nexus 5X Build/MMB29P) AppleWebKit/537.36 (KHTML, like Gecko) Chrome/126.0.6478.126 Mobile Safari/537.36 (compatible; Googlebot/2.1; +http://www.google.com/bot.html)"
66.249.70.4 - - [28/Jul/2024:00:03:54 +0200] "GET /?i=100-branches-of-biology-from-a-to-z-all-mm-APm3VMTO HTTP/1.1" 200 6877 "-" "Mozilla/5.0 (Linux; Android 6.0.1; Nexus 5X Build/MMB29P) AppleWebKit/537.36 (KHTML, like Gecko) Chrome/126.0.6478.126 Mobile Safari/537.36 (compatible; Googlebot/2.1; +http://www.google.com/bot.html)"
66.249.70.8 - - [28/Jul/2024:00:03:54 +0200] "GET /?i=hot-deformation-behavior-and-strain-rate-sensitivity-of-33mncrb5-mm-a2moakuN HTTP/1.1" 200 7873 "-" "Mozilla/5.0 (Linux; Android 6.0.1; Nexus 5X Build/MMB29P) AppleWebKit/537.36 (KHTML, like Gecko) Chrome/126.0.6478.126 Mobile Safari/537.36 (compatible; Googlebot/2.1; +http://www.google.com/bot.html)"
66.249.70.3 - - [28/Jul/2024:00:03:54 +0200] "GET /?i=i-sometimes-like-to-use-the-game-as-a-mm-a59QObHN HTTP/1.1" 200 7340 "-" "Mozilla/5.0 (Linux; Android 6.0.1; Nexus 5X Build/MMB29P) AppleWebKit/537.36 (KHTML, like Gecko) Chrome/126.0.6478.126 Mobile Safari/537.36 (compatible; Googlebot/2.1; +http://www.google.com/bot.html)"
66.249.70.1 - - [28/Jul/2024:00:03:54 +0200] "GET /?i=oppo-a1k-price-in-bangladesh-2023-full-specs-mm-3aavgAf6 HTTP/1.1" 200 7210 "-" "Mozilla/5.0 (Linux; Android 6.0.1; Nexus 5X Build/MMB29P) AppleWebKit/537.36 (KHTML, like Gecko) Chrome/126.0.6478.126 Mobile Safari/537.36 (compatible; Googlebot/2.1; +http://www.google.com/bot.html)"
66.249.70.6 - - [28/Jul/2024:00:03:54 +0200] "GET /?i=vivo-y78-plus-v2271a-blue-128gb-8gb-ram-gsm-mm-4jnmJWT6 HTTP/1.1" 200 7947 "-" "Mozilla/5.0 (Linux; Android 6.0.1; Nexus 5X Build/MMB29P) AppleWebKit/537.36 (KHTML, like Gecko) Chrome/126.0.6478.126 Mobile Safari/537.36 (compatible; Googlebot/2.1; +http://www.google.com/bot.html)"
5.31.222.48 - - [28/Jul/2024:00:03:54 +0200] "GET /?m=talabat-very-frustrating-r-dubai-zz-QG6M1oI4 HTTP/1.1" 200 4355 "https://www.google.com/" "Mozilla/5.0 (iPhone; CPU iPhone OS 16_0 like Mac OS X) AppleWebKit/605.1.15 (KHTML, like Gecko) GSA/273.0.547966426 Mobile/15E148 Safari/604.1"
66.249.70.5 - - [28/Jul/2024:00:03:54 +0200] "GET /?i=ep2-l-stainless-steel-pressure-cooker-mm-d933JVTe HTTP/1.1" 200 7517 "-" "Mozilla/5.0 (Linux; Android 6.0.1; Nexus 5X Build/MMB29P) AppleWebKit/537.36 (KHTML, like Gecko) Chrome/126.0.6478.126 Mobile Safari/537.36 (compatible; Googlebot/2.1; +http://www.google.com/bot.html)"
66.249.70.4 - - [28/Jul/2024:00:03:54 +0200] "GET /?i=zvezda-1-144-scale-ilyushin-il-62m-finescale-modeler-mm-X5WqRRsX HTTP/1.1" 200 7010 "-" "Mozilla/5.0 (Linux; Android 6.0.1; Nexus 5X Build/MMB29P) AppleWebKit/537.36 (KHTML, like Gecko) Chrome/126.0.6478.126 Mobile Safari/537.36 (compatible; Googlebot/2.1; +http://www.google.com/bot.html)"
145.224.95.106 - - [28/Jul/2024:00:03:54 +0200] "GET /?i=efootball-2024-pes-2024-eur-region-ps4-ps5-mm-7kebDYf0 HTTP/1.1" 200 5811 "-" "Mozilla/5.0 (Linux; Android 10; K) AppleWebKit/537.36 (KHTML, like Gecko) Chrome/126.0.0.0 Mobile Safari/537.36"
66.249.70.109 - - [28/Jul/2024:00:03:54 +0200] "GET /?m=rec-tv-%C2%BFrecuerdan-cuando-la-moneda-de-$500-era-zz-nWq9nEun HTTP/1.1" 200 11076 "-" "Mozilla/5.0 (Linux; Android 6.0.1; Nexus 5X Build/MMB29P) AppleWebKit/537.36 (KHTML, like Gecko) Chrome/126.0.6478.126 Mobile Safari/537.36 (compatible; Googlebot/2.1; +http://www.google.com/bot.html)"
66.249.70.2 - - [28/Jul/2024:00:03:55 +0200] "GET /?i=195-fc-imperial-distributors-and-price-comparison-octopart-component-mm-3Nd7OQC6 HTTP/1.1" 200 7325 "-" "Mozilla/5.0 (Linux; Android 6.0.1; Nexus 5X Build/MMB29P) AppleWebKit/537.36 (KHTML, like Gecko) Chrome/126.0.6478.126 Mobile Safari/537.36 (compatible; Googlebot/2.1; +http://www.google.com/bot.html)"
66.249.70.5 - - [28/Jul/2024:00:03:55 +0200] "GET /?i=virat-kohli-icc-ind-vs-aus-india-latest-virat-mm-Kr4mY0SN HTTP/1.1" 200 11341 "-" "Mozilla/5.0 (Linux; Android 6.0.1; Nexus 5X Build/MMB29P) AppleWebKit/537.36 (KHTML, like Gecko) Chrome/126.0.6478.126 Mobile Safari/537.36 (compatible; Googlebot/2.1; +http://www.google.com/bot.html)"
66.249.70.7 - - [28/Jul/2024:00:03:55 +0200] "GET /?i=2005-ford-connect-75-lik-delux-mm-3N11Es6 HTTP/1.1" 200 6904 "-" "Mozilla/5.0 (Linux; Android 6.0.1; Nexus 5X Build/MMB29P) AppleWebKit/537.36 (KHTML, like Gecko) Chrome/126.0.6478.126 Mobile Safari/537.36 (compatible; Googlebot/2.1; +http://www.google.com/bot.html)"
66.249.70.1 - - [28/Jul/2024:00:03:55 +0200] "GET /?i=eaget-1tb-512gb-256gb-128gb-external-ssd-usb-flash-mm-DNq3D0ck HTTP/1.1" 200 7795 "-" "Mozilla/5.0 (Linux; Android 6.0.1; Nexus 5X Build/MMB29P) AppleWebKit/537.36 (KHTML, like Gecko) Chrome/126.0.6478.126 Mobile Safari/537.36 (compatible; Googlebot/2.1; +http://www.google.com/bot.html)"
66.249.70.3 - - [28/Jul/2024:00:03:55 +0200] "GET /?i=formula-rejects-nyc-mayor-s-offer-to-hold-new-mm-qA3n00fj HTTP/1.1" 200 7413 "-" "Mozilla/5.0 (Linux; Android 6.0.1; Nexus 5X Build/MMB29P) AppleWebKit/537.36 (KHTML, like Gecko) Chrome/126.0.6478.126 Mobile Safari/537.36 (compatible; Googlebot/2.1; +http://www.google.com/bot.html)"
170.254.111.57 - - [28/Jul/2024:00:03:55 +0200] "GET /?i=nazgul-the-lord-of-the-rings-%E2%80%93-paint-by-mm-02VPWEUx HTTP/1.1" 200 4356 "https://www.google.com/" "Mozilla/5.0 (Linux; Android 10; K) AppleWebKit/537.36 (KHTML, like Gecko) Chrome/126.0.0.0 Mobile Safari/537.36"
66.249.70.7 - - [28/Jul/2024:00:03:55 +0200] "GET /?i=macbook-air-m2-macbook-pro-m2-which-should-you-mm-kpxNVWIo HTTP/1.1" 200 7323 "-" "Mozilla/5.0 (Linux; Android 6.0.1; Nexus 5X Build/MMB29P) AppleWebKit/537.36 (KHTML, like Gecko) Chrome/126.0.6478.126 Mobile Safari/537.36 (compatible; Googlebot/2.1; +http://www.google.com/bot.html)"
66.249.70.4 - - [28/Jul/2024:00:03:55 +0200] "GET /?i=minimalist-bedroom-wall-art-ideas-you-need-in-your-mm-9bL4L7u7 HTTP/1.1" 200 7915 "-" "Mozilla/5.0 (Linux; Android 6.0.1; Nexus 5X Build/MMB29P) AppleWebKit/537.36 (KHTML, like Gecko) Chrome/126.0.6478.126 Mobile Safari/537.36 (compatible; Googlebot/2.1; +http://www.google.com/bot.html)"
66.249.70.1 - - [28/Jul/2024:00:03:55 +0200] "GET /?i=2015-gio-125-dirt-bike-mm-5AKLd3Sm HTTP/1.1" 200 7137 "-" "Mozilla/5.0 (Linux; Android 6.0.1; Nexus 5X Build/MMB29P) AppleWebKit/537.36 (KHTML, like Gecko) Chrome/126.0.6478.126 Mobile Safari/537.36 (compatible; Googlebot/2.1; +http://www.google.com/bot.html)"
66.249.70.3 - - [28/Jul/2024:00:03:55 +0200] "GET /?i=transmission-open-source-bittorrent-client-released-with-major-improvements-mm-pNxv4Bcj HTTP/1.1" 200 10904 "-" "Mozilla/5.0 (Linux; Android 6.0.1; Nexus 5X Build/MMB29P) AppleWebKit/537.36 (KHTML, like Gecko) Chrome/126.0.6478.126 Mobile Safari/537.36 (compatible; GoogleOther)"
5.121.232.111 - - [28/Jul/2024:00:03:55 +0200] "GET /?i=ayato-x-yui-by-mesubuta-on-deviantart-mm-79maMH0 HTTP/1.1" 200 5777 "-" "Mozilla/5.0 (Linux; Android 13; TECNO BG6 Build/TP1A.220624.014) AppleWebKit/537.36 (KHTML, like Gecko) Chrome/126.0.6478.133 Mobile Safari/537.36"
66.249.70.7 - - [28/Jul/2024:00:03:55 +0200] "GET /?i=watch-this-60-in-seconds-flat-hemmings-mm-GnML5Otd HTTP/1.1" 200 7216 "-" "Mozilla/5.0 (Linux; Android 6.0.1; Nexus 5X Build/MMB29P) AppleWebKit/537.36 (KHTML, like Gecko) Chrome/126.0.6478.126 Mobile Safari/537.36 (compatible; Googlebot/2.1; +http://www.google.com/bot.html)"
66.249.70.1 - - [28/Jul/2024:00:03:55 +0200] "GET /?i=louis-vuitton-things-to-know-about-the-new-les-mm-Gr4zz6td HTTP/1.1" 200 7392 "-" "Mozilla/5.0 (Linux; Android 6.0.1; Nexus 5X Build/MMB29P) AppleWebKit/537.36 (KHTML, like Gecko) Chrome/126.0.6478.126 Mobile Safari/537.36 (compatible; Googlebot/2.1; +http://www.google.com/bot.html)"
66.249.70.5 - - [28/Jul/2024:00:03:56 +0200] "GET /?i=%D0%9C%D0%A3%D0%90%D0%AF%D0%94-muayad-mm-Wo93M4ie HTTP/1.1" 200 7691 "-" "Mozilla/5.0 (Linux; Android 6.0.1; Nexus 5X Build/MMB29P) AppleWebKit/537.36 (KHTML, like Gecko) Chrome/126.0.6478.126 Mobile Safari/537.36 (compatible; Googlebot/2.1; +http://www.google.com/bot.html)"
66.249.70.4 - - [28/Jul/2024:00:03:56 +0200] "GET /?i=sony-cyber-shot-dsc-p52-sample-photos-page-mm-qAXkrPCj HTTP/1.1" 200 10520 "-" "Mozilla/5.0 (Linux; Android 6.0.1; Nexus 5X Build/MMB29P) AppleWebKit/537.36 (KHTML, like Gecko) Chrome/126.0.6478.126 Mobile Safari/537.36 (compatible; Googlebot/2.1; +http://www.google.com/bot.html)"
66.249.70.8 - - [28/Jul/2024:00:03:56 +0200] "GET /it/?i=icon-calendar-day-number-12-12th-month-royalty-free-mm-ANxx1MtO HTTP/1.1" 200 7449 "-" "Mozilla/5.0 (Linux; Android 6.0.1; Nexus 5X Build/MMB29P) AppleWebKit/537.36 (KHTML, like Gecko) Chrome/126.0.6478.126 Mobile Safari/537.36 (compatible; Googlebot/2.1; +http://www.google.com/bot.html)"
5.121.232.111 - - [28/Jul/2024:00:03:56 +0200] "GET /css/style.css?v=1 HTTP/1.1" 200 11362 "https://www.congress-intercultural.eu/?i=ayato-x-yui-by-mesubuta-on-deviantart-mm-79maMH0" "Mozilla/5.0 (Linux; Android 13; TECNO BG6 Build/TP1A.220624.014) AppleWebKit/537.36 (KHTML, like Gecko) Chrome/126.0.6478.133 Mobile Safari/537.36"
66.249.70.7 - - [28/Jul/2024:00:03:56 +0200] "GET /?i=the-heights-by-albion-apartments-in-cincinnati-oh-mm-505kxJfm HTTP/1.1" 200 7031 "-" "Mozilla/5.0 (Linux; Android 6.0.1; Nexus 5X Build/MMB29P) AppleWebKit/537.36 (KHTML, like Gecko) Chrome/126.0.6478.126 Mobile Safari/537.36 (compatible; Googlebot/2.1; +http://www.google.com/bot.html)"
66.249.70.6 - - [28/Jul/2024:00:03:56 +0200] "GET /?i=mamatha-wants-a-groom-marriage-profile-matrimony-telugu-shaadi-mm-gOqxzrc7 HTTP/1.1" 200 7105 "-" "Mozilla/5.0 (Linux; Android 6.0.1; Nexus 5X Build/MMB29P) AppleWebKit/537.36 (KHTML, like Gecko) Chrome/126.0.6478.126 Mobile Safari/537.36 (compatible; Googlebot/2.1; +http://www.google.com/bot.html)"
5.121.232.111 - - [28/Jul/2024:00:03:56 +0200] "GET /js/fancybox/jquery.fancybox.css HTTP/1.1" 200 1509 "https://www.congress-intercultural.eu/?i=ayato-x-yui-by-mesubuta-on-deviantart-mm-79maMH0" "Mozilla/5.0 (Linux; Android 13; TECNO BG6 Build/TP1A.220624.014) AppleWebKit/537.36 (KHTML, like Gecko) Chrome/126.0.6478.133 Mobile Safari/537.36"
5.121.232.111 - - [28/Jul/2024:00:03:56 +0200] "GET /css/jquery.selectBox.css HTTP/1.1" 200 1918 "https://www.congress-intercultural.eu/?i=ayato-x-yui-by-mesubuta-on-deviantart-mm-79maMH0" "Mozilla/5.0 (Linux; Android 13; TECNO BG6 Build/TP1A.220624.014) AppleWebKit/537.36 (KHTML, like Gecko) Chrome/126.0.6478.133 Mobile Safari/537.36"
5.121.232.111 - - [28/Jul/2024:00:03:56 +0200] "GET /css/slicknav.css HTTP/1.1" 200 1909 "https://www.congress-intercultural.eu/?i=ayato-x-yui-by-mesubuta-on-deviantart-mm-79maMH0" "Mozilla/5.0 (Linux; Android 13; TECNO BG6 Build/TP1A.220624.014) AppleWebKit/537.36 (KHTML, like Gecko) Chrome/126.0.6478.133 Mobile Safari/537.36"
5.121.232.111 - - [28/Jul/2024:00:03:56 +0200] "GET /js/libs/modernizr.js HTTP/1.1" 200 10201 "https://www.congress-intercultural.eu/?i=ayato-x-yui-by-mesubuta-on-deviantart-mm-79maMH0" "Mozilla/5.0 (Linux; Android 13; TECNO BG6 Build/TP1A.220624.014) AppleWebKit/537.36 (KHTML, like Gecko) Chrome/126.0.6478.133 Mobile Safari/537.36"
5.121.232.111 - - [28/Jul/2024:00:03:56 +0200] "GET /css/font-awesome.min.css HTTP/1.1" 200 10956 "https://www.congress-intercultural.eu/?i=ayato-x-yui-by-mesubuta-on-deviantart-mm-79maMH0" "Mozilla/5.0 (Linux; Android 13; TECNO BG6 Build/TP1A.220624.014) AppleWebKit/537.36 (KHTML, like Gecko) Chrome/126.0.6478.133 Mobile Safari/537.36"
5.121.232.111 - - [28/Jul/2024:00:03:56 +0200] "GET /js/libs/jquery-1.7.1.min.js HTTP/1.1" 200 37534 "https://www.congress-intercultural.eu/?i=ayato-x-yui-by-mesubuta-on-deviantart-mm-79maMH0" "Mozilla/5.0 (Linux; Android 13; TECNO BG6 Build/TP1A.220624.014) AppleWebKit/537.36 (KHTML, like Gecko) Chrome/126.0.6478.133 Mobile Safari/537.36"
5.121.232.111 - - [28/Jul/2024:00:03:56 +0200] "GET /js/libs/jquery.imagesloaded.min.js HTTP/1.1" 200 976 "https://www.congress-intercultural.eu/?i=ayato-x-yui-by-mesubuta-on-deviantart-mm-79maMH0" "Mozilla/5.0 (Linux; Android 13; TECNO BG6 Build/TP1A.220624.014) AppleWebKit/537.36 (KHTML, like Gecko) Chrome/126.0.6478.133 Mobile Safari/537.36"
66.249.70.1 - - [28/Jul/2024:00:03:56 +0200] "GET /?i=mylar-bags-for-food-storage-mil-resealable-mylar-bags-mm-jM1jn3i9 HTTP/1.1" 200 7433 "-" "Mozilla/5.0 (Linux; Android 6.0.1; Nexus 5X Build/MMB29P) AppleWebKit/537.36 (KHTML, like Gecko) Chrome/126.0.6478.126 Mobile Safari/537.36 (compatible; Googlebot/2.1; +http://www.google.com/bot.html)"
66.249.70.2 - - [28/Jul/2024:00:03:56 +0200] "GET /?i=davallia-davalliaceae-image-216559-at-mm-dMQDjxfe HTTP/1.1" 200 6596 "-" "Mozilla/5.0 (Linux; Android 6.0.1; Nexus 5X Build/MMB29P) AppleWebKit/537.36 (KHTML, like Gecko) Chrome/126.0.6478.126 Mobile Safari/537.36 (compatible; Googlebot/2.1; +http://www.google.com/bot.html)"
5.121.232.111 - - [28/Jul/2024:00:03:56 +0200] "GET /js/fancybox/jquery.mousewheel-3.0.6.pack.js HTTP/1.1" 200 1132 "https://www.congress-intercultural.eu/?i=ayato-x-yui-by-mesubuta-on-deviantart-mm-79maMH0" "Mozilla/5.0 (Linux; Android 13; TECNO BG6 Build/TP1A.220624.014) AppleWebKit/537.36 (KHTML, like Gecko) Chrome/126.0.6478.133 Mobile Safari/537.36"
5.121.232.111 - - [28/Jul/2024:00:03:56 +0200] "GET /js/libs/jquery.masonry.min.js HTTP/1.1" 200 2656 "https://www.congress-intercultural.eu/?i=ayato-x-yui-by-mesubuta-on-deviantart-mm-79maMH0" "Mozilla/5.0 (Linux; Android 13; TECNO BG6 Build/TP1A.220624.014) AppleWebKit/537.36 (KHTML, like Gecko) Chrome/126.0.6478.133 Mobile Safari/537.36"
5.121.232.111 - - [28/Jul/2024:00:03:56 +0200] "GET /js/jquery.slicknav.js HTTP/1.1" 200 5102 "https://www.congress-intercultural.eu/?i=ayato-x-yui-by-mesubuta-on-deviantart-mm-79maMH0" "Mozilla/5.0 (Linux; Android 13; TECNO BG6 Build/TP1A.220624.014) AppleWebKit/537.36 (KHTML, like Gecko) Chrome/126.0.6478.133 Mobile Safari/537.36"
5.121.232.111 - - [28/Jul/2024:00:03:56 +0200] "GET /js/fancybox/jquery.fancybox.pack.js HTTP/1.1" 200 6327 "https://www.congress-intercultural.eu/?i=ayato-x-yui-by-mesubuta-on-deviantart-mm-79maMH0" "Mozilla/5.0 (Linux; Android 13; TECNO BG6 Build/TP1A.220624.014) AppleWebKit/537.36 (KHTML, like Gecko) Chrome/126.0.6478.133 Mobile Safari/537.36"
71.229.2.202 - - [28/Jul/2024:00:03:56 +0200] "GET /?i=interior-scenes-1-64-diorama-buildings-for-hot-wheels-mm-qGW27Gij HTTP/1.1" 200 4356 "https://www.google.com/" "Mozilla/5.0 (iPhone; CPU iPhone OS 17_5 like Mac OS X) AppleWebKit/605.1.15 (KHTML, like Gecko) CriOS/126.0.6478.153 Mobile/15E148 Safari/604.1"
66.249.70.109 - - [28/Jul/2024:00:03:56 +0200] "GET /?m=christmas-abc-cards-classroom-poster%E2%80%A6-english-esl-worksheets-pdf-zz-oLqDrBfz HTTP/1.1" 200 7391 "-" "Mozilla/5.0 (Linux; Android 6.0.1; Nexus 5X Build/MMB29P) AppleWebKit/537.36 (KHTML, like Gecko) Chrome/126.0.6478.126 Mobile Safari/537.36 (compatible; GoogleOther)"
66.249.70.7 - - [28/Jul/2024:00:03:56 +0200] "GET /?i=azafr%C3%A1n-herbazest-mm-g2kk4eU7 HTTP/1.1" 200 10334 "-" "Mozilla/5.0 (Linux; Android 6.0.1; Nexus 5X Build/MMB29P) AppleWebKit/537.36 (KHTML, like Gecko) Chrome/126.0.6478.126 Mobile Safari/537.36 (compatible; Googlebot/2.1; +http://www.google.com/bot.html)"
5.121.232.111 - - [28/Jul/2024:00:03:56 +0200] "GET /fonts/roboto-regular-webfont.woff2 HTTP/1.1" 200 69206 "https://www.congress-intercultural.eu/css/style.css?v=1" "Mozilla/5.0 (Linux; Android 13; TECNO BG6 Build/TP1A.220624.014) AppleWebKit/537.36 (KHTML, like Gecko) Chrome/126.0.6478.133 Mobile Safari/537.36"
5.121.232.111 - - [28/Jul/2024:00:03:56 +0200] "GET /js/jquery.selectBox.min.js HTTP/1.1" 200 3755 "https://www.congress-intercultural.eu/?i=ayato-x-yui-by-mesubuta-on-deviantart-mm-79maMH0" "Mozilla/5.0 (Linux; Android 13; TECNO BG6 Build/TP1A.220624.014) AppleWebKit/537.36 (KHTML, like Gecko) Chrome/126.0.6478.133 Mobile Safari/537.36"
5.121.232.111 - - [28/Jul/2024:00:03:56 +0200] "GET /js/script.js HTTP/1.1" 200 1108 "https://www.congress-intercultural.eu/?i=ayato-x-yui-by-mesubuta-on-deviantart-mm-79maMH0" "Mozilla/5.0 (Linux; Android 13; TECNO BG6 Build/TP1A.220624.014) AppleWebKit/537.36 (KHTML, like Gecko) Chrome/126.0.6478.133 Mobile Safari/537.36"
66.249.70.4 - - [28/Jul/2024:00:03:56 +0200] "GET /?i=how-to-install-igo-primo-update-maps-on-car-mm-9E52RYf7 HTTP/1.1" 200 7401 "-" "Mozilla/5.0 (Linux; Android 6.0.1; Nexus 5X Build/MMB29P) AppleWebKit/537.36 (KHTML, like Gecko) Chrome/126.0.6478.126 Mobile Safari/537.36 (compatible; Googlebot/2.1; +http://www.google.com/bot.html)"
5.121.232.111 - - [28/Jul/2024:00:03:57 +0200] "GET /fonts/opensans-condbold-webfont.woff HTTP/1.1" 200 23438 "https://www.congress-intercultural.eu/css/style.css?v=1" "Mozilla/5.0 (Linux; Android 13; TECNO BG6 Build/TP1A.220624.014) AppleWebKit/537.36 (KHTML, like Gecko) Chrome/126.0.6478.133 Mobile Safari/537.36"
66.249.70.6 - - [28/Jul/2024:00:03:56 +0200] "GET /index.php?i=a-guide-to-using-printable-kindergarten-worksheets-wehavekids-mm-Ek96rpi3 HTTP/1.1" 200 6722 "-" "Mozilla/5.0 (Linux; Android 6.0.1; Nexus 5X Build/MMB29P) AppleWebKit/537.36 (KHTML, like Gecko) Chrome/126.0.6478.126 Mobile Safari/537.36 (compatible; Googlebot/2.1; +http://www.google.com/bot.html)"
66.249.70.3 - - [28/Jul/2024:00:03:57 +0200] "GET /?i=pipe-fittings-abs-dwv-pipe-fittings-at-hajoca-minden-mm-bzm62FX HTTP/1.1" 200 6965 "-" "Mozilla/5.0 (Linux; Android 6.0.1; Nexus 5X Build/MMB29P) AppleWebKit/537.36 (KHTML, like Gecko) Chrome/126.0.6478.126 Mobile Safari/537.36 (compatible; Googlebot/2.1; +http://www.google.com/bot.html)"
71.229.2.202 - - [28/Jul/2024:00:03:57 +0200] "GET /favicon.ico HTTP/1.1" 200 5359 "-" "Mozilla/5.0 (iPhone; CPU iPhone OS 17_5 like Mac OS X) AppleWebKit/605.1.15 (KHTML, like Gecko) CriOS/126.0.6478.153 Mobile/15E148 Safari/604.1"
66.249.70.2 - - [28/Jul/2024:00:03:57 +0200] "GET /?i=krc-uganda-youth-hub-fort-portal-mm-n3NprbiE HTTP/1.1" 200 7014 "-" "Mozilla/5.0 (Linux; Android 6.0.1; Nexus 5X Build/MMB29P) AppleWebKit/537.36 (KHTML, like Gecko) Chrome/126.0.6478.126 Mobile Safari/537.36 (compatible; Googlebot/2.1; +http://www.google.com/bot.html)"
66.249.70.6 - - [28/Jul/2024:00:03:57 +0200] "GET /?i=amoxiclin-duo-tableta-x-14-mm-PWLBBEcB HTTP/1.1" 200 10479 "-" "Mozilla/5.0 (Linux; Android 6.0.1; Nexus 5X Build/MMB29P) AppleWebKit/537.36 (KHTML, like Gecko) Chrome/126.0.6478.126 Mobile Safari/537.36 (compatible; Googlebot/2.1; +http://www.google.com/bot.html)"
5.121.232.111 - - [28/Jul/2024:00:03:57 +0200] "GET /fonts/opensans-condlight-webfont.woff HTTP/1.1" 200 1881 "https://www.congress-intercultural.eu/css/style.css?v=1" "Mozilla/5.0 (Linux; Android 13; TECNO BG6 Build/TP1A.220624.014) AppleWebKit/537.36 (KHTML, like Gecko) Chrome/126.0.6478.133 Mobile Safari/537.36"
66.249.70.109 - - [28/Jul/2024:00:03:57 +0200] "GET /?m=kb-kalender-pdf-zz-k2KPB7TN HTTP/1.1" 200 6614 "-" "Mozilla/5.0 (Linux; Android 6.0.1; Nexus 5X Build/MMB29P) AppleWebKit/537.36 (KHTML, like Gecko) Chrome/126.0.6478.126 Mobile Safari/537.36 (compatible; GoogleOther)"
66.249.70.5 - - [28/Jul/2024:00:03:57 +0200] "GET /?i=bad-boy-cologne-samples-by-carolina-herrera-%E2%80%93-scent-mm-v2jxAPTV HTTP/1.1" 200 7455 "-" "Mozilla/5.0 (Linux; Android 6.0.1; Nexus 5X Build/MMB29P) AppleWebKit/537.36 (KHTML, like Gecko) Chrome/126.0.6478.126 Mobile Safari/537.36 (compatible; Googlebot/2.1; +http://www.google.com/bot.html)"
66.249.70.2 - - [28/Jul/2024:00:03:57 +0200] "GET /?i=kalyug-ka-corona-puran-%E0%A4%95%E0%A4%B2%E0%A4%AF%E0%A5%81%E0%A4%97-%E0%A4%95%E0%A4%BE-%E0%A4%95%E0%A5%8B%E0%A4%B0%E0%A5%8B%E0%A4%A8%E0%A4%BE-%E0%A4%AA%E0%A5%81%E0%A4%B0%E0%A4%BE%E0%A4%A3-mm-ORmVMkcX HTTP/1.1" 200 10441 "-" "Mozilla/5.0 (Linux; Android 6.0.1; Nexus 5X Build/MMB29P) AppleWebKit/537.36 (KHTML, like Gecko) Chrome/126.0.6478.126 Mobile Safari/537.36 (compatible; Googlebot/2.1; +http://www.google.com/bot.html)"
5.121.232.111 - - [28/Jul/2024:00:03:57 +0200] "GET /fonts/OpenSans-CondLight-webfont.ttf HTTP/1.1" 200 36843 "https://www.congress-intercultural.eu/css/style.css?v=1" "Mozilla/5.0 (Linux; Android 13; TECNO BG6 Build/TP1A.220624.014) AppleWebKit/537.36 (KHTML, like Gecko) Chrome/126.0.6478.133 Mobile Safari/537.36"
66.249.70.3 - - [28/Jul/2024:00:03:57 +0200] "GET /?i=top-10-youtubers-of-india-in-2023-mm-a9WO7BiN HTTP/1.1" 200 6714 "-" "Mozilla/5.0 (Linux; Android 6.0.1; Nexus 5X Build/MMB29P) AppleWebKit/537.36 (KHTML, like Gecko) Chrome/126.0.6478.126 Mobile Safari/537.36 (compatible; Googlebot/2.1; +http://www.google.com/bot.html)"
66.249.70.2 - - [28/Jul/2024:00:03:57 +0200] "GET /?i=fanboys-grammar-examples-mm-BkaBEeHV HTTP/1.1" 200 7387 "-" "Mozilla/5.0 (Linux; Android 6.0.1; Nexus 5X Build/MMB29P) AppleWebKit/537.36 (KHTML, like Gecko) Chrome/126.0.6478.126 Mobile Safari/537.36 (compatible; Googlebot/2.1; +http://www.google.com/bot.html)"
66.249.70.1 - - [28/Jul/2024:00:03:57 +0200] "GET /?i=2hp-high-pressure-power-domestic-water-pressure-booster-pump-mm-b2MzNkfX HTTP/1.1" 200 7397 "-" "Mozilla/5.0 (Linux; Android 6.0.1; Nexus 5X Build/MMB29P) AppleWebKit/537.36 (KHTML, like Gecko) Chrome/126.0.6478.126 Mobile Safari/537.36 (compatible; Googlebot/2.1; +http://www.google.com/bot.html)"
66.249.70.8 - - [28/Jul/2024:00:03:57 +0200] "GET /?i=syrup-breakfast-on-x-did-you-know-that-we-mm-1kpLNDT7 HTTP/1.1" 200 6910 "-" "Mozilla/5.0 (Linux; Android 6.0.1; Nexus 5X Build/MMB29P) AppleWebKit/537.36 (KHTML, like Gecko) Chrome/126.0.6478.126 Mobile Safari/537.36 (compatible; Googlebot/2.1; +http://www.google.com/bot.html)"
66.249.70.5 - - [28/Jul/2024:00:03:57 +0200] "GET /?i=post-cereals-fruitypebbles-shakeups-snacks-postcereal-fyp-tiktok-mm-n3KpKvCE HTTP/1.1" 200 6123 "-" "Mozilla/5.0 (Linux; Android 6.0.1; Nexus 5X Build/MMB29P) AppleWebKit/537.36 (KHTML, like Gecko) Chrome/126.0.6478.126 Mobile Safari/537.36 (compatible; Googlebot/2.1; +http://www.google.com/bot.html)"
136.243.228.194 - - [28/Jul/2024:00:03:57 +0200] "GET /?i=buy-galaxy-s23-ultra-lavender-256-gb-samsung-levant-mm-6xnqpNfN HTTP/1.1" 200 1816 "-" "Mozilla/5.0 (compatible; DataForSeoBot/1.0; +https://dataforseo.com/dataforseo-bot)"
66.249.70.3 - - [28/Jul/2024:00:03:58 +0200] "GET /?i=kurti-wala-only-online-order-book-louis-facebook-mm-50MQgmFm HTTP/1.1" 200 7296 "-" "Mozilla/5.0 (Linux; Android 6.0.1; Nexus 5X Build/MMB29P) AppleWebKit/537.36 (KHTML, like Gecko) Chrome/126.0.6478.126 Mobile Safari/537.36 (compatible; Googlebot/2.1; +http://www.google.com/bot.html)"
66.249.70.5 - - [28/Jul/2024:00:03:58 +0200] "GET /?i=weather-at-home-make-your-own-7-day-weather-mm-WkWXr2ce HTTP/1.1" 200 7069 "-" "Mozilla/5.0 (Linux; Android 6.0.1; Nexus 5X Build/MMB29P) AppleWebKit/537.36 (KHTML, like Gecko) Chrome/126.0.6478.126 Mobile Safari/537.36 (compatible; Googlebot/2.1; +http://www.google.com/bot.html)"
66.249.70.8 - - [28/Jul/2024:00:03:58 +0200] "GET /?i=car-diagnostic-scanner-autozone%EF%BD%9Ctiktok-search-mm-0YQqkAix HTTP/1.1" 200 11026 "-" "Mozilla/5.0 (Linux; Android 6.0.1; Nexus 5X Build/MMB29P) AppleWebKit/537.36 (KHTML, like Gecko) Chrome/126.0.6478.126 Mobile Safari/537.36 (compatible; Googlebot/2.1; +http://www.google.com/bot.html)"
5.121.232.111 - - [28/Jul/2024:00:03:58 +0200] "GET /favicon.ico HTTP/1.1" 200 1521 "https://www.congress-intercultural.eu/?i=ayato-x-yui-by-mesubuta-on-deviantart-mm-79maMH0" "Mozilla/5.0 (Linux; Android 13; TECNO BG6 Build/TP1A.220624.014) AppleWebKit/537.36 (KHTML, like Gecko) Chrome/126.0.6478.133 Mobile Safari/537.36"
5.121.232.111 - - [28/Jul/2024:00:03:58 +0200] "GET /images/favicon.ico HTTP/1.1" 200 1521 "https://www.congress-intercultural.eu/?i=ayato-x-yui-by-mesubuta-on-deviantart-mm-79maMH0" "Mozilla/5.0 (Linux; Android 13; TECNO BG6 Build/TP1A.220624.014) AppleWebKit/537.36 (KHTML, like Gecko) Chrome/126.0.6478.133 Mobile Safari/537.36"
66.249.70.4 - - [28/Jul/2024:00:03:58 +0200] "GET /?i=vintage-1990s-walt-disney-s-aladdin-coffee-mm-eW5p1Ohg HTTP/1.1" 200 7222 "-" "Mozilla/5.0 (Linux; Android 6.0.1; Nexus 5X Build/MMB29P) AppleWebKit/537.36 (KHTML, like Gecko) Chrome/126.0.6478.126 Mobile Safari/537.36 (compatible; Googlebot/2.1; +http://www.google.com/bot.html)"
66.249.70.4 - - [28/Jul/2024:00:03:58 +0200] "GET /?i=best-buy-scholl-s-invigorating-pedicure-foot-spa-purple-mm-pLOXRmfj HTTP/1.1" 200 7216 "-" "Mozilla/5.0 (Linux; Android 6.0.1; Nexus 5X Build/MMB29P) AppleWebKit/537.36 (KHTML, like Gecko) Chrome/126.0.6478.126 Mobile Safari/537.36 (compatible; Googlebot/2.1; +http://www.google.com/bot.html)"
66.249.70.6 - - [28/Jul/2024:00:03:58 +0200] "GET /?i=players-all-agree-hi-fi-rush-s-loveable-cat-mm-rBaD0pf4 HTTP/1.1" 200 7241 "-" "Mozilla/5.0 (Linux; Android 6.0.1; Nexus 5X Build/MMB29P) AppleWebKit/537.36 (KHTML, like Gecko) Chrome/126.0.6478.126 Mobile Safari/537.36 (compatible; Googlebot/2.1; +http://www.google.com/bot.html)"
66.249.70.4 - - [28/Jul/2024:00:03:58 +0200] "GET /?i=boeing-747-100-cockpit-the-cockpit-of-the-last-mm-YWXnJvHn HTTP/1.1" 200 6549 "-" "Mozilla/5.0 (Linux; Android 6.0.1; Nexus 5X Build/MMB29P) AppleWebKit/537.36 (KHTML, like Gecko) Chrome/126.0.6478.126 Mobile Safari/537.36 (compatible; Googlebot/2.1; +http://www.google.com/bot.html)"
66.249.70.3 - - [28/Jul/2024:00:03:58 +0200] "GET /it/?i=restaurant-review-the-cheesecake-factory-novi-mi-regarding-cheesecake-mm-GBRg5NUd HTTP/1.1" 200 7138 "-" "Mozilla/5.0 (Linux; Android 6.0.1; Nexus 5X Build/MMB29P) AppleWebKit/537.36 (KHTML, like Gecko) Chrome/126.0.6478.126 Mobile Safari/537.36 (compatible; Googlebot/2.1; +http://www.google.com/bot.html)"
