66.249.70.7 - - [28/Jul/2024:00:03:06 +0200] "GET /tr/?i=iphone-x-in-2022-should-you-still-buy-it-mm-kk3DGCo HTTP/1.1" 200 8082 "-" "Mozilla/5.0 (Linux; Android 6.0.1; Nexus 5X Build/MMB29P) AppleWebKit/537.36 (KHTML, like Gecko) Chrome/126.0.6478.126 Mobile Safari/537.36 (compatible; Googlebot/2.1; +http://www.google.com/bot.html)"
66.249.70.109 - - [28/Jul/2024:00:03:06 +0200] "GET /?m=pdf-lgs-sorular%C4%B1-z-gYe65BfY HTTP/1.1" 200 5234 "-" "Mozilla/5.0 (Linux; Android 6.0.1; Nexus 5X Build/MMB29P) AppleWebKit/537.36 (KHTML, like Gecko) Chrome/126.0.6478.126 Mobile Safari/537.36 (compatible; GoogleOther)"
66.249.70.8 - - [28/Jul/2024:00:03:06 +0200] "GET /?i=buy-iphone-14-and-iphone-14-plus-apple-mm-E5xG36c3 HTTP/1.1" 200 8176 "-" "Mozilla/5.0 (Linux; Android 6.0.1; Nexus 5X Build/MMB29P) AppleWebKit/537.36 (KHTML, like Gecko) Chrome/126.0.6478.126 Mobile Safari/537.36 (compatible; Googlebot/2.1; +http://www.google.com/bot.html)"
66.249.70.2 - - [28/Jul/2024:00:03:06 +0200] "GET /?i=kellogg-s-corn-flakes-real-strawberry-puree-low-fat-mm-7nEP2aU0 HTTP/1.1" 200 7242 "-" "Mozilla/5.0 (Linux; Android 6.0.1; Nexus 5X Build/MMB29P) AppleWebKit/537.36 (KHTML, like Gecko) Chrome/126.0.6478.126 Mobile Safari/537.36 (compatible; Googlebot/2.1; +http://www.google.com/bot.html)"
66.249.70.5 - - [28/Jul/2024:00:03:07 +0200] "GET /?i=access-cavity-preparation-medizzy-mm-9Bnxe7t7 HTTP/1.1" 200 7183 "-" "Mozilla/5.0 (Linux; Android 6.0.1; Nexus 5X Build/MMB29P) AppleWebKit/537.36 (KHTML, like Gecko) Chrome/126.0.6478.126 Mobile Safari/537.36 (compatible; Googlebot/2.1; +http://www.google.com/bot.html)"
66.249.70.6 - - [28/Jul/2024:00:03:07 +0200] "GET /?i=steve-barry-s-blue-carpenter-jeans-for-men-mercari-mm-nGkB9fE HTTP/1.1" 200 6821 "-" "Mozilla/5.0 (Linux; Android 6.0.1; Nexus 5X Build/MMB29P) AppleWebKit/537.36 (KHTML, like Gecko) Chrome/126.0.6478.126 Mobile Safari/537.36 (compatible; Googlebot/2.1; +http://www.google.com/bot.html)"
66.249.70.8 - - [28/Jul/2024:00:03:07 +0200] "GET /?i=22-rupees-meter-stamp-citi-bank-india-postal-cover-mm-EPQL4rt3 HTTP/1.1" 200 7217 "-" "Mozilla/5.0 (Linux; Android 6.0.1; Nexus 5X Build/MMB29P) AppleWebKit/537.36 (KHTML, like Gecko) Chrome/126.0.6478.126 Mobile Safari/537.36 (compatible; Googlebot/2.1; +http://www.google.com/bot.html)"
66.249.70.8 - - [28/Jul/2024:00:03:07 +0200] "GET /?i=a-body-is-moving-at-a-speed-of-40-mm-1Q29mYT7 HTTP/1.1" 200 7366 "-" "Mozilla/5.0 (Linux; Android 6.0.1; Nexus 5X Build/MMB29P) AppleWebKit/537.36 (KHTML, like Gecko) Chrome/126.0.6478.126 Mobile Safari/537.36 (compatible; Googlebot/2.1; +http://www.google.com/bot.html)"
66.249.70.1 - - [28/Jul/2024:00:03:07 +0200] "GET /?i=genie-11w-cdl-e27-220-240v-1pf-6-929689243401-mm-MpzaVio HTTP/1.1" 200 7655 "-" "Mozilla/5.0 (Linux; Android 6.0.1; Nexus 5X Build/MMB29P) AppleWebKit/537.36 (KHTML, like Gecko) Chrome/126.0.6478.126 Mobile Safari/537.36 (compatible; Googlebot/2.1; +http://www.google.com/bot.html)"
49.150.69.178 - - [28/Jul/2024:00:03:07 +0200] "GET /?i=posters-the-teachers-craft-ph-mm-vQXoevHV HTTP/1.1" 200 4354 "https://www.google.com/" "Mozilla/5.0 (Windows NT 10.0; Win64; x64) AppleWebKit/537.36 (KHTML, like Gecko) Chrome/126.0.0.0 Safari/537.36"
66.249.70.8 - - [28/Jul/2024:00:03:07 +0200] "GET /?i=domino-s-pizza-apa-bedanya-hand-tossed-pan-thin-mm-RNabBzU5 HTTP/1.1" 200 7366 "-" "Mozilla/5.0 (Linux; Android 6.0.1; Nexus 5X Build/MMB29P) AppleWebKit/537.36 (KHTML, like Gecko) Chrome/126.0.6478.126 Mobile Safari/537.36 (compatible; Googlebot/2.1; +http://www.google.com/bot.html)"
177.104.200.109 - - [28/Jul/2024:00:03:07 +0200] "GET /?i=volkswagen-lupo-low-poly-download-free-3d-model-by-mm-25pK22uj HTTP/1.1" 200 5777 "-" "Mozilla/5.0 (Linux; Android 10; K) AppleWebKit/537.36 (KHTML, like Gecko) Chrome/127.0.0.0 Mobile Safari/537.36"
66.249.70.3 - - [28/Jul/2024:00:03:07 +0200] "GET /?i=exploring-support-vector-machine-acceleration-with-vitis-mm-E0ddVkC3 HTTP/1.1" 200 6933 "-" "Mozilla/5.0 (Linux; Android 6.0.1; Nexus 5X Build/MMB29P) AppleWebKit/537.36 (KHTML, like Gecko) Chrome/126.0.6478.126 Mobile Safari/537.36 (compatible; Googlebot/2.1; +http://www.google.com/bot.html)"
66.249.70.7 - - [28/Jul/2024:00:03:07 +0200] "GET /?i=wellnest-12l-pro2-ce-certified-portable-12-lead-channel-mm-vmM09SV HTTP/1.1" 200 7466 "-" "Mozilla/5.0 (Linux; Android 6.0.1; Nexus 5X Build/MMB29P) AppleWebKit/537.36 (KHTML, like Gecko) Chrome/126.0.6478.126 Mobile Safari/537.36 (compatible; Googlebot/2.1; +http://www.google.com/bot.html)"
177.104.200.109 - - [28/Jul/2024:00:03:08 +0200] "GET /css/style.css?v=1 HTTP/1.1" 200 11362 "https://www.congress-intercultural.eu/?i=volkswagen-lupo-low-poly-download-free-3d-model-by-mm-25pK22uj" "Mozilla/5.0 (Linux; Android 10; K) AppleWebKit/537.36 (KHTML, like Gecko) Chrome/127.0.0.0 Mobile Safari/537.36"
177.104.200.109 - - [28/Jul/2024:00:03:08 +0200] "GET /js/fancybox/jquery.fancybox.css HTTP/1.1" 200 5347 "https://www.congress-intercultural.eu/?i=volkswagen-lupo-low-poly-download-free-3d-model-by-mm-25pK22uj" "Mozilla/5.0 (Linux; Android 10; K) AppleWebKit/537.36 (KHTML, like Gecko) Chrome/127.0.0.0 Mobile Safari/537.36"
66.249.70.8 - - [28/Jul/2024:00:03:07 +0200] "GET /?i=caseih-7120-tractor-information-mm-XQkNEOUX HTTP/1.1" 200 7513 "-" "Mozilla/5.0 (Linux; Android 6.0.1; Nexus 5X Build/MMB29P) AppleWebKit/537.36 (KHTML, like Gecko) Chrome/126.0.6478.126 Mobile Safari/537.36 (compatible; Googlebot/2.1; +http://www.google.com/bot.html)"
66.249.70.4 - - [28/Jul/2024:00:03:07 +0200] "GET /?i=artesunate-injection-package-insert-mm-KoRxGaTN HTTP/1.1" 200 6710 "-" "Mozilla/5.0 (Linux; Android 6.0.1; Nexus 5X Build/MMB29P) AppleWebKit/537.36 (KHTML, like Gecko) Chrome/126.0.6478.126 Mobile Safari/537.36 (compatible; Googlebot/2.1; +http://www.google.com/bot.html)"
66.249.70.6 - - [28/Jul/2024:00:03:08 +0200] "GET /?i=streamline-1-4-in-90-degree-copper-short-radius-mm-0AN5qeTx HTTP/1.1" 200 7258 "-" "Mozilla/5.0 (Linux; Android 6.0.1; Nexus 5X Build/MMB29P) AppleWebKit/537.36 (KHTML, like Gecko) Chrome/126.0.6478.126 Mobile Safari/537.36 (compatible; Googlebot/2.1; +http://www.google.com/bot.html)"
66.249.70.6 - - [28/Jul/2024:00:03:08 +0200] "GET /?i=primera-guerra-mundial-historia-datos-y-caracter%C3%ADsticas-mm-vwLVxauV HTTP/1.1" 200 6978 "-" "Mozilla/5.0 (Linux; Android 6.0.1; Nexus 5X Build/MMB29P) AppleWebKit/537.36 (KHTML, like Gecko) Chrome/126.0.6478.126 Mobile Safari/537.36 (compatible; Googlebot/2.1; +http://www.google.com/bot.html)"
66.249.70.2 - - [28/Jul/2024:00:03:08 +0200] "GET /?i=best-underwater-speakers-that-are-a-must-have-in-mm-KLrQkiN HTTP/1.1" 200 7425 "-" "Mozilla/5.0 (Linux; Android 6.0.1; Nexus 5X Build/MMB29P) AppleWebKit/537.36 (KHTML, like Gecko) Chrome/126.0.6478.126 Mobile Safari/537.36 (compatible; Googlebot/2.1; +http://www.google.com/bot.html)"
152.206.235.67 - - [28/Jul/2024:00:03:08 +0200] "GET /?i=planta-abre-caminos-%C2%BFpara-qu%C3%A9-sirve-y-sus-cuidados-mm-eYQa9afg HTTP/1.1" 200 4354 "https://www.google.com/" "Mozilla/5.0 (Linux; Android 13; SM-A035M Build/TP1A.220624.014; wv) AppleWebKit/537.36 (KHTML, like Gecko) Version/4.0 Chrome/126.0.6478.134 Mobile Safari/537.36"
66.249.70.1 - - [28/Jul/2024:00:03:08 +0200] "GET /?i=in-class-12-boards-i-have-will-our-mark-mm-EvXkgRu3 HTTP/1.1" 200 6838 "-" "Mozilla/5.0 (Linux; Android 6.0.1; Nexus 5X Build/MMB29P) AppleWebKit/537.36 (KHTML, like Gecko) Chrome/126.0.6478.126 Mobile Safari/537.36 (compatible; Googlebot/2.1; +http://www.google.com/bot.html)"
66.249.70.1 - - [28/Jul/2024:00:03:08 +0200] "GET /?i=file-sts-47-crew-in-slj-make-notes-during-mm-q4ezwEhj HTTP/1.1" 200 6231 "-" "Mozilla/5.0 (Linux; Android 6.0.1; Nexus 5X Build/MMB29P) AppleWebKit/537.36 (KHTML, like Gecko) Chrome/126.0.6478.126 Mobile Safari/537.36 (compatible; Googlebot/2.1; +http://www.google.com/bot.html)"
177.104.200.109 - - [28/Jul/2024:00:03:08 +0200] "GET /css/jquery.selectBox.css HTTP/1.1" 200 1338 "https://www.congress-intercultural.eu/?i=volkswagen-lupo-low-poly-download-free-3d-model-by-mm-25pK22uj" "Mozilla/5.0 (Linux; Android 10; K) AppleWebKit/537.36 (KHTML, like Gecko) Chrome/127.0.0.0 Mobile Safari/537.36"
66.249.70.4 - - [28/Jul/2024:00:03:08 +0200] "GET /?i=whats-in-the-box-fujimi-toyota-vitz-mm-P6g7qLhB HTTP/1.1" 200 7090 "-" "Mozilla/5.0 (Linux; Android 6.0.1; Nexus 5X Build/MMB29P) AppleWebKit/537.36 (KHTML, like Gecko) Chrome/126.0.6478.126 Mobile Safari/537.36 (compatible; Googlebot/2.1; +http://www.google.com/bot.html)"
177.104.200.109 - - [28/Jul/2024:00:03:08 +0200] "GET /css/slicknav.css HTTP/1.1" 200 1329 "https://www.congress-intercultural.eu/?i=volkswagen-lupo-low-poly-download-free-3d-model-by-mm-25pK22uj" "Mozilla/5.0 (Linux; Android 10; K) AppleWebKit/537.36 (KHTML, like Gecko) Chrome/127.0.0.0 Mobile Safari/537.36"
66.249.70.1 - - [28/Jul/2024:00:03:08 +0200] "GET /?i=the-best-fragrance-of-2023-jean-paul-gaultier-le-mm-1BDW9Yc7 HTTP/1.1" 200 6700 "-" "Mozilla/5.0 (Linux; Android 6.0.1; Nexus 5X Build/MMB29P) AppleWebKit/537.36 (KHTML, like Gecko) Chrome/126.0.6478.126 Mobile Safari/537.36 (compatible; Googlebot/2.1; +http://www.google.com/bot.html)"
217.113.194.87 - - [28/Jul/2024:00:03:08 +0200] "GET /de/initiative/21-die-notwendigkeit-einer-regionalen-kulturellen-identitat---entschlie%C3%9Fung-268--2008-.html HTTP/1.1" 200 2488 "-" "Mozilla/5.0 (compatible; Barkrowler/0.9; +https://babbar.tech/crawler)"
66.249.70.2 - - [28/Jul/2024:00:03:08 +0200] "GET /?i=restaurant-ad-video-maker-create-stunning-food-videos-vimeo-mm-G9wjkEsd HTTP/1.1" 200 7353 "-" "Mozilla/5.0 (Linux; Android 6.0.1; Nexus 5X Build/MMB29P) AppleWebKit/537.36 (KHTML, like Gecko) Chrome/126.0.6478.126 Mobile Safari/537.36 (compatible; Googlebot/2.1; +http://www.google.com/bot.html)"
177.104.200.109 - - [28/Jul/2024:00:03:08 +0200] "GET /css/font-awesome.min.css HTTP/1.1" 200 7698 "https://www.congress-intercultural.eu/?i=volkswagen-lupo-low-poly-download-free-3d-model-by-mm-25pK22uj" "Mozilla/5.0 (Linux; Android 10; K) AppleWebKit/537.36 (KHTML, like Gecko) Chrome/127.0.0.0 Mobile Safari/537.36"
177.104.200.109 - - [28/Jul/2024:00:03:08 +0200] "GET /js/libs/modernizr.js HTTP/1.1" 200 6943 "https://www.congress-intercultural.eu/?i=volkswagen-lupo-low-poly-download-free-3d-model-by-mm-25pK22uj" "Mozilla/5.0 (Linux; Android 10; K) AppleWebKit/537.36 (KHTML, like Gecko) Chrome/127.0.0.0 Mobile Safari/537.36"
66.249.70.109 - - [28/Jul/2024:00:03:08 +0200] "GET /?m=pdf-consecuencias-ideol%C3%B3gicas-en-torno-a-la-%C3%A9pica-peninsular-zz-Z7lEY5tz HTTP/1.1" 200 6853 "-" "Mozilla/5.0 (Linux; Android 6.0.1; Nexus 5X Build/MMB29P) AppleWebKit/537.36 (KHTML, like Gecko) Chrome/126.0.6478.126 Mobile Safari/537.36 (compatible; GoogleOther)"
177.104.200.109 - - [28/Jul/2024:00:03:09 +0200] "GET /js/libs/jquery-1.7.1.min.js HTTP/1.1" 200 37534 "https://www.congress-intercultural.eu/?i=volkswagen-lupo-low-poly-download-free-3d-model-by-mm-25pK22uj" "Mozilla/5.0 (Linux; Android 10; K) AppleWebKit/537.36 (KHTML, like Gecko) Chrome/127.0.0.0 Mobile Safari/537.36"
66.249.70.6 - - [28/Jul/2024:00:03:08 +0200] "GET /ru/?i=dwiz-882-karambola-is-a-political-commentary-program-in-mm-G1OgxLId HTTP/1.1" 200 6794 "-" "Mozilla/5.0 (Linux; Android 6.0.1; Nexus 5X Build/MMB29P) AppleWebKit/537.36 (KHTML, like Gecko) Chrome/126.0.6478.126 Mobile Safari/537.36 (compatible; Googlebot/2.1; +http://www.google.com/bot.html)"
177.104.200.109 - - [28/Jul/2024:00:03:09 +0200] "GET /js/libs/jquery.imagesloaded.min.js HTTP/1.1" 200 4814 "https://www.congress-intercultural.eu/?i=volkswagen-lupo-low-poly-download-free-3d-model-by-mm-25pK22uj" "Mozilla/5.0 (Linux; Android 10; K) AppleWebKit/537.36 (KHTML, like Gecko) Chrome/127.0.0.0 Mobile Safari/537.36"
177.104.200.109 - - [28/Jul/2024:00:03:09 +0200] "GET /js/libs/jquery.masonry.min.js HTTP/1.1" 200 2656 "https://www.congress-intercultural.eu/?i=volkswagen-lupo-low-poly-download-free-3d-model-by-mm-25pK22uj" "Mozilla/5.0 (Linux; Android 10; K) AppleWebKit/537.36 (KHTML, like Gecko) Chrome/127.0.0.0 Mobile Safari/537.36"
156.38.55.249 - - [28/Jul/2024:00:03:08 +0200] "GET /?i=%D8%AD%D8%A8%D9%88%D8%A8-%D8%A7%D9%84%D9%86%D8%B4%D9%88%D8%A9-%D8%A5%D9%83%D8%B3%D8%AA%D8%A7%D8%B3%D9%8A-%D8%AA%D8%A3%D8%AB%D9%8A%D8%B1%D9%87%D8%A7-%D9%88%D9%85%D8%AE%D8%A7%D8%B7%D8%B1%D9%87%D8%A7-%D8%A3%D9%86%D8%A7-%D8%A3%D8%B5%D8%AF%D9%82-%D8%A7%D9%84%D8%B9%D9%84%D9%85-mm-rq5mX1F4 HTTP/1.1" 200 4355 "https://www.google.com/" "Mozilla/5.0 (iPhone; CPU iPhone OS 17_4 like Mac OS X) AppleWebKit/605.1.15 (KHTML, like Gecko) GSA/314.2.628428250 Mobile/15E148 Safari/604.1"
177.104.200.109 - - [28/Jul/2024:00:03:09 +0200] "GET /js/fancybox/jquery.fancybox.pack.js HTTP/1.1" 200 6327 "https://www.congress-intercultural.eu/?i=volkswagen-lupo-low-poly-download-free-3d-model-by-mm-25pK22uj" "Mozilla/5.0 (Linux; Android 10; K) AppleWebKit/537.36 (KHTML, like Gecko) Chrome/127.0.0.0 Mobile Safari/537.36"
66.249.70.6 - - [28/Jul/2024:00:03:08 +0200] "GET /?i=the-four-rs-poster-pdf-recycling-reuse-mm-Wkn94Que HTTP/1.1" 200 7230 "-" "Mozilla/5.0 (Linux; Android 6.0.1; Nexus 5X Build/MMB29P) AppleWebKit/537.36 (KHTML, like Gecko) Chrome/126.0.6478.126 Mobile Safari/537.36 (compatible; Googlebot/2.1; +http://www.google.com/bot.html)"
66.249.70.2 - - [28/Jul/2024:00:03:09 +0200] "GET /?i=zunto-paper-towel-holder-under-cabinet-adhsive-paper-towel-mm-3pxjvns6 HTTP/1.1" 200 7927 "-" "Mozilla/5.0 (Linux; Android 6.0.1; Nexus 5X Build/MMB29P) AppleWebKit/537.36 (KHTML, like Gecko) Chrome/126.0.6478.126 Mobile Safari/537.36 (compatible; Googlebot/2.1; +http://www.google.com/bot.html)"
177.104.200.109 - - [28/Jul/2024:00:03:09 +0200] "GET /js/jquery.slicknav.js HTTP/1.1" 200 5102 "https://www.congress-intercultural.eu/?i=volkswagen-lupo-low-poly-download-free-3d-model-by-mm-25pK22uj" "Mozilla/5.0 (Linux; Android 10; K) AppleWebKit/537.36 (KHTML, like Gecko) Chrome/127.0.0.0 Mobile Safari/537.36"
177.104.200.109 - - [28/Jul/2024:00:03:09 +0200] "GET /js/jquery.selectBox.min.js HTTP/1.1" 200 3755 "https://www.congress-intercultural.eu/?i=volkswagen-lupo-low-poly-download-free-3d-model-by-mm-25pK22uj" "Mozilla/5.0 (Linux; Android 10; K) AppleWebKit/537.36 (KHTML, like Gecko) Chrome/127.0.0.0 Mobile Safari/537.36"
66.249.70.7 - - [28/Jul/2024:00:03:09 +0200] "GET /it/?i=sarah-%EF%B8%8F%E2%80%8D-on-instagram-ithan-holstrom-and-aidas-not-mm-M6LoGeco HTTP/1.1" 200 7447 "-" "Mozilla/5.0 (Linux; Android 6.0.1; Nexus 5X Build/MMB29P) AppleWebKit/537.36 (KHTML, like Gecko) Chrome/126.0.6478.126 Mobile Safari/537.36 (compatible; Googlebot/2.1; +http://www.google.com/bot.html)"
177.104.200.109 - - [28/Jul/2024:00:03:09 +0200] "GET /js/script.js HTTP/1.1" 200 1108 "https://www.congress-intercultural.eu/?i=volkswagen-lupo-low-poly-download-free-3d-model-by-mm-25pK22uj" "Mozilla/5.0 (Linux; Android 10; K) AppleWebKit/537.36 (KHTML, like Gecko) Chrome/127.0.0.0 Mobile Safari/537.36"
66.249.70.8 - - [28/Jul/2024:00:03:09 +0200] "GET /?i=sekar-jagat-spa-bali-@sekarjagatspa-x-mm-jOn5M3I9 HTTP/1.1" 200 6287 "-" "Mozilla/5.0 (Linux; Android 6.0.1; Nexus 5X Build/MMB29P) AppleWebKit/537.36 (KHTML, like Gecko) Chrome/126.0.6478.126 Mobile Safari/537.36 (compatible; Googlebot/2.1; +http://www.google.com/bot.html)"
95.193.154.2 - - [28/Jul/2024:00:03:09 +0200] "GET /?i=the-best-gay-saunas-and-bathhouses-in-the-usa-mm-ee2BBAhg HTTP/1.1" 200 4355 "https://www.google.com/" "Mozilla/5.0 (Linux; Android 10; K) AppleWebKit/537.36 (KHTML, like Gecko) Chrome/110.0.0.0 Mobile Safari/537.36"
177.104.200.109 - - [28/Jul/2024:00:03:09 +0200] "GET /js/fancybox/jquery.mousewheel-3.0.6.pack.js HTTP/1.1" 200 1132 "https://www.congress-intercultural.eu/?i=volkswagen-lupo-low-poly-download-free-3d-model-by-mm-25pK22uj" "Mozilla/5.0 (Linux; Android 10; K) AppleWebKit/537.36 (KHTML, like Gecko) Chrome/127.0.0.0 Mobile Safari/537.36"
66.249.70.3 - - [28/Jul/2024:00:03:09 +0200] "GET /it/?i=blue-b-narutopedia-fandom-mm-KQwmBJiN HTTP/1.1" 200 7687 "-" "Mozilla/5.0 (Linux; Android 6.0.1; Nexus 5X Build/MMB29P) AppleWebKit/537.36 (KHTML, like Gecko) Chrome/126.0.6478.126 Mobile Safari/537.36 (compatible; Googlebot/2.1; +http://www.google.com/bot.html)"
66.249.70.8 - - [28/Jul/2024:00:03:09 +0200] "GET /?i=adverbs-of-place-interactive-worksheet-live-worksheets-mm-3B9QLRs6 HTTP/1.1" 200 6559 "-" "Mozilla/5.0 (Linux; Android 6.0.1; Nexus 5X Build/MMB29P) AppleWebKit/537.36 (KHTML, like Gecko) Chrome/126.0.6478.126 Mobile Safari/537.36 (compatible; Googlebot/2.1; +http://www.google.com/bot.html)"
207.46.13.54 - - [28/Jul/2024:00:03:09 +0200] "GET /?i=aruna-s-thirukkural-in-mm-xPrxNAhq HTTP/1.1" 200 8134 "-" "Mozilla/5.0 (iPhone; CPU iPhone OS 7_0 like Mac OS X) AppleWebKit/537.51.1 (KHTML, like Gecko) Version/7.0 Mobile/11A465 Safari/9537.53 (compatible; bingbot/2.0; +http://www.bing.com/bingbot.htm)"
66.249.70.8 - - [28/Jul/2024:00:03:09 +0200] "GET /?i=kolkata-town-hall-hi-res-stock-photography-and-images-mm-1n4DErf7 HTTP/1.1" 200 6953 "-" "Mozilla/5.0 (Linux; Android 6.0.1; Nexus 5X Build/MMB29P) AppleWebKit/537.36 (KHTML, like Gecko) Chrome/126.0.6478.126 Mobile Safari/537.36 (compatible; Googlebot/2.1; +http://www.google.com/bot.html)"
177.104.200.109 - - [28/Jul/2024:00:03:09 +0200] "GET /fonts/opensans-condbold-webfont.woff HTTP/1.1" 200 23438 "https://www.congress-intercultural.eu/css/style.css?v=1" "Mozilla/5.0 (Linux; Android 10; K) AppleWebKit/537.36 (KHTML, like Gecko) Chrome/127.0.0.0 Mobile Safari/537.36"
177.104.200.109 - - [28/Jul/2024:00:03:09 +0200] "GET /fonts/roboto-regular-webfont.woff2 HTTP/1.1" 200 69206 "https://www.congress-intercultural.eu/css/style.css?v=1" "Mozilla/5.0 (Linux; Android 10; K) AppleWebKit/537.36 (KHTML, like Gecko) Chrome/127.0.0.0 Mobile Safari/537.36"
66.249.70.4 - - [28/Jul/2024:00:03:09 +0200] "GET /it/?i=%E3%82%A2%E3%82%A4%E3%83%89%E3%83%AB%E3%83%9E%E3%82%B9%E3%82%BF%E3%83%BC-%E3%82%B7%E3%83%A3%E3%82%A4%E3%83%8B%E3%83%BC%E3%82%AB%E3%83%A9%E3%83%BC%E3%82%BA%E3%80%8F%E3%83%A9%E3%83%B3%E3%83%86%E3%82%A3%E3%82%B9%E5%85%AC%E5%BC%8F-on-x-%E6%9C%AC%E6%97%A5%E7%99%BA%E5%A3%B2-%E3%82%A2%E3%83%AB%E3%82%B9%E3%83%88%E3%83%AD%E3%83%A1%E3%83%AA%E3%82%A2%E3%80%8Cpanor@ma-wing-05%E3%80%8D-%E3%80%8Cvery-mm-YBoXXMFn HTTP/1.1" 200 8238 "-" "Mozilla/5.0 (Linux; Android 6.0.1; Nexus 5X Build/MMB29P) AppleWebKit/537.36 (KHTML, like Gecko) Chrome/126.0.6478.126 Mobile Safari/537.36 (compatible; Googlebot/2.1; +http://www.google.com/bot.html)"
66.249.70.7 - - [28/Jul/2024:00:03:09 +0200] "GET /?i=tecno-mobile-freeze-the-moment-and-capture-it-with-mm-kbMo7Gfo HTTP/1.1" 200 7474 "-" "Mozilla/5.0 (Linux; Android 6.0.1; Nexus 5X Build/MMB29P) AppleWebKit/537.36 (KHTML, like Gecko) Chrome/126.0.6478.126 Mobile Safari/537.36 (compatible; Googlebot/2.1; +http://www.google.com/bot.html)"
66.249.70.7 - - [28/Jul/2024:00:03:09 +0200] "GET /?i=kabanata-4-erehe-at-pilibustero-storyboard-by-efd6be4f-mm-R2GMKwU5 HTTP/1.1" 200 6499 "-" "Mozilla/5.0 (Linux; Android 6.0.1; Nexus 5X Build/MMB29P) AppleWebKit/537.36 (KHTML, like Gecko) Chrome/126.0.6478.126 Mobile Safari/537.36 (compatible; Googlebot/2.1; +http://www.google.com/bot.html)"
66.249.70.6 - - [28/Jul/2024:00:03:09 +0200] "GET /?i=iphone-15-pro-max-sulada-shine-through-series-plating-mm-g6POYOH7 HTTP/1.1" 200 8134 "-" "Mozilla/5.0 (Linux; Android 6.0.1; Nexus 5X Build/MMB29P) AppleWebKit/537.36 (KHTML, like Gecko) Chrome/126.0.6478.126 Mobile Safari/537.36 (compatible; Googlebot/2.1; +http://www.google.com/bot.html)"
136.243.228.194 - - [28/Jul/2024:00:03:09 +0200] "GET /?i=samsung-malibu-ar30-ar12txhqbwkneu-ar12txhqbwkxeu-sistema-split-branco-mm-dXG7PVSe HTTP/1.1" 200 1816 "-" "Mozilla/5.0 (compatible; DataForSeoBot/1.0; +https://dataforseo.com/dataforseo-bot)"
66.249.70.6 - - [28/Jul/2024:00:03:10 +0200] "GET /?i=mulai-jutaan-ini-daftar-harga-hp-xiaomi-per-akhir-mm-MJwXwxio HTTP/1.1" 200 8123 "-" "Mozilla/5.0 (Linux; Android 6.0.1; Nexus 5X Build/MMB29P) AppleWebKit/537.36 (KHTML, like Gecko) Chrome/126.0.6478.126 Mobile Safari/537.36 (compatible; Googlebot/2.1; +http://www.google.com/bot.html)"
104.28.40.138 - - [28/Jul/2024:00:03:10 +0200] "GET /?i=immersion-thermostat-water-heater-thermostat-reset-mm-gbBej2C7 HTTP/1.1" 200 4355 "https://www.google.com/" "Mozilla/5.0 (iPhone; CPU iPhone OS 17_5_1 like Mac OS X) AppleWebKit/605.1.15 (KHTML, like Gecko) Version/17.5 Mobile/15E148 Safari/604.1"
66.249.70.4 - - [28/Jul/2024:00:03:10 +0200] "GET /?i=hp-pavilion-g-series-computers-by-owner-electronics-sale-mm-KAXGePSN HTTP/1.1" 200 7683 "-" "Mozilla/5.0 (Linux; Android 6.0.1; Nexus 5X Build/MMB29P) AppleWebKit/537.36 (KHTML, like Gecko) Chrome/126.0.6478.126 Mobile Safari/537.36 (compatible; Googlebot/2.1; +http://www.google.com/bot.html)"
200.68.129.141 - - [28/Jul/2024:00:03:09 +0200] "GET /?i=bocina-amplificada-hkpro-prestapro-casa-de-empe%C3%B1o-facebook-mm-WKOV5dhe HTTP/1.1" 200 5777 "-" "Mozilla/5.0 (Linux; Android 10; K) AppleWebKit/537.36 (KHTML, like Gecko) Chrome/126.0.0.0 Mobile Safari/537.36"
66.249.70.2 - - [28/Jul/2024:00:03:10 +0200] "GET /?i=best-suit-size-guide-charts-mm-r71BNGT4 HTTP/1.1" 200 6843 "-" "Mozilla/5.0 (Linux; Android 6.0.1; Nexus 5X Build/MMB29P) AppleWebKit/537.36 (KHTML, like Gecko) Chrome/126.0.6478.126 Mobile Safari/537.36 (compatible; Googlebot/2.1; +http://www.google.com/bot.html)"
207.46.13.54 - - [28/Jul/2024:00:03:10 +0200] "GET /?i=fallout-76-map-all-locations-hd-full-map-mm-RokAqaU5 HTTP/1.1" 200 7107 "-" "Mozilla/5.0 AppleWebKit/537.36 (KHTML, like Gecko; compatible; bingbot/2.0; +http://www.bing.com/bingbot.htm) Chrome/116.0.1938.76 Safari/537.36"
66.249.70.3 - - [28/Jul/2024:00:03:10 +0200] "GET /?i=coming-soon-the-official-rollout-of-the-secretive-b-mm-wNv2eefk HTTP/1.1" 200 8100 "-" "Mozilla/5.0 (Linux; Android 6.0.1; Nexus 5X Build/MMB29P) AppleWebKit/537.36 (KHTML, like Gecko) Chrome/126.0.6478.126 Mobile Safari/537.36 (compatible; Googlebot/2.1; +http://www.google.com/bot.html)"
66.249.70.4 - - [28/Jul/2024:00:03:10 +0200] "GET /?i=hario-%E8%8C%B6%E8%8C%B6%E6%80%A5%E9%A0%88-%E4%B8%B8-700ml-chjmn-70t-mm-L51V20ud HTTP/1.1" 200 11368 "-" "Mozilla/5.0 (Linux; Android 6.0.1; Nexus 5X Build/MMB29P) AppleWebKit/537.36 (KHTML, like Gecko) Chrome/126.0.6478.126 Mobile Safari/537.36 (compatible; Googlebot/2.1; +http://www.google.com/bot.html)"
66.249.70.109 - - [28/Jul/2024:00:03:10 +0200] "GET /?m=may-2023-monthly-calendar-pdf-word-excel-zz-ZLYeYaSz HTTP/1.1" 200 6265 "-" "Mozilla/5.0 (Linux; Android 6.0.1; Nexus 5X Build/MMB29P) AppleWebKit/537.36 (KHTML, like Gecko) Chrome/126.0.6478.126 Mobile Safari/537.36 (compatible; GoogleOther)"
66.249.70.2 - - [28/Jul/2024:00:03:10 +0200] "GET /?i=kkh-children-s-emergency-%E2%80%93-leading-in-paediatric-emergency-mm-qmOB9Asj HTTP/1.1" 200 6789 "-" "Mozilla/5.0 (Linux; Android 6.0.1; Nexus 5X Build/MMB29P) AppleWebKit/537.36 (KHTML, like Gecko) Chrome/126.0.6478.126 Mobile Safari/537.36 (compatible; Googlebot/2.1; +http://www.google.com/bot.html)"
66.249.70.7 - - [28/Jul/2024:00:03:10 +0200] "GET /?i=tattoo-ideas-for-karma-fyp-tattoo-karma-tattooideas-tattoodesign-mm-QLjQbrSX HTTP/1.1" 200 7342 "-" "Mozilla/5.0 (Linux; Android 6.0.1; Nexus 5X Build/MMB29P) AppleWebKit/537.36 (KHTML, like Gecko) Chrome/126.0.6478.126 Mobile Safari/537.36 (compatible; Googlebot/2.1; +http://www.google.com/bot.html)"
66.249.70.3 - - [28/Jul/2024:00:03:10 +0200] "GET /?i=simplify-two-factor-authentication-for-customers-loginradius-mm-6JJvk0iN HTTP/1.1" 200 10285 "-" "Mozilla/5.0 (Linux; Android 6.0.1; Nexus 5X Build/MMB29P) AppleWebKit/537.36 (KHTML, like Gecko) Chrome/126.0.6478.126 Mobile Safari/537.36 (compatible; Googlebot/2.1; +http://www.google.com/bot.html)"
66.249.70.7 - - [28/Jul/2024:00:03:10 +0200] "GET /?i=why-si-swimsuit-model-kathy-jacobs-may-look-familiar-mm-5n1jwYfm HTTP/1.1" 200 7174 "-" "Mozilla/5.0 (Linux; Android 6.0.1; Nexus 5X Build/MMB29P) AppleWebKit/537.36 (KHTML, like Gecko) Chrome/126.0.6478.126 Mobile Safari/537.36 (compatible; Googlebot/2.1; +http://www.google.com/bot.html)"
99.243.94.160 - - [28/Jul/2024:00:03:10 +0200] "GET /?i=is-it-possible-to-remove-the-speed-limiter-on-mm-3NW9g4T6 HTTP/1.1" 200 4355 "https://www.google.com/" "Mozilla/5.0 (Windows NT 10.0; Win64; x64) AppleWebKit/537.36 (KHTML, like Gecko) Chrome/127.0.0.0 Safari/537.36"
207.46.13.54 - - [28/Jul/2024:00:03:10 +0200] "GET /?i=6kw-solaredge-energy-hub-hybrid-inverter-1-ph-sunwatts-mm-KMMG2LhN HTTP/1.1" 200 7278 "-" "Mozilla/5.0 (iPhone; CPU iPhone OS 7_0 like Mac OS X) AppleWebKit/537.51.1 (KHTML, like Gecko) Version/7.0 Mobile/11A465 Safari/9537.53 (compatible; bingbot/2.0; +http://www.bing.com/bingbot.htm)"
66.249.70.4 - - [28/Jul/2024:00:03:11 +0200] "GET /?i=plant-showdown-english-lavender-french-lavender-%E2%80%93-mm-kK759dTo HTTP/1.1" 200 7752 "-" "Mozilla/5.0 (Linux; Android 6.0.1; Nexus 5X Build/MMB29P) AppleWebKit/537.36 (KHTML, like Gecko) Chrome/126.0.6478.126 Mobile Safari/537.36 (compatible; Googlebot/2.1; +http://www.google.com/bot.html)"
66.249.70.6 - - [28/Jul/2024:00:03:11 +0200] "GET /?i=gpack-huawei-nova-se-vega-sert-silikon-tank-standl%C4%B1-mm-d1oG0Vhe HTTP/1.1" 200 7244 "-" "Mozilla/5.0 (Linux; Android 6.0.1; Nexus 5X Build/MMB29P) AppleWebKit/537.36 (KHTML, like Gecko) Chrome/126.0.6478.126 Mobile Safari/537.36 (compatible; Googlebot/2.1; +http://www.google.com/bot.html)"
66.249.70.7 - - [28/Jul/2024:00:03:11 +0200] "GET /?i=axe-you-men-body-spray-deodorant-150ml-pack-of-mm-L6xVA0Fd HTTP/1.1" 200 11378 "-" "Mozilla/5.0 (Linux; Android 6.0.1; Nexus 5X Build/MMB29P) AppleWebKit/537.36 (KHTML, like Gecko) Chrome/126.0.6478.126 Mobile Safari/537.36 (compatible; Googlebot/2.1; +http://www.google.com/bot.html)"
200.68.129.141 - - [28/Jul/2024:00:03:11 +0200] "GET /js/fancybox/jquery.fancybox.css HTTP/1.1" 200 2089 "https://www.congress-intercultural.eu/?i=bocina-amplificada-hkpro-prestapro-casa-de-empe%C3%B1o-facebook-mm-WKOV5dhe" "Mozilla/5.0 (Linux; Android 10; K) AppleWebKit/537.36 (KHTML, like Gecko) Chrome/126.0.0.0 Mobile Safari/537.36"
200.68.129.141 - - [28/Jul/2024:00:03:11 +0200] "GET /css/jquery.selectBox.css HTTP/1.1" 200 5176 "https://www.congress-intercultural.eu/?i=bocina-amplificada-hkpro-prestapro-casa-de-empe%C3%B1o-facebook-mm-WKOV5dhe" "Mozilla/5.0 (Linux; Android 10; K) AppleWebKit/537.36 (KHTML, like Gecko) Chrome/126.0.0.0 Mobile Safari/537.36"
200.68.129.141 - - [28/Jul/2024:00:03:11 +0200] "GET /css/slicknav.css HTTP/1.1" 200 5167 "https://www.congress-intercultural.eu/?i=bocina-amplificada-hkpro-prestapro-casa-de-empe%C3%B1o-facebook-mm-WKOV5dhe" "Mozilla/5.0 (Linux; Android 10; K) AppleWebKit/537.36 (KHTML, like Gecko) Chrome/126.0.0.0 Mobile Safari/537.36"
200.68.129.141 - - [28/Jul/2024:00:03:11 +0200] "GET /css/style.css?v=1 HTTP/1.1" 200 11942 "https://www.congress-intercultural.eu/?i=bocina-amplificada-hkpro-prestapro-casa-de-empe%C3%B1o-facebook-mm-WKOV5dhe" "Mozilla/5.0 (Linux; Android 10; K) AppleWebKit/537.36 (KHTML, like Gecko) Chrome/126.0.0.0 Mobile Safari/537.36"
200.68.129.141 - - [28/Jul/2024:00:03:11 +0200] "GET /js/libs/modernizr.js HTTP/1.1" 200 10201 "https://www.congress-intercultural.eu/?i=bocina-amplificada-hkpro-prestapro-casa-de-empe%C3%B1o-facebook-mm-WKOV5dhe" "Mozilla/5.0 (Linux; Android 10; K) AppleWebKit/537.36 (KHTML, like Gecko) Chrome/126.0.0.0 Mobile Safari/537.36"
200.68.129.141 - - [28/Jul/2024:00:03:11 +0200] "GET /css/font-awesome.min.css HTTP/1.1" 200 10956 "https://www.congress-intercultural.eu/?i=bocina-amplificada-hkpro-prestapro-casa-de-empe%C3%B1o-facebook-mm-WKOV5dhe" "Mozilla/5.0 (Linux; Android 10; K) AppleWebKit/537.36 (KHTML, like Gecko) Chrome/126.0.0.0 Mobile Safari/537.36"
66.249.70.6 - - [28/Jul/2024:00:03:11 +0200] "GET /?i=flexural-strengthening-of-reinforced-concrete-beams-with-longitudinal-circular-mm-a5V6VKHN HTTP/1.1" 200 7674 "-" "Mozilla/5.0 (Linux; Android 6.0.1; Nexus 5X Build/MMB29P) AppleWebKit/537.36 (KHTML, like Gecko) Chrome/126.0.6478.126 Mobile Safari/537.36 (compatible; Googlebot/2.1; +http://www.google.com/bot.html)"
66.249.70.2 - - [28/Jul/2024:00:03:11 +0200] "GET /?i=bd-emerald-syringes-ml-mm-jpYjewU9 HTTP/1.1" 200 6974 "-" "Mozilla/5.0 (Linux; Android 6.0.1; Nexus 5X Build/MMB29P) AppleWebKit/537.36 (KHTML, like Gecko) Chrome/126.0.6478.126 Mobile Safari/537.36 (compatible; Googlebot/2.1; +http://www.google.com/bot.html)"
66.249.70.1 - - [28/Jul/2024:00:03:11 +0200] "GET /?i=hiree-drama-kutaa-48-mm-GrzboLCd HTTP/1.1" 200 6472 "-" "Mozilla/5.0 (Linux; Android 6.0.1; Nexus 5X Build/MMB29P) AppleWebKit/537.36 (KHTML, like Gecko) Chrome/126.0.6478.126 Mobile Safari/537.36 (compatible; Googlebot/2.1; +http://www.google.com/bot.html)"
207.46.13.54 - - [28/Jul/2024:00:03:11 +0200] "GET /it/?i=tilde-diacr%C3%ADtica-en-los-polis%C3%ADlabos-para-quinto-grado-de-mm-gRqbgu7 HTTP/1.1" 200 6358 "-" "Mozilla/5.0 AppleWebKit/537.36 (KHTML, like Gecko; compatible; bingbot/2.0; +http://www.bing.com/bingbot.htm) Chrome/116.0.1938.76 Safari/537.36"
66.249.70.4 - - [28/Jul/2024:00:03:11 +0200] "GET /?i=witches-cauldron-tiktok-mm-4b1WgRT6 HTTP/1.1" 200 7617 "-" "Mozilla/5.0 (Linux; Android 6.0.1; Nexus 5X Build/MMB29P) AppleWebKit/537.36 (KHTML, like Gecko) Chrome/126.0.6478.126 Mobile Safari/537.36 (compatible; Googlebot/2.1; +http://www.google.com/bot.html)"
66.249.70.2 - - [28/Jul/2024:00:03:11 +0200] "GET /?i=recipe-cheese-masala-steak-gatsby-clover-mm-2oE1oRHj HTTP/1.1" 200 10302 "-" "Mozilla/5.0 (Linux; Android 6.0.1; Nexus 5X Build/MMB29P) AppleWebKit/537.36 (KHTML, like Gecko) Chrome/126.0.6478.126 Mobile Safari/537.36 (compatible; Googlebot/2.1; +http://www.google.com/bot.html)"
66.249.70.1 - - [28/Jul/2024:00:03:11 +0200] "GET /?i=flights-from-jakarta-to-vancouver-cgk-to-yvr-flight-mm-6K4mp4iN HTTP/1.1" 200 6816 "-" "Mozilla/5.0 (Linux; Android 6.0.1; Nexus 5X Build/MMB29P) AppleWebKit/537.36 (KHTML, like Gecko) Chrome/126.0.6478.126 Mobile Safari/537.36 (compatible; Googlebot/2.1; +http://www.google.com/bot.html)"
66.249.70.7 - - [28/Jul/2024:00:03:11 +0200] "GET /index.php/8bdenzaido28bd4549077564887?i=50-beowulf-vs-ar-15-cartridge-comparison-mm-G0qwJatd HTTP/1.1" 200 10124 "-" "Mozilla/5.0 (Linux; Android 6.0.1; Nexus 5X Build/MMB29P) AppleWebKit/537.36 (KHTML, like Gecko) Chrome/126.0.6478.126 Mobile Safari/537.36 (compatible; GoogleOther)"
177.104.200.109 - - [28/Jul/2024:00:03:09 +0200] "GET /fonts/opensans-condlight-webfont.woff HTTP/1.1" 200 1881 "https://www.congress-intercultural.eu/css/style.css?v=1" "Mozilla/5.0 (Linux; Android 10; K) AppleWebKit/537.36 (KHTML, like Gecko) Chrome/127.0.0.0 Mobile Safari/537.36"
66.249.70.6 - - [28/Jul/2024:00:03:12 +0200] "GET /?i=trex-white-on-white-background-stock-illustration-illustration-of-mm-VgedoPf6 HTTP/1.1" 200 7017 "-" "Mozilla/5.0 (Linux; Android 6.0.1; Nexus 5X Build/MMB29P) AppleWebKit/537.36 (KHTML, like Gecko) Chrome/126.0.6478.126 Mobile Safari/537.36 (compatible; Googlebot/2.1; +http://www.google.com/bot.html)"
66.249.70.2 - - [28/Jul/2024:00:03:11 +0200] "GET /it/?i=latest-funny-jokes-wallpaper-hd-download-latest-jokes-jokes-mm-kGm5Mdfo HTTP/1.1" 200 6699 "-" "Mozilla/5.0 (Linux; Android 6.0.1; Nexus 5X Build/MMB29P) AppleWebKit/537.36 (KHTML, like Gecko) Chrome/126.0.6478.126 Mobile Safari/537.36 (compatible; Googlebot/2.1; +http://www.google.com/bot.html)"
200.68.129.141 - - [28/Jul/2024:00:03:12 +0200] "GET /fonts/roboto-regular-webfont.woff2 HTTP/1.1" 200 69786 "https://www.congress-intercultural.eu/css/style.css?v=1" "Mozilla/5.0 (Linux; Android 10; K) AppleWebKit/537.36 (KHTML, like Gecko) Chrome/126.0.0.0 Mobile Safari/537.36"
200.68.129.141 - - [28/Jul/2024:00:03:12 +0200] "GET /js/libs/jquery.imagesloaded.min.js HTTP/1.1" 200 4814 "https://www.congress-intercultural.eu/?i=bocina-amplificada-hkpro-prestapro-casa-de-empe%C3%B1o-facebook-mm-WKOV5dhe" "Mozilla/5.0 (Linux; Android 10; K) AppleWebKit/537.36 (KHTML, like Gecko) Chrome/126.0.0.0 Mobile Safari/537.36"
200.68.129.141 - - [28/Jul/2024:00:03:12 +0200] "GET /js/libs/jquery.masonry.min.js HTTP/1.1" 200 6494 "https://www.congress-intercultural.eu/?i=bocina-amplificada-hkpro-prestapro-casa-de-empe%C3%B1o-facebook-mm-WKOV5dhe" "Mozilla/5.0 (Linux; Android 10; K) AppleWebKit/537.36 (KHTML, like Gecko) Chrome/126.0.0.0 Mobile Safari/537.36"
200.68.129.141 - - [28/Jul/2024:00:03:12 +0200] "GET /js/libs/jquery-1.7.1.min.js HTTP/1.1" 200 34276 "https://www.congress-intercultural.eu/?i=bocina-amplificada-hkpro-prestapro-casa-de-empe%C3%B1o-facebook-mm-WKOV5dhe" "Mozilla/5.0 (Linux; Android 10; K) AppleWebKit/537.36 (KHTML, like Gecko) Chrome/126.0.0.0 Mobile Safari/537.36"
200.68.129.141 - - [28/Jul/2024:00:03:12 +0200] "GET /js/fancybox/jquery.mousewheel-3.0.6.pack.js HTTP/1.1" 200 4970 "https://www.congress-intercultural.eu/?i=bocina-amplificada-hkpro-prestapro-casa-de-empe%C3%B1o-facebook-mm-WKOV5dhe" "Mozilla/5.0 (Linux; Android 10; K) AppleWebKit/537.36 (KHTML, like Gecko) Chrome/126.0.0.0 Mobile Safari/537.36"
200.68.129.141 - - [28/Jul/2024:00:03:12 +0200] "GET /js/fancybox/jquery.fancybox.pack.js HTTP/1.1" 200 10165 "https://www.congress-intercultural.eu/?i=bocina-amplificada-hkpro-prestapro-casa-de-empe%C3%B1o-facebook-mm-WKOV5dhe" "Mozilla/5.0 (Linux; Android 10; K) AppleWebKit/537.36 (KHTML, like Gecko) Chrome/126.0.0.0 Mobile Safari/537.36"
66.249.70.4 - - [28/Jul/2024:00:03:12 +0200] "GET /?i=makino-njs-56cm-fixed-bike-track-bike-fixed-gear-mm-xD1Aqqcq HTTP/1.1" 200 7008 "-" "Mozilla/5.0 (Linux; Android 6.0.1; Nexus 5X Build/MMB29P) AppleWebKit/537.36 (KHTML, like Gecko) Chrome/126.0.6478.126 Mobile Safari/537.36 (compatible; Googlebot/2.1; +http://www.google.com/bot.html)"
3.254.185.217 - - [28/Jul/2024:00:03:11 +0200] "GET /?i=andriy-shevchenko-winner-ballon-d-or-award-2004-by-mm-9A1X5u7 HTTP/1.1" 200 5777 "-" "Mozilla/5.0 (X11; Linux x86_64) AppleWebKit/537.36 (KHTML, like Gecko) HeadlessChrome/119.0.6045.105 Safari/537.36"
3.254.185.217 - - [28/Jul/2024:00:03:12 +0200] "GET /css/style.css?v=1 HTTP/1.1" 200 11362 "https://www.congress-intercultural.eu/?i=andriy-shevchenko-winner-ballon-d-or-award-2004-by-mm-9A1X5u7" "Mozilla/5.0 (X11; Linux x86_64) AppleWebKit/537.36 (KHTML, like Gecko) HeadlessChrome/119.0.6045.105 Safari/537.36"
66.249.70.5 - - [28/Jul/2024:00:03:12 +0200] "GET /?i=what-s-the-best-measure-of-the-qld-gov-mm-PxKbXDfB HTTP/1.1" 200 11151 "-" "Mozilla/5.0 (Linux; Android 6.0.1; Nexus 5X Build/MMB29P) AppleWebKit/537.36 (KHTML, like Gecko) Chrome/126.0.6478.126 Mobile Safari/537.36 (compatible; Googlebot/2.1; +http://www.google.com/bot.html)"
3.254.185.217 - - [28/Jul/2024:00:03:12 +0200] "GET /css/jquery.selectBox.css HTTP/1.1" 200 1918 "https://www.congress-intercultural.eu/?i=andriy-shevchenko-winner-ballon-d-or-award-2004-by-mm-9A1X5u7" "Mozilla/5.0 (X11; Linux x86_64) AppleWebKit/537.36 (KHTML, like Gecko) HeadlessChrome/119.0.6045.105 Safari/537.36"
3.254.185.217 - - [28/Jul/2024:00:03:12 +0200] "GET /css/slicknav.css HTTP/1.1" 200 1909 "https://www.congress-intercultural.eu/?i=andriy-shevchenko-winner-ballon-d-or-award-2004-by-mm-9A1X5u7" "Mozilla/5.0 (X11; Linux x86_64) AppleWebKit/537.36 (KHTML, like Gecko) HeadlessChrome/119.0.6045.105 Safari/537.36"
3.254.185.217 - - [28/Jul/2024:00:03:12 +0200] "GET /css/font-awesome.min.css HTTP/1.1" 200 10956 "https://www.congress-intercultural.eu/?i=andriy-shevchenko-winner-ballon-d-or-award-2004-by-mm-9A1X5u7" "Mozilla/5.0 (X11; Linux x86_64) AppleWebKit/537.36 (KHTML, like Gecko) HeadlessChrome/119.0.6045.105 Safari/537.36"
3.254.185.217 - - [28/Jul/2024:00:03:12 +0200] "GET /js/libs/modernizr.js HTTP/1.1" 200 10201 "https://www.congress-intercultural.eu/?i=andriy-shevchenko-winner-ballon-d-or-award-2004-by-mm-9A1X5u7" "Mozilla/5.0 (X11; Linux x86_64) AppleWebKit/537.36 (KHTML, like Gecko) HeadlessChrome/119.0.6045.105 Safari/537.36"
3.254.185.217 - - [28/Jul/2024:00:03:12 +0200] "GET /js/libs/jquery-1.7.1.min.js HTTP/1.1" 200 37534 "https://www.congress-intercultural.eu/?i=andriy-shevchenko-winner-ballon-d-or-award-2004-by-mm-9A1X5u7" "Mozilla/5.0 (X11; Linux x86_64) AppleWebKit/537.36 (KHTML, like Gecko) HeadlessChrome/119.0.6045.105 Safari/537.36"
66.249.70.3 - - [28/Jul/2024:00:03:12 +0200] "GET /?i=laptop-network-cards-laptop-add-on-cards-laptop-desktop-mm-p2140ahj HTTP/1.1" 200 7442 "-" "Mozilla/5.0 (Linux; Android 6.0.1; Nexus 5X Build/MMB29P) AppleWebKit/537.36 (KHTML, like Gecko) Chrome/126.0.6478.126 Mobile Safari/537.36 (compatible; Googlebot/2.1; +http://www.google.com/bot.html)"
3.254.185.217 - - [28/Jul/2024:00:03:12 +0200] "GET /js/libs/jquery.imagesloaded.min.js HTTP/1.1" 200 976 "https://www.congress-intercultural.eu/?i=andriy-shevchenko-winner-ballon-d-or-award-2004-by-mm-9A1X5u7" "Mozilla/5.0 (X11; Linux x86_64) AppleWebKit/537.36 (KHTML, like Gecko) HeadlessChrome/119.0.6045.105 Safari/537.36"
3.254.185.217 - - [28/Jul/2024:00:03:12 +0200] "GET /js/fancybox/jquery.mousewheel-3.0.6.pack.js HTTP/1.1" 200 1132 "https://www.congress-intercultural.eu/?i=andriy-shevchenko-winner-ballon-d-or-award-2004-by-mm-9A1X5u7" "Mozilla/5.0 (X11; Linux x86_64) AppleWebKit/537.36 (KHTML, like Gecko) HeadlessChrome/119.0.6045.105 Safari/537.36"
3.254.185.217 - - [28/Jul/2024:00:03:12 +0200] "GET /js/fancybox/jquery.fancybox.css HTTP/1.1" 200 1509 "https://www.congress-intercultural.eu/?i=andriy-shevchenko-winner-ballon-d-or-award-2004-by-mm-9A1X5u7" "Mozilla/5.0 (X11; Linux x86_64) AppleWebKit/537.36 (KHTML, like Gecko) HeadlessChrome/119.0.6045.105 Safari/537.36"
3.254.185.217 - - [28/Jul/2024:00:03:12 +0200] "GET /js/libs/jquery.masonry.min.js HTTP/1.1" 200 2656 "https://www.congress-intercultural.eu/?i=andriy-shevchenko-winner-ballon-d-or-award-2004-by-mm-9A1X5u7" "Mozilla/5.0 (X11; Linux x86_64) AppleWebKit/537.36 (KHTML, like Gecko) HeadlessChrome/119.0.6045.105 Safari/537.36"
3.254.185.217 - - [28/Jul/2024:00:03:12 +0200] "GET /js/fancybox/jquery.fancybox.pack.js HTTP/1.1" 200 6327 "https://www.congress-intercultural.eu/?i=andriy-shevchenko-winner-ballon-d-or-award-2004-by-mm-9A1X5u7" "Mozilla/5.0 (X11; Linux x86_64) AppleWebKit/537.36 (KHTML, like Gecko) HeadlessChrome/119.0.6045.105 Safari/537.36"
3.254.185.217 - - [28/Jul/2024:00:03:12 +0200] "GET /js/jquery.slicknav.js HTTP/1.1" 200 5102 "https://www.congress-intercultural.eu/?i=andriy-shevchenko-winner-ballon-d-or-award-2004-by-mm-9A1X5u7" "Mozilla/5.0 (X11; Linux x86_64) AppleWebKit/537.36 (KHTML, like Gecko) HeadlessChrome/119.0.6045.105 Safari/537.36"
3.254.185.217 - - [28/Jul/2024:00:03:12 +0200] "GET /js/jquery.selectBox.min.js HTTP/1.1" 200 3755 "https://www.congress-intercultural.eu/?i=andriy-shevchenko-winner-ballon-d-or-award-2004-by-mm-9A1X5u7" "Mozilla/5.0 (X11; Linux x86_64) AppleWebKit/537.36 (KHTML, like Gecko) HeadlessChrome/119.0.6045.105 Safari/537.36"
3.254.185.217 - - [28/Jul/2024:00:03:12 +0200] "GET /js/script.js HTTP/1.1" 200 1108 "https://www.congress-intercultural.eu/?i=andriy-shevchenko-winner-ballon-d-or-award-2004-by-mm-9A1X5u7" "Mozilla/5.0 (X11; Linux x86_64) AppleWebKit/537.36 (KHTML, like Gecko) HeadlessChrome/119.0.6045.105 Safari/537.36"
200.68.129.141 - - [28/Jul/2024:00:03:12 +0200] "GET /js/jquery.slicknav.js HTTP/1.1" 200 5102 "https://www.congress-intercultural.eu/?i=bocina-amplificada-hkpro-prestapro-casa-de-empe%C3%B1o-facebook-mm-WKOV5dhe" "Mozilla/5.0 (Linux; Android 10; K) AppleWebKit/537.36 (KHTML, like Gecko) Chrome/126.0.0.0 Mobile Safari/537.36"
3.254.185.217 - - [28/Jul/2024:00:03:12 +0200] "GET /fonts/roboto-regular-webfont.woff2 HTTP/1.1" 200 69206 "https://www.congress-intercultural.eu/css/style.css?v=1" "Mozilla/5.0 (X11; Linux x86_64) AppleWebKit/537.36 (KHTML, like Gecko) HeadlessChrome/119.0.6045.105 Safari/537.36"
200.68.129.141 - - [28/Jul/2024:00:03:12 +0200] "GET /js/jquery.selectBox.min.js HTTP/1.1" 200 3755 "https://www.congress-intercultural.eu/?i=bocina-amplificada-hkpro-prestapro-casa-de-empe%C3%B1o-facebook-mm-WKOV5dhe" "Mozilla/5.0 (Linux; Android 10; K) AppleWebKit/537.36 (KHTML, like Gecko) Chrome/126.0.0.0 Mobile Safari/537.36"
200.68.129.141 - - [28/Jul/2024:00:03:12 +0200] "GET /js/script.js HTTP/1.1" 200 1108 "https://www.congress-intercultural.eu/?i=bocina-amplificada-hkpro-prestapro-casa-de-empe%C3%B1o-facebook-mm-WKOV5dhe" "Mozilla/5.0 (Linux; Android 10; K) AppleWebKit/537.36 (KHTML, like Gecko) Chrome/126.0.0.0 Mobile Safari/537.36"
66.249.70.2 - - [28/Jul/2024:00:03:12 +0200] "GET /en/?i=class-12-poetic-device-2022-23-pdf-metaphor-poetic-mm-x3jwOAUq HTTP/1.1" 200 10769 "-" "Mozilla/5.0 (Linux; Android 6.0.1; Nexus 5X Build/MMB29P) AppleWebKit/537.36 (KHTML, like Gecko) Chrome/126.0.6478.126 Mobile Safari/537.36 (compatible; GoogleOther)"
66.249.70.8 - - [28/Jul/2024:00:03:12 +0200] "GET /?i=license-plate-faq-plug-in-nc-mm-EqkOL6f3 HTTP/1.1" 200 7340 "-" "Mozilla/5.0 (Linux; Android 6.0.1; Nexus 5X Build/MMB29P) AppleWebKit/537.36 (KHTML, like Gecko) Chrome/126.0.6478.126 Mobile Safari/537.36 (compatible; Googlebot/2.1; +http://www.google.com/bot.html)"
3.254.185.217 - - [28/Jul/2024:00:03:12 +0200] "GET /fonts/opensans-condbold-webfont.woff HTTP/1.1" 200 23438 "https://www.congress-intercultural.eu/css/style.css?v=1" "Mozilla/5.0 (X11; Linux x86_64) AppleWebKit/537.36 (KHTML, like Gecko) HeadlessChrome/119.0.6045.105 Safari/537.36"
3.254.185.217 - - [28/Jul/2024:00:03:12 +0200] "GET /fonts/fontawesome-webfont.woff2?v=4.6.3 HTTP/1.1" 200 72366 "https://www.congress-intercultural.eu/css/font-awesome.min.css" "Mozilla/5.0 (X11; Linux x86_64) AppleWebKit/537.36 (KHTML, like Gecko) HeadlessChrome/119.0.6045.105 Safari/537.36"
3.254.185.217 - - [28/Jul/2024:00:03:12 +0200] "GET /images/people.jpg HTTP/1.1" 200 448647 "https://www.congress-intercultural.eu/css/style.css?v=1" "Mozilla/5.0 (X11; Linux x86_64) AppleWebKit/537.36 (KHTML, like Gecko) HeadlessChrome/119.0.6045.105 Safari/537.36"
66.249.70.1 - - [28/Jul/2024:00:03:12 +0200] "GET /?i=somali-pasta-sauce-suugo-suqaar-sauce-somali-pour-les-mm-VqjxDT6 HTTP/1.1" 200 6418 "-" "Mozilla/5.0 (Linux; Android 6.0.1; Nexus 5X Build/MMB29P) AppleWebKit/537.36 (KHTML, like Gecko) Chrome/126.0.6478.126 Mobile Safari/537.36 (compatible; Googlebot/2.1; +http://www.google.com/bot.html)"
66.249.70.8 - - [28/Jul/2024:00:03:12 +0200] "GET /?i=the-gallivant-rovers-iskcon-temple-vrindavan-mm-QN3gNgIX HTTP/1.1" 200 6811 "-" "Mozilla/5.0 (Linux; Android 6.0.1; Nexus 5X Build/MMB29P) AppleWebKit/537.36 (KHTML, like Gecko) Chrome/126.0.6478.126 Mobile Safari/537.36 (compatible; Googlebot/2.1; +http://www.google.com/bot.html)"
66.249.70.7 - - [28/Jul/2024:00:03:12 +0200] "GET /?i=%E0%A4%A6%E0%A5%8D%E0%A4%B5%E0%A4%BF%E0%A4%A4%E0%A5%8D%E0%A4%B5%E0%A4%BE%E0%A4%95%E0%A5%8D%E0%A4%B7%E0%A4%B0-in-hindi-%E0%B0%B9%E0%B0%BF%E0%B0%82%E0%B0%A6%E0%B1%80-%E0%B0%B2%E0%B1%8B-%E0%B0%A6%E0%B1%8D%E0%B0%B5%E0%B0%BF%E0%B0%A4%E0%B1%8D%E0%B0%B5%E0%B0%BE%E0%B0%95%E0%B1%8D%E0%B0%B7%E0%B0%B0%E0%B0%AE%E0%B1%81%E0%B0%B2%E0%B1%81-%E0%B0%B5%E0%B1%8D%E0%B0%B0%E0%B0%BE%E0%B0%AF%E0%B1%81-%E0%B0%B5%E0%B0%BF%E0%B0%A7%E0%B0%BE%E0%B0%A8%E0%B0%82-mm-v5VwzKuV HTTP/1.1" 200 6696 "-" "Mozilla/5.0 (Linux; Android 6.0.1; Nexus 5X Build/MMB29P) AppleWebKit/537.36 (KHTML, like Gecko) Chrome/126.0.6478.126 Mobile Safari/537.36 (compatible; Googlebot/2.1; +http://www.google.com/bot.html)"
200.68.129.141 - - [28/Jul/2024:00:03:12 +0200] "GET /fonts/opensans-condbold-webfont.woff HTTP/1.1" 200 23438 "https://www.congress-intercultural.eu/css/style.css?v=1" "Mozilla/5.0 (Linux; Android 10; K) AppleWebKit/537.36 (KHTML, like Gecko) Chrome/126.0.0.0 Mobile Safari/537.36"
66.249.70.5 - - [28/Jul/2024:00:03:12 +0200] "GET /?i=terms-and-conditions-the-cmr-convention-and-your-liability-mm-pOL0AaTj HTTP/1.1" 200 6992 "-" "Mozilla/5.0 (Linux; Android 6.0.1; Nexus 5X Build/MMB29P) AppleWebKit/537.36 (KHTML, like Gecko) Chrome/126.0.6478.126 Mobile Safari/537.36 (compatible; Googlebot/2.1; +http://www.google.com/bot.html)"
3.254.185.217 - - [28/Jul/2024:00:03:12 +0200] "GET /fonts/opensans-condlight-webfont.woff HTTP/1.1" 200 1881 "https://www.congress-intercultural.eu/css/style.css?v=1" "Mozilla/5.0 (X11; Linux x86_64) AppleWebKit/537.36 (KHTML, like Gecko) HeadlessChrome/119.0.6045.105 Safari/537.36"
3.254.185.217 - - [28/Jul/2024:00:03:13 +0200] "GET /fonts/OpenSans-CondLight-webfont.ttf HTTP/1.1" 200 36843 "https://www.congress-intercultural.eu/css/style.css?v=1" "Mozilla/5.0 (X11; Linux x86_64) AppleWebKit/537.36 (KHTML, like Gecko) HeadlessChrome/119.0.6045.105 Safari/537.36"
66.249.70.5 - - [28/Jul/2024:00:03:13 +0200] "GET /?i=four-quick-cheap-and-easy-diy-dog-costumes-mm-kkak4Bco HTTP/1.1" 200 11092 "-" "Mozilla/5.0 (Linux; Android 6.0.1; Nexus 5X Build/MMB29P) AppleWebKit/537.36 (KHTML, like Gecko) Chrome/126.0.6478.126 Mobile Safari/537.36 (compatible; Googlebot/2.1; +http://www.google.com/bot.html)"
66.249.70.5 - - [28/Jul/2024:00:03:13 +0200] "GET /?i=treow-brycg-house-omar-gandhi-architect-archdaily-mm-Xn0QgmHX HTTP/1.1" 200 6569 "-" "Mozilla/5.0 (Linux; Android 6.0.1; Nexus 5X Build/MMB29P) AppleWebKit/537.36 (KHTML, like Gecko) Chrome/126.0.6478.126 Mobile Safari/537.36 (compatible; Googlebot/2.1; +http://www.google.com/bot.html)"
66.249.70.5 - - [28/Jul/2024:00:03:13 +0200] "GET /?i=pan-puerco-pdf-mm-bPeGa2cX HTTP/1.1" 200 10534 "-" "Mozilla/5.0 (Linux; Android 6.0.1; Nexus 5X Build/MMB29P) AppleWebKit/537.36 (KHTML, like Gecko) Chrome/126.0.6478.126 Mobile Safari/537.36 (compatible; Googlebot/2.1; +http://www.google.com/bot.html)"
66.249.70.5 - - [28/Jul/2024:00:03:13 +0200] "GET /?i=barberyn-lighthouse-island-beruwala-beruwala-mm-kkY32dco HTTP/1.1" 200 10540 "-" "Mozilla/5.0 (Linux; Android 6.0.1; Nexus 5X Build/MMB29P) AppleWebKit/537.36 (KHTML, like Gecko) Chrome/126.0.6478.126 Mobile Safari/537.36 (compatible; Googlebot/2.1; +http://www.google.com/bot.html)"
200.68.129.141 - - [28/Jul/2024:00:03:12 +0200] "GET /fonts/opensans-condlight-webfont.woff HTTP/1.1" 200 1881 "https://www.congress-intercultural.eu/css/style.css?v=1" "Mozilla/5.0 (Linux; Android 10; K) AppleWebKit/537.36 (KHTML, like Gecko) Chrome/126.0.0.0 Mobile Safari/537.36"
66.249.70.7 - - [28/Jul/2024:00:03:13 +0200] "GET /fr/?i=ppm-filmproductions-budapest-mm-jbzWX1t9 HTTP/1.1" 200 6800 "-" "Mozilla/5.0 (Linux; Android 6.0.1; Nexus 5X Build/MMB29P) AppleWebKit/537.36 (KHTML, like Gecko) Chrome/126.0.6478.126 Mobile Safari/537.36 (compatible; Googlebot/2.1; +http://www.google.com/bot.html)"
66.249.70.4 - - [28/Jul/2024:00:03:13 +0200] "GET /?i=cosplay-at-a-glance-cheyenne-jaz-wise-all-cool-mm-1JWkr4F7 HTTP/1.1" 200 7030 "-" "Mozilla/5.0 (Linux; Android 6.0.1; Nexus 5X Build/MMB29P) AppleWebKit/537.36 (KHTML, like Gecko) Chrome/126.0.6478.126 Mobile Safari/537.36 (compatible; Googlebot/2.1; +http://www.google.com/bot.html)"
66.249.70.3 - - [28/Jul/2024:00:03:13 +0200] "GET /?i=star-wars-millennium-falcon-75257-rise-of-skywalker-space-mm-6LnW0IN HTTP/1.1" 200 7163 "-" "Mozilla/5.0 (Linux; Android 6.0.1; Nexus 5X Build/MMB29P) AppleWebKit/537.36 (KHTML, like Gecko) Chrome/126.0.6478.126 Mobile Safari/537.36 (compatible; Googlebot/2.1; +http://www.google.com/bot.html)"
66.249.70.4 - - [28/Jul/2024:00:03:13 +0200] "GET /?i=leite-soja-regular-good-hope-1lt-%E2%80%93-vip-mm-KRJwLhN HTTP/1.1" 200 6971 "-" "Mozilla/5.0 (Linux; Android 6.0.1; Nexus 5X Build/MMB29P) AppleWebKit/537.36 (KHTML, like Gecko) Chrome/126.0.6478.126 Mobile Safari/537.36 (compatible; Googlebot/2.1; +http://www.google.com/bot.html)"
66.249.70.5 - - [28/Jul/2024:00:03:13 +0200] "GET /fr/?i=madbid-@evanbro47371006-x-mm-2Y533Nij HTTP/1.1" 200 7082 "-" "Mozilla/5.0 (Linux; Android 6.0.1; Nexus 5X Build/MMB29P) AppleWebKit/537.36 (KHTML, like Gecko) Chrome/126.0.6478.126 Mobile Safari/537.36 (compatible; Googlebot/2.1; +http://www.google.com/bot.html)"
200.68.129.141 - - [28/Jul/2024:00:03:13 +0200] "GET /fonts/OpenSans-CondLight-webfont.ttf HTTP/1.1" 200 36843 "https://www.congress-intercultural.eu/css/style.css?v=1" "Mozilla/5.0 (Linux; Android 10; K) AppleWebKit/537.36 (KHTML, like Gecko) Chrome/126.0.0.0 Mobile Safari/537.36"
66.249.70.7 - - [28/Jul/2024:00:03:13 +0200] "GET /?i=do-you-know-anything-about-motherboard-cpu-gpu-ram-mm-70jNPnC0 HTTP/1.1" 200 7584 "-" "Mozilla/5.0 (Linux; Android 6.0.1; Nexus 5X Build/MMB29P) AppleWebKit/537.36 (KHTML, like Gecko) Chrome/126.0.6478.126 Mobile Safari/537.36 (compatible; Googlebot/2.1; +http://www.google.com/bot.html)"
66.249.70.4 - - [28/Jul/2024:00:03:13 +0200] "GET /?i=project-services-manager-job-description-free-to-download-mm-VN90YAT6 HTTP/1.1" 200 6609 "-" "Mozilla/5.0 (Linux; Android 6.0.1; Nexus 5X Build/MMB29P) AppleWebKit/537.36 (KHTML, like Gecko) Chrome/126.0.6478.126 Mobile Safari/537.36 (compatible; Googlebot/2.1; +http://www.google.com/bot.html)"
157.55.39.51 - - [28/Jul/2024:00:03:13 +0200] "GET /?i=50-ejemplos-de-adjetivos-calificativos-pdf-mm-LA5vVNhd HTTP/1.1" 200 10740 "-" "Mozilla/5.0 AppleWebKit/537.36 (KHTML, like Gecko; compatible; bingbot/2.0; +http://www.bing.com/bingbot.htm) Chrome/116.0.1938.76 Safari/537.36"
66.249.70.7 - - [28/Jul/2024:00:03:13 +0200] "GET /?i=a-to-z-wallpapers-wallpaper-cave-mm-x51DoEcq HTTP/1.1" 200 6824 "-" "Mozilla/5.0 (Linux; Android 6.0.1; Nexus 5X Build/MMB29P) AppleWebKit/537.36 (KHTML, like Gecko) Chrome/126.0.6478.126 Mobile Safari/537.36 (compatible; Googlebot/2.1; +http://www.google.com/bot.html)"
37.248.218.149 - - [28/Jul/2024:00:03:13 +0200] "GET /?i=brugal-xv-700ml-%E2%80%93-churchill-36-mm-V2P69eC6 HTTP/1.1" 200 4355 "https://www.google.com/" "Mozilla/5.0 (Linux; Android 10; K) AppleWebKit/537.36 (KHTML, like Gecko) Chrome/126.0.0.0 Mobile Safari/537.36"
66.249.70.8 - - [28/Jul/2024:00:03:14 +0200] "GET /?i=pioneer-avh-p6300bt-iphone-ipad2-review-in-a-2010-mm-a1mz0jHN HTTP/1.1" 200 7002 "-" "Mozilla/5.0 (Linux; Android 6.0.1; Nexus 5X Build/MMB29P) AppleWebKit/537.36 (KHTML, like Gecko) Chrome/126.0.6478.126 Mobile Safari/537.36 (compatible; Googlebot/2.1; +http://www.google.com/bot.html)"
