66.249.70.5 - - [28/Jul/2024:00:08:47 +0200] "GET /?i=temperature-crosses-47-degree-celsius-in-parts-of-oman-mm-1nQ9Y7I7 HTTP/1.1" 200 7348 "-" "Mozilla/5.0 (Linux; Android 6.0.1; Nexus 5X Build/MMB29P) AppleWebKit/537.36 (KHTML, like Gecko) Chrome/126.0.6478.126 Mobile Safari/537.36 (compatible; Googlebot/2.1; +http://www.google.com/bot.html)"
66.249.70.4 - - [28/Jul/2024:00:08:47 +0200] "GET /?i=can-you-get-the-psycho-bundle-for-free-with-mm-L6Q5Xoid HTTP/1.1" 200 7224 "-" "Mozilla/5.0 (Linux; Android 6.0.1; Nexus 5X Build/MMB29P) AppleWebKit/537.36 (KHTML, like Gecko) Chrome/126.0.6478.126 Mobile Safari/537.36 (compatible; Googlebot/2.1; +http://www.google.com/bot.html)"
41.248.122.146 - - [28/Jul/2024:00:08:47 +0200] "GET /?i=arabic-typography-logo-on-behance-mm-mO90anUX HTTP/1.1" 200 4355 "https://www.google.com/" "Mozilla/5.0 (Linux; Android 10; K) AppleWebKit/537.36 (KHTML, like Gecko) Chrome/127.0.0.0 Mobile Safari/537.36"
66.249.70.8 - - [28/Jul/2024:00:08:47 +0200] "GET /?i=physical-properties-of-soil-%E2%80%93-mm-A73nwatO HTTP/1.1" 200 6602 "-" "Mozilla/5.0 (Linux; Android 6.0.1; Nexus 5X Build/MMB29P) AppleWebKit/537.36 (KHTML, like Gecko) Chrome/126.0.6478.126 Mobile Safari/537.36 (compatible; Googlebot/2.1; +http://www.google.com/bot.html)"
66.249.70.3 - - [28/Jul/2024:00:08:47 +0200] "GET /?i=barroca-motos-honda-cb-250-f-twister-2016-preta-mm-NgzmAMfd HTTP/1.1" 200 6862 "-" "Mozilla/5.0 (Linux; Android 6.0.1; Nexus 5X Build/MMB29P) AppleWebKit/537.36 (KHTML, like Gecko) Chrome/126.0.6478.126 Mobile Safari/537.36 (compatible; Googlebot/2.1; +http://www.google.com/bot.html)"
66.249.70.3 - - [28/Jul/2024:00:08:47 +0200] "GET /?i=traditional-cotton-blouse-mm-nJkxmKUE HTTP/1.1" 200 6794 "-" "Mozilla/5.0 (Linux; Android 6.0.1; Nexus 5X Build/MMB29P) AppleWebKit/537.36 (KHTML, like Gecko) Chrome/126.0.6478.126 Mobile Safari/537.36 (compatible; Googlebot/2.1; +http://www.google.com/bot.html)"
66.249.70.1 - - [28/Jul/2024:00:08:47 +0200] "GET /?i=map-of-islam-2-sunni-shia-and-ibadi-diarmuid-mm-Qj5vg3cX HTTP/1.1" 200 6921 "-" "Mozilla/5.0 (Linux; Android 6.0.1; Nexus 5X Build/MMB29P) AppleWebKit/537.36 (KHTML, like Gecko) Chrome/126.0.6478.126 Mobile Safari/537.36 (compatible; Googlebot/2.1; +http://www.google.com/bot.html)"
136.243.228.194 - - [28/Jul/2024:00:08:47 +0200] "GET /?i=adi%C3%B3s-al-galaxy-a74-samsung-entierra-la-serie-smartphones-mm-Lb9zDzfd HTTP/1.1" 200 1816 "-" "Mozilla/5.0 (compatible; DataForSeoBot/1.0; +https://dataforseo.com/dataforseo-bot)"
66.249.70.2 - - [28/Jul/2024:00:08:47 +0200] "GET /?i=ottoman-empire-rumi-altin-1819-ah-1223-12-katz-mm-4bVzMRs6 HTTP/1.1" 200 7063 "-" "Mozilla/5.0 (Linux; Android 6.0.1; Nexus 5X Build/MMB29P) AppleWebKit/537.36 (KHTML, like Gecko) Chrome/126.0.6478.126 Mobile Safari/537.36 (compatible; Googlebot/2.1; +http://www.google.com/bot.html)"
66.249.70.4 - - [28/Jul/2024:00:08:47 +0200] "GET /?i=vintage-tea-cup-and-colclough-fine-bone-hand-painted-mm-Mo5AvaUo HTTP/1.1" 200 6870 "-" "Mozilla/5.0 (Linux; Android 6.0.1; Nexus 5X Build/MMB29P) AppleWebKit/537.36 (KHTML, like Gecko) Chrome/126.0.6478.126 Mobile Safari/537.36 (compatible; Googlebot/2.1; +http://www.google.com/bot.html)"
66.249.70.1 - - [28/Jul/2024:00:08:47 +0200] "GET /?i=%D9%85%D8%AA%D8%B1%D8%AC%D9%85-%D9%84%D9%84%D8%B9%D8%B1%D8%A8%D9%8Acc]-felix-never-bad-2%EF%BD%9C[skz-code]-mm-nzzd1TE HTTP/1.1" 200 6927 "-" "Mozilla/5.0 (Linux; Android 6.0.1; Nexus 5X Build/MMB29P) AppleWebKit/537.36 (KHTML, like Gecko) Chrome/126.0.6478.126 Mobile Safari/537.36 (compatible; Googlebot/2.1; +http://www.google.com/bot.html)"
66.249.70.3 - - [28/Jul/2024:00:08:47 +0200] "GET /?i=reviews]-the-best-cinque-terre-boat-tours-for-you-mm-1A53p7t7 HTTP/1.1" 200 6886 "-" "Mozilla/5.0 (Linux; Android 6.0.1; Nexus 5X Build/MMB29P) AppleWebKit/537.36 (KHTML, like Gecko) Chrome/126.0.6478.126 Mobile Safari/537.36 (compatible; Googlebot/2.1; +http://www.google.com/bot.html)"
107.116.168.37 - - [28/Jul/2024:00:08:48 +0200] "GET /?i=needing-an-engine-diagram-of-air-intake-system-of-mm-12Nw6DF7 HTTP/1.1" 200 4356 "https://www.google.com/" "Mozilla/5.0 (iPhone; CPU iPhone OS 17_4_1 like Mac OS X) AppleWebKit/605.1.15 (KHTML, like Gecko) Version/17.4.1 Mobile/15E148 Safari/604.1"
66.249.70.4 - - [28/Jul/2024:00:08:48 +0200] "GET /?i=project-co-ordinator-job-vacancy-at-jss-academy-of-mm-zb1oLNh5 HTTP/1.1" 200 11005 "-" "Mozilla/5.0 (Linux; Android 6.0.1; Nexus 5X Build/MMB29P) AppleWebKit/537.36 (KHTML, like Gecko) Chrome/126.0.6478.126 Mobile Safari/537.36 (compatible; Googlebot/2.1; +http://www.google.com/bot.html)"
66.249.70.7 - - [28/Jul/2024:00:08:48 +0200] "GET /?i=web-gallery-zonerama-premieres-hdr-avif-heic-and-raw-mm-v95WPvTV HTTP/1.1" 200 10639 "-" "Mozilla/5.0 (Linux; Android 6.0.1; Nexus 5X Build/MMB29P) AppleWebKit/537.36 (KHTML, like Gecko) Chrome/126.0.6478.126 Mobile Safari/537.36 (compatible; Googlebot/2.1; +http://www.google.com/bot.html)"
66.249.70.2 - - [28/Jul/2024:00:08:48 +0200] "GET /?i=zentangle-bookmarks-made-these-bookmarks-just-for-fun-=-mm-eJjdeRHg HTTP/1.1" 200 6745 "-" "Mozilla/5.0 (Linux; Android 6.0.1; Nexus 5X Build/MMB29P) AppleWebKit/537.36 (KHTML, like Gecko) Chrome/126.0.6478.126 Mobile Safari/537.36 (compatible; Googlebot/2.1; +http://www.google.com/bot.html)"
66.249.70.3 - - [28/Jul/2024:00:08:48 +0200] "GET /?i=nvidia-rtx-3080-bidding-$80-000-usd-hypebeast-mm-n7aeP6SE HTTP/1.1" 200 7375 "-" "Mozilla/5.0 (Linux; Android 6.0.1; Nexus 5X Build/MMB29P) AppleWebKit/537.36 (KHTML, like Gecko) Chrome/126.0.6478.126 Mobile Safari/537.36 (compatible; Googlebot/2.1; +http://www.google.com/bot.html)"
66.249.70.3 - - [28/Jul/2024:00:08:48 +0200] "GET /?i=christian-dior-chiffre-rouge-watches-christian-dior-watches-fancy-mm-A94GwaIO HTTP/1.1" 200 7044 "-" "Mozilla/5.0 (Linux; Android 6.0.1; Nexus 5X Build/MMB29P) AppleWebKit/537.36 (KHTML, like Gecko) Chrome/126.0.6478.126 Mobile Safari/537.36 (compatible; Googlebot/2.1; +http://www.google.com/bot.html)"
66.249.70.6 - - [28/Jul/2024:00:08:48 +0200] "GET /?i=metro-north-retro-wrap-marks-40th-railway-age-mm-w27vaXfk HTTP/1.1" 200 7213 "-" "Mozilla/5.0 (Linux; Android 6.0.1; Nexus 5X Build/MMB29P) AppleWebKit/537.36 (KHTML, like Gecko) Chrome/126.0.6478.126 Mobile Safari/537.36 (compatible; Googlebot/2.1; +http://www.google.com/bot.html)"
66.249.70.1 - - [28/Jul/2024:00:08:48 +0200] "GET /100/?i=pdf]-near-synonym-choice-using-a-5-gram-language-mm-D6W4bVhk HTTP/1.1" 200 11139 "-" "Mozilla/5.0 (Linux; Android 6.0.1; Nexus 5X Build/MMB29P) AppleWebKit/537.36 (KHTML, like Gecko) Chrome/126.0.6478.126 Mobile Safari/537.36 (compatible; GoogleOther)"
66.249.70.2 - - [28/Jul/2024:00:08:48 +0200] "GET /?i=windows-gif-wallpaper-57+-pictures-mm-LbKkNVFd HTTP/1.1" 200 10484 "-" "Mozilla/5.0 (Linux; Android 6.0.1; Nexus 5X Build/MMB29P) AppleWebKit/537.36 (KHTML, like Gecko) Chrome/126.0.6478.126 Mobile Safari/537.36 (compatible; Googlebot/2.1; +http://www.google.com/bot.html)"
66.249.70.5 - - [28/Jul/2024:00:08:48 +0200] "GET /?i=iqoo-z7-5g-mm-437NaBC6 HTTP/1.1" 200 7661 "-" "Mozilla/5.0 (Linux; Android 6.0.1; Nexus 5X Build/MMB29P) AppleWebKit/537.36 (KHTML, like Gecko) Chrome/126.0.6478.126 Mobile Safari/537.36 (compatible; Googlebot/2.1; +http://www.google.com/bot.html)"
66.249.70.6 - - [28/Jul/2024:00:08:48 +0200] "GET /?i=micro-feinmechanik-01310hl-drg-h02-1001-flickr-mm-aRGKYjuN HTTP/1.1" 200 7002 "-" "Mozilla/5.0 (Linux; Android 6.0.1; Nexus 5X Build/MMB29P) AppleWebKit/537.36 (KHTML, like Gecko) Chrome/126.0.6478.126 Mobile Safari/537.36 (compatible; Googlebot/2.1; +http://www.google.com/bot.html)"
66.249.70.8 - - [28/Jul/2024:00:08:48 +0200] "GET /?i=how-to-change-language-in-tecno-spark-10c-tecno-mm-KNGvqoFN HTTP/1.1" 200 6910 "-" "Mozilla/5.0 (Linux; Android 6.0.1; Nexus 5X Build/MMB29P) AppleWebKit/537.36 (KHTML, like Gecko) Chrome/126.0.6478.126 Mobile Safari/537.36 (compatible; Googlebot/2.1; +http://www.google.com/bot.html)"
108.7.78.162 - - [28/Jul/2024:00:08:49 +0200] "GET /?i=jicama-facts-health-benefits-and-nutritional-value-mm-DQRMd5Fk HTTP/1.1" 200 4355 "https://www.google.com/" "Mozilla/5.0 (iPhone; CPU iPhone OS 17_5_1 like Mac OS X) AppleWebKit/605.1.15 (KHTML, like Gecko) FxiOS/128.3  Mobile/15E148 Safari/605.1.15"
66.249.70.8 - - [28/Jul/2024:00:08:49 +0200] "GET /it/?i=tuxedo-black-orange-for-man-mm-Q4VJ9iX HTTP/1.1" 200 6990 "-" "Mozilla/5.0 (Linux; Android 6.0.1; Nexus 5X Build/MMB29P) AppleWebKit/537.36 (KHTML, like Gecko) Chrome/126.0.6478.126 Mobile Safari/537.36 (compatible; Googlebot/2.1; +http://www.google.com/bot.html)"
66.249.70.2 - - [28/Jul/2024:00:08:49 +0200] "GET /?i=square-baler-new-holland-311-mm-WDnQgdSe HTTP/1.1" 200 6888 "-" "Mozilla/5.0 (Linux; Android 6.0.1; Nexus 5X Build/MMB29P) AppleWebKit/537.36 (KHTML, like Gecko) Chrome/126.0.6478.126 Mobile Safari/537.36 (compatible; Googlebot/2.1; +http://www.google.com/bot.html)"
66.249.70.8 - - [28/Jul/2024:00:08:49 +0200] "GET /?i=montaje-de-largueros-agencia-peugeot-club-de-golf-pachuca-mm-onG3Y4CL HTTP/1.1" 200 11078 "-" "Mozilla/5.0 (Linux; Android 6.0.1; Nexus 5X Build/MMB29P) AppleWebKit/537.36 (KHTML, like Gecko) Chrome/126.0.6478.126 Mobile Safari/537.36 (compatible; Googlebot/2.1; +http://www.google.com/bot.html)"
66.249.70.8 - - [28/Jul/2024:00:08:49 +0200] "GET /?i=days-in-hue-my-backpacking-hue-itinerary-tips-mm-V6enPzt6 HTTP/1.1" 200 10662 "-" "Mozilla/5.0 (Linux; Android 6.0.1; Nexus 5X Build/MMB29P) AppleWebKit/537.36 (KHTML, like Gecko) Chrome/126.0.6478.126 Mobile Safari/537.36 (compatible; Googlebot/2.1; +http://www.google.com/bot.html)"
66.249.70.6 - - [28/Jul/2024:00:08:49 +0200] "GET /ru/?i=one-stop-obs-and-gyne-fcps-part-theory-past-mm-71B4YYF0 HTTP/1.1" 200 7148 "-" "Mozilla/5.0 (Linux; Android 6.0.1; Nexus 5X Build/MMB29P) AppleWebKit/537.36 (KHTML, like Gecko) Chrome/126.0.6478.126 Mobile Safari/537.36 (compatible; Googlebot/2.1; +http://www.google.com/bot.html)"
66.249.70.3 - - [28/Jul/2024:00:08:49 +0200] "GET /?i=hp-officejet-pro-x576dw-review-a-multifunction-printer-without-mm-aR1zowHN HTTP/1.1" 200 7556 "-" "Mozilla/5.0 (Linux; Android 6.0.1; Nexus 5X Build/MMB29P) AppleWebKit/537.36 (KHTML, like Gecko) Chrome/126.0.6478.126 Mobile Safari/537.36 (compatible; Googlebot/2.1; +http://www.google.com/bot.html)"
66.249.70.2 - - [28/Jul/2024:00:08:49 +0200] "GET /tr/?i=technology-datacard-pdf-oracle-database-amazon-web-services-mm-kGMgezco HTTP/1.1" 200 6946 "-" "Mozilla/5.0 (Linux; Android 6.0.1; Nexus 5X Build/MMB29P) AppleWebKit/537.36 (KHTML, like Gecko) Chrome/126.0.6478.126 Mobile Safari/537.36 (compatible; GoogleOther)"
66.249.70.7 - - [28/Jul/2024:00:08:47 +0200] "GET /news/?brand=%E0%B8%AA%E0%B8%A5%E0%B9%87%E0%B8%AD%E0%B8%95%20%E0%B9%80%E0%B8%84%E0%B8%A3%E0%B8%94%E0%B8%B4%E0%B8%95%20%E0%B8%9F%E0%B8%A3%E0%B8%B5%20%E0%B9%84%E0%B8%A1%E0%B9%88%20%E0%B8%95%E0%B9%89%E0%B8%AD%E0%B8%87%20%E0%B9%81%E0%B8%8A%E0%B8%A3%E0%B9%8C%202020%20%E0%B8%A5%E0%B9%88%E0%B8%B2%E0%B8%AA%E0%B8%B8%E0%B8%94.htmls HTTP/1.1" 200 25980 "-" "Mozilla/5.0 (Linux; Android 6.0.1; Nexus 5X Build/MMB29P) AppleWebKit/537.36 (KHTML, like Gecko) Chrome/126.0.6478.126 Mobile Safari/537.36 (compatible; Googlebot/2.1; +http://www.google.com/bot.html)"
66.249.70.3 - - [28/Jul/2024:00:08:49 +0200] "GET /?i=good-news-purchase-office-2021-for-and-windows-11-mm-oKo7xefL HTTP/1.1" 200 7602 "-" "Mozilla/5.0 (Linux; Android 6.0.1; Nexus 5X Build/MMB29P) AppleWebKit/537.36 (KHTML, like Gecko) Chrome/126.0.6478.126 Mobile Safari/537.36 (compatible; Googlebot/2.1; +http://www.google.com/bot.html)"
66.249.70.1 - - [28/Jul/2024:00:08:49 +0200] "GET /?i=the-best-mediterranean-risoni-salad-lemon-orzo-pasta-salad-mm-rQGbDOt4 HTTP/1.1" 200 7078 "-" "Mozilla/5.0 (Linux; Android 6.0.1; Nexus 5X Build/MMB29P) AppleWebKit/537.36 (KHTML, like Gecko) Chrome/126.0.6478.126 Mobile Safari/537.36 (compatible; Googlebot/2.1; +http://www.google.com/bot.html)"
66.249.70.3 - - [28/Jul/2024:00:08:49 +0200] "GET /?i=lycamobile-all-in-one-bundles-plan-lycamobile-mm-v6dwn9TV HTTP/1.1" 200 6850 "-" "Mozilla/5.0 (Linux; Android 6.0.1; Nexus 5X Build/MMB29P) AppleWebKit/537.36 (KHTML, like Gecko) Chrome/126.0.6478.126 Mobile Safari/537.36 (compatible; Googlebot/2.1; +http://www.google.com/bot.html)"
66.249.70.8 - - [28/Jul/2024:00:08:49 +0200] "GET /ru/?i=xena-brewery-kitchen-cbi-colony-jubilee-hills-hyderabad-telangana-mm-w2EzPQSk HTTP/1.1" 200 6928 "-" "Mozilla/5.0 (Linux; Android 6.0.1; Nexus 5X Build/MMB29P) AppleWebKit/537.36 (KHTML, like Gecko) Chrome/126.0.6478.126 Mobile Safari/537.36 (compatible; Googlebot/2.1; +http://www.google.com/bot.html)"
66.249.70.5 - - [28/Jul/2024:00:08:50 +0200] "GET /?i=acute-triangle-definition-types-formulas-mm-G1N23OUd HTTP/1.1" 200 6425 "-" "Mozilla/5.0 (Linux; Android 6.0.1; Nexus 5X Build/MMB29P) AppleWebKit/537.36 (KHTML, like Gecko) Chrome/126.0.6478.126 Mobile Safari/537.36 (compatible; Googlebot/2.1; +http://www.google.com/bot.html)"
66.249.70.109 - - [28/Jul/2024:00:08:50 +0200] "GET /?m=pdf-chinese-rhetoric-and-writing-an-introduction-for-language-zz-ZjngpPSz HTTP/1.1" 200 11533 "-" "Mozilla/5.0 (Linux; Android 6.0.1; Nexus 5X Build/MMB29P) AppleWebKit/537.36 (KHTML, like Gecko) Chrome/126.0.6478.126 Mobile Safari/537.36 (compatible; GoogleOther)"
66.249.70.2 - - [28/Jul/2024:00:08:50 +0200] "GET /?i=dentro-del-monstruo-on-apple-books-mm-1kmDP7I7 HTTP/1.1" 200 7576 "-" "Mozilla/5.0 (Linux; Android 6.0.1; Nexus 5X Build/MMB29P) AppleWebKit/537.36 (KHTML, like Gecko) Chrome/126.0.6478.126 Mobile Safari/537.36 (compatible; Googlebot/2.1; +http://www.google.com/bot.html)"
66.249.70.5 - - [28/Jul/2024:00:08:50 +0200] "GET /?i=nang-ng-quiz-bee-2022-r-tagalog-mm-gzpwKOC7 HTTP/1.1" 200 6886 "-" "Mozilla/5.0 (Linux; Android 6.0.1; Nexus 5X Build/MMB29P) AppleWebKit/537.36 (KHTML, like Gecko) Chrome/126.0.6478.126 Mobile Safari/537.36 (compatible; Googlebot/2.1; +http://www.google.com/bot.html)"
66.249.70.7 - - [28/Jul/2024:00:08:50 +0200] "GET /?i=bowser-costume-part-%E2%80%93-the-shell-bowser-costume-mario-mm-J2dxpRU1 HTTP/1.1" 200 7236 "-" "Mozilla/5.0 (Linux; Android 6.0.1; Nexus 5X Build/MMB29P) AppleWebKit/537.36 (KHTML, like Gecko) Chrome/126.0.6478.126 Mobile Safari/537.36 (compatible; Googlebot/2.1; +http://www.google.com/bot.html)"
66.249.70.5 - - [28/Jul/2024:00:08:50 +0200] "GET /it/?i=riding-gear-agv-x70-helmet-return-of-the-cafe-mm-pbG566Sj HTTP/1.1" 200 6788 "-" "Mozilla/5.0 (Linux; Android 6.0.1; Nexus 5X Build/MMB29P) AppleWebKit/537.36 (KHTML, like Gecko) Chrome/126.0.6478.126 Mobile Safari/537.36 (compatible; Googlebot/2.1; +http://www.google.com/bot.html)"
66.249.70.8 - - [28/Jul/2024:00:08:50 +0200] "GET /?i=velvet-petals-victoria-secret-golden%EF%BD%9Ctiktok-search-mm-Q9753iX HTTP/1.1" 200 7014 "-" "Mozilla/5.0 (Linux; Android 6.0.1; Nexus 5X Build/MMB29P) AppleWebKit/537.36 (KHTML, like Gecko) Chrome/126.0.6478.126 Mobile Safari/537.36 (compatible; Googlebot/2.1; +http://www.google.com/bot.html)"
66.249.70.8 - - [28/Jul/2024:00:08:50 +0200] "GET /?i=mirko-how-i-found-myself-in-my-hero-academia-mm-MzvpxVfo HTTP/1.1" 200 7317 "-" "Mozilla/5.0 (Linux; Android 6.0.1; Nexus 5X Build/MMB29P) AppleWebKit/537.36 (KHTML, like Gecko) Chrome/126.0.6478.126 Mobile Safari/537.36 (compatible; Googlebot/2.1; +http://www.google.com/bot.html)"
66.249.70.7 - - [28/Jul/2024:00:08:50 +0200] "GET /?i=dental-air-water-spray-triple-way-syringe-handpiece-nozzles-mm-RQAkRAc5 HTTP/1.1" 200 6964 "-" "Mozilla/5.0 (Linux; Android 6.0.1; Nexus 5X Build/MMB29P) AppleWebKit/537.36 (KHTML, like Gecko) Chrome/126.0.6478.126 Mobile Safari/537.36 (compatible; Googlebot/2.1; +http://www.google.com/bot.html)"
66.249.70.3 - - [28/Jul/2024:00:08:50 +0200] "GET /?i=how-to-choose-a-vag-diagnosis-software-vcds-odis-mm-WnYBwYhe HTTP/1.1" 200 8306 "-" "Mozilla/5.0 (Linux; Android 6.0.1; Nexus 5X Build/MMB29P) AppleWebKit/537.36 (KHTML, like Gecko) Chrome/126.0.6478.126 Mobile Safari/537.36 (compatible; Googlebot/2.1; +http://www.google.com/bot.html)"
66.249.70.6 - - [28/Jul/2024:00:08:50 +0200] "GET /?i=17-top-rated-tourist-attractions-in-tuscany-planetware-mm-YQOY6vHn HTTP/1.1" 200 7190 "-" "Mozilla/5.0 (Linux; Android 6.0.1; Nexus 5X Build/MMB29P) AppleWebKit/537.36 (KHTML, like Gecko) Chrome/126.0.6478.126 Mobile Safari/537.36 (compatible; Googlebot/2.1; +http://www.google.com/bot.html)"
191.125.30.92 - - [28/Jul/2024:00:08:51 +0200] "GET /de/?i=new-icon-pack-release-native-compatibility-with-rpg-maker-mm-XYwqW0SX HTTP/1.1" 200 4355 "https://www.google.cl/" "Mozilla/5.0 (Linux; Android 10; K) AppleWebKit/537.36 (KHTML, like Gecko) Chrome/127.0.0.0 Mobile Safari/537.36"
66.249.70.6 - - [28/Jul/2024:00:08:51 +0200] "GET /?i=calefactor-handy-heater-400-w-perfecto-para-la-temporada-mm-QLpbx9SX HTTP/1.1" 200 7629 "-" "Mozilla/5.0 (Linux; Android 6.0.1; Nexus 5X Build/MMB29P) AppleWebKit/537.36 (KHTML, like Gecko) Chrome/126.0.6478.126 Mobile Safari/537.36 (compatible; Googlebot/2.1; +http://www.google.com/bot.html)"
66.249.70.8 - - [28/Jul/2024:00:08:51 +0200] "GET /?i=14v-charger-for-samsung-tv-monitor-s24c570hl-s22d300ny-power-mm-LNv5qncd HTTP/1.1" 200 7310 "-" "Mozilla/5.0 (Linux; Android 6.0.1; Nexus 5X Build/MMB29P) AppleWebKit/537.36 (KHTML, like Gecko) Chrome/126.0.6478.126 Mobile Safari/537.36 (compatible; Googlebot/2.1; +http://www.google.com/bot.html)"
66.249.70.4 - - [28/Jul/2024:00:08:51 +0200] "GET /?i=wcw-superbrawl-logo-svg-by-darkvoidpictures-on-deviantart-mm-aejQnBtN HTTP/1.1" 200 7231 "-" "Mozilla/5.0 (Linux; Android 6.0.1; Nexus 5X Build/MMB29P) AppleWebKit/537.36 (KHTML, like Gecko) Chrome/126.0.6478.126 Mobile Safari/537.36 (compatible; Googlebot/2.1; +http://www.google.com/bot.html)"
66.249.70.6 - - [28/Jul/2024:00:08:51 +0200] "GET /?i=1998-2001-subaru-impreza-tanabe-gf210-max-agility-lowering-mm-qp05rrfj HTTP/1.1" 200 6937 "-" "Mozilla/5.0 (Linux; Android 6.0.1; Nexus 5X Build/MMB29P) AppleWebKit/537.36 (KHTML, like Gecko) Chrome/126.0.6478.126 Mobile Safari/537.36 (compatible; Googlebot/2.1; +http://www.google.com/bot.html)"
66.249.70.5 - - [28/Jul/2024:00:08:51 +0200] "GET /?i=msi-gf63-thin-review-gaming-on-the-real-cheap-mm-2bw1Brij HTTP/1.1" 200 7154 "-" "Mozilla/5.0 (Linux; Android 6.0.1; Nexus 5X Build/MMB29P) AppleWebKit/537.36 (KHTML, like Gecko) Chrome/126.0.6478.126 Mobile Safari/537.36 (compatible; Googlebot/2.1; +http://www.google.com/bot.html)"
136.243.228.194 - - [28/Jul/2024:00:08:51 +0200] "GET /?i=samsung-galaxy-s-series-ranked-from-worst-to-best-mm-Mwpwm0so HTTP/1.1" 200 1816 "-" "Mozilla/5.0 (compatible; DataForSeoBot/1.0; +https://dataforseo.com/dataforseo-bot)"
62.122.115.101 - - [28/Jul/2024:00:08:51 +0200] "GET /?i=green-day-the-saviors-tour-mm-WDNXMYIe HTTP/1.1" 200 4356 "android-app://com.google.android.googlequicksearchbox/" "Mozilla/5.0 (Linux; Android 10; K) AppleWebKit/537.36 (KHTML, like Gecko) Chrome/126.0.0.0 Mobile Safari/537.36"
66.249.70.5 - - [28/Jul/2024:00:08:51 +0200] "GET /?i=vegetarian-baked-ziti-pasta-recipe-choosing-chia-mm-eWkAJ7hg HTTP/1.1" 200 7363 "-" "Mozilla/5.0 (Linux; Android 6.0.1; Nexus 5X Build/MMB29P) AppleWebKit/537.36 (KHTML, like Gecko) Chrome/126.0.6478.126 Mobile Safari/537.36 (compatible; Googlebot/2.1; +http://www.google.com/bot.html)"
151.71.242.223 - - [28/Jul/2024:00:08:51 +0200] "GET /?i=what-is-freeform-electronics-gadgetronicx-mm-1J5VzDh7 HTTP/1.1" 200 4355 "https://www.google.com/" "Mozilla/5.0 (Windows NT 10.0; Win64; x64) AppleWebKit/537.36 (KHTML, like Gecko) Chrome/126.0.0.0 Safari/537.36"
66.249.70.7 - - [28/Jul/2024:00:08:51 +0200] "GET /it/?i=hornbill-a-page-from-millie-marotta-s-tropical-wonderland%E2%80%A6-mm-qG2P6Euj HTTP/1.1" 200 7233 "-" "Mozilla/5.0 (Linux; Android 6.0.1; Nexus 5X Build/MMB29P) AppleWebKit/537.36 (KHTML, like Gecko) Chrome/126.0.6478.126 Mobile Safari/537.36 (compatible; Googlebot/2.1; +http://www.google.com/bot.html)"
93.140.45.57 - - [28/Jul/2024:00:08:51 +0200] "GET /?i=organizatori-i-led-ogledala-@organizatori_za_sminku-%E2%80%A2-instagram-photos-and-mm-MQ7BGjFo HTTP/1.1" 200 4356 "https://www.google.com/" "Mozilla/5.0 (Linux; Android 10; K) AppleWebKit/537.36 (KHTML, like Gecko) Chrome/127.0.0.0 Mobile Safari/537.36"
191.39.141.48 - - [28/Jul/2024:00:08:51 +0200] "GET /?i=eu-amo-gatos-qual-a-idade-humana-do-seu-mm-V2XAMt6 HTTP/1.1" 200 4353 "https://www.google.com/" "Mozilla/5.0 (Linux; Android 10; K) AppleWebKit/537.36 (KHTML, like Gecko) Chrome/126.0.0.0 Mobile Safari/537.36"
66.249.70.3 - - [28/Jul/2024:00:08:51 +0200] "GET /?i=roundcube-versions-lifecycle-php-eol-and-plugins-%C2%B7-issue-mm-X70DxRUX HTTP/1.1" 200 7044 "-" "Mozilla/5.0 (Linux; Android 6.0.1; Nexus 5X Build/MMB29P) AppleWebKit/537.36 (KHTML, like Gecko) Chrome/126.0.6478.126 Mobile Safari/537.36 (compatible; Googlebot/2.1; +http://www.google.com/bot.html)"
66.249.70.6 - - [28/Jul/2024:00:08:51 +0200] "GET /?i=sister-gift-box-birthday-sister-gift-holiday-gift-best-mm-9dBaOdU7 HTTP/1.1" 200 7360 "-" "Mozilla/5.0 (Linux; Android 6.0.1; Nexus 5X Build/MMB29P) AppleWebKit/537.36 (KHTML, like Gecko) Chrome/126.0.6478.126 Mobile Safari/537.36 (compatible; Googlebot/2.1; +http://www.google.com/bot.html)"
66.249.70.8 - - [28/Jul/2024:00:08:51 +0200] "GET /?i=macbook-air-m2-first-impressions-upping-the-ante-mm-16GDMDF7 HTTP/1.1" 200 7803 "-" "Mozilla/5.0 (Linux; Android 6.0.1; Nexus 5X Build/MMB29P) AppleWebKit/537.36 (KHTML, like Gecko) Chrome/126.0.6478.126 Mobile Safari/537.36 (compatible; Googlebot/2.1; +http://www.google.com/bot.html)"
66.249.70.3 - - [28/Jul/2024:00:08:51 +0200] "GET /?i=class-2-gk-worksheet-general-knowledge-for-kids-class-mm-Wp0JBSe HTTP/1.1" 200 6596 "-" "Mozilla/5.0 (Linux; Android 6.0.1; Nexus 5X Build/MMB29P) AppleWebKit/537.36 (KHTML, like Gecko) Chrome/126.0.6478.126 Mobile Safari/537.36 (compatible; Googlebot/2.1; +http://www.google.com/bot.html)"
66.249.70.1 - - [28/Jul/2024:00:08:52 +0200] "GET /?i=icu-ventilator-adult-pediatric-automens-systems-mm-N5qpwud HTTP/1.1" 200 7467 "-" "Mozilla/5.0 (Linux; Android 6.0.1; Nexus 5X Build/MMB29P) AppleWebKit/537.36 (KHTML, like Gecko) Chrome/126.0.6478.126 Mobile Safari/537.36 (compatible; Googlebot/2.1; +http://www.google.com/bot.html)"
66.249.70.7 - - [28/Jul/2024:00:08:52 +0200] "GET /?i=powerbass-oe-692t-6x9-shallow-mount-coaxial-speakers-2-mm-L55AWzFd HTTP/1.1" 200 7154 "-" "Mozilla/5.0 (Linux; Android 6.0.1; Nexus 5X Build/MMB29P) AppleWebKit/537.36 (KHTML, like Gecko) Chrome/126.0.6478.126 Mobile Safari/537.36 (compatible; Googlebot/2.1; +http://www.google.com/bot.html)"
66.249.70.109 - - [28/Jul/2024:00:08:52 +0200] "GET /?m=13-line-tajwidi-quran-sipara-to-30-pdf-color-zz-0q2Q0EHJ HTTP/1.1" 200 7649 "-" "Mozilla/5.0 (Linux; Android 6.0.1; Nexus 5X Build/MMB29P) AppleWebKit/537.36 (KHTML, like Gecko) Chrome/126.0.6478.126 Mobile Safari/537.36 (compatible; GoogleOther)"
66.249.70.1 - - [28/Jul/2024:00:08:52 +0200] "GET /?i=htc-instruments-6350-in-digital-insulation-resistance-tester-instruction-mm-B1n2p2sV HTTP/1.1" 200 10962 "-" "Mozilla/5.0 (Linux; Android 6.0.1; Nexus 5X Build/MMB29P) AppleWebKit/537.36 (KHTML, like Gecko) Chrome/126.0.6478.126 Mobile Safari/537.36 (compatible; Googlebot/2.1; +http://www.google.com/bot.html)"
66.249.70.4 - - [28/Jul/2024:00:08:52 +0200] "GET /?i=deterministic-finite-automaton-wikipedia-mm-v20q0aHV HTTP/1.1" 200 7470 "-" "Mozilla/5.0 (Linux; Android 6.0.1; Nexus 5X Build/MMB29P) AppleWebKit/537.36 (KHTML, like Gecko) Chrome/126.0.6478.126 Mobile Safari/537.36 (compatible; Googlebot/2.1; +http://www.google.com/bot.html)"
66.249.70.2 - - [28/Jul/2024:00:08:52 +0200] "GET /?i=new-jersey-s-portable-concrete-barrier-with-a-free-mm-e3w7gvsg HTTP/1.1" 200 7078 "-" "Mozilla/5.0 (Linux; Android 6.0.1; Nexus 5X Build/MMB29P) AppleWebKit/537.36 (KHTML, like Gecko) Chrome/126.0.6478.126 Mobile Safari/537.36 (compatible; Googlebot/2.1; +http://www.google.com/bot.html)"
66.249.70.6 - - [28/Jul/2024:00:08:52 +0200] "GET /?i=gastroprotectant-and-antacid-therapy-in-veterinary-medicine-vetbloom-blog-mm-VXeObqt6 HTTP/1.1" 200 7106 "-" "Mozilla/5.0 (Linux; Android 6.0.1; Nexus 5X Build/MMB29P) AppleWebKit/537.36 (KHTML, like Gecko) Chrome/126.0.6478.126 Mobile Safari/537.36 (compatible; Googlebot/2.1; +http://www.google.com/bot.html)"
66.249.70.1 - - [28/Jul/2024:00:08:52 +0200] "GET /?i=%EC%97%AD%EB%8C%80-%EB%84%B7%ED%94%8C%EB%A6%AD%EC%8A%A4-%EB%93%9C%EB%9D%BC%EB%A7%88-%EC%88%9C%EC%9C%84-%ED%95%9C%EA%B5%AD-%EC%9E%91%ED%92%88%EC%9D%98-%EC%9D%B8%EA%B8%B0%EB%8A%94-%EC%96%B4%EB%8A%90-%EC%A0%95%EB%8F%84%EC%9D%BC%EA%B9%8C-mm-kenN7BHo HTTP/1.1" 200 7995 "-" "Mozilla/5.0 (Linux; Android 6.0.1; Nexus 5X Build/MMB29P) AppleWebKit/537.36 (KHTML, like Gecko) Chrome/126.0.6478.126 Mobile Safari/537.36 (compatible; Googlebot/2.1; +http://www.google.com/bot.html)"
66.249.70.7 - - [28/Jul/2024:00:08:52 +0200] "GET /?i=men-s-dale-earnhardt-jr-motorsports-official-team-apparel-mm-e3EXBqtg HTTP/1.1" 200 7348 "-" "Mozilla/5.0 (Linux; Android 6.0.1; Nexus 5X Build/MMB29P) AppleWebKit/537.36 (KHTML, like Gecko) Chrome/126.0.6478.126 Mobile Safari/537.36 (compatible; Googlebot/2.1; +http://www.google.com/bot.html)"
66.249.70.8 - - [28/Jul/2024:00:08:52 +0200] "GET /?i=x360-spectre-thermal-hibernation-hp-support-community-7988292-mm-YGjq7Jsn HTTP/1.1" 200 7307 "-" "Mozilla/5.0 (Linux; Android 6.0.1; Nexus 5X Build/MMB29P) AppleWebKit/537.36 (KHTML, like Gecko) Chrome/126.0.6478.126 Mobile Safari/537.36 (compatible; Googlebot/2.1; +http://www.google.com/bot.html)"
66.249.70.4 - - [28/Jul/2024:00:08:53 +0200] "GET /?i=los-santos-police-department-nopixel-wiki-fandom-mm-ge4Xgef7 HTTP/1.1" 200 7096 "-" "Mozilla/5.0 (Linux; Android 6.0.1; Nexus 5X Build/MMB29P) AppleWebKit/537.36 (KHTML, like Gecko) Chrome/126.0.6478.126 Mobile Safari/537.36 (compatible; Googlebot/2.1; +http://www.google.com/bot.html)"
66.249.70.5 - - [28/Jul/2024:00:08:53 +0200] "GET /?i=tarmachan-mountaineering-crux-ak-47-review-mm-3BB0E4T6 HTTP/1.1" 200 7618 "-" "Mozilla/5.0 (Linux; Android 6.0.1; Nexus 5X Build/MMB29P) AppleWebKit/537.36 (KHTML, like Gecko) Chrome/126.0.6478.126 Mobile Safari/537.36 (compatible; Googlebot/2.1; +http://www.google.com/bot.html)"
66.249.70.5 - - [28/Jul/2024:00:08:53 +0200] "GET /?i=interrogatorios-contrainterrogatorios-objeciones-y-clases-by-eduardo-calderon-on-mm-4m7m7RS6 HTTP/1.1" 200 7401 "-" "Mozilla/5.0 (Linux; Android 6.0.1; Nexus 5X Build/MMB29P) AppleWebKit/537.36 (KHTML, like Gecko) Chrome/126.0.6478.126 Mobile Safari/537.36 (compatible; Googlebot/2.1; +http://www.google.com/bot.html)"
66.249.70.7 - - [28/Jul/2024:00:08:53 +0200] "GET /?i=ngef-dharwad-mm-vVNPErsV HTTP/1.1" 200 10527 "-" "Mozilla/5.0 (Linux; Android 6.0.1; Nexus 5X Build/MMB29P) AppleWebKit/537.36 (KHTML, like Gecko) Chrome/126.0.6478.126 Mobile Safari/537.36 (compatible; Googlebot/2.1; +http://www.google.com/bot.html)"
66.249.70.6 - - [28/Jul/2024:00:08:53 +0200] "GET /?i=solution-a-tutorial-on-java-servlets-and-java-server-mm-1oddxPt7 HTTP/1.1" 200 7057 "-" "Mozilla/5.0 (Linux; Android 6.0.1; Nexus 5X Build/MMB29P) AppleWebKit/537.36 (KHTML, like Gecko) Chrome/126.0.6478.126 Mobile Safari/537.36 (compatible; Googlebot/2.1; +http://www.google.com/bot.html)"
172.58.1.214 - - [28/Jul/2024:00:08:53 +0200] "GET /?i=izuku-midoriya-4k-wallpaper-mm-gE9QgS7 HTTP/1.1" 200 4354 "https://www.google.com/" "Mozilla/5.0 (iPhone; CPU iPhone OS 16_7_8 like Mac OS X) AppleWebKit/605.1.15 (KHTML, like Gecko) Version/16.6 Mobile/15E148 Safari/604.1"
66.249.70.8 - - [28/Jul/2024:00:08:53 +0200] "GET /?i=halo-infinite-shop-season-10-31-23-r-halo-mm-3j1Neku6 HTTP/1.1" 200 7196 "-" "Mozilla/5.0 (Linux; Android 6.0.1; Nexus 5X Build/MMB29P) AppleWebKit/537.36 (KHTML, like Gecko) Chrome/126.0.6478.126 Mobile Safari/537.36 (compatible; Googlebot/2.1; +http://www.google.com/bot.html)"
66.249.70.8 - - [28/Jul/2024:00:08:53 +0200] "GET /?i=century-gf2024-belt-drive-motor-charlotte-electric-motors-mm-3AkDX7H6 HTTP/1.1" 200 7259 "-" "Mozilla/5.0 (Linux; Android 6.0.1; Nexus 5X Build/MMB29P) AppleWebKit/537.36 (KHTML, like Gecko) Chrome/126.0.6478.126 Mobile Safari/537.36 (compatible; Googlebot/2.1; +http://www.google.com/bot.html)"
66.249.70.4 - - [28/Jul/2024:00:08:53 +0200] "GET /it/?i=maithili-gadya-gita-pdf-mm-MWAo5VTo HTTP/1.1" 200 10129 "-" "Mozilla/5.0 (Linux; Android 6.0.1; Nexus 5X Build/MMB29P) AppleWebKit/537.36 (KHTML, like Gecko) Chrome/126.0.6478.126 Mobile Safari/537.36 (compatible; GoogleOther)"
66.249.70.2 - - [28/Jul/2024:00:08:53 +0200] "GET /?i=india-2002-first-day-cover-special-cover-with-stamp-mm-AKPDmpuO HTTP/1.1" 200 6978 "-" "Mozilla/5.0 (Linux; Android 6.0.1; Nexus 5X Build/MMB29P) AppleWebKit/537.36 (KHTML, like Gecko) Chrome/126.0.6478.126 Mobile Safari/537.36 (compatible; Googlebot/2.1; +http://www.google.com/bot.html)"
66.249.70.1 - - [28/Jul/2024:00:08:53 +0200] "GET /?i=kliou-mesh-multi-color-patchwork-mini-dress-women-sexy-mm-aX3J9wuN HTTP/1.1" 200 8203 "-" "Mozilla/5.0 (Linux; Android 6.0.1; Nexus 5X Build/MMB29P) AppleWebKit/537.36 (KHTML, like Gecko) Chrome/126.0.6478.126 Mobile Safari/537.36 (compatible; Googlebot/2.1; +http://www.google.com/bot.html)"
66.249.70.5 - - [28/Jul/2024:00:08:53 +0200] "GET /?i=kup-sztuk-led-angel-eyes-%C5%9Bwiat%C5%82o-obrysowe-%C5%BCar%C3%B3wki-auto-mm-716eDbt0 HTTP/1.1" 200 7582 "-" "Mozilla/5.0 (Linux; Android 6.0.1; Nexus 5X Build/MMB29P) AppleWebKit/537.36 (KHTML, like Gecko) Chrome/126.0.6478.126 Mobile Safari/537.36 (compatible; Googlebot/2.1; +http://www.google.com/bot.html)"
66.249.70.6 - - [28/Jul/2024:00:08:54 +0200] "GET /?i=how-to-replace-kerf-easy-door-seal-mm-3n4eL7t6 HTTP/1.1" 200 6947 "-" "Mozilla/5.0 (Linux; Android 6.0.1; Nexus 5X Build/MMB29P) AppleWebKit/537.36 (KHTML, like Gecko) Chrome/126.0.6478.126 Mobile Safari/537.36 (compatible; Googlebot/2.1; +http://www.google.com/bot.html)"
66.249.70.4 - - [28/Jul/2024:00:08:54 +0200] "GET /?i=hb-1333-%E2%80%93-domestic-violent-extremism-commission-mm-rBGBM7c4 HTTP/1.1" 200 7529 "-" "Mozilla/5.0 (Linux; Android 6.0.1; Nexus 5X Build/MMB29P) AppleWebKit/537.36 (KHTML, like Gecko) Chrome/126.0.6478.126 Mobile Safari/537.36 (compatible; Googlebot/2.1; +http://www.google.com/bot.html)"
66.249.70.7 - - [28/Jul/2024:00:08:54 +0200] "GET /?i=expired-tide-laundry-detergent-115-154-oz-excluding-tide-mm-6R2J04cN HTTP/1.1" 200 7433 "-" "Mozilla/5.0 (Linux; Android 6.0.1; Nexus 5X Build/MMB29P) AppleWebKit/537.36 (KHTML, like Gecko) Chrome/126.0.6478.126 Mobile Safari/537.36 (compatible; Googlebot/2.1; +http://www.google.com/bot.html)"
66.249.70.7 - - [28/Jul/2024:00:08:54 +0200] "GET /?i=eai-tv-apk-for-android-download-mm-Lbg43oSd HTTP/1.1" 200 7238 "-" "Mozilla/5.0 (Linux; Android 6.0.1; Nexus 5X Build/MMB29P) AppleWebKit/537.36 (KHTML, like Gecko) Chrome/126.0.6478.126 Mobile Safari/537.36 (compatible; Googlebot/2.1; +http://www.google.com/bot.html)"
66.249.70.4 - - [28/Jul/2024:00:08:54 +0200] "GET /?i=visto-en-pinterest-los-mejores-hacks-de-la-estanter%C3%ADa-mm-qmKjO3Uj HTTP/1.1" 200 7656 "-" "Mozilla/5.0 (Linux; Android 6.0.1; Nexus 5X Build/MMB29P) AppleWebKit/537.36 (KHTML, like Gecko) Chrome/126.0.6478.126 Mobile Safari/537.36 (compatible; Googlebot/2.1; +http://www.google.com/bot.html)"
66.249.70.4 - - [28/Jul/2024:00:08:54 +0200] "GET /it/?i=%D0%91%D0%B5%D0%BB%D0%BE%D1%80%D1%83%D1%81%D1%81%D0%BA%D0%B8%D0%B9-%D0%B3%D0%BE%D1%81%D1%83%D0%B4%D0%B0%D1%80%D1%81%D1%82%D0%B2%D0%B5%D0%BD%D0%BD%D1%8B%D0%B9-%D1%83%D0%BD%D0%B8%D0%B2%D0%B5%D1%80%D1%81%D0%B8%D1%82%D0%B5%D1%82-%D0%B8%D0%BD%D1%84%D0%BE%D1%80%D0%BC%D0%B0%D1%82%D0%B8%D0%BA%D0%B8-%D0%B8-%D1%80%D0%B0%D0%B4%D0%B8%D0%BE%D1%8D%D0%BB%D0%B5%D0%BA%D1%82%D1%80%D0%BE%D0%BD%D0%B8%D0%BA%D0%B8-%D0%92%D0%B8%D0%BA%D0%B8%D0%BF%D0%B5%D0%B4%D0%B8%D1%8F-mm-Gb5kWpUd HTTP/1.1" 200 11021 "-" "Mozilla/5.0 (Linux; Android 6.0.1; Nexus 5X Build/MMB29P) AppleWebKit/537.36 (KHTML, like Gecko) Chrome/126.0.6478.126 Mobile Safari/537.36 (compatible; Googlebot/2.1; +http://www.google.com/bot.html)"
66.249.70.1 - - [28/Jul/2024:00:08:54 +0200] "GET /?i=god-s-purpose-the-consecrated-woman-mm-VGkVQMu6 HTTP/1.1" 200 7093 "-" "Mozilla/5.0 (Linux; Android 6.0.1; Nexus 5X Build/MMB29P) AppleWebKit/537.36 (KHTML, like Gecko) Chrome/126.0.6478.126 Mobile Safari/537.36 (compatible; Googlebot/2.1; +http://www.google.com/bot.html)"
66.249.70.4 - - [28/Jul/2024:00:08:54 +0200] "GET /?i=are-there-black-people-in-greece-quora-mm-k1OXN0co HTTP/1.1" 200 10705 "-" "Mozilla/5.0 (Linux; Android 6.0.1; Nexus 5X Build/MMB29P) AppleWebKit/537.36 (KHTML, like Gecko) Chrome/126.0.6478.126 Mobile Safari/537.36 (compatible; Googlebot/2.1; +http://www.google.com/bot.html)"
66.249.70.8 - - [28/Jul/2024:00:08:54 +0200] "GET /?i=jetstar-phuket-to-sydney-economy-class-on-the-787-mm-WnOnaKSe HTTP/1.1" 200 7131 "-" "Mozilla/5.0 (Linux; Android 6.0.1; Nexus 5X Build/MMB29P) AppleWebKit/537.36 (KHTML, like Gecko) Chrome/126.0.6478.126 Mobile Safari/537.36 (compatible; Googlebot/2.1; +http://www.google.com/bot.html)"
212.129.78.79 - - [28/Jul/2024:00:08:54 +0200] "GET /?i=one-of-our-most-awaited-item-windlass-steelcrafts-facebook-mm-r7Wj35f4 HTTP/1.1" 200 1097 "https://www.google.com/" "Mozilla/5.0 (Linux; Android 10; K) AppleWebKit/537.36 (KHTML, like Gecko) Chrome/126.0.0.0 Mobile Safari/537.36"
66.249.70.4 - - [28/Jul/2024:00:08:54 +0200] "GET /?i=ajio-online-shopping-app-on-the-app-store-mm-O7z791fX HTTP/1.1" 200 10987 "-" "Mozilla/5.0 (Linux; Android 6.0.1; Nexus 5X Build/MMB29P) AppleWebKit/537.36 (KHTML, like Gecko) Chrome/126.0.6478.126 Mobile Safari/537.36 (compatible; Googlebot/2.1; +http://www.google.com/bot.html)"
66.249.70.4 - - [28/Jul/2024:00:08:55 +0200] "GET /it/?i=spilled-ink-spatter-letters-edgy-wild-punk-font-for-mm-B0VWO7UV HTTP/1.1" 200 7148 "-" "Mozilla/5.0 (Linux; Android 6.0.1; Nexus 5X Build/MMB29P) AppleWebKit/537.36 (KHTML, like Gecko) Chrome/126.0.6478.126 Mobile Safari/537.36 (compatible; Googlebot/2.1; +http://www.google.com/bot.html)"
66.249.70.8 - - [28/Jul/2024:00:08:55 +0200] "GET /?i=ral-colour-standard-beschriftungsfolie-green-color-polyvinyl-chloride-brandschutzzeichen-mm-gP5O6bU7 HTTP/1.1" 200 11060 "-" "Mozilla/5.0 (Linux; Android 6.0.1; Nexus 5X Build/MMB29P) AppleWebKit/537.36 (KHTML, like Gecko) Chrome/126.0.6478.126 Mobile Safari/537.36 (compatible; Googlebot/2.1; +http://www.google.com/bot.html)"
66.249.70.5 - - [28/Jul/2024:00:08:55 +0200] "GET /?i=hbx-haiboxing-1-24-rc-remote-control-climbing-car-mm-6narLIN HTTP/1.1" 200 7581 "-" "Mozilla/5.0 (Linux; Android 6.0.1; Nexus 5X Build/MMB29P) AppleWebKit/537.36 (KHTML, like Gecko) Chrome/126.0.6478.126 Mobile Safari/537.36 (compatible; Googlebot/2.1; +http://www.google.com/bot.html)"
66.249.70.1 - - [28/Jul/2024:00:08:55 +0200] "GET /?i=two-car-garage-plans-2-car-garage-plan-with-mm-2zKxQrcj HTTP/1.1" 200 6860 "-" "Mozilla/5.0 (Linux; Android 6.0.1; Nexus 5X Build/MMB29P) AppleWebKit/537.36 (KHTML, like Gecko) Chrome/126.0.6478.126 Mobile Safari/537.36 (compatible; Googlebot/2.1; +http://www.google.com/bot.html)"
66.249.70.5 - - [28/Jul/2024:00:08:55 +0200] "GET /?i=magnum-gx-coilover-ifs-holden-hq-wb-%E2%80%93-united-mm-1bEErf7 HTTP/1.1" 200 6390 "-" "Mozilla/5.0 (Linux; Android 6.0.1; Nexus 5X Build/MMB29P) AppleWebKit/537.36 (KHTML, like Gecko) Chrome/126.0.6478.126 Mobile Safari/537.36 (compatible; Googlebot/2.1; +http://www.google.com/bot.html)"
66.249.70.2 - - [28/Jul/2024:00:08:55 +0200] "GET /it/DT-725/?i=pdf-breast-cancer-staging-working-with-the-sixth-edition-mm-VOrzzi6 HTTP/1.1" 200 11529 "-" "Mozilla/5.0 (Linux; Android 6.0.1; Nexus 5X Build/MMB29P) AppleWebKit/537.36 (KHTML, like Gecko) Chrome/126.0.6478.126 Mobile Safari/537.36 (compatible; GoogleOther)"
66.249.70.3 - - [28/Jul/2024:00:08:55 +0200] "GET /?i=20-secrets-your-gynecologist-won-t-tell-you-best-mm-XR23VntX HTTP/1.1" 200 7393 "-" "Mozilla/5.0 (Linux; Android 6.0.1; Nexus 5X Build/MMB29P) AppleWebKit/537.36 (KHTML, like Gecko) Chrome/126.0.6478.126 Mobile Safari/537.36 (compatible; Googlebot/2.1; +http://www.google.com/bot.html)"
66.249.70.7 - - [28/Jul/2024:00:08:55 +0200] "GET /?i=piercing-de-nariz-crystal-titanio-%E2%80%93-pitaya-joyer%C3%ADa-mm-DN9J9QSk HTTP/1.1" 200 11179 "-" "Mozilla/5.0 (Linux; Android 6.0.1; Nexus 5X Build/MMB29P) AppleWebKit/537.36 (KHTML, like Gecko) Chrome/126.0.6478.126 Mobile Safari/537.36 (compatible; Googlebot/2.1; +http://www.google.com/bot.html)"
217.113.194.88 - - [28/Jul/2024:00:08:54 +0200] "GET /fr/initiative/197-ufuq.de-----jugendkultur--religion-und-politische-bildung-in-der-einwanderungsgesellschaft---deutschland.html HTTP/1.1" 200 2488 "-" "Mozilla/5.0 (compatible; Barkrowler/0.9; +https://babbar.tech/crawler)"
66.249.70.2 - - [28/Jul/2024:00:08:56 +0200] "GET /?i=maribelle-s-garden-catering-batangas-city-mm-NxMp2btd HTTP/1.1" 200 10228 "-" "Mozilla/5.0 (Linux; Android 6.0.1; Nexus 5X Build/MMB29P) AppleWebKit/537.36 (KHTML, like Gecko) Chrome/126.0.6478.126 Mobile Safari/537.36 (compatible; Googlebot/2.1; +http://www.google.com/bot.html)"
66.249.70.8 - - [28/Jul/2024:00:08:56 +0200] "GET /?i=the-height-differences-between-all-the-us-presidents-and-mm-65N0YeUN HTTP/1.1" 200 6438 "-" "Mozilla/5.0 (Linux; Android 6.0.1; Nexus 5X Build/MMB29P) AppleWebKit/537.36 (KHTML, like Gecko) Chrome/126.0.6478.126 Mobile Safari/537.36 (compatible; Googlebot/2.1; +http://www.google.com/bot.html)"
66.249.70.5 - - [28/Jul/2024:00:08:56 +0200] "GET /?i=phoenix-on-new-album-alpha-zulu-recording-in-the-mm-71qmAAi0 HTTP/1.1" 200 7499 "-" "Mozilla/5.0 (Linux; Android 6.0.1; Nexus 5X Build/MMB29P) AppleWebKit/537.36 (KHTML, like Gecko) Chrome/126.0.6478.126 Mobile Safari/537.36 (compatible; Googlebot/2.1; +http://www.google.com/bot.html)"
66.249.70.3 - - [28/Jul/2024:00:08:56 +0200] "GET /100/?i=is-your-ironstone-real-a-quick-vintage-guide-hymns-mm-2wWRqzSj HTTP/1.1" 200 7294 "-" "Mozilla/5.0 (Linux; Android 6.0.1; Nexus 5X Build/MMB29P) AppleWebKit/537.36 (KHTML, like Gecko) Chrome/126.0.6478.126 Mobile Safari/537.36 (compatible; Googlebot/2.1; +http://www.google.com/bot.html)"
66.249.70.5 - - [28/Jul/2024:00:08:56 +0200] "GET /?i=quinta-do-crasto-ros%C3%A9-2022-mm-o9MVXjtL HTTP/1.1" 200 7018 "-" "Mozilla/5.0 (Linux; Android 6.0.1; Nexus 5X Build/MMB29P) AppleWebKit/537.36 (KHTML, like Gecko) Chrome/126.0.6478.126 Mobile Safari/537.36 (compatible; Googlebot/2.1; +http://www.google.com/bot.html)"
103.92.153.117 - - [28/Jul/2024:00:08:56 +0200] "GET /?i=a-study-that-attempts-to-count-the-number-of-mm-7BxORzC0 HTTP/1.1" 200 4354 "https://www.google.com/" "Mozilla/5.0 (Linux; Android 10; K) AppleWebKit/537.36 (KHTML, like Gecko) Chrome/127.0.0.0 Mobile Safari/537.36"
136.243.228.194 - - [28/Jul/2024:00:08:55 +0200] "GET /?i=top-deal-samsung-galaxy-s21-fe-5g-zum-bestpreis-mm-M050g5Io HTTP/1.1" 200 1816 "-" "Mozilla/5.0 (compatible; DataForSeoBot/1.0; +https://dataforseo.com/dataforseo-bot)"
109.148.43.94 - - [28/Jul/2024:00:08:55 +0200] "GET /?i=dewett-dehumidifier-mm-BnRWgzuV HTTP/1.1" 200 5777 "-" "Mozilla/5.0 (Linux; Android 10; K) AppleWebKit/537.36 (KHTML, like Gecko) SamsungBrowser/25.0 Chrome/121.0.0.0 Mobile Safari/537.36"
176.171.153.221 - - [28/Jul/2024:00:08:55 +0200] "GET /?i=mme-annie-boivin-avis-de-d%C3%A9c%C3%A8s-mm-B0VL4YCV HTTP/1.1" 200 5811 "-" "Mozilla/5.0 (Linux; Android 10; K) AppleWebKit/537.36 (KHTML, like Gecko) SamsungBrowser/25.0 Chrome/121.0.0.0 Mobile Safari/537.36"
66.249.70.2 - - [28/Jul/2024:00:08:56 +0200] "GET /?i=how-do-i-find-out-my-college-credits-mm-a26PvBCN HTTP/1.1" 200 7268 "-" "Mozilla/5.0 (Linux; Android 6.0.1; Nexus 5X Build/MMB29P) AppleWebKit/537.36 (KHTML, like Gecko) Chrome/126.0.6478.182 Mobile Safari/537.36 (compatible; Googlebot/2.1; +http://www.google.com/bot.html)"
66.249.70.3 - - [28/Jul/2024:00:08:56 +0200] "GET /?i=yamaha-xjr1300-moto-vitelloni-wheels-n-wings-facebook-mm-mGjabGSX HTTP/1.1" 200 6939 "-" "Mozilla/5.0 (Linux; Android 6.0.1; Nexus 5X Build/MMB29P) AppleWebKit/537.36 (KHTML, like Gecko) Chrome/126.0.6478.126 Mobile Safari/537.36 (compatible; Googlebot/2.1; +http://www.google.com/bot.html)"
109.148.43.94 - - [28/Jul/2024:00:08:56 +0200] "GET /css/style.css?v=1 HTTP/1.1" 200 11362 "https://www.congress-intercultural.eu/?i=dewett-dehumidifier-mm-BnRWgzuV" "Mozilla/5.0 (Linux; Android 10; K) AppleWebKit/537.36 (KHTML, like Gecko) SamsungBrowser/25.0 Chrome/121.0.0.0 Mobile Safari/537.36"
176.171.153.221 - - [28/Jul/2024:00:08:56 +0200] "GET /css/style.css?v=1 HTTP/1.1" 200 11362 "https://www.congress-intercultural.eu/?i=mme-annie-boivin-avis-de-d%C3%A9c%C3%A8s-mm-B0VL4YCV" "Mozilla/5.0 (Linux; Android 10; K) AppleWebKit/537.36 (KHTML, like Gecko) SamsungBrowser/25.0 Chrome/121.0.0.0 Mobile Safari/537.36"
176.171.153.221 - - [28/Jul/2024:00:08:56 +0200] "GET /js/fancybox/jquery.fancybox.css HTTP/1.1" 200 5347 "https://www.congress-intercultural.eu/?i=mme-annie-boivin-avis-de-d%C3%A9c%C3%A8s-mm-B0VL4YCV" "Mozilla/5.0 (Linux; Android 10; K) AppleWebKit/537.36 (KHTML, like Gecko) SamsungBrowser/25.0 Chrome/121.0.0.0 Mobile Safari/537.36"
109.148.43.94 - - [28/Jul/2024:00:08:56 +0200] "GET /js/fancybox/jquery.fancybox.css HTTP/1.1" 200 5347 "https://www.congress-intercultural.eu/?i=dewett-dehumidifier-mm-BnRWgzuV" "Mozilla/5.0 (Linux; Android 10; K) AppleWebKit/537.36 (KHTML, like Gecko) SamsungBrowser/25.0 Chrome/121.0.0.0 Mobile Safari/537.36"
109.148.43.94 - - [28/Jul/2024:00:08:56 +0200] "GET /css/jquery.selectBox.css HTTP/1.1" 200 1338 "https://www.congress-intercultural.eu/?i=dewett-dehumidifier-mm-BnRWgzuV" "Mozilla/5.0 (Linux; Android 10; K) AppleWebKit/537.36 (KHTML, like Gecko) SamsungBrowser/25.0 Chrome/121.0.0.0 Mobile Safari/537.36"
109.148.43.94 - - [28/Jul/2024:00:08:56 +0200] "GET /css/slicknav.css HTTP/1.1" 200 1329 "https://www.congress-intercultural.eu/?i=dewett-dehumidifier-mm-BnRWgzuV" "Mozilla/5.0 (Linux; Android 10; K) AppleWebKit/537.36 (KHTML, like Gecko) SamsungBrowser/25.0 Chrome/121.0.0.0 Mobile Safari/537.36"
109.148.43.94 - - [28/Jul/2024:00:08:56 +0200] "GET /css/font-awesome.min.css HTTP/1.1" 200 7698 "https://www.congress-intercultural.eu/?i=dewett-dehumidifier-mm-BnRWgzuV" "Mozilla/5.0 (Linux; Android 10; K) AppleWebKit/537.36 (KHTML, like Gecko) SamsungBrowser/25.0 Chrome/121.0.0.0 Mobile Safari/537.36"
109.148.43.94 - - [28/Jul/2024:00:08:56 +0200] "GET /js/libs/modernizr.js HTTP/1.1" 200 6943 "https://www.congress-intercultural.eu/?i=dewett-dehumidifier-mm-BnRWgzuV" "Mozilla/5.0 (Linux; Android 10; K) AppleWebKit/537.36 (KHTML, like Gecko) SamsungBrowser/25.0 Chrome/121.0.0.0 Mobile Safari/537.36"
109.148.43.94 - - [28/Jul/2024:00:08:56 +0200] "GET /js/libs/jquery.imagesloaded.min.js HTTP/1.1" 200 4814 "https://www.congress-intercultural.eu/?i=dewett-dehumidifier-mm-BnRWgzuV" "Mozilla/5.0 (Linux; Android 10; K) AppleWebKit/537.36 (KHTML, like Gecko) SamsungBrowser/25.0 Chrome/121.0.0.0 Mobile Safari/537.36"
109.148.43.94 - - [28/Jul/2024:00:08:56 +0200] "GET /js/libs/jquery.masonry.min.js HTTP/1.1" 200 2656 "https://www.congress-intercultural.eu/?i=dewett-dehumidifier-mm-BnRWgzuV" "Mozilla/5.0 (Linux; Android 10; K) AppleWebKit/537.36 (KHTML, like Gecko) SamsungBrowser/25.0 Chrome/121.0.0.0 Mobile Safari/537.36"
109.148.43.94 - - [28/Jul/2024:00:08:56 +0200] "GET /js/fancybox/jquery.mousewheel-3.0.6.pack.js HTTP/1.1" 200 1132 "https://www.congress-intercultural.eu/?i=dewett-dehumidifier-mm-BnRWgzuV" "Mozilla/5.0 (Linux; Android 10; K) AppleWebKit/537.36 (KHTML, like Gecko) SamsungBrowser/25.0 Chrome/121.0.0.0 Mobile Safari/537.36"
109.148.43.94 - - [28/Jul/2024:00:08:56 +0200] "GET /js/libs/jquery-1.7.1.min.js HTTP/1.1" 200 37534 "https://www.congress-intercultural.eu/?i=dewett-dehumidifier-mm-BnRWgzuV" "Mozilla/5.0 (Linux; Android 10; K) AppleWebKit/537.36 (KHTML, like Gecko) SamsungBrowser/25.0 Chrome/121.0.0.0 Mobile Safari/537.36"
176.171.153.221 - - [28/Jul/2024:00:08:56 +0200] "GET /css/jquery.selectBox.css HTTP/1.1" 200 1338 "https://www.congress-intercultural.eu/?i=mme-annie-boivin-avis-de-d%C3%A9c%C3%A8s-mm-B0VL4YCV" "Mozilla/5.0 (Linux; Android 10; K) AppleWebKit/537.36 (KHTML, like Gecko) SamsungBrowser/25.0 Chrome/121.0.0.0 Mobile Safari/537.36"
176.171.153.221 - - [28/Jul/2024:00:08:56 +0200] "GET /css/slicknav.css HTTP/1.1" 200 1329 "https://www.congress-intercultural.eu/?i=mme-annie-boivin-avis-de-d%C3%A9c%C3%A8s-mm-B0VL4YCV" "Mozilla/5.0 (Linux; Android 10; K) AppleWebKit/537.36 (KHTML, like Gecko) SamsungBrowser/25.0 Chrome/121.0.0.0 Mobile Safari/537.36"
109.148.43.94 - - [28/Jul/2024:00:08:56 +0200] "GET /js/fancybox/jquery.fancybox.pack.js HTTP/1.1" 200 6327 "https://www.congress-intercultural.eu/?i=dewett-dehumidifier-mm-BnRWgzuV" "Mozilla/5.0 (Linux; Android 10; K) AppleWebKit/537.36 (KHTML, like Gecko) SamsungBrowser/25.0 Chrome/121.0.0.0 Mobile Safari/537.36"
109.148.43.94 - - [28/Jul/2024:00:08:56 +0200] "GET /js/jquery.slicknav.js HTTP/1.1" 200 5102 "https://www.congress-intercultural.eu/?i=dewett-dehumidifier-mm-BnRWgzuV" "Mozilla/5.0 (Linux; Android 10; K) AppleWebKit/537.36 (KHTML, like Gecko) SamsungBrowser/25.0 Chrome/121.0.0.0 Mobile Safari/537.36"
109.148.43.94 - - [28/Jul/2024:00:08:56 +0200] "GET /js/jquery.selectBox.min.js HTTP/1.1" 200 3755 "https://www.congress-intercultural.eu/?i=dewett-dehumidifier-mm-BnRWgzuV" "Mozilla/5.0 (Linux; Android 10; K) AppleWebKit/537.36 (KHTML, like Gecko) SamsungBrowser/25.0 Chrome/121.0.0.0 Mobile Safari/537.36"
109.148.43.94 - - [28/Jul/2024:00:08:56 +0200] "GET /js/script.js HTTP/1.1" 200 1108 "https://www.congress-intercultural.eu/?i=dewett-dehumidifier-mm-BnRWgzuV" "Mozilla/5.0 (Linux; Android 10; K) AppleWebKit/537.36 (KHTML, like Gecko) SamsungBrowser/25.0 Chrome/121.0.0.0 Mobile Safari/537.36"
109.148.43.94 - - [28/Jul/2024:00:08:56 +0200] "GET /fonts/roboto-regular-webfont.woff2 HTTP/1.1" 200 69206 "https://www.congress-intercultural.eu/css/style.css?v=1" "Mozilla/5.0 (Linux; Android 10; K) AppleWebKit/537.36 (KHTML, like Gecko) SamsungBrowser/25.0 Chrome/121.0.0.0 Mobile Safari/537.36"
176.171.153.221 - - [28/Jul/2024:00:08:56 +0200] "GET /css/font-awesome.min.css HTTP/1.1" 200 7698 "https://www.congress-intercultural.eu/?i=mme-annie-boivin-avis-de-d%C3%A9c%C3%A8s-mm-B0VL4YCV" "Mozilla/5.0 (Linux; Android 10; K) AppleWebKit/537.36 (KHTML, like Gecko) SamsungBrowser/25.0 Chrome/121.0.0.0 Mobile Safari/537.36"
176.171.153.221 - - [28/Jul/2024:00:08:56 +0200] "GET /js/libs/modernizr.js HTTP/1.1" 200 6943 "https://www.congress-intercultural.eu/?i=mme-annie-boivin-avis-de-d%C3%A9c%C3%A8s-mm-B0VL4YCV" "Mozilla/5.0 (Linux; Android 10; K) AppleWebKit/537.36 (KHTML, like Gecko) SamsungBrowser/25.0 Chrome/121.0.0.0 Mobile Safari/537.36"
176.171.153.221 - - [28/Jul/2024:00:08:56 +0200] "GET /js/libs/jquery-1.7.1.min.js HTTP/1.1" 200 37534 "https://www.congress-intercultural.eu/?i=mme-annie-boivin-avis-de-d%C3%A9c%C3%A8s-mm-B0VL4YCV" "Mozilla/5.0 (Linux; Android 10; K) AppleWebKit/537.36 (KHTML, like Gecko) SamsungBrowser/25.0 Chrome/121.0.0.0 Mobile Safari/537.36"
176.171.153.221 - - [28/Jul/2024:00:08:56 +0200] "GET /js/libs/jquery.imagesloaded.min.js HTTP/1.1" 200 4814 "https://www.congress-intercultural.eu/?i=mme-annie-boivin-avis-de-d%C3%A9c%C3%A8s-mm-B0VL4YCV" "Mozilla/5.0 (Linux; Android 10; K) AppleWebKit/537.36 (KHTML, like Gecko) SamsungBrowser/25.0 Chrome/121.0.0.0 Mobile Safari/537.36"
176.171.153.221 - - [28/Jul/2024:00:08:56 +0200] "GET /js/libs/jquery.masonry.min.js HTTP/1.1" 200 2656 "https://www.congress-intercultural.eu/?i=mme-annie-boivin-avis-de-d%C3%A9c%C3%A8s-mm-B0VL4YCV" "Mozilla/5.0 (Linux; Android 10; K) AppleWebKit/537.36 (KHTML, like Gecko) SamsungBrowser/25.0 Chrome/121.0.0.0 Mobile Safari/537.36"
176.171.153.221 - - [28/Jul/2024:00:08:56 +0200] "GET /js/fancybox/jquery.mousewheel-3.0.6.pack.js HTTP/1.1" 200 1132 "https://www.congress-intercultural.eu/?i=mme-annie-boivin-avis-de-d%C3%A9c%C3%A8s-mm-B0VL4YCV" "Mozilla/5.0 (Linux; Android 10; K) AppleWebKit/537.36 (KHTML, like Gecko) SamsungBrowser/25.0 Chrome/121.0.0.0 Mobile Safari/537.36"
109.148.43.94 - - [28/Jul/2024:00:08:56 +0200] "GET /fonts/opensans-condbold-webfont.woff HTTP/1.1" 200 23438 "https://www.congress-intercultural.eu/css/style.css?v=1" "Mozilla/5.0 (Linux; Android 10; K) AppleWebKit/537.36 (KHTML, like Gecko) SamsungBrowser/25.0 Chrome/121.0.0.0 Mobile Safari/537.36"
176.171.153.221 - - [28/Jul/2024:00:08:56 +0200] "GET /js/fancybox/jquery.fancybox.pack.js HTTP/1.1" 200 6327 "https://www.congress-intercultural.eu/?i=mme-annie-boivin-avis-de-d%C3%A9c%C3%A8s-mm-B0VL4YCV" "Mozilla/5.0 (Linux; Android 10; K) AppleWebKit/537.36 (KHTML, like Gecko) SamsungBrowser/25.0 Chrome/121.0.0.0 Mobile Safari/537.36"
176.171.153.221 - - [28/Jul/2024:00:08:56 +0200] "GET /js/jquery.slicknav.js HTTP/1.1" 200 5102 "https://www.congress-intercultural.eu/?i=mme-annie-boivin-avis-de-d%C3%A9c%C3%A8s-mm-B0VL4YCV" "Mozilla/5.0 (Linux; Android 10; K) AppleWebKit/537.36 (KHTML, like Gecko) SamsungBrowser/25.0 Chrome/121.0.0.0 Mobile Safari/537.36"
176.171.153.221 - - [28/Jul/2024:00:08:56 +0200] "GET /js/jquery.selectBox.min.js HTTP/1.1" 200 3755 "https://www.congress-intercultural.eu/?i=mme-annie-boivin-avis-de-d%C3%A9c%C3%A8s-mm-B0VL4YCV" "Mozilla/5.0 (Linux; Android 10; K) AppleWebKit/537.36 (KHTML, like Gecko) SamsungBrowser/25.0 Chrome/121.0.0.0 Mobile Safari/537.36"
176.171.153.221 - - [28/Jul/2024:00:08:56 +0200] "GET /fonts/roboto-regular-webfont.woff2 HTTP/1.1" 200 69206 "https://www.congress-intercultural.eu/css/style.css?v=1" "Mozilla/5.0 (Linux; Android 10; K) AppleWebKit/537.36 (KHTML, like Gecko) SamsungBrowser/25.0 Chrome/121.0.0.0 Mobile Safari/537.36"
176.171.153.221 - - [28/Jul/2024:00:08:56 +0200] "GET /js/script.js HTTP/1.1" 200 1108 "https://www.congress-intercultural.eu/?i=mme-annie-boivin-avis-de-d%C3%A9c%C3%A8s-mm-B0VL4YCV" "Mozilla/5.0 (Linux; Android 10; K) AppleWebKit/537.36 (KHTML, like Gecko) SamsungBrowser/25.0 Chrome/121.0.0.0 Mobile Safari/537.36"
