66.249.70.2 - - [28/Jul/2024:00:08:23 +0200] "GET /?i=how-to-score-timeless-chanel-bags-at-auction-on-mm-a9PDYDFN HTTP/1.1" 200 11826 "-" "Mozilla/5.0 (Linux; Android 6.0.1; Nexus 5X Build/MMB29P) AppleWebKit/537.36 (KHTML, like Gecko) Chrome/126.0.6478.126 Mobile Safari/537.36 (compatible; Googlebot/2.1; +http://www.google.com/bot.html)"
66.249.70.7 - - [28/Jul/2024:00:08:23 +0200] "GET /?i=viewsonic-vg2239smh-2-s-22-full-dp-1080p-led-mm-ENrQkRu3 HTTP/1.1" 200 7088 "-" "Mozilla/5.0 (Linux; Android 6.0.1; Nexus 5X Build/MMB29P) AppleWebKit/537.36 (KHTML, like Gecko) Chrome/126.0.6478.126 Mobile Safari/537.36 (compatible; Googlebot/2.1; +http://www.google.com/bot.html)"
66.249.70.2 - - [28/Jul/2024:00:08:23 +0200] "GET /it/?i=gender-swapping-anakin-and-padme-makes-star-wars-insane-mm-KokqrntN HTTP/1.1" 200 11053 "-" "Mozilla/5.0 (Linux; Android 6.0.1; Nexus 5X Build/MMB29P) AppleWebKit/537.36 (KHTML, like Gecko) Chrome/126.0.6478.126 Mobile Safari/537.36 (compatible; Googlebot/2.1; +http://www.google.com/bot.html)"
157.49.96.58 - - [28/Jul/2024:00:08:23 +0200] "GET /?i=labrador-retriever-puppy-in-the-yard-stock-photo-image-mm-LwApn0Hd HTTP/1.1" 200 4355 "https://www.google.com/" "Mozilla/5.0 (Linux; Android 10; K) AppleWebKit/537.36 (KHTML, like Gecko) Chrome/126.0.0.0 Mobile Safari/537.36"
66.249.70.2 - - [28/Jul/2024:00:08:23 +0200] "GET /it/?i=cleopatra-vii-egyptian-painting-egyptian-drawings-ancient-egypt-art-mm-aOEGLwTN HTTP/1.1" 200 11215 "-" "Mozilla/5.0 (Linux; Android 6.0.1; Nexus 5X Build/MMB29P) AppleWebKit/537.36 (KHTML, like Gecko) Chrome/126.0.6478.126 Mobile Safari/537.36 (compatible; Googlebot/2.1; +http://www.google.com/bot.html)"
66.249.70.3 - - [28/Jul/2024:00:08:23 +0200] "GET /?i=van-de-graaff-generator-motor-driven-120-240v-50-mm-g3Aa9OC7 HTTP/1.1" 200 7536 "-" "Mozilla/5.0 (Linux; Android 6.0.1; Nexus 5X Build/MMB29P) AppleWebKit/537.36 (KHTML, like Gecko) Chrome/126.0.6478.126 Mobile Safari/537.36 (compatible; Googlebot/2.1; +http://www.google.com/bot.html)"
66.249.70.1 - - [28/Jul/2024:00:08:23 +0200] "GET /tr/?i=pdf-no-oceanic-plateau-no-caribbean-plate-the-seminal-mm-KjJWK3iN HTTP/1.1" 200 11032 "-" "Mozilla/5.0 (Linux; Android 6.0.1; Nexus 5X Build/MMB29P) AppleWebKit/537.36 (KHTML, like Gecko) Chrome/126.0.6478.126 Mobile Safari/537.36 (compatible; GoogleOther)"
66.249.70.7 - - [28/Jul/2024:00:08:23 +0200] "GET /?i=spa-services-raleigh-nc-woodhouse-spa-mm-D29YNDck HTTP/1.1" 200 10623 "-" "Mozilla/5.0 (Linux; Android 6.0.1; Nexus 5X Build/MMB29P) AppleWebKit/537.36 (KHTML, like Gecko) Chrome/126.0.6478.126 Mobile Safari/537.36 (compatible; Googlebot/2.1; +http://www.google.com/bot.html)"
154.80.113.113 - - [28/Jul/2024:00:08:23 +0200] "GET /?i=download-harley-davidson-wallpaper-harley-bikes-harley-davidson-wallpaper-mm-rN6mqoI4 HTTP/1.1" 200 4355 "https://www.google.com.pk/" "Mozilla/5.0 (iPhone; CPU iPhone OS 17_5_1 like Mac OS X) AppleWebKit/605.1.15 (KHTML, like Gecko) Version/17.5 Mobile/15E148 Safari/604.1"
136.243.228.194 - - [28/Jul/2024:00:08:23 +0200] "GET /?i=samsung-galaxy-a53-5g-review-safe-sensible-and-a-mm-z9qWe0s5 HTTP/1.1" 200 1816 "-" "Mozilla/5.0 (compatible; DataForSeoBot/1.0; +https://dataforseo.com/dataforseo-bot)"
66.249.70.7 - - [28/Jul/2024:00:08:23 +0200] "GET /?i=abandoned-ross-dress-for-less-mesa-az-mm-BE7mXAiV HTTP/1.1" 200 6981 "-" "Mozilla/5.0 (Linux; Android 6.0.1; Nexus 5X Build/MMB29P) AppleWebKit/537.36 (KHTML, like Gecko) Chrome/126.0.6478.126 Mobile Safari/537.36 (compatible; Googlebot/2.1; +http://www.google.com/bot.html)"
66.249.70.2 - - [28/Jul/2024:00:08:23 +0200] "GET /?i=el-cenozoico-by-david368-mm-06JOqaTx HTTP/1.1" 200 6879 "-" "Mozilla/5.0 (Linux; Android 6.0.1; Nexus 5X Build/MMB29P) AppleWebKit/537.36 (KHTML, like Gecko) Chrome/126.0.6478.126 Mobile Safari/537.36 (compatible; Googlebot/2.1; +http://www.google.com/bot.html)"
66.249.70.1 - - [28/Jul/2024:00:08:23 +0200] "GET /?i=four-cycles-of-r-chop-followed-by-two-applications-mm-NGBEwTd HTTP/1.1" 200 11732 "-" "Mozilla/5.0 (Linux; Android 6.0.1; Nexus 5X Build/MMB29P) AppleWebKit/537.36 (KHTML, like Gecko) Chrome/126.0.6478.126 Mobile Safari/537.36 (compatible; Googlebot/2.1; +http://www.google.com/bot.html)"
105.197.244.251 - - [28/Jul/2024:00:08:24 +0200] "GET /?i=%D8%B5%D8%B1%D8%AE%D8%A9-%D8%B1%D8%B9%D8%A8-%D9%82%D8%A7%D8%A6%D9%85%D8%A9-%D8%A8%D9%80-30-%D9%81%D9%8A%D9%84%D9%85-%D8%B1%D8%B9%D8%A8-%D8%AA%D8%B1%D9%83%D9%8A-%D9%84%D9%86-mm-1zX0kPi7 HTTP/1.1" 200 4354 "https://www.google.com/" "Mozilla/5.0 (Linux; Android 10; K) AppleWebKit/537.36 (KHTML, like Gecko) Chrome/126.0.0.0 Mobile Safari/537.36"
66.249.70.2 - - [28/Jul/2024:00:08:24 +0200] "GET /?i=altgeld-hall-conference-and-event-services-northern-illinois-university-mm-k2464jho HTTP/1.1" 200 6910 "-" "Mozilla/5.0 (Linux; Android 6.0.1; Nexus 5X Build/MMB29P) AppleWebKit/537.36 (KHTML, like Gecko) Chrome/126.0.6478.126 Mobile Safari/537.36 (compatible; Googlebot/2.1; +http://www.google.com/bot.html)"
66.249.70.7 - - [28/Jul/2024:00:08:24 +0200] "GET /?i=watershed-roofing-kits-how-to-re-roof-your-shed-mm-0JOKwsx HTTP/1.1" 200 7534 "-" "Mozilla/5.0 (Linux; Android 6.0.1; Nexus 5X Build/MMB29P) AppleWebKit/537.36 (KHTML, like Gecko) Chrome/126.0.6478.126 Mobile Safari/537.36 (compatible; Googlebot/2.1; +http://www.google.com/bot.html)"
66.249.70.7 - - [28/Jul/2024:00:08:24 +0200] "GET /?i=nescafe-classic-gr-mm-4Mm5df6 HTTP/1.1" 200 6843 "-" "Mozilla/5.0 (Linux; Android 6.0.1; Nexus 5X Build/MMB29P) AppleWebKit/537.36 (KHTML, like Gecko) Chrome/126.0.6478.126 Mobile Safari/537.36 (compatible; Googlebot/2.1; +http://www.google.com/bot.html)"
2.177.248.152 - - [28/Jul/2024:00:08:24 +0200] "GET /?i=10-travel-mugs-that-keep-coffee-hot-or-cold-mm-pWkJ1uj HTTP/1.1" 200 4354 "https://www.google.com/" "Mozilla/5.0 (iPhone; CPU iPhone OS 16_6 like Mac OS X) AppleWebKit/605.1.15 (KHTML, like Gecko) Version/16.6 Mobile/15E148 Safari/604.1"
66.249.70.1 - - [28/Jul/2024:00:08:24 +0200] "GET /?i=how-to-choose-a-research-topic-for-your-phd-mm-gOVoPOs7 HTTP/1.1" 200 10732 "-" "Mozilla/5.0 (Linux; Android 6.0.1; Nexus 5X Build/MMB29P) AppleWebKit/537.36 (KHTML, like Gecko) Chrome/126.0.6478.126 Mobile Safari/537.36 (compatible; Googlebot/2.1; +http://www.google.com/bot.html)"
66.249.70.3 - - [28/Jul/2024:00:08:24 +0200] "GET /?i=endotracheal-tube-parts-types-and-%E2%80%93-nursemathmedblog-mm-W7LQmvfe HTTP/1.1" 200 7659 "-" "Mozilla/5.0 (Linux; Android 6.0.1; Nexus 5X Build/MMB29P) AppleWebKit/537.36 (KHTML, like Gecko) Chrome/126.0.6478.126 Mobile Safari/537.36 (compatible; Googlebot/2.1; +http://www.google.com/bot.html)"
66.249.70.1 - - [28/Jul/2024:00:08:24 +0200] "GET /?i=pure-silver-toe-rings-price-with-beautiful-design-mm-XYgKKiX HTTP/1.1" 200 7295 "-" "Mozilla/5.0 (Linux; Android 6.0.1; Nexus 5X Build/MMB29P) AppleWebKit/537.36 (KHTML, like Gecko) Chrome/126.0.6478.126 Mobile Safari/537.36 (compatible; Googlebot/2.1; +http://www.google.com/bot.html)"
52.167.144.229 - - [28/Jul/2024:00:08:24 +0200] "GET /?i=a-first-course-in-applied-statistics-pearson-original-edition-mm-dMGPWVTe HTTP/1.1" 200 7903 "-" "Mozilla/5.0 (iPhone; CPU iPhone OS 7_0 like Mac OS X) AppleWebKit/537.51.1 (KHTML, like Gecko) Version/7.0 Mobile/11A465 Safari/9537.53 (compatible; bingbot/2.0; +http://www.bing.com/bingbot.htm)"
66.249.70.109 - - [28/Jul/2024:00:08:24 +0200] "GET /?m=pdf-building-computational-resources-the-treebank-and-the-urdu-zz-1nzMBqsk HTTP/1.1" 200 10618 "-" "Mozilla/5.0 (Linux; Android 6.0.1; Nexus 5X Build/MMB29P) AppleWebKit/537.36 (KHTML, like Gecko) Chrome/126.0.6478.126 Mobile Safari/537.36 (compatible; GoogleOther)"
66.249.70.3 - - [28/Jul/2024:00:08:24 +0200] "GET /?i=lokasi-dan-harga-menu-faye-coffee-eatery-pamulang-idntraveling-mm-YQrV4MFn HTTP/1.1" 200 7824 "-" "Mozilla/5.0 (Linux; Android 6.0.1; Nexus 5X Build/MMB29P) AppleWebKit/537.36 (KHTML, like Gecko) Chrome/126.0.6478.126 Mobile Safari/537.36 (compatible; Googlebot/2.1; +http://www.google.com/bot.html)"
66.249.70.2 - - [28/Jul/2024:00:08:24 +0200] "GET /?i=compact-utility-tractors-mm-nWAqO7tE HTTP/1.1" 200 6757 "-" "Mozilla/5.0 (Linux; Android 6.0.1; Nexus 5X Build/MMB29P) AppleWebKit/537.36 (KHTML, like Gecko) Chrome/126.0.6478.126 Mobile Safari/537.36 (compatible; Googlebot/2.1; +http://www.google.com/bot.html)"
66.249.70.1 - - [28/Jul/2024:00:08:24 +0200] "GET /it/?i=1pc-realistic-artificial-rose-bouquet-with-long-stem-for-mm-kB6zGBSo HTTP/1.1" 200 7754 "-" "Mozilla/5.0 (Linux; Android 6.0.1; Nexus 5X Build/MMB29P) AppleWebKit/537.36 (KHTML, like Gecko) Chrome/126.0.6478.126 Mobile Safari/537.36 (compatible; Googlebot/2.1; +http://www.google.com/bot.html)"
66.249.70.8 - - [28/Jul/2024:00:08:25 +0200] "GET /?i=need-help-on-65-gto-steering-column-py-online-mm-OaNBsX HTTP/1.1" 200 6598 "-" "Mozilla/5.0 (Linux; Android 6.0.1; Nexus 5X Build/MMB29P) AppleWebKit/537.36 (KHTML, like Gecko) Chrome/126.0.6478.126 Mobile Safari/537.36 (compatible; Googlebot/2.1; +http://www.google.com/bot.html)"
52.167.144.229 - - [28/Jul/2024:00:08:25 +0200] "GET /?i=sql-inner-join-an-overview-with-examples-mm-WWYEPYCe HTTP/1.1" 200 6406 "-" "Mozilla/5.0 (iPhone; CPU iPhone OS 7_0 like Mac OS X) AppleWebKit/537.51.1 (KHTML, like Gecko) Version/7.0 Mobile/11A465 Safari/9537.53 (compatible; bingbot/2.0; +http://www.bing.com/bingbot.htm)"
66.249.70.2 - - [28/Jul/2024:00:08:25 +0200] "GET /?i=ma6900-platinum-series-oval-waterproof-speakers-mm-JjvxGXT1 HTTP/1.1" 200 7374 "-" "Mozilla/5.0 (Linux; Android 6.0.1; Nexus 5X Build/MMB29P) AppleWebKit/537.36 (KHTML, like Gecko) Chrome/126.0.6478.126 Mobile Safari/537.36 (compatible; Googlebot/2.1; +http://www.google.com/bot.html)"
66.249.70.1 - - [28/Jul/2024:00:08:25 +0200] "GET /?i=zoning-ordinance-white-lake-township-mm-D2AAxbck HTTP/1.1" 200 6953 "-" "Mozilla/5.0 (Linux; Android 6.0.1; Nexus 5X Build/MMB29P) AppleWebKit/537.36 (KHTML, like Gecko) Chrome/126.0.6478.126 Mobile Safari/537.36 (compatible; Googlebot/2.1; +http://www.google.com/bot.html)"
66.249.70.8 - - [28/Jul/2024:00:08:25 +0200] "GET /it/?i=wall-paintings-in-vastu-shastra-that-can-change-your-mm-N5dDDnFd HTTP/1.1" 200 7823 "-" "Mozilla/5.0 (Linux; Android 6.0.1; Nexus 5X Build/MMB29P) AppleWebKit/537.36 (KHTML, like Gecko) Chrome/126.0.6478.126 Mobile Safari/537.36 (compatible; Googlebot/2.1; +http://www.google.com/bot.html)"
49.37.43.232 - - [28/Jul/2024:00:08:25 +0200] "GET /?i=cherry-tree-png-images-with-transparent-background-free-download-mm-nK4PRtE HTTP/1.1" 200 1096 "https://www.google.com/" "Mozilla/5.0 (Macintosh; Intel Mac OS X 10_15_7) AppleWebKit/537.36 (KHTML, like Gecko) Chrome/126.0.0.0 Safari/537.36"
66.249.70.3 - - [28/Jul/2024:00:08:25 +0200] "GET /?i=the-ranch-romper-from-crazy-train-clothing-mm-D9k730ik HTTP/1.1" 200 6625 "-" "Mozilla/5.0 (Linux; Android 6.0.1; Nexus 5X Build/MMB29P) AppleWebKit/537.36 (KHTML, like Gecko) Chrome/126.0.6478.126 Mobile Safari/537.36 (compatible; Googlebot/2.1; +http://www.google.com/bot.html)"
66.249.70.109 - - [28/Jul/2024:00:08:25 +0200] "GET /?m=physics-hsc-board-pyq-pdf-waves-electron-zz-GeA50xsZ HTTP/1.1" 200 6792 "-" "Mozilla/5.0 (Linux; Android 6.0.1; Nexus 5X Build/MMB29P) AppleWebKit/537.36 (KHTML, like Gecko) Chrome/126.0.6478.126 Mobile Safari/537.36 (compatible; GoogleOther)"
66.249.70.1 - - [28/Jul/2024:00:08:25 +0200] "GET /?i=monopoly-abbey-road-canvas-wall-art-mm-ogGr5BHL HTTP/1.1" 200 7468 "-" "Mozilla/5.0 (Linux; Android 6.0.1; Nexus 5X Build/MMB29P) AppleWebKit/537.36 (KHTML, like Gecko) Chrome/126.0.6478.126 Mobile Safari/537.36 (compatible; Googlebot/2.1; +http://www.google.com/bot.html)"
66.249.70.7 - - [28/Jul/2024:00:08:25 +0200] "GET /?i=file-blowhole-arch-at-mussel-rock-te-kaha-point-mm-7ogxaMi0 HTTP/1.1" 200 7351 "-" "Mozilla/5.0 (Linux; Android 6.0.1; Nexus 5X Build/MMB29P) AppleWebKit/537.36 (KHTML, like Gecko) Chrome/126.0.6478.126 Mobile Safari/537.36 (compatible; Googlebot/2.1; +http://www.google.com/bot.html)"
66.249.70.3 - - [28/Jul/2024:00:08:25 +0200] "GET /en/?i=introductory-chemistry-9th-edition-zumdahl-test-bank-introductory-chemistry-mm-zoLOG5u5 HTTP/1.1" 200 7472 "-" "Mozilla/5.0 (Linux; Android 6.0.1; Nexus 5X Build/MMB29P) AppleWebKit/537.36 (KHTML, like Gecko) Chrome/126.0.6478.126 Mobile Safari/537.36 (compatible; Googlebot/2.1; +http://www.google.com/bot.html)"
66.249.70.4 - - [28/Jul/2024:00:08:25 +0200] "GET /?i=pacdora-3d-packaging-design-online-mm-K0dmwJcN HTTP/1.1" 200 7255 "-" "Mozilla/5.0 (Linux; Android 6.0.1; Nexus 5X Build/MMB29P) AppleWebKit/537.36 (KHTML, like Gecko) Chrome/126.0.6478.126 Mobile Safari/537.36 (compatible; Googlebot/2.1; +http://www.google.com/bot.html)"
66.249.70.2 - - [28/Jul/2024:00:08:25 +0200] "GET /?i=piepiebuy-women-s-lace-up-heeled-sandals-square-flip-mm-aevW3KuN HTTP/1.1" 200 7218 "-" "Mozilla/5.0 (Linux; Android 6.0.1; Nexus 5X Build/MMB29P) AppleWebKit/537.36 (KHTML, like Gecko) Chrome/126.0.6478.126 Mobile Safari/537.36 (compatible; Googlebot/2.1; +http://www.google.com/bot.html)"
66.249.70.109 - - [28/Jul/2024:00:08:26 +0200] "GET /?m=go-67-gst-pdf-value-added-tax-government-finances-zz-L2ajxBfk HTTP/1.1" 200 7423 "-" "Mozilla/5.0 (Linux; Android 6.0.1; Nexus 5X Build/MMB29P) AppleWebKit/537.36 (KHTML, like Gecko) Chrome/126.0.6478.126 Mobile Safari/537.36 (compatible; GoogleOther)"
66.249.70.3 - - [28/Jul/2024:00:08:26 +0200] "GET /?i=friend-of-audrey-ana-pinstitch-linen-shorts-shop-nz-mm-VLW77qH6 HTTP/1.1" 200 7446 "-" "Mozilla/5.0 (Linux; Android 6.0.1; Nexus 5X Build/MMB29P) AppleWebKit/537.36 (KHTML, like Gecko) Chrome/126.0.6478.126 Mobile Safari/537.36 (compatible; Googlebot/2.1; +http://www.google.com/bot.html)"
66.249.70.1 - - [28/Jul/2024:00:08:26 +0200] "GET /?i=feather-river-doors-lakewood-patina-3-4-oval-lt-mm-0LjnoAsx HTTP/1.1" 200 7579 "-" "Mozilla/5.0 (Linux; Android 6.0.1; Nexus 5X Build/MMB29P) AppleWebKit/537.36 (KHTML, like Gecko) Chrome/126.0.6478.126 Mobile Safari/537.36 (compatible; Googlebot/2.1; +http://www.google.com/bot.html)"
66.249.70.3 - - [28/Jul/2024:00:08:26 +0200] "GET /?i=hola-spanish-greeting-handwritten-with-white-vector-image-mm-JrgKBwU1 HTTP/1.1" 200 10731 "-" "Mozilla/5.0 (Linux; Android 6.0.1; Nexus 5X Build/MMB29P) AppleWebKit/537.36 (KHTML, like Gecko) Chrome/126.0.6478.126 Mobile Safari/537.36 (compatible; Googlebot/2.1; +http://www.google.com/bot.html)"
66.249.70.4 - - [28/Jul/2024:00:08:26 +0200] "GET /?i=can-t-login-to-mycloud-home-my-cloud-home-mm-GKBj5Td HTTP/1.1" 200 7211 "-" "Mozilla/5.0 (Linux; Android 6.0.1; Nexus 5X Build/MMB29P) AppleWebKit/537.36 (KHTML, like Gecko) Chrome/126.0.6478.126 Mobile Safari/537.36 (compatible; Googlebot/2.1; +http://www.google.com/bot.html)"
66.249.70.3 - - [28/Jul/2024:00:08:26 +0200] "GET /?i=general-calculus-ii-pdf-series-mathematics-integral-mm-90PPL5C7 HTTP/1.1" 200 11218 "-" "Mozilla/5.0 (Linux; Android 6.0.1; Nexus 5X Build/MMB29P) AppleWebKit/537.36 (KHTML, like Gecko) Chrome/126.0.6478.126 Mobile Safari/537.36 (compatible; Googlebot/2.1; +http://www.google.com/bot.html)"
66.249.70.8 - - [28/Jul/2024:00:08:26 +0200] "GET /?i=original-painting-life-is-peachy-watercolor-r-korn-mm-V6kXPnt6 HTTP/1.1" 200 7248 "-" "Mozilla/5.0 (Linux; Android 6.0.1; Nexus 5X Build/MMB29P) AppleWebKit/537.36 (KHTML, like Gecko) Chrome/126.0.6478.126 Mobile Safari/537.36 (compatible; Googlebot/2.1; +http://www.google.com/bot.html)"
66.249.70.1 - - [28/Jul/2024:00:08:26 +0200] "GET /?i=the-turh-about-the-grimace-shake-grimaceshake-mcdonalds-truth-mm-PpDaMhB HTTP/1.1" 200 7641 "-" "Mozilla/5.0 (Linux; Android 6.0.1; Nexus 5X Build/MMB29P) AppleWebKit/537.36 (KHTML, like Gecko) Chrome/126.0.6478.126 Mobile Safari/537.36 (compatible; Googlebot/2.1; +http://www.google.com/bot.html)"
66.249.72.174 - - [28/Jul/2024:00:08:26 +0200] "GET /?i=hegra-tours-tourist-saudi-arabia-mm-VR0eYDu6 HTTP/1.1" 200 10489 "-" "Mozilla/5.0 (Linux; Android 6.0.1; Nexus 5X Build/MMB29P) AppleWebKit/537.36 (KHTML, like Gecko) Chrome/126.0.6478.126 Mobile Safari/537.36 (compatible; Googlebot/2.1; +http://www.google.com/bot.html)"
66.249.70.2 - - [28/Jul/2024:00:08:27 +0200] "GET /?i=my-mitx-r3-2200g-htpc-ryzen-very-weak-ipc-mm-1k3gb4h7 HTTP/1.1" 200 7090 "-" "Mozilla/5.0 (Linux; Android 6.0.1; Nexus 5X Build/MMB29P) AppleWebKit/537.36 (KHTML, like Gecko) Chrome/126.0.6478.126 Mobile Safari/537.36 (compatible; Googlebot/2.1; +http://www.google.com/bot.html)"
89.205.225.136 - - [28/Jul/2024:00:08:27 +0200] "GET /ru/?i=hiv-mouth-sores-causes-symptoms-and-treatments-mm-33nKoAI6 HTTP/1.1" 200 4356 "https://www.google.com/" "Mozilla/5.0 (Linux; Android 10; K) AppleWebKit/537.36 (KHTML, like Gecko) Chrome/126.0.0.0 Mobile Safari/537.36"
66.249.70.5 - - [28/Jul/2024:00:08:27 +0200] "GET /?i=lewis-c-1-school-district-fb-parents-there-are-mm-60YDEWiN HTTP/1.1" 200 11005 "-" "Mozilla/5.0 (Linux; Android 6.0.1; Nexus 5X Build/MMB29P) AppleWebKit/537.36 (KHTML, like Gecko) Chrome/126.0.6478.126 Mobile Safari/537.36 (compatible; Googlebot/2.1; +http://www.google.com/bot.html)"
66.249.70.8 - - [28/Jul/2024:00:08:27 +0200] "GET /?i=isuzu-npr-gmc-tiltmaster-transmission-digest-mm-nYX0WrtE HTTP/1.1" 200 6973 "-" "Mozilla/5.0 (Linux; Android 6.0.1; Nexus 5X Build/MMB29P) AppleWebKit/537.36 (KHTML, like Gecko) Chrome/126.0.6478.126 Mobile Safari/537.36 (compatible; Googlebot/2.1; +http://www.google.com/bot.html)"
66.249.70.4 - - [28/Jul/2024:00:08:27 +0200] "GET /index.php/8bdenzaido28bd4549077564887?i=2019-citizen-s-charter-amended-pdf-pdf-government-business-mm-D97px0Tk HTTP/1.1" 200 10941 "-" "Mozilla/5.0 (Linux; Android 6.0.1; Nexus 5X Build/MMB29P) AppleWebKit/537.36 (KHTML, like Gecko) Chrome/126.0.6478.126 Mobile Safari/537.36 (compatible; GoogleOther)"
66.249.70.7 - - [28/Jul/2024:00:08:27 +0200] "GET /?i=bracket-tv-monitor-led-lcd-gas-spring-oximus-zdp1128-mm-opAKjBuL HTTP/1.1" 200 7778 "-" "Mozilla/5.0 (Linux; Android 6.0.1; Nexus 5X Build/MMB29P) AppleWebKit/537.36 (KHTML, like Gecko) Chrome/126.0.6478.126 Mobile Safari/537.36 (compatible; Googlebot/2.1; +http://www.google.com/bot.html)"
66.249.70.7 - - [28/Jul/2024:00:08:27 +0200] "GET /?i=escooter-%E2%80%93-oracle-red-bull-racing-mm-nGD9WKSE HTTP/1.1" 200 7398 "-" "Mozilla/5.0 (Linux; Android 6.0.1; Nexus 5X Build/MMB29P) AppleWebKit/537.36 (KHTML, like Gecko) Chrome/126.0.6478.126 Mobile Safari/537.36 (compatible; Googlebot/2.1; +http://www.google.com/bot.html)"
66.249.70.8 - - [28/Jul/2024:00:08:27 +0200] "GET /?i=anzo-usa-don-t-get-left-in-the-dark-mm-Kr4YLIN HTTP/1.1" 200 10974 "-" "Mozilla/5.0 (Linux; Android 6.0.1; Nexus 5X Build/MMB29P) AppleWebKit/537.36 (KHTML, like Gecko) Chrome/126.0.6478.126 Mobile Safari/537.36 (compatible; Googlebot/2.1; +http://www.google.com/bot.html)"
189.46.223.121 - - [28/Jul/2024:00:08:27 +0200] "GET /?i=lembrancinha-dia-dos-pais-%E2%80%93-prof-amanda-ramalho-mm-9NwkRYH7 HTTP/1.1" 200 4355 "https://www.google.com.br/" "Mozilla/5.0 (Windows NT 10.0; Win64; x64) AppleWebKit/537.36 (KHTML, like Gecko) Chrome/92.0.4515.159 Safari/537.36 Edg/92.0.902.84"
187.150.193.168 - - [28/Jul/2024:00:08:26 +0200] "GET /?i=cristiano-ronaldo-coloring-pages-printable-for-free-download-mm-mOx59iX HTTP/1.1" 200 5777 "-" "Mozilla/5.0 (Macintosh; Intel Mac OS X 10_15_6) AppleWebKit/605.1.15 (KHTML, like Gecko) Version/15.3 Safari/605.1.15"
136.243.228.194 - - [28/Jul/2024:00:08:27 +0200] "GET /?i=galaxy-a53-vs-galaxy-a52-what-has-samsung-improved-mm-g6vPWrT7 HTTP/1.1" 200 1816 "-" "Mozilla/5.0 (compatible; DataForSeoBot/1.0; +https://dataforseo.com/dataforseo-bot)"
66.249.70.1 - - [28/Jul/2024:00:08:28 +0200] "GET /?i=gallon-fermenter-king-snub-nose-mm-gOBkMei7 HTTP/1.1" 200 7020 "-" "Mozilla/5.0 (Linux; Android 6.0.1; Nexus 5X Build/MMB29P) AppleWebKit/537.36 (KHTML, like Gecko) Chrome/126.0.6478.126 Mobile Safari/537.36 (compatible; Googlebot/2.1; +http://www.google.com/bot.html)"
66.249.70.4 - - [28/Jul/2024:00:08:28 +0200] "GET /?i=oppo-a58-5g-harga-rp-jutaan-daya-baterai-mah-mm-4mwmdRH6 HTTP/1.1" 200 7941 "-" "Mozilla/5.0 (Linux; Android 6.0.1; Nexus 5X Build/MMB29P) AppleWebKit/537.36 (KHTML, like Gecko) Chrome/126.0.6478.126 Mobile Safari/537.36 (compatible; Googlebot/2.1; +http://www.google.com/bot.html)"
66.249.70.2 - - [28/Jul/2024:00:08:28 +0200] "GET /?i=honda-electric-bike-concept-the-future-of-ev-short-mm-971xO5f7 HTTP/1.1" 200 7410 "-" "Mozilla/5.0 (Linux; Android 6.0.1; Nexus 5X Build/MMB29P) AppleWebKit/537.36 (KHTML, like Gecko) Chrome/126.0.6478.126 Mobile Safari/537.36 (compatible; Googlebot/2.1; +http://www.google.com/bot.html)"
66.249.70.3 - - [28/Jul/2024:00:08:28 +0200] "GET /?i=8x8-pixel-characters-by-mariiboops-on-deviantart-mm-enLgxRTg HTTP/1.1" 200 7666 "-" "Mozilla/5.0 (Linux; Android 6.0.1; Nexus 5X Build/MMB29P) AppleWebKit/537.36 (KHTML, like Gecko) Chrome/126.0.6478.126 Mobile Safari/537.36 (compatible; Googlebot/2.1; +http://www.google.com/bot.html)"
66.249.70.7 - - [28/Jul/2024:00:08:28 +0200] "GET /?i=%E0%A4%A8-%E0%A4%A4%E0%A4%B8%E0%A5%8D%E0%A4%AF-%E0%A4%AA%E0%A5%8D%E0%A4%B0%E0%A4%A4%E0%A4%BF%E0%A4%AE%E0%A4%BE-%E0%A4%85%E0%A4%B8%E0%A5%8D%E0%A4%A4%E0%A4%BF-%E0%A4%B8%E0%A4%A4%E0%A5%8D%E0%A4%AF%E0%A4%AE%E0%A4%BE%E0%A4%B0%E0%A5%8D%E0%A4%97-mm-PEnVBPcB HTTP/1.1" 200 7914 "-" "Mozilla/5.0 (Linux; Android 6.0.1; Nexus 5X Build/MMB29P) AppleWebKit/537.36 (KHTML, like Gecko) Chrome/126.0.6478.126 Mobile Safari/537.36 (compatible; Googlebot/2.1; +http://www.google.com/bot.html)"
66.249.70.8 - - [28/Jul/2024:00:08:28 +0200] "GET /?i=how-to-keep-your-appliances-safe-during-load-shedding-mm-rVR2XGf4 HTTP/1.1" 200 7199 "-" "Mozilla/5.0 (Linux; Android 6.0.1; Nexus 5X Build/MMB29P) AppleWebKit/537.36 (KHTML, like Gecko) Chrome/126.0.6478.126 Mobile Safari/537.36 (compatible; Googlebot/2.1; +http://www.google.com/bot.html)"
187.150.193.168 - - [28/Jul/2024:00:08:28 +0200] "GET /css/style.css?v=1 HTTP/1.1" 200 15200 "https://www.congress-intercultural.eu/?i=cristiano-ronaldo-coloring-pages-printable-for-free-download-mm-mOx59iX" "Mozilla/5.0 (Macintosh; Intel Mac OS X 10_15_6) AppleWebKit/605.1.15 (KHTML, like Gecko) Version/15.3 Safari/605.1.15"
187.150.193.168 - - [28/Jul/2024:00:08:28 +0200] "GET /js/fancybox/jquery.fancybox.css HTTP/1.1" 200 1509 "https://www.congress-intercultural.eu/?i=cristiano-ronaldo-coloring-pages-printable-for-free-download-mm-mOx59iX" "Mozilla/5.0 (Macintosh; Intel Mac OS X 10_15_6) AppleWebKit/605.1.15 (KHTML, like Gecko) Version/15.3 Safari/605.1.15"
66.249.70.5 - - [28/Jul/2024:00:08:28 +0200] "GET /?i=poomaram-film-poster-desigining-on-behance-mm-Be0VoWFV HTTP/1.1" 200 6948 "-" "Mozilla/5.0 (Linux; Android 6.0.1; Nexus 5X Build/MMB29P) AppleWebKit/537.36 (KHTML, like Gecko) Chrome/126.0.6478.126 Mobile Safari/537.36 (compatible; Googlebot/2.1; +http://www.google.com/bot.html)"
187.150.193.168 - - [28/Jul/2024:00:08:28 +0200] "GET /js/libs/jquery-1.7.1.min.js HTTP/1.1" 200 33696 "https://www.congress-intercultural.eu/?i=cristiano-ronaldo-coloring-pages-printable-for-free-download-mm-mOx59iX" "Mozilla/5.0 (Macintosh; Intel Mac OS X 10_15_6) AppleWebKit/605.1.15 (KHTML, like Gecko) Version/15.3 Safari/605.1.15"
187.150.193.168 - - [28/Jul/2024:00:08:28 +0200] "GET /js/libs/jquery.imagesloaded.min.js HTTP/1.1" 200 976 "https://www.congress-intercultural.eu/?i=cristiano-ronaldo-coloring-pages-printable-for-free-download-mm-mOx59iX" "Mozilla/5.0 (Macintosh; Intel Mac OS X 10_15_6) AppleWebKit/605.1.15 (KHTML, like Gecko) Version/15.3 Safari/605.1.15"
66.249.70.2 - - [28/Jul/2024:00:08:28 +0200] "GET /?i=dubai-currency-hi-res-stock-photography-and-images-alamy-mm-G6rRo5Cd HTTP/1.1" 200 6645 "-" "Mozilla/5.0 (Linux; Android 6.0.1; Nexus 5X Build/MMB29P) AppleWebKit/537.36 (KHTML, like Gecko) Chrome/126.0.6478.126 Mobile Safari/537.36 (compatible; Googlebot/2.1; +http://www.google.com/bot.html)"
66.249.70.2 - - [28/Jul/2024:00:08:28 +0200] "GET /?i=mb-motos-@mbmotosmx-%E2%80%A2-instagram-photos-and-videos-mm-k1Wa9Who HTTP/1.1" 200 10580 "-" "Mozilla/5.0 (Linux; Android 6.0.1; Nexus 5X Build/MMB29P) AppleWebKit/537.36 (KHTML, like Gecko) Chrome/126.0.6478.126 Mobile Safari/537.36 (compatible; Googlebot/2.1; +http://www.google.com/bot.html)"
66.249.70.7 - - [28/Jul/2024:00:08:28 +0200] "GET /?i=a-chance-encounter-with-leapy-lee-mm-r4w3OkI4 HTTP/1.1" 200 7112 "-" "Mozilla/5.0 (Linux; Android 6.0.1; Nexus 5X Build/MMB29P) AppleWebKit/537.36 (KHTML, like Gecko) Chrome/126.0.6478.126 Mobile Safari/537.36 (compatible; Googlebot/2.1; +http://www.google.com/bot.html)"
187.150.193.168 - - [28/Jul/2024:00:08:28 +0200] "GET /js/libs/jquery.masonry.min.js HTTP/1.1" 200 2656 "https://www.congress-intercultural.eu/?i=cristiano-ronaldo-coloring-pages-printable-for-free-download-mm-mOx59iX" "Mozilla/5.0 (Macintosh; Intel Mac OS X 10_15_6) AppleWebKit/605.1.15 (KHTML, like Gecko) Version/15.3 Safari/605.1.15"
66.249.70.7 - - [28/Jul/2024:00:08:28 +0200] "GET /?i=on-x-%E0%B8%99%E0%B8%B5%E0%B9%88%E0%B8%A5%E0%B8%AD%E0%B8%87%E0%B8%87cc-cream%E0%B9%81%E0%B8%A5%E0%B9%89%E0%B8%A7%E0%B8%9C%E0%B8%B4%E0%B8%A7%E0%B8%AA%E0%B8%A7%E0%B9%88%E0%B8%B2%E0%B8%87%E0%B8%82%E0%B8%B6%E0%B9%89%E0%B8%99%E0%B9%81%E0%B8%95%E0%B9%88%E0%B8%87%E0%B8%AB%E0%B8%99%E0%B9%89%E0%B8%B2%E0%B9%81%E0%B8%A5%E0%B9%89%E0%B8%A7%E0%B8%94%E0%B8%B9%E0%B8%9C%E0%B9%88%E0%B8%AD%E0%B8%87%E0%B8%82%E0%B8%B6%E0%B9%89%E0%B8%99%E0%B8%AD%E0%B9%88%E0%B8%B0-%E0%B9%84%E0%B8%A1%E0%B9%88%E0%B9%80%E0%B8%97%E0%B8%B2%E0%B9%84%E0%B8%A1%E0%B9%88%E0%B9%84%E0%B8%9B%E0%B8%A3%E0%B8%9A%E0%B8%81%E0%B8%A7%E0%B8%99%E0%B9%80%E0%B8%A1%E0%B8%84%E0%B8%AD%E0%B8%B1%E0%B8%9E%E0%B8%8A%E0%B9%88%E0%B8%A7%E0%B8%A2%E0%B9%80%E0%B8%9A%E0%B8%A5%E0%B8%AD%E0%B8%A3%E0%B8%B9%E0%B8%82%E0%B8%B8%E0%B8%A1%E0%B8%82%E0%B8%99%E0%B9%84%E0%B8%94%E0%B9%89-%E0%B8%81%E0%B8%B1%E0%B8%99%E0%B9%81%E0%B8%94%E0%B8%94%E0%B9%80%E0%B8%A2%E0%B8%AD%E0%B8%B0%E0%B8%94%E0%B9%89%E0%B8%A7%E0%B8%A2%E0%B8%99%E0%B8%B0-spf45pa+++-%E0%B9%83%E0%B8%8A%E0%B9%89%E0%B8%A5%E0%B8%87%E0%B9%80%E0%B8%9B%E0%B9%87%E0%B8%99%E0%B8%82%E0%B8%B1%E0%B9%89%E0%B8%99%E0%B8%95%E0%B8%AD%E0%B8%99%E0%B9%81%E0%B8%A3%E0%B8%81%E0%B9%84%E0%B8%94%E0%B9%89%E0%B9%80%E0%B8%A5%E0%B8%A2-%E0%B8%A1%E0%B8%B5%E0%B8%82%E0%B8%B2%E0%B8%A2%E0%B8%97%E0%B8%B5%E0%B9%887-mm-PBqXMiB HTTP/1.1" 200 8434 "-" "Mozilla/5.0 (Linux; Android 6.0.1; Nexus 5X Build/MMB29P) AppleWebKit/537.36 (KHTML, like Gecko) Chrome/126.0.6478.126 Mobile Safari/537.36 (compatible; Googlebot/2.1; +http://www.google.com/bot.html)"
187.150.193.168 - - [28/Jul/2024:00:08:28 +0200] "GET /css/jquery.selectBox.css HTTP/1.1" 200 5176 "https://www.congress-intercultural.eu/?i=cristiano-ronaldo-coloring-pages-printable-for-free-download-mm-mOx59iX" "Mozilla/5.0 (Macintosh; Intel Mac OS X 10_15_6) AppleWebKit/605.1.15 (KHTML, like Gecko) Version/15.3 Safari/605.1.15"
187.150.193.168 - - [28/Jul/2024:00:08:28 +0200] "GET /css/slicknav.css HTTP/1.1" 200 5167 "https://www.congress-intercultural.eu/?i=cristiano-ronaldo-coloring-pages-printable-for-free-download-mm-mOx59iX" "Mozilla/5.0 (Macintosh; Intel Mac OS X 10_15_6) AppleWebKit/605.1.15 (KHTML, like Gecko) Version/15.3 Safari/605.1.15"
187.150.193.168 - - [28/Jul/2024:00:08:28 +0200] "GET /css/font-awesome.min.css HTTP/1.1" 200 10956 "https://www.congress-intercultural.eu/?i=cristiano-ronaldo-coloring-pages-printable-for-free-download-mm-mOx59iX" "Mozilla/5.0 (Macintosh; Intel Mac OS X 10_15_6) AppleWebKit/605.1.15 (KHTML, like Gecko) Version/15.3 Safari/605.1.15"
187.150.193.168 - - [28/Jul/2024:00:08:28 +0200] "GET /js/libs/modernizr.js HTTP/1.1" 200 10201 "https://www.congress-intercultural.eu/?i=cristiano-ronaldo-coloring-pages-printable-for-free-download-mm-mOx59iX" "Mozilla/5.0 (Macintosh; Intel Mac OS X 10_15_6) AppleWebKit/605.1.15 (KHTML, like Gecko) Version/15.3 Safari/605.1.15"
195.91.104.181 - - [28/Jul/2024:00:08:28 +0200] "GET /?i=rieky-slovenska-slep%C3%A1-mapa-quiz-mm-k2Vmnzho HTTP/1.1" 200 1097 "https://www.google.com/" "Mozilla/5.0 (Linux; Android 10; K) AppleWebKit/537.36 (KHTML, like Gecko) Chrome/126.0.0.0 Mobile Safari/537.36"
66.249.70.3 - - [28/Jul/2024:00:08:28 +0200] "GET /?i=soulmatesz-in-2023-got7-bambam-got7-bambam-mm-eDj3JqCg HTTP/1.1" 200 6827 "-" "Mozilla/5.0 (Linux; Android 6.0.1; Nexus 5X Build/MMB29P) AppleWebKit/537.36 (KHTML, like Gecko) Chrome/126.0.6478.126 Mobile Safari/537.36 (compatible; Googlebot/2.1; +http://www.google.com/bot.html)"
187.150.193.168 - - [28/Jul/2024:00:08:29 +0200] "GET /js/fancybox/jquery.mousewheel-3.0.6.pack.js HTTP/1.1" 200 1132 "https://www.congress-intercultural.eu/?i=cristiano-ronaldo-coloring-pages-printable-for-free-download-mm-mOx59iX" "Mozilla/5.0 (Macintosh; Intel Mac OS X 10_15_6) AppleWebKit/605.1.15 (KHTML, like Gecko) Version/15.3 Safari/605.1.15"
187.150.193.168 - - [28/Jul/2024:00:08:29 +0200] "GET /js/fancybox/jquery.fancybox.pack.js HTTP/1.1" 200 6327 "https://www.congress-intercultural.eu/?i=cristiano-ronaldo-coloring-pages-printable-for-free-download-mm-mOx59iX" "Mozilla/5.0 (Macintosh; Intel Mac OS X 10_15_6) AppleWebKit/605.1.15 (KHTML, like Gecko) Version/15.3 Safari/605.1.15"
187.150.193.168 - - [28/Jul/2024:00:08:29 +0200] "GET /js/jquery.slicknav.js HTTP/1.1" 200 5102 "https://www.congress-intercultural.eu/?i=cristiano-ronaldo-coloring-pages-printable-for-free-download-mm-mOx59iX" "Mozilla/5.0 (Macintosh; Intel Mac OS X 10_15_6) AppleWebKit/605.1.15 (KHTML, like Gecko) Version/15.3 Safari/605.1.15"
187.150.193.168 - - [28/Jul/2024:00:08:29 +0200] "GET /js/jquery.selectBox.min.js HTTP/1.1" 200 3755 "https://www.congress-intercultural.eu/?i=cristiano-ronaldo-coloring-pages-printable-for-free-download-mm-mOx59iX" "Mozilla/5.0 (Macintosh; Intel Mac OS X 10_15_6) AppleWebKit/605.1.15 (KHTML, like Gecko) Version/15.3 Safari/605.1.15"
187.150.193.168 - - [28/Jul/2024:00:08:29 +0200] "GET /js/script.js HTTP/1.1" 200 1108 "https://www.congress-intercultural.eu/?i=cristiano-ronaldo-coloring-pages-printable-for-free-download-mm-mOx59iX" "Mozilla/5.0 (Macintosh; Intel Mac OS X 10_15_6) AppleWebKit/605.1.15 (KHTML, like Gecko) Version/15.3 Safari/605.1.15"
66.249.70.4 - - [28/Jul/2024:00:08:28 +0200] "GET /?i=clx-set-gaming-desktop-amd-ryzen-7900x-32gb-ddr5-mm-bDR5d0hX HTTP/1.1" 200 7024 "-" "Mozilla/5.0 (Linux; Android 6.0.1; Nexus 5X Build/MMB29P) AppleWebKit/537.36 (KHTML, like Gecko) Chrome/126.0.6478.126 Mobile Safari/537.36 (compatible; Googlebot/2.1; +http://www.google.com/bot.html)"
66.249.70.2 - - [28/Jul/2024:00:08:28 +0200] "GET /en/?i=pexline-pipe-out-with-our-easyid-pipe-makes-for-mm-AxV5zkuO HTTP/1.1" 200 11637 "-" "Mozilla/5.0 (Linux; Android 6.0.1; Nexus 5X Build/MMB29P) AppleWebKit/537.36 (KHTML, like Gecko) Chrome/126.0.6478.126 Mobile Safari/537.36 (compatible; Googlebot/2.1; +http://www.google.com/bot.html)"
66.249.70.5 - - [28/Jul/2024:00:08:29 +0200] "GET /?i=template-logo-segi-kosongan-vektor-ai-masvian-mm-VNkEqEu6 HTTP/1.1" 200 6987 "-" "Mozilla/5.0 (Linux; Android 6.0.1; Nexus 5X Build/MMB29P) AppleWebKit/537.36 (KHTML, like Gecko) Chrome/126.0.6478.126 Mobile Safari/537.36 (compatible; Googlebot/2.1; +http://www.google.com/bot.html)"
66.249.70.2 - - [28/Jul/2024:00:08:29 +0200] "GET /?i=omg-most-aggressive-solo-vs-squad-gameplay-in-nusa-mm-71RmpYS0 HTTP/1.1" 200 7064 "-" "Mozilla/5.0 (Linux; Android 6.0.1; Nexus 5X Build/MMB29P) AppleWebKit/537.36 (KHTML, like Gecko) Chrome/126.0.6478.126 Mobile Safari/537.36 (compatible; Googlebot/2.1; +http://www.google.com/bot.html)"
66.249.70.1 - - [28/Jul/2024:00:08:29 +0200] "GET /?i=laser-b1-test-unit-reading-worksheet-live-worksheets-mm-mw0PaCX HTTP/1.1" 200 6933 "-" "Mozilla/5.0 (Linux; Android 6.0.1; Nexus 5X Build/MMB29P) AppleWebKit/537.36 (KHTML, like Gecko) Chrome/126.0.6478.126 Mobile Safari/537.36 (compatible; Googlebot/2.1; +http://www.google.com/bot.html)"
66.249.70.3 - - [28/Jul/2024:00:08:29 +0200] "GET /?i=isa%C3%ADas-61-8-rva-4k-wallpaper-porque-yo-jehov%C3%A1-mm-bYn5D7cX HTTP/1.1" 200 6721 "-" "Mozilla/5.0 (Linux; Android 6.0.1; Nexus 5X Build/MMB29P) AppleWebKit/537.36 (KHTML, like Gecko) Chrome/126.0.6478.126 Mobile Safari/537.36 (compatible; Googlebot/2.1; +http://www.google.com/bot.html)"
66.249.70.8 - - [28/Jul/2024:00:08:29 +0200] "GET /?i=peterbilt-389-headlights-388-567-projector-led-turn-signal-mm-emKx9QUg HTTP/1.1" 200 7570 "-" "Mozilla/5.0 (Linux; Android 6.0.1; Nexus 5X Build/MMB29P) AppleWebKit/537.36 (KHTML, like Gecko) Chrome/126.0.6478.126 Mobile Safari/537.36 (compatible; Googlebot/2.1; +http://www.google.com/bot.html)"
187.150.193.168 - - [28/Jul/2024:00:08:29 +0200] "GET /fonts/roboto-regular-webfont.woff2 HTTP/1.1" 200 69206 "https://www.congress-intercultural.eu/?i=cristiano-ronaldo-coloring-pages-printable-for-free-download-mm-mOx59iX" "Mozilla/5.0 (Macintosh; Intel Mac OS X 10_15_6) AppleWebKit/605.1.15 (KHTML, like Gecko) Version/15.3 Safari/605.1.15"
66.249.70.7 - - [28/Jul/2024:00:08:29 +0200] "GET /?i=mug-sizes-how-to-choose-the-best-mug-that-mm-pQN461fj HTTP/1.1" 200 7446 "-" "Mozilla/5.0 (Linux; Android 6.0.1; Nexus 5X Build/MMB29P) AppleWebKit/537.36 (KHTML, like Gecko) Chrome/126.0.6478.126 Mobile Safari/537.36 (compatible; Googlebot/2.1; +http://www.google.com/bot.html)"
66.249.70.8 - - [28/Jul/2024:00:08:29 +0200] "GET /?i=bmw-2002-turbo-group-drm-1977-hsa-model-collection-mm-1BkRWeF7 HTTP/1.1" 200 6889 "-" "Mozilla/5.0 (Linux; Android 6.0.1; Nexus 5X Build/MMB29P) AppleWebKit/537.36 (KHTML, like Gecko) Chrome/126.0.6478.126 Mobile Safari/537.36 (compatible; Googlebot/2.1; +http://www.google.com/bot.html)"
187.150.193.168 - - [28/Jul/2024:00:08:29 +0200] "GET /fonts/opensans-condbold-webfont.woff HTTP/1.1" 200 23438 "https://www.congress-intercultural.eu/?i=cristiano-ronaldo-coloring-pages-printable-for-free-download-mm-mOx59iX" "Mozilla/5.0 (Macintosh; Intel Mac OS X 10_15_6) AppleWebKit/605.1.15 (KHTML, like Gecko) Version/15.3 Safari/605.1.15"
217.113.194.89 - - [28/Jul/2024:00:08:29 +0200] "GET /fr/initiative/246-das-gastgeberprogramm-kopenhagens-unterstutzt-den-integrationsprozess-----kopenhagen--danemark.html HTTP/1.1" 200 2488 "-" "Mozilla/5.0 (compatible; Barkrowler/0.9; +https://babbar.tech/crawler)"
66.249.70.8 - - [28/Jul/2024:00:08:29 +0200] "GET /?i=free-hpe-ilo-advanced-license-the-tech-journal-mm-7pLr4wC0 HTTP/1.1" 200 7081 "-" "Mozilla/5.0 (Linux; Android 6.0.1; Nexus 5X Build/MMB29P) AppleWebKit/537.36 (KHTML, like Gecko) Chrome/126.0.6478.126 Mobile Safari/537.36 (compatible; Googlebot/2.1; +http://www.google.com/bot.html)"
66.249.70.109 - - [28/Jul/2024:00:08:29 +0200] "GET /?m=qgs-20-30-parts-book-pdf-pdf-washer-hardware-zz-oAepNCz HTTP/1.1" 200 7239 "-" "Mozilla/5.0 (Linux; Android 6.0.1; Nexus 5X Build/MMB29P) AppleWebKit/537.36 (KHTML, like Gecko) Chrome/126.0.6478.126 Mobile Safari/537.36 (compatible; GoogleOther)"
66.249.70.2 - - [28/Jul/2024:00:08:29 +0200] "GET /it/?i=rca-model-ctc-11h-color-television-1961-mm-mYeK3aHX HTTP/1.1" 200 6375 "-" "Mozilla/5.0 (Linux; Android 6.0.1; Nexus 5X Build/MMB29P) AppleWebKit/537.36 (KHTML, like Gecko) Chrome/126.0.6478.126 Mobile Safari/537.36 (compatible; Googlebot/2.1; +http://www.google.com/bot.html)"
66.249.70.1 - - [28/Jul/2024:00:08:29 +0200] "GET /?i=pok%C3%A9mon-tcg-scarlet-violet-151-ultra-premium-collection-mm-EoKg4MF3 HTTP/1.1" 200 6971 "-" "Mozilla/5.0 (Linux; Android 6.0.1; Nexus 5X Build/MMB29P) AppleWebKit/537.36 (KHTML, like Gecko) Chrome/126.0.6478.126 Mobile Safari/537.36 (compatible; Googlebot/2.1; +http://www.google.com/bot.html)"
66.249.70.2 - - [28/Jul/2024:00:08:30 +0200] "GET /?i=taylor-swift-taylor-swift-outfits-taylor-swift-red-taylor-mm-AvGQ5KCO HTTP/1.1" 200 7360 "-" "Mozilla/5.0 (Linux; Android 6.0.1; Nexus 5X Build/MMB29P) AppleWebKit/537.36 (KHTML, like Gecko) Chrome/126.0.6478.126 Mobile Safari/537.36 (compatible; Googlebot/2.1; +http://www.google.com/bot.html)"
66.249.70.4 - - [28/Jul/2024:00:08:30 +0200] "GET /?i=t38-24v-110v-220v-65w-b22-lampu-navigasi-dasar-mm-jMEE6eC9 HTTP/1.1" 200 7456 "-" "Mozilla/5.0 (Linux; Android 6.0.1; Nexus 5X Build/MMB29P) AppleWebKit/537.36 (KHTML, like Gecko) Chrome/126.0.6478.126 Mobile Safari/537.36 (compatible; Googlebot/2.1; +http://www.google.com/bot.html)"
66.249.70.3 - - [28/Jul/2024:00:08:30 +0200] "GET /it/?i=why-did-ky%C5%8Draku-become-the-captain-commander-of-the-mm-D0w2Q5ik HTTP/1.1" 200 7751 "-" "Mozilla/5.0 (Linux; Android 6.0.1; Nexus 5X Build/MMB29P) AppleWebKit/537.36 (KHTML, like Gecko) Chrome/126.0.6478.126 Mobile Safari/537.36 (compatible; Googlebot/2.1; +http://www.google.com/bot.html)"
66.249.70.1 - - [28/Jul/2024:00:08:30 +0200] "GET /?i=%E1%B4%8D%E1%B4%8F%E1%B4%84%CA%9C%C9%AA-%CE%A9-on-x-%E0%B8%AD%E0%B8%B2%E0%B8%81%E0%B8%B2%E0%B9%80%E0%B8%8B%E0%B9%88%E0%B9%84%E0%B8%94%E0%B9%89%E0%B8%8B%E0%B8%B7%E0%B9%89%E0%B8%AD-galaxy-ngc-278-%E0%B9%82%E0%B8%94%E0%B8%A2%E0%B8%95%E0%B8%B1%E0%B9%89%E0%B8%87%E0%B8%8A%E0%B8%B7%E0%B9%88%E0%B8%AD-mm-L01VLid HTTP/1.1" 200 10952 "-" "Mozilla/5.0 (Linux; Android 6.0.1; Nexus 5X Build/MMB29P) AppleWebKit/537.36 (KHTML, like Gecko) Chrome/126.0.6478.126 Mobile Safari/537.36 (compatible; Googlebot/2.1; +http://www.google.com/bot.html)"
66.249.70.7 - - [28/Jul/2024:00:08:30 +0200] "GET /?i=pioneer-ct-95-first-time-getting-it-running-needs-mm-Pnb1JXSB HTTP/1.1" 200 7088 "-" "Mozilla/5.0 (Linux; Android 6.0.1; Nexus 5X Build/MMB29P) AppleWebKit/537.36 (KHTML, like Gecko) Chrome/126.0.6478.126 Mobile Safari/537.36 (compatible; Googlebot/2.1; +http://www.google.com/bot.html)"
207.46.13.54 - - [28/Jul/2024:00:08:30 +0200] "GET /?i=present-tense-of-tener-and-venir-mm-KQPMLkhN HTTP/1.1" 200 10904 "-" "Mozilla/5.0 AppleWebKit/537.36 (KHTML, like Gecko; compatible; bingbot/2.0; +http://www.bing.com/bingbot.htm) Chrome/116.0.1938.76 Safari/537.36"
66.249.70.7 - - [28/Jul/2024:00:08:30 +0200] "GET /?i=what-is-a-storage-device-definition-types-examples-geeksforgeeks-mm-1mKvYS7 HTTP/1.1" 200 7017 "-" "Mozilla/5.0 (Linux; Android 6.0.1; Nexus 5X Build/MMB29P) AppleWebKit/537.36 (KHTML, like Gecko) Chrome/126.0.6478.126 Mobile Safari/537.36 (compatible; Googlebot/2.1; +http://www.google.com/bot.html)"
66.249.70.6 - - [28/Jul/2024:00:08:30 +0200] "GET /?i=is-is-too-small-barefootrunning-mm-EJBxm7C3 HTTP/1.1" 200 11085 "-" "Mozilla/5.0 (Linux; Android 6.0.1; Nexus 5X Build/MMB29P) AppleWebKit/537.36 (KHTML, like Gecko) Chrome/126.0.6478.126 Mobile Safari/537.36 (compatible; Googlebot/2.1; +http://www.google.com/bot.html)"
66.249.70.3 - - [28/Jul/2024:00:08:30 +0200] "GET /?i=rajanpur-district-wikipedia-mm-J5EEPah1 HTTP/1.1" 200 6564 "-" "Mozilla/5.0 (Linux; Android 6.0.1; Nexus 5X Build/MMB29P) AppleWebKit/537.36 (KHTML, like Gecko) Chrome/126.0.6478.126 Mobile Safari/537.36 (compatible; Googlebot/2.1; +http://www.google.com/bot.html)"
66.249.70.2 - - [28/Jul/2024:00:08:30 +0200] "GET /?i=usb-to-gpio+spi+i2c+uart-%EB%B3%80%ED%99%98-%EB%AA%A8%EB%93%88-ft232h-%EB%B8%8C%EB%A0%88%EC%9D%B4%ED%81%AC-%EC%95%84%EC%9B%83%EB%B3%B4%EB%93%9C-%EC%82%AC%EC%9A%A9%EB%B2%95-mm-BGpvveIV HTTP/1.1" 200 7986 "-" "Mozilla/5.0 (Linux; Android 6.0.1; Nexus 5X Build/MMB29P) AppleWebKit/537.36 (KHTML, like Gecko) Chrome/126.0.6478.126 Mobile Safari/537.36 (compatible; Googlebot/2.1; +http://www.google.com/bot.html)"
66.249.70.7 - - [28/Jul/2024:00:08:30 +0200] "GET /?i=tremont-street-office-sold-for-million-bldup-mm-YLdKEbFn HTTP/1.1" 200 10748 "-" "Mozilla/5.0 (Linux; Android 6.0.1; Nexus 5X Build/MMB29P) AppleWebKit/537.36 (KHTML, like Gecko) Chrome/126.0.6478.126 Mobile Safari/537.36 (compatible; Googlebot/2.1; +http://www.google.com/bot.html)"
66.249.70.2 - - [28/Jul/2024:00:08:31 +0200] "GET /?i=2008-infiniti-g35-sedan-manual-center-console-with-cubby-mm-PJeqkDFB HTTP/1.1" 200 7446 "-" "Mozilla/5.0 (Linux; Android 6.0.1; Nexus 5X Build/MMB29P) AppleWebKit/537.36 (KHTML, like Gecko) Chrome/126.0.6478.126 Mobile Safari/537.36 (compatible; Googlebot/2.1; +http://www.google.com/bot.html)"
66.249.70.6 - - [28/Jul/2024:00:08:31 +0200] "GET /?i=john-1-10-if-anyone-comes-to-you-but-mm-9nBAO7t7 HTTP/1.1" 200 10999 "-" "Mozilla/5.0 (Linux; Android 6.0.1; Nexus 5X Build/MMB29P) AppleWebKit/537.36 (KHTML, like Gecko) Chrome/126.0.6478.126 Mobile Safari/537.36 (compatible; Googlebot/2.1; +http://www.google.com/bot.html)"
66.249.70.8 - - [28/Jul/2024:00:08:31 +0200] "GET /?i=intl][4-21-giveaway]-whatgeek-has-entered-the-giveaway-2-mm-rOJM5Gi4 HTTP/1.1" 200 6437 "-" "Mozilla/5.0 (Linux; Android 6.0.1; Nexus 5X Build/MMB29P) AppleWebKit/537.36 (KHTML, like Gecko) Chrome/126.0.6478.126 Mobile Safari/537.36 (compatible; Googlebot/2.1; +http://www.google.com/bot.html)"
66.249.70.7 - - [28/Jul/2024:00:08:31 +0200] "GET /?i=bodyfx-jeremic-face-and-skin-mm-MWX1xxSo HTTP/1.1" 200 6613 "-" "Mozilla/5.0 (Linux; Android 6.0.1; Nexus 5X Build/MMB29P) AppleWebKit/537.36 (KHTML, like Gecko) Chrome/126.0.6478.126 Mobile Safari/537.36 (compatible; Googlebot/2.1; +http://www.google.com/bot.html)"
207.46.13.54 - - [28/Jul/2024:00:08:31 +0200] "GET /it/?i=gq-magazine-on-x-we-found-the-most-stylish-mm-2p1mNRij HTTP/1.1" 200 7322 "-" "Mozilla/5.0 AppleWebKit/537.36 (KHTML, like Gecko; compatible; bingbot/2.0; +http://www.bing.com/bingbot.htm) Chrome/116.0.1938.76 Safari/537.36"
66.249.70.5 - - [28/Jul/2024:00:08:31 +0200] "GET /?i=iball-thunder-multimedia-speaker-with-bluetooth-remote-control-black-mm-3LbqoeC6 HTTP/1.1" 200 6797 "-" "Mozilla/5.0 (Linux; Android 6.0.1; Nexus 5X Build/MMB29P) AppleWebKit/537.36 (KHTML, like Gecko) Chrome/126.0.6478.126 Mobile Safari/537.36 (compatible; Googlebot/2.1; +http://www.google.com/bot.html)"
66.249.70.4 - - [28/Jul/2024:00:08:31 +0200] "GET /?i=nexus-mods-apk-latest-version-free-download-apkalbum-mm-E53ODRt3 HTTP/1.1" 200 7527 "-" "Mozilla/5.0 (Linux; Android 6.0.1; Nexus 5X Build/MMB29P) AppleWebKit/537.36 (KHTML, like Gecko) Chrome/126.0.6478.126 Mobile Safari/537.36 (compatible; Googlebot/2.1; +http://www.google.com/bot.html)"
136.243.228.194 - - [28/Jul/2024:00:08:31 +0200] "GET /?i=10-best-phones-with-quad-cameras-four-camera-phones-mm-gzmnvAs7 HTTP/1.1" 200 1816 "-" "Mozilla/5.0 (compatible; DataForSeoBot/1.0; +https://dataforseo.com/dataforseo-bot)"
66.249.70.2 - - [28/Jul/2024:00:08:31 +0200] "GET /?i=macrophage-transcriptional-profile-identifies-lipid-catabolic-pathways-that-can-mm-pbRoK6hj HTTP/1.1" 200 7921 "-" "Mozilla/5.0 (Linux; Android 6.0.1; Nexus 5X Build/MMB29P) AppleWebKit/537.36 (KHTML, like Gecko) Chrome/126.0.6478.126 Mobile Safari/537.36 (compatible; Googlebot/2.1; +http://www.google.com/bot.html)"
66.249.70.4 - - [28/Jul/2024:00:08:31 +0200] "GET /?i=on-this-day-spongebob-defeated-neptune-it-s-time-mm-BNDpjWHV HTTP/1.1" 200 12262 "-" "Mozilla/5.0 (Linux; Android 6.0.1; Nexus 5X Build/MMB29P) AppleWebKit/537.36 (KHTML, like Gecko) Chrome/126.0.6478.126 Mobile Safari/537.36 (compatible; Googlebot/2.1; +http://www.google.com/bot.html)"
66.249.70.2 - - [28/Jul/2024:00:08:31 +0200] "GET /?i=leprosy-symptoms-pictures-types-and-treatment-mm-anbxokHN HTTP/1.1" 200 7069 "-" "Mozilla/5.0 (Linux; Android 6.0.1; Nexus 5X Build/MMB29P) AppleWebKit/537.36 (KHTML, like Gecko) Chrome/126.0.6478.126 Mobile Safari/537.36 (compatible; Googlebot/2.1; +http://www.google.com/bot.html)"
66.249.70.7 - - [28/Jul/2024:00:08:31 +0200] "GET /?i=nanomechanical-characterization-of-nanostructured-bainitic-steel-peak-force-microscopy-mm-DxWABVfk HTTP/1.1" 200 7613 "-" "Mozilla/5.0 (Linux; Android 6.0.1; Nexus 5X Build/MMB29P) AppleWebKit/537.36 (KHTML, like Gecko) Chrome/126.0.6478.126 Mobile Safari/537.36 (compatible; Googlebot/2.1; +http://www.google.com/bot.html)"
66.249.70.2 - - [28/Jul/2024:00:08:32 +0200] "GET /?i=detailed-grunge-background-with-pastel-colours-stock-photo-picture-mm-RLvoLLC5 HTTP/1.1" 200 7573 "-" "Mozilla/5.0 (Linux; Android 6.0.1; Nexus 5X Build/MMB29P) AppleWebKit/537.36 (KHTML, like Gecko) Chrome/126.0.6478.126 Mobile Safari/537.36 (compatible; Googlebot/2.1; +http://www.google.com/bot.html)"
207.46.13.54 - - [28/Jul/2024:00:08:32 +0200] "GET /?i=wd-40-100ml-tesco-m-Qj5pmIX HTTP/1.1" 200 4927 "-" "Mozilla/5.0 AppleWebKit/537.36 (KHTML, like Gecko; compatible; bingbot/2.0; +http://www.bing.com/bingbot.htm) Chrome/116.0.1938.76 Safari/537.36"
66.249.70.1 - - [28/Jul/2024:00:08:32 +0200] "GET /?i=gerjon-%D7%97%D7%A8%D7%99%D7%95%D7%9F-%D8%BA%D8%B1%D9%8A%D9%88%D9%86-%E1%8A%BC%E1%88%AD%E1%8B%AE%E1%8A%95-on-x-super-cool-video-mm-okOMkzSL HTTP/1.1" 200 7771 "-" "Mozilla/5.0 (Linux; Android 6.0.1; Nexus 5X Build/MMB29P) AppleWebKit/537.36 (KHTML, like Gecko) Chrome/126.0.6478.126 Mobile Safari/537.36 (compatible; Googlebot/2.1; +http://www.google.com/bot.html)"
66.249.70.109 - - [28/Jul/2024:00:08:32 +0200] "GET /?m=panasonic-kx-nt553-556-kx-dt543-546-and-bluetooth-zz-gk9YqBFY HTTP/1.1" 200 11049 "-" "Mozilla/5.0 (Linux; Android 6.0.1; Nexus 5X Build/MMB29P) AppleWebKit/537.36 (KHTML, like Gecko) Chrome/126.0.6478.126 Mobile Safari/537.36 (compatible; Googlebot/2.1; +http://www.google.com/bot.html)"
66.249.70.5 - - [28/Jul/2024:00:08:32 +0200] "GET /?i=ultimate-guide-to-the-tallinn-estonia-christmas-market-helene-mm-4BQQKOs6 HTTP/1.1" 200 6743 "-" "Mozilla/5.0 (Linux; Android 6.0.1; Nexus 5X Build/MMB29P) AppleWebKit/537.36 (KHTML, like Gecko) Chrome/126.0.6478.126 Mobile Safari/537.36 (compatible; Googlebot/2.1; +http://www.google.com/bot.html)"
66.249.70.2 - - [28/Jul/2024:00:08:32 +0200] "GET /?i=kid-s-swat-halloween-costumes-for-boys-girls-mm-vLGLEJtV HTTP/1.1" 200 8017 "-" "Mozilla/5.0 (Linux; Android 6.0.1; Nexus 5X Build/MMB29P) AppleWebKit/537.36 (KHTML, like Gecko) Chrome/126.0.6478.126 Mobile Safari/537.36 (compatible; Googlebot/2.1; +http://www.google.com/bot.html)"
66.249.70.3 - - [28/Jul/2024:00:08:32 +0200] "GET /?i=trenexamic-acid-injection-uses-in-texakind-tranexa-bleeding-pause-mm-Nn0GEEUd HTTP/1.1" 200 7314 "-" "Mozilla/5.0 (Linux; Android 6.0.1; Nexus 5X Build/MMB29P) AppleWebKit/537.36 (KHTML, like Gecko) Chrome/126.0.6478.126 Mobile Safari/537.36 (compatible; Googlebot/2.1; +http://www.google.com/bot.html)"
66.249.70.8 - - [28/Jul/2024:00:08:32 +0200] "GET /?i=suitable-for-motorcycle-yamaha-jog-50-four-stroke-zr-mm-P2njPMSB HTTP/1.1" 200 7344 "-" "Mozilla/5.0 (Linux; Android 6.0.1; Nexus 5X Build/MMB29P) AppleWebKit/537.36 (KHTML, like Gecko) Chrome/126.0.6478.126 Mobile Safari/537.36 (compatible; Googlebot/2.1; +http://www.google.com/bot.html)"
66.249.70.2 - - [28/Jul/2024:00:08:32 +0200] "GET /?i=jatin-tiwari-photoshop-cs6-portable-version-free-download-photoshop-mm-kOegpzso HTTP/1.1" 200 7350 "-" "Mozilla/5.0 (Linux; Android 6.0.1; Nexus 5X Build/MMB29P) AppleWebKit/537.36 (KHTML, like Gecko) Chrome/126.0.6478.126 Mobile Safari/537.36 (compatible; Googlebot/2.1; +http://www.google.com/bot.html)"
66.249.70.2 - - [28/Jul/2024:00:08:32 +0200] "GET /?i=comics-books-godzilla-idw-kaiju-battle-mm-JjxKDXu1 HTTP/1.1" 200 7517 "-" "Mozilla/5.0 (Linux; Android 6.0.1; Nexus 5X Build/MMB29P) AppleWebKit/537.36 (KHTML, like Gecko) Chrome/126.0.6478.126 Mobile Safari/537.36 (compatible; Googlebot/2.1; +http://www.google.com/bot.html)"
107.116.168.37 - - [28/Jul/2024:00:08:33 +0200] "GET /?i=needing-an-engine-diagram-of-air-intake-system-of-mm-12Nw6DF7 HTTP/1.1" 200 4356 "https://www.google.com/" "Mozilla/5.0 (iPhone; CPU iPhone OS 17_4_1 like Mac OS X) AppleWebKit/605.1.15 (KHTML, like Gecko) Version/17.4.1 Mobile/15E148 Safari/604.1"
66.249.70.109 - - [28/Jul/2024:00:08:33 +0200] "GET /?m=%D8%B8%D8%A7%D9%87%D8%B1%D8%A9-%D8%A7%D9%84%D8%B4%D8%B9%D8%B1-%D8%A7%D9%84%D8%AD%D8%AF%D9%8A%D8%AB-pdf-zz-NwWzNdix HTTP/1.1" 200 6738 "-" "Mozilla/5.0 (Linux; Android 6.0.1; Nexus 5X Build/MMB29P) AppleWebKit/537.36 (KHTML, like Gecko) Chrome/126.0.6478.126 Mobile Safari/537.36 (compatible; GoogleOther)"
66.249.70.2 - - [28/Jul/2024:00:08:33 +0200] "GET /?i=diamond-yellow-pfizer-nsr-50-images-inspra-eplerenone-ndc-mm-ozb5jTL HTTP/1.1" 200 10645 "-" "Mozilla/5.0 (Linux; Android 6.0.1; Nexus 5X Build/MMB29P) AppleWebKit/537.36 (KHTML, like Gecko) Chrome/126.0.6478.126 Mobile Safari/537.36 (compatible; Googlebot/2.1; +http://www.google.com/bot.html)"
66.249.70.6 - - [28/Jul/2024:00:08:33 +0200] "GET /it/?i=jujutsu-kaisen-%E2%80%93-why-are-the-boys-all-so-mm-wGAWBQSk HTTP/1.1" 200 7330 "-" "Mozilla/5.0 (Linux; Android 6.0.1; Nexus 5X Build/MMB29P) AppleWebKit/537.36 (KHTML, like Gecko) Chrome/126.0.6478.126 Mobile Safari/537.36 (compatible; Googlebot/2.1; +http://www.google.com/bot.html)"
66.249.70.7 - - [28/Jul/2024:00:08:33 +0200] "GET /?i=chic-vogue-portfolio-template-framer-mm-K09q9kSN HTTP/1.1" 200 7144 "-" "Mozilla/5.0 (Linux; Android 6.0.1; Nexus 5X Build/MMB29P) AppleWebKit/537.36 (KHTML, like Gecko) Chrome/126.0.6478.126 Mobile Safari/537.36 (compatible; Googlebot/2.1; +http://www.google.com/bot.html)"
66.249.70.1 - - [28/Jul/2024:00:08:33 +0200] "GET /?i=shein-sxy-cut-out-plunging-neck-lantern-sleeve-metallic-mm-RN4QP4T5 HTTP/1.1" 200 7293 "-" "Mozilla/5.0 (Linux; Android 6.0.1; Nexus 5X Build/MMB29P) AppleWebKit/537.36 (KHTML, like Gecko) Chrome/126.0.6478.126 Mobile Safari/537.36 (compatible; Googlebot/2.1; +http://www.google.com/bot.html)"
66.249.70.5 - - [28/Jul/2024:00:08:33 +0200] "GET /?i=73+]-cool-wolf-backgrounds-mm-2zMBEahj HTTP/1.1" 200 6554 "-" "Mozilla/5.0 (Linux; Android 6.0.1; Nexus 5X Build/MMB29P) AppleWebKit/537.36 (KHTML, like Gecko) Chrome/126.0.6478.126 Mobile Safari/537.36 (compatible; Googlebot/2.1; +http://www.google.com/bot.html)"
66.249.70.3 - - [28/Jul/2024:00:08:33 +0200] "GET /?i=adidas-kingsley-coman-bayern-munich-black-2023-24-away-mm-xD4RXOFq HTTP/1.1" 200 7490 "-" "Mozilla/5.0 (Linux; Android 6.0.1; Nexus 5X Build/MMB29P) AppleWebKit/537.36 (KHTML, like Gecko) Chrome/126.0.6478.126 Mobile Safari/537.36 (compatible; Googlebot/2.1; +http://www.google.com/bot.html)"
66.249.70.5 - - [28/Jul/2024:00:08:33 +0200] "GET /?i=cloud-classification-mm-gonvMMf7 HTTP/1.1" 200 10895 "-" "Mozilla/5.0 (Linux; Android 6.0.1; Nexus 5X Build/MMB29P) AppleWebKit/537.36 (KHTML, like Gecko) Chrome/126.0.6478.126 Mobile Safari/537.36 (compatible; Googlebot/2.1; +http://www.google.com/bot.html)"
