66.249.70.7 - - [28/Jul/2024:00:02:13 +0200] "GET /?i=how-to-draw-cute-my-melody-from-sanrio-mm-p3pKBBtj HTTP/1.1" 200 6739 "-" "Mozilla/5.0 (Linux; Android 6.0.1; Nexus 5X Build/MMB29P) AppleWebKit/537.36 (KHTML, like Gecko) Chrome/126.0.6478.126 Mobile Safari/537.36 (compatible; Googlebot/2.1; +http://www.google.com/bot.html)"
66.249.70.3 - - [28/Jul/2024:00:02:13 +0200] "GET /?i=difference-between-odometer-and-speedometer-mm-q45gWDcj HTTP/1.1" 200 7185 "-" "Mozilla/5.0 (Linux; Android 6.0.1; Nexus 5X Build/MMB29P) AppleWebKit/537.36 (KHTML, like Gecko) Chrome/126.0.6478.126 Mobile Safari/537.36 (compatible; Googlebot/2.1; +http://www.google.com/bot.html)"
192.226.249.174 - - [28/Jul/2024:00:02:13 +0200] "GET /?i=good-morning-pictures-%E2%80%93-mm-nGWKWbfE HTTP/1.1" 200 4355 "https://www.google.com/" "Mozilla/5.0 (iPhone; CPU iPhone OS 17_5 like Mac OS X) AppleWebKit/605.1.15 (KHTML, like Gecko) GSA/326.0.653331328 Mobile/15E148 Safari/604.1"
66.249.70.1 - - [28/Jul/2024:00:02:13 +0200] "GET /?i=moti-mahal-delux-tandoori-trail-ranchi-ranchi-mm-JjeRDXH1 HTTP/1.1" 200 6398 "-" "Mozilla/5.0 (Linux; Android 6.0.1; Nexus 5X Build/MMB29P) AppleWebKit/537.36 (KHTML, like Gecko) Chrome/126.0.6478.126 Mobile Safari/537.36 (compatible; Googlebot/2.1; +http://www.google.com/bot.html)"
66.249.70.2 - - [28/Jul/2024:00:02:13 +0200] "GET /?i=top-10-bathroom-fittings-and-sanitary-ware-brands-in-mm-JgK1J0S1 HTTP/1.1" 200 7065 "-" "Mozilla/5.0 (Linux; Android 6.0.1; Nexus 5X Build/MMB29P) AppleWebKit/537.36 (KHTML, like Gecko) Chrome/126.0.6478.126 Mobile Safari/537.36 (compatible; Googlebot/2.1; +http://www.google.com/bot.html)"
66.249.70.4 - - [28/Jul/2024:00:02:13 +0200] "GET /index.php/8bdenzaido28bd4549077564887?i=free-smiley-blushing-emoticon-emoji-blushing-emoji-mm-7AgaRzi0 HTTP/1.1" 200 6962 "-" "Mozilla/5.0 (Linux; Android 6.0.1; Nexus 5X Build/MMB29P) AppleWebKit/537.36 (KHTML, like Gecko) Chrome/126.0.6478.126 Mobile Safari/537.36 (compatible; Googlebot/2.1; +http://www.google.com/bot.html)"
66.249.70.2 - - [28/Jul/2024:00:02:13 +0200] "GET /?i=organizaci%C3%B3n-ecuatoriana-de-estudiantes-de-odontolog%C3%ADa-%D9%81%D9%8A%D8%B3%D8%A8%D9%88%D9%83-mm-15eqvS7 HTTP/1.1" 200 11430 "-" "Mozilla/5.0 (Linux; Android 6.0.1; Nexus 5X Build/MMB29P) AppleWebKit/537.36 (KHTML, like Gecko) Chrome/126.0.6478.126 Mobile Safari/537.36 (compatible; GoogleOther)"
66.249.70.8 - - [28/Jul/2024:00:02:13 +0200] "GET /?i=port-giles-globe-fish-mm-9dgR75s7 HTTP/1.1" 200 7399 "-" "Mozilla/5.0 (Linux; Android 6.0.1; Nexus 5X Build/MMB29P) AppleWebKit/537.36 (KHTML, like Gecko) Chrome/126.0.6478.126 Mobile Safari/537.36 (compatible; Googlebot/2.1; +http://www.google.com/bot.html)"
66.249.70.3 - - [28/Jul/2024:00:02:13 +0200] "GET /?i=realme-c51-3gb-ram-%E2%80%93-64gb-rom-memoxpress-online-mm-1VQPqei7 HTTP/1.1" 200 6955 "-" "Mozilla/5.0 (Linux; Android 6.0.1; Nexus 5X Build/MMB29P) AppleWebKit/537.36 (KHTML, like Gecko) Chrome/126.0.6478.126 Mobile Safari/537.36 (compatible; Googlebot/2.1; +http://www.google.com/bot.html)"
66.249.70.1 - - [28/Jul/2024:00:02:14 +0200] "GET /?i=portret-z-histori%C4%84-krzysztof-krawczyk-mm-z1b1a0f5 HTTP/1.1" 200 7129 "-" "Mozilla/5.0 (Linux; Android 6.0.1; Nexus 5X Build/MMB29P) AppleWebKit/537.36 (KHTML, like Gecko) Chrome/126.0.6478.126 Mobile Safari/537.36 (compatible; Googlebot/2.1; +http://www.google.com/bot.html)"
149.75.209.105 - - [28/Jul/2024:00:02:14 +0200] "GET /it/?i=classic-ford-broncos-on-autotrader-autotrader-mm-3aMOVnH6 HTTP/1.1" 200 4355 "https://www.google.com/" "Mozilla/5.0 (Linux; Android 10; K) AppleWebKit/537.36 (KHTML, like Gecko) SamsungBrowser/26.0 Chrome/122.0.0.0 Mobile Safari/537.36"
66.249.70.7 - - [28/Jul/2024:00:02:14 +0200] "GET /?i=types-of-tuxedos-style-guide-friar-tux-blog-mm-EoEx16F3 HTTP/1.1" 200 7072 "-" "Mozilla/5.0 (Linux; Android 6.0.1; Nexus 5X Build/MMB29P) AppleWebKit/537.36 (KHTML, like Gecko) Chrome/126.0.6478.126 Mobile Safari/537.36 (compatible; Googlebot/2.1; +http://www.google.com/bot.html)"
66.249.70.8 - - [28/Jul/2024:00:02:14 +0200] "GET /?i=ul%C3%A5st-huawei-e3372-e3372h-607-lte-4g-usb-modem-mm-WnGGdBhe HTTP/1.1" 200 7529 "-" "Mozilla/5.0 (Linux; Android 6.0.1; Nexus 5X Build/MMB29P) AppleWebKit/537.36 (KHTML, like Gecko) Chrome/126.0.6478.126 Mobile Safari/537.36 (compatible; Googlebot/2.1; +http://www.google.com/bot.html)"
66.249.70.3 - - [28/Jul/2024:00:02:14 +0200] "GET /?i=bus-tub-polypropylene-green-mm-1Qm7ovf7 HTTP/1.1" 200 7135 "-" "Mozilla/5.0 (Linux; Android 6.0.1; Nexus 5X Build/MMB29P) AppleWebKit/537.36 (KHTML, like Gecko) Chrome/126.0.6478.126 Mobile Safari/537.36 (compatible; Googlebot/2.1; +http://www.google.com/bot.html)"
66.249.70.4 - - [28/Jul/2024:00:02:14 +0200] "GET /?i=savage-art-ink-a-little-matching-tattoo-for-these-mm-k1Q0exUo HTTP/1.1" 200 7179 "-" "Mozilla/5.0 (Linux; Android 6.0.1; Nexus 5X Build/MMB29P) AppleWebKit/537.36 (KHTML, like Gecko) Chrome/126.0.6478.126 Mobile Safari/537.36 (compatible; Googlebot/2.1; +http://www.google.com/bot.html)"
66.249.70.2 - - [28/Jul/2024:00:02:14 +0200] "GET /?i=kafubu-shopping-mall-ndola-spoil-your-mom-with-a-mm-dQV6oNTe HTTP/1.1" 200 7688 "-" "Mozilla/5.0 (Linux; Android 6.0.1; Nexus 5X Build/MMB29P) AppleWebKit/537.36 (KHTML, like Gecko) Chrome/126.0.6478.126 Mobile Safari/537.36 (compatible; Googlebot/2.1; +http://www.google.com/bot.html)"
66.249.70.109 - - [28/Jul/2024:00:02:14 +0200] "GET /?m=annual-report-emea-plc-pdf-pdf-fixed-income-stock-zz-5nv34jtD HTTP/1.1" 200 7149 "-" "Mozilla/5.0 (Linux; Android 6.0.1; Nexus 5X Build/MMB29P) AppleWebKit/537.36 (KHTML, like Gecko) Chrome/126.0.6478.126 Mobile Safari/537.36 (compatible; GoogleOther)"
66.249.70.7 - - [28/Jul/2024:00:02:14 +0200] "GET /?i=msa-firehawk-air-packs-used-truck-details-mm-0LeJEEtx HTTP/1.1" 200 7170 "-" "Mozilla/5.0 (Linux; Android 6.0.1; Nexus 5X Build/MMB29P) AppleWebKit/537.36 (KHTML, like Gecko) Chrome/126.0.6478.126 Mobile Safari/537.36 (compatible; Googlebot/2.1; +http://www.google.com/bot.html)"
66.249.70.8 - - [28/Jul/2024:00:02:14 +0200] "GET /?i=1953-chevrolet-3100-pickup-truck-grounded-mm-GjE4YLsd HTTP/1.1" 200 6905 "-" "Mozilla/5.0 (Linux; Android 6.0.1; Nexus 5X Build/MMB29P) AppleWebKit/537.36 (KHTML, like Gecko) Chrome/126.0.6478.126 Mobile Safari/537.36 (compatible; Googlebot/2.1; +http://www.google.com/bot.html)"
78.119.64.6 - - [28/Jul/2024:00:02:14 +0200] "GET /it/?i=gucci-gg-matelass%C3%A9-small-way-bag-the-purse-ladies-mm-pGbbGBTj HTTP/1.1" 200 1884 "-" "Python/3.10 aiohttp/3.9.3"
66.249.70.1 - - [28/Jul/2024:00:02:14 +0200] "GET /?i=papaya-benefits-nutrition-recipes-and-side-effects-axe-mm-KNbE9kIN HTTP/1.1" 200 6973 "-" "Mozilla/5.0 (Linux; Android 6.0.1; Nexus 5X Build/MMB29P) AppleWebKit/537.36 (KHTML, like Gecko) Chrome/126.0.6478.126 Mobile Safari/537.36 (compatible; Googlebot/2.1; +http://www.google.com/bot.html)"
66.249.70.4 - - [28/Jul/2024:00:02:14 +0200] "GET /?i=homes-for-sale-in-winterbourne-on-nobul-mm-LRDbp2fd HTTP/1.1" 200 5915 "-" "Mozilla/5.0 (Linux; Android 6.0.1; Nexus 5X Build/MMB29P) AppleWebKit/537.36 (KHTML, like Gecko) Chrome/126.0.6478.126 Mobile Safari/537.36 (compatible; Googlebot/2.1; +http://www.google.com/bot.html)"
66.249.70.8 - - [28/Jul/2024:00:02:15 +0200] "GET /100/?i=calculus-step-by-step-ordinary-differential-equations-ode-calculator-mm-96GW6vs7 HTTP/1.1" 200 6999 "-" "Mozilla/5.0 (Linux; Android 6.0.1; Nexus 5X Build/MMB29P) AppleWebKit/537.36 (KHTML, like Gecko) Chrome/126.0.6478.126 Mobile Safari/537.36 (compatible; Googlebot/2.1; +http://www.google.com/bot.html)"
66.249.70.4 - - [28/Jul/2024:00:02:15 +0200] "GET /?i=pdf]-%E0%B2%B8%E0%B3%81%E0%B2%B2%E0%B2%B2%E0%B2%BF%E0%B2%A4-%E0%B2%A6%E0%B3%8D%E0%B2%B5%E0%B2%BF%E0%B2%A4%E0%B3%80%E0%B2%AF-%E0%B2%AA%E0%B2%BF%E0%B2%AF%E0%B3%81%E0%B2%B8%E0%B2%BF-%E0%B2%AD%E0%B3%8C%E0%B2%A4%E0%B2%B6%E0%B2%BE%E0%B2%B8%E0%B3%8D%E0%B2%A4%E0%B3%8D%E0%B2%B0-%E0%B2%AA%E0%B2%BF%E0%B2%A1%E0%B2%BF%E0%B2%8E%E0%B2%AB%E0%B3%8D-sulalit-2nd-puc-mm-YmkmxbIn HTTP/1.1" 200 11438 "-" "Mozilla/5.0 (Linux; Android 6.0.1; Nexus 5X Build/MMB29P) AppleWebKit/537.36 (KHTML, like Gecko) Chrome/126.0.6478.126 Mobile Safari/537.36 (compatible; Googlebot/2.1; +http://www.google.com/bot.html)"
66.249.70.3 - - [28/Jul/2024:00:02:15 +0200] "GET /it/?i=the-weeknd-after-hours-album-review-%E2%80%93-trojan-tribune-mm-WKKVGLse HTTP/1.1" 200 7322 "-" "Mozilla/5.0 (Linux; Android 6.0.1; Nexus 5X Build/MMB29P) AppleWebKit/537.36 (KHTML, like Gecko) Chrome/126.0.6478.126 Mobile Safari/537.36 (compatible; Googlebot/2.1; +http://www.google.com/bot.html)"
66.249.70.1 - - [28/Jul/2024:00:02:15 +0200] "GET /?i=asus-tuf-dash-f15-review-2023-i5-12450h-rtx-mm-JJ74ogu1 HTTP/1.1" 200 8129 "-" "Mozilla/5.0 (Linux; Android 6.0.1; Nexus 5X Build/MMB29P) AppleWebKit/537.36 (KHTML, like Gecko) Chrome/126.0.6478.126 Mobile Safari/537.36 (compatible; Googlebot/2.1; +http://www.google.com/bot.html)"
66.249.70.4 - - [28/Jul/2024:00:02:15 +0200] "GET /it/?i=what-are-the-fees-for-ias-coaching-quora-mm-v2rdgPCV HTTP/1.1" 200 7159 "-" "Mozilla/5.0 (Linux; Android 6.0.1; Nexus 5X Build/MMB29P) AppleWebKit/537.36 (KHTML, like Gecko) Chrome/126.0.6478.126 Mobile Safari/537.36 (compatible; Googlebot/2.1; +http://www.google.com/bot.html)"
66.249.70.5 - - [28/Jul/2024:00:02:15 +0200] "GET /en/?i=newkem-isolatek-mii-tg-pds-pdf-materials-building-engineering-mm-gKXm5JU7 HTTP/1.1" 200 10764 "-" "Mozilla/5.0 (Linux; Android 6.0.1; Nexus 5X Build/MMB29P) AppleWebKit/537.36 (KHTML, like Gecko) Chrome/126.0.6478.126 Mobile Safari/537.36 (compatible; GoogleOther)"
66.249.70.4 - - [28/Jul/2024:00:02:15 +0200] "GET /?i=what-are-the-jfp1-and-jfp2-connectors-on-the-mm-0AwwxYCx HTTP/1.1" 200 6697 "-" "Mozilla/5.0 (Linux; Android 6.0.1; Nexus 5X Build/MMB29P) AppleWebKit/537.36 (KHTML, like Gecko) Chrome/126.0.6478.126 Mobile Safari/537.36 (compatible; Googlebot/2.1; +http://www.google.com/bot.html)"
66.249.70.5 - - [28/Jul/2024:00:02:15 +0200] "GET /?i=iphone-14-pro-max-pu-leather-red-hard-case-mm-JXVWL0U1 HTTP/1.1" 200 7660 "-" "Mozilla/5.0 (Linux; Android 6.0.1; Nexus 5X Build/MMB29P) AppleWebKit/537.36 (KHTML, like Gecko) Chrome/126.0.6478.126 Mobile Safari/537.36 (compatible; Googlebot/2.1; +http://www.google.com/bot.html)"
66.249.70.8 - - [28/Jul/2024:00:02:15 +0200] "GET /?i=hero-passion-pro-bike-side-panel-mm-VP7eAaH6 HTTP/1.1" 200 7445 "-" "Mozilla/5.0 (Linux; Android 6.0.1; Nexus 5X Build/MMB29P) AppleWebKit/537.36 (KHTML, like Gecko) Chrome/126.0.6478.126 Mobile Safari/537.36 (compatible; Googlebot/2.1; +http://www.google.com/bot.html)"
66.249.70.2 - - [28/Jul/2024:00:02:15 +0200] "GET /?i=netapp-114-00040-netapp-1300w-power-supply-fas62x0-aff80x0-mm-Do5b9QCk HTTP/1.1" 200 7383 "-" "Mozilla/5.0 (Linux; Android 6.0.1; Nexus 5X Build/MMB29P) AppleWebKit/537.36 (KHTML, like Gecko) Chrome/126.0.6478.126 Mobile Safari/537.36 (compatible; Googlebot/2.1; +http://www.google.com/bot.html)"
5.90.54.147 - - [28/Jul/2024:00:02:15 +0200] "GET /?i=sleeve-round-lens-68mm-mm-PbxQXLfB HTTP/1.1" 200 4355 "https://www.google.com/" "Mozilla/5.0 (Linux; Android 10; K) AppleWebKit/537.36 (KHTML, like Gecko) Chrome/126.0.0.0 Mobile Safari/537.36"
66.249.70.5 - - [28/Jul/2024:00:02:16 +0200] "GET /?i=red-flags-you-find-yourself-explaining-the-basic-elements-mm-MNA5w5co HTTP/1.1" 200 10974 "-" "Mozilla/5.0 (Linux; Android 6.0.1; Nexus 5X Build/MMB29P) AppleWebKit/537.36 (KHTML, like Gecko) Chrome/126.0.6478.126 Mobile Safari/537.36 (compatible; Googlebot/2.1; +http://www.google.com/bot.html)"
66.249.70.109 - - [28/Jul/2024:00:02:16 +0200] "GET /?m=assignment-in-english-plus-class-teachers-handbook-pdf-pdf-zz-z10Qz6Uo HTTP/1.1" 200 7237 "-" "Mozilla/5.0 (Linux; Android 6.0.1; Nexus 5X Build/MMB29P) AppleWebKit/537.36 (KHTML, like Gecko) Chrome/126.0.6478.126 Mobile Safari/537.36 (compatible; GoogleOther)"
66.249.70.2 - - [28/Jul/2024:00:02:16 +0200] "GET /?i=%D0%9F%D0%BE%D1%81%D0%B0%D0%B4%D0%BE%D1%87%D0%BD%D1%8B%D0%B9-%D0%9F%D1%80%D0%BE%D1%85%D0%BE%D0%B4-%D0%94%D0%B8%D0%B7%D0%B0%D0%B9%D0%BD-%D0%A2%D0%B5%D0%BB%D0%B5%D1%84%D0%BE%D0%BD%D0%B0-%D0%94%D0%BB%D1%8F-iphone-15-14-13-mm-1QGbqqF7 HTTP/1.1" 200 11352 "-" "Mozilla/5.0 (Linux; Android 6.0.1; Nexus 5X Build/MMB29P) AppleWebKit/537.36 (KHTML, like Gecko) Chrome/126.0.6478.126 Mobile Safari/537.36 (compatible; Googlebot/2.1; +http://www.google.com/bot.html)"
66.249.70.2 - - [28/Jul/2024:00:02:16 +0200] "GET /?i=contoh-surat-lamaran-kerja-guru-tk-sd-sma-honorer-mm-LaRdNcd HTTP/1.1" 200 10768 "-" "Mozilla/5.0 (Linux; Android 6.0.1; Nexus 5X Build/MMB29P) AppleWebKit/537.36 (KHTML, like Gecko) Chrome/126.0.6478.126 Mobile Safari/537.36 (compatible; Googlebot/2.1; +http://www.google.com/bot.html)"
66.249.70.3 - - [28/Jul/2024:00:02:16 +0200] "GET /?i=bmw-g20-330e-hybrid-forged-series-hf-3-%C2%A9-mm-vLN1J9CV HTTP/1.1" 200 7254 "-" "Mozilla/5.0 (Linux; Android 6.0.1; Nexus 5X Build/MMB29P) AppleWebKit/537.36 (KHTML, like Gecko) Chrome/126.0.6478.126 Mobile Safari/537.36 (compatible; Googlebot/2.1; +http://www.google.com/bot.html)"
66.249.70.3 - - [28/Jul/2024:00:02:16 +0200] "GET /?i=adult-cloth-diapers-for-incontinence-protection-%E2%80%93-threadedarmor-mm-9KnrEYh7 HTTP/1.1" 200 7658 "-" "Mozilla/5.0 (Linux; Android 6.0.1; Nexus 5X Build/MMB29P) AppleWebKit/537.36 (KHTML, like Gecko) Chrome/126.0.6478.126 Mobile Safari/537.36 (compatible; Googlebot/2.1; +http://www.google.com/bot.html)"
66.249.70.8 - - [28/Jul/2024:00:02:16 +0200] "GET /?i=das-teuerste-auto-der-welt-tr%C3%A4gt-die-handschrift-von-mm-P2Y1NEFB HTTP/1.1" 200 7597 "-" "Mozilla/5.0 (Linux; Android 6.0.1; Nexus 5X Build/MMB29P) AppleWebKit/537.36 (KHTML, like Gecko) Chrome/126.0.6478.126 Mobile Safari/537.36 (compatible; Googlebot/2.1; +http://www.google.com/bot.html)"
66.249.70.7 - - [28/Jul/2024:00:02:16 +0200] "GET /?i=get-mentally-sick-physically-thicc-raccoon-meme-opossums-lover-mm-5NnDP9Fm HTTP/1.1" 200 7858 "-" "Mozilla/5.0 (Linux; Android 6.0.1; Nexus 5X Build/MMB29P) AppleWebKit/537.36 (KHTML, like Gecko) Chrome/126.0.6478.126 Mobile Safari/537.36 (compatible; Googlebot/2.1; +http://www.google.com/bot.html)"
66.249.70.8 - - [28/Jul/2024:00:02:16 +0200] "GET /?i=goethegermany-on-x-whatsapp-+447448353773-buy-german-a1-a2-mm-JM3J30U1 HTTP/1.1" 200 7384 "-" "Mozilla/5.0 (Linux; Android 6.0.1; Nexus 5X Build/MMB29P) AppleWebKit/537.36 (KHTML, like Gecko) Chrome/126.0.6478.126 Mobile Safari/537.36 (compatible; Googlebot/2.1; +http://www.google.com/bot.html)"
66.249.70.4 - - [28/Jul/2024:00:02:16 +0200] "GET /?i=miir-flip-traveler-mm-ano7r5tN HTTP/1.1" 200 7027 "-" "Mozilla/5.0 (Linux; Android 6.0.1; Nexus 5X Build/MMB29P) AppleWebKit/537.36 (KHTML, like Gecko) Chrome/126.0.6478.126 Mobile Safari/537.36 (compatible; Googlebot/2.1; +http://www.google.com/bot.html)"
66.249.70.109 - - [28/Jul/2024:00:02:16 +0200] "GET /?m=hayoc-lezu-shtemaran-pages-251-256-flip-pdf-download-zz-QZd898f4 HTTP/1.1" 200 6831 "-" "Mozilla/5.0 (Linux; Android 6.0.1; Nexus 5X Build/MMB29P) AppleWebKit/537.36 (KHTML, like Gecko) Chrome/126.0.6478.126 Mobile Safari/537.36 (compatible; GoogleOther)"
66.249.70.3 - - [28/Jul/2024:00:02:16 +0200] "GET /?i=artesanatos-cia-o-gato-de-botas-fantasias-infantis-gatos-mm-p35BjYHj HTTP/1.1" 200 7289 "-" "Mozilla/5.0 (Linux; Android 6.0.1; Nexus 5X Build/MMB29P) AppleWebKit/537.36 (KHTML, like Gecko) Chrome/126.0.6478.126 Mobile Safari/537.36 (compatible; Googlebot/2.1; +http://www.google.com/bot.html)"
217.113.194.85 - - [28/Jul/2024:00:02:16 +0200] "GET /de/initiative/240-progetto-xeix--premio---%EF%BF%BDdiversity-advantage--%EF%BF%BD-del-consiglio-d--%EF%BF%BDeuropa.html HTTP/1.1" 200 2488 "-" "Mozilla/5.0 (compatible; Barkrowler/0.9; +https://babbar.tech/crawler)"
136.243.228.194 - - [28/Jul/2024:00:02:16 +0200] "GET /?i=thay-s%E1%BB%ADa-ch%E1%BB%AFa-samsung-galaxy-a14-4g-li%E1%BB%87t-h%E1%BB%8Fng-mm-Y11ovvsn HTTP/1.1" 200 1816 "-" "Mozilla/5.0 (compatible; DataForSeoBot/1.0; +https://dataforseo.com/dataforseo-bot)"
66.249.70.3 - - [28/Jul/2024:00:02:17 +0200] "GET /?i=hkd-to-usd-hong-kong-dollars-to-us-dollars-mm-N2BgOdtd HTTP/1.1" 200 7525 "-" "Mozilla/5.0 (Linux; Android 6.0.1; Nexus 5X Build/MMB29P) AppleWebKit/537.36 (KHTML, like Gecko) Chrome/126.0.6478.126 Mobile Safari/537.36 (compatible; Googlebot/2.1; +http://www.google.com/bot.html)"
66.249.70.2 - - [28/Jul/2024:00:02:17 +0200] "GET /?i=gray-shirt-inspired-aragorn-without-embroidery-strider-s-shirt-mm-LeOn12Ud HTTP/1.1" 200 7363 "-" "Mozilla/5.0 (Linux; Android 6.0.1; Nexus 5X Build/MMB29P) AppleWebKit/537.36 (KHTML, like Gecko) Chrome/126.0.6478.126 Mobile Safari/537.36 (compatible; Googlebot/2.1; +http://www.google.com/bot.html)"
66.249.70.3 - - [28/Jul/2024:00:02:17 +0200] "GET /it/?i=blue-sky-summer-4k-wallpaper-4k-mm-DQR2xPSk HTTP/1.1" 200 10468 "-" "Mozilla/5.0 (Linux; Android 6.0.1; Nexus 5X Build/MMB29P) AppleWebKit/537.36 (KHTML, like Gecko) Chrome/126.0.6478.126 Mobile Safari/537.36 (compatible; Googlebot/2.1; +http://www.google.com/bot.html)"
66.249.70.2 - - [28/Jul/2024:00:02:17 +0200] "GET /?i=qu%C3%A9-es-la-identidad-personal-y-c%C3%B3mo-se-construye-mm-6W2QVVtN HTTP/1.1" 200 6879 "-" "Mozilla/5.0 (Linux; Android 6.0.1; Nexus 5X Build/MMB29P) AppleWebKit/537.36 (KHTML, like Gecko) Chrome/126.0.6478.126 Mobile Safari/537.36 (compatible; Googlebot/2.1; +http://www.google.com/bot.html)"
66.249.70.109 - - [28/Jul/2024:00:02:17 +0200] "GET /?m=worksheets-pdf-english-teaching-resources-new-%E2%9D%A4%EF%B8%8F-cvc-reading-zz-nGPWE2In HTTP/1.1" 200 7316 "-" "Mozilla/5.0 (Linux; Android 6.0.1; Nexus 5X Build/MMB29P) AppleWebKit/537.36 (KHTML, like Gecko) Chrome/126.0.6478.126 Mobile Safari/537.36 (compatible; GoogleOther)"
66.249.70.8 - - [28/Jul/2024:00:02:17 +0200] "GET /?i=the-16-best-placemats-of-2023-mm-qJVoMxFj HTTP/1.1" 200 7873 "-" "Mozilla/5.0 (Linux; Android 6.0.1; Nexus 5X Build/MMB29P) AppleWebKit/537.36 (KHTML, like Gecko) Chrome/126.0.6478.126 Mobile Safari/537.36 (compatible; Googlebot/2.1; +http://www.google.com/bot.html)"
66.249.70.3 - - [28/Jul/2024:00:02:17 +0200] "GET /?i=lerio-chocolates-lerio-chocolates-is-manufactured-in-a-small-mm-WkrxG5ue HTTP/1.1" 200 7410 "-" "Mozilla/5.0 (Linux; Android 6.0.1; Nexus 5X Build/MMB29P) AppleWebKit/537.36 (KHTML, like Gecko) Chrome/126.0.6478.126 Mobile Safari/537.36 (compatible; Googlebot/2.1; +http://www.google.com/bot.html)"
66.249.70.4 - - [28/Jul/2024:00:02:17 +0200] "GET /?i=little-people-fisher-price-mm-opP0KkTL HTTP/1.1" 200 7217 "-" "Mozilla/5.0 (Linux; Android 6.0.1; Nexus 5X Build/MMB29P) AppleWebKit/537.36 (KHTML, like Gecko) Chrome/126.0.6478.126 Mobile Safari/537.36 (compatible; Googlebot/2.1; +http://www.google.com/bot.html)"
76.104.17.60 - - [28/Jul/2024:00:02:18 +0200] "GET /de/?i=the-gigaleak-3-featuring-pok%C3%A9mon-emerald-wii-startup-disc-mm-aboOmDsN HTTP/1.1" 200 4355 "https://www.google.com/" "Mozilla/5.0 (Windows NT 10.0; Win64; x64; rv:128.0) Gecko/20100101 Firefox/128.0"
62.45.86.186 - - [28/Jul/2024:00:02:18 +0200] "GET /?i=2004-fiat-doblo-camper-van-jtd-rare-yellow-berth-mm-NL3Axdud HTTP/1.1" 200 4354 "https://www.google.com/" "Mozilla/5.0 (Linux; Android 10; K) AppleWebKit/537.36 (KHTML, like Gecko) Chrome/127.0.0.0 Mobile Safari/537.36"
66.249.70.2 - - [28/Jul/2024:00:02:18 +0200] "GET /?i=qat-vs-sau-scorecard-live-m-LRYQN0fd HTTP/1.1" 200 4521 "-" "Mozilla/5.0 (Linux; Android 6.0.1; Nexus 5X Build/MMB29P) AppleWebKit/537.36 (KHTML, like Gecko) Chrome/126.0.6478.126 Mobile Safari/537.36 (compatible; Googlebot/2.1; +http://www.google.com/bot.html)"
66.249.70.4 - - [28/Jul/2024:00:02:17 +0200] "GET /ru/?i=cibo-restaurant-now-offering-a-full-take-away-menu-mm-XR3Yz3TX HTTP/1.1" 200 6627 "-" "Mozilla/5.0 (Linux; Android 6.0.1; Nexus 5X Build/MMB29P) AppleWebKit/537.36 (KHTML, like Gecko) Chrome/126.0.6478.126 Mobile Safari/537.36 (compatible; Googlebot/2.1; +http://www.google.com/bot.html)"
66.249.70.1 - - [28/Jul/2024:00:02:17 +0200] "GET /?i=best-ram-for-ryzen-7950x-in-2023-tech4gamers-mm-OPQvAEhX HTTP/1.1" 200 6947 "-" "Mozilla/5.0 (Linux; Android 6.0.1; Nexus 5X Build/MMB29P) AppleWebKit/537.36 (KHTML, like Gecko) Chrome/126.0.6478.126 Mobile Safari/537.36 (compatible; Googlebot/2.1; +http://www.google.com/bot.html)"
66.249.70.3 - - [28/Jul/2024:00:02:18 +0200] "GET /?i=to-move-heaven-and-earth-idiom-meaning-examples-synonyms-mm-7BqPkzH0 HTTP/1.1" 200 6709 "-" "Mozilla/5.0 (Linux; Android 6.0.1; Nexus 5X Build/MMB29P) AppleWebKit/537.36 (KHTML, like Gecko) Chrome/126.0.6478.126 Mobile Safari/537.36 (compatible; Googlebot/2.1; +http://www.google.com/bot.html)"
66.249.70.1 - - [28/Jul/2024:00:02:18 +0200] "GET /?i=2020-mercedes-benz-other-in-dubai-united-arab-emirates-mm-aekq6BcN HTTP/1.1" 200 10962 "-" "Mozilla/5.0 (Linux; Android 6.0.1; Nexus 5X Build/MMB29P) AppleWebKit/537.36 (KHTML, like Gecko) Chrome/126.0.6478.126 Mobile Safari/537.36 (compatible; Googlebot/2.1; +http://www.google.com/bot.html)"
66.249.70.4 - - [28/Jul/2024:00:02:18 +0200] "GET /?i=alban-knox-nijisanji-en-on-twitter-%E0%B8%81%E0%B8%B2%E0%B8%A3%E0%B8%AD%E0%B8%AD%E0%B8%81%E0%B9%81%E0%B8%9A%E0%B8%9A%E0%B8%95%E0%B8%B1%E0%B8%A7%E0%B8%A5%E0%B8%B0%E0%B8%84%E0%B8%A3-%E0%B9%81%E0%B8%9A%E0%B8%9A-%E0%B9%81%E0%B8%9F%E0%B8%99%E0%B8%9E%E0%B8%B1%E0%B8%99%E0%B8%98%E0%B8%B8%E0%B9%8C%E0%B9%81%E0%B8%97%E0%B9%89-mm-Dr0vgDIk HTTP/1.1" 200 8016 "-" "Mozilla/5.0 (Linux; Android 6.0.1; Nexus 5X Build/MMB29P) AppleWebKit/537.36 (KHTML, like Gecko) Chrome/126.0.6478.126 Mobile Safari/537.36 (compatible; Googlebot/2.1; +http://www.google.com/bot.html)"
66.249.70.3 - - [28/Jul/2024:00:02:18 +0200] "GET /?i=autocom-and-delphi-2017-vfinal-full-iss-vin-activations-mm-b3gnnxsX HTTP/1.1" 200 11039 "-" "Mozilla/5.0 (Linux; Android 6.0.1; Nexus 5X Build/MMB29P) AppleWebKit/537.36 (KHTML, like Gecko) Chrome/126.0.6478.126 Mobile Safari/537.36 (compatible; GoogleOther)"
66.249.70.8 - - [28/Jul/2024:00:02:18 +0200] "GET /?i=islamic-quotes-in-hindi-%E2%80%93-mm-RoQQmzs5 HTTP/1.1" 200 7701 "-" "Mozilla/5.0 (Linux; Android 6.0.1; Nexus 5X Build/MMB29P) AppleWebKit/537.36 (KHTML, like Gecko) Chrome/126.0.6478.126 Mobile Safari/537.36 (compatible; Googlebot/2.1; +http://www.google.com/bot.html)"
66.249.70.1 - - [28/Jul/2024:00:02:18 +0200] "GET /?i=nails-spas-massages-hendry-county-florida-tourism-mm-EGvY6F3 HTTP/1.1" 200 10904 "-" "Mozilla/5.0 (Linux; Android 6.0.1; Nexus 5X Build/MMB29P) AppleWebKit/537.36 (KHTML, like Gecko) Chrome/126.0.6478.126 Mobile Safari/537.36 (compatible; Googlebot/2.1; +http://www.google.com/bot.html)"
66.249.70.2 - - [28/Jul/2024:00:02:18 +0200] "GET /tr/?i=ways-to-elevate-any-space-with-bright-whites-architectural-mm-j24bReH9 HTTP/1.1" 200 7386 "-" "Mozilla/5.0 (Linux; Android 6.0.1; Nexus 5X Build/MMB29P) AppleWebKit/537.36 (KHTML, like Gecko) Chrome/126.0.6478.126 Mobile Safari/537.36 (compatible; Googlebot/2.1; +http://www.google.com/bot.html)"
52.167.144.174 - - [28/Jul/2024:00:02:19 +0200] "GET /?i=ugc-cas-pdf-government-mm-LRj0PVSd HTTP/1.1" 200 10664 "-" "Mozilla/5.0 AppleWebKit/537.36 (KHTML, like Gecko; compatible; bingbot/2.0; +http://www.bing.com/bingbot.htm) Chrome/116.0.1938.76 Safari/537.36"
66.249.70.1 - - [28/Jul/2024:00:02:19 +0200] "GET /?i=the-industry-standard-in-fueling-equipment-opw-mm-gbDJGgs7 HTTP/1.1" 200 6448 "-" "Mozilla/5.0 (Linux; Android 6.0.1; Nexus 5X Build/MMB29P) AppleWebKit/537.36 (KHTML, like Gecko) Chrome/126.0.6478.126 Mobile Safari/537.36 (compatible; Googlebot/2.1; +http://www.google.com/bot.html)"
66.249.70.2 - - [28/Jul/2024:00:02:19 +0200] "GET /?i=latin-quote-audentes-fortuna-iuvat-magnet-zazzle-mm-kRW5XjSo HTTP/1.1" 200 7360 "-" "Mozilla/5.0 (Linux; Android 6.0.1; Nexus 5X Build/MMB29P) AppleWebKit/537.36 (KHTML, like Gecko) Chrome/126.0.6478.126 Mobile Safari/537.36 (compatible; Googlebot/2.1; +http://www.google.com/bot.html)"
66.249.70.1 - - [28/Jul/2024:00:02:19 +0200] "GET /en/?i=how-do-you-graph-x-y=3-by-plotting-points-mm-4YjaXWT6 HTTP/1.1" 200 6782 "-" "Mozilla/5.0 (Linux; Android 6.0.1; Nexus 5X Build/MMB29P) AppleWebKit/537.36 (KHTML, like Gecko) Chrome/126.0.6478.126 Mobile Safari/537.36 (compatible; Googlebot/2.1; +http://www.google.com/bot.html)"
52.167.144.174 - - [28/Jul/2024:00:02:19 +0200] "GET /?i=nehyl-rules-m-wGNO5BCk HTTP/1.1" 200 4109 "-" "Mozilla/5.0 AppleWebKit/537.36 (KHTML, like Gecko; compatible; bingbot/2.0; +http://www.bing.com/bingbot.htm) Chrome/116.0.1938.76 Safari/537.36"
66.249.70.2 - - [28/Jul/2024:00:02:19 +0200] "GET /?i=hp-administrative-gk-mcq-archives-mm-0z6Eagux HTTP/1.1" 200 7843 "-" "Mozilla/5.0 (Linux; Android 6.0.1; Nexus 5X Build/MMB29P) AppleWebKit/537.36 (KHTML, like Gecko) Chrome/126.0.6478.126 Mobile Safari/537.36 (compatible; Googlebot/2.1; +http://www.google.com/bot.html)"
73.244.146.52 - - [28/Jul/2024:00:02:19 +0200] "GET /?i=experts-say-momo-suicide-challenge-is-a-textbook-internet-mm-Y1PMpJHn HTTP/1.1" 200 4355 "https://www.google.com/" "Mozilla/5.0 (iPhone; CPU iPhone OS 16_0 like Mac OS X) AppleWebKit/605.1.15 (KHTML, like Gecko) GSA/324.0.648915268 Mobile/15E148 Safari/604.1"
66.249.70.1 - - [28/Jul/2024:00:02:19 +0200] "GET /?i=future-of-human-resource-management-mm-2QQ0JzUj HTTP/1.1" 200 7044 "-" "Mozilla/5.0 (Linux; Android 6.0.1; Nexus 5X Build/MMB29P) AppleWebKit/537.36 (KHTML, like Gecko) Chrome/126.0.6478.126 Mobile Safari/537.36 (compatible; Googlebot/2.1; +http://www.google.com/bot.html)"
66.249.70.3 - - [28/Jul/2024:00:02:19 +0200] "GET /?i=10-trucos-para-combinar-una-blusa-blanca-mujer-saludable-mm-J5aPdmf1 HTTP/1.1" 200 7057 "-" "Mozilla/5.0 (Linux; Android 6.0.1; Nexus 5X Build/MMB29P) AppleWebKit/537.36 (KHTML, like Gecko) Chrome/126.0.6478.126 Mobile Safari/537.36 (compatible; Googlebot/2.1; +http://www.google.com/bot.html)"
66.249.70.4 - - [28/Jul/2024:00:02:19 +0200] "GET /?i=2d-thin-line-white-digestive-system-with-medicine-vector-mm-R2L2jnU5 HTTP/1.1" 200 6714 "-" "Mozilla/5.0 (Linux; Android 6.0.1; Nexus 5X Build/MMB29P) AppleWebKit/537.36 (KHTML, like Gecko) Chrome/126.0.6478.126 Mobile Safari/537.36 (compatible; Googlebot/2.1; +http://www.google.com/bot.html)"
78.119.64.6 - - [28/Jul/2024:00:02:19 +0200] "GET /?i=review-of-the-gucci-marmont-small-shoulder-bag-%E2%80%A2-mm-MdpXq0ho HTTP/1.1" 200 1884 "-" "Python/3.10 aiohttp/3.9.3"
52.167.144.174 - - [28/Jul/2024:00:02:19 +0200] "GET /?i=balu-industries-home-facebook-mm-k2MpJNco HTTP/1.1" 200 6983 "-" "Mozilla/5.0 (iPhone; CPU iPhone OS 7_0 like Mac OS X) AppleWebKit/537.51.1 (KHTML, like Gecko) Version/7.0 Mobile/11A465 Safari/9537.53 (compatible; bingbot/2.0; +http://www.bing.com/bingbot.htm)"
187.39.108.252 - - [28/Jul/2024:00:02:19 +0200] "GET /?i=loja-cearamor-camisa-mauri%C3%A7%C3%A3o-bolado-facebook-mm-EMDn9Nc3 HTTP/1.1" 200 4355 "https://www.google.com.br/" "Mozilla/5.0 (Windows NT 10.0; Win64; x64) AppleWebKit/537.36 (KHTML, like Gecko) Chrome/126.0.0.0 Safari/537.36"
66.249.70.4 - - [28/Jul/2024:00:02:20 +0200] "GET /?i=tips-bore-up-suzuki-gsx-150-series-bisa-pakai-mm-7M2xkns0 HTTP/1.1" 200 11394 "-" "Mozilla/5.0 (Linux; Android 6.0.1; Nexus 5X Build/MMB29P) AppleWebKit/537.36 (KHTML, like Gecko) Chrome/126.0.6478.126 Mobile Safari/537.36 (compatible; Googlebot/2.1; +http://www.google.com/bot.html)"
66.249.70.7 - - [28/Jul/2024:00:02:20 +0200] "GET /?i=toshiba-satellite-l635-13-vga-ati-radeon-laptop-bekas-mm-2waegaIj HTTP/1.1" 200 7269 "-" "Mozilla/5.0 (Linux; Android 6.0.1; Nexus 5X Build/MMB29P) AppleWebKit/537.36 (KHTML, like Gecko) Chrome/126.0.6478.126 Mobile Safari/537.36 (compatible; Googlebot/2.1; +http://www.google.com/bot.html)"
66.249.70.109 - - [28/Jul/2024:00:02:20 +0200] "GET /?m=pdf]-26-locus-y-str-typing-in-a-bhutanese-zz-LNxwzzik HTTP/1.1" 200 6966 "-" "Mozilla/5.0 (Linux; Android 6.0.1; Nexus 5X Build/MMB29P) AppleWebKit/537.36 (KHTML, like Gecko) Chrome/126.0.6478.126 Mobile Safari/537.36 (compatible; GoogleOther)"
66.249.70.7 - - [28/Jul/2024:00:02:20 +0200] "GET /tr/?i=maths-worksheet-class-pdf-mm-gYnK7gI7 HTTP/1.1" 200 10831 "-" "Mozilla/5.0 (Linux; Android 6.0.1; Nexus 5X Build/MMB29P) AppleWebKit/537.36 (KHTML, like Gecko) Chrome/126.0.6478.126 Mobile Safari/537.36 (compatible; Googlebot/2.1; +http://www.google.com/bot.html)"
83.78.128.140 - - [28/Jul/2024:00:02:20 +0200] "GET /?i=tupolew-tu-160-%E2%80%93-wikipedia-mm-ojLz1jTL HTTP/1.1" 200 4356 "https://www.google.com/" "Mozilla/5.0 (iPhone; CPU iPhone OS 17_5_1 like Mac OS X) AppleWebKit/605.1.15 (KHTML, like Gecko) Version/17.5 Mobile/15E148 Safari/604.1"
66.249.70.4 - - [28/Jul/2024:00:02:20 +0200] "GET /?i=set-van-gerechten-tefal-opti-space-g720s604-ave-pannen-mm-WgpODVfe HTTP/1.1" 200 7702 "-" "Mozilla/5.0 (Linux; Android 6.0.1; Nexus 5X Build/MMB29P) AppleWebKit/537.36 (KHTML, like Gecko) Chrome/126.0.6478.126 Mobile Safari/537.36 (compatible; Googlebot/2.1; +http://www.google.com/bot.html)"
66.249.70.7 - - [28/Jul/2024:00:02:20 +0200] "GET /?i=how-to-fix-a-leaking-bathtub-faucet-the-home-mm-Lbqrorid HTTP/1.1" 200 10374 "-" "Mozilla/5.0 (Linux; Android 6.0.1; Nexus 5X Build/MMB29P) AppleWebKit/537.36 (KHTML, like Gecko) Chrome/126.0.6478.126 Mobile Safari/537.36 (compatible; Googlebot/2.1; +http://www.google.com/bot.html)"
66.249.70.7 - - [28/Jul/2024:00:02:20 +0200] "GET /?i=battle-of-thermopylae-300-spartans-against-the-persians-malevus-mm-qGd59ATj HTTP/1.1" 200 10935 "-" "Mozilla/5.0 (Linux; Android 6.0.1; Nexus 5X Build/MMB29P) AppleWebKit/537.36 (KHTML, like Gecko) Chrome/126.0.6478.126 Mobile Safari/537.36 (compatible; Googlebot/2.1; +http://www.google.com/bot.html)"
66.249.70.2 - - [28/Jul/2024:00:02:20 +0200] "GET /?i=the-abcs-of-iliofemoral-dvt-endovascular-today-mm-vqPkXvUV HTTP/1.1" 200 7216 "-" "Mozilla/5.0 (Linux; Android 6.0.1; Nexus 5X Build/MMB29P) AppleWebKit/537.36 (KHTML, like Gecko) Chrome/126.0.6478.126 Mobile Safari/537.36 (compatible; Googlebot/2.1; +http://www.google.com/bot.html)"
66.249.70.4 - - [28/Jul/2024:00:02:20 +0200] "GET /?i=peso-win-scam-or-legit%EF%BD%9Ctiktok-search-mm-KAY0vPTN HTTP/1.1" 200 7197 "-" "Mozilla/5.0 (Linux; Android 6.0.1; Nexus 5X Build/MMB29P) AppleWebKit/537.36 (KHTML, like Gecko) Chrome/126.0.6478.126 Mobile Safari/537.36 (compatible; Googlebot/2.1; +http://www.google.com/bot.html)"
66.249.70.4 - - [28/Jul/2024:00:02:20 +0200] "GET /?i=hot-item-by-jasmin7-sabun-jasmin-murah-facebook-mm-r79qDAU4 HTTP/1.1" 200 6654 "-" "Mozilla/5.0 (Linux; Android 6.0.1; Nexus 5X Build/MMB29P) AppleWebKit/537.36 (KHTML, like Gecko) Chrome/126.0.6478.126 Mobile Safari/537.36 (compatible; Googlebot/2.1; +http://www.google.com/bot.html)"
66.249.70.7 - - [28/Jul/2024:00:02:20 +0200] "GET /?i=samsung-microwaves-for-sale-in-ozark-arkansas-facebook-marketplace-mm-nWODebiE HTTP/1.1" 200 7534 "-" "Mozilla/5.0 (Linux; Android 6.0.1; Nexus 5X Build/MMB29P) AppleWebKit/537.36 (KHTML, like Gecko) Chrome/126.0.6478.126 Mobile Safari/537.36 (compatible; Googlebot/2.1; +http://www.google.com/bot.html)"
66.249.70.1 - - [28/Jul/2024:00:02:21 +0200] "GET /?i=ensure-high-protein-milk-chocolate-protein-shake-ensure-mm-RWWp6wh5 HTTP/1.1" 200 7477 "-" "Mozilla/5.0 (Linux; Android 6.0.1; Nexus 5X Build/MMB29P) AppleWebKit/537.36 (KHTML, like Gecko) Chrome/126.0.6478.126 Mobile Safari/537.36 (compatible; Googlebot/2.1; +http://www.google.com/bot.html)"
66.249.70.4 - - [28/Jul/2024:00:02:21 +0200] "GET /it/?i=35-magnificent-time-lapse-photography-examples-for-your-inspiration-mm-nNK3B7UE HTTP/1.1" 200 6742 "-" "Mozilla/5.0 (Linux; Android 6.0.1; Nexus 5X Build/MMB29P) AppleWebKit/537.36 (KHTML, like Gecko) Chrome/126.0.6478.126 Mobile Safari/537.36 (compatible; Googlebot/2.1; +http://www.google.com/bot.html)"
136.243.228.194 - - [28/Jul/2024:00:02:20 +0200] "GET /?i=jetstereo-%C2%A1los-nuevos-galaxy-serie-a-llegaron-a-jetstereo-mm-wMb0wwck HTTP/1.1" 200 1816 "-" "Mozilla/5.0 (compatible; DataForSeoBot/1.0; +https://dataforseo.com/dataforseo-bot)"
66.249.70.7 - - [28/Jul/2024:00:02:21 +0200] "GET /?i=polycom-vvx-600-gigabit-ip-phone-2200-44600-025-mm-ArV5LgHO HTTP/1.1" 200 6921 "-" "Mozilla/5.0 (Linux; Android 6.0.1; Nexus 5X Build/MMB29P) AppleWebKit/537.36 (KHTML, like Gecko) Chrome/126.0.6478.126 Mobile Safari/537.36 (compatible; Googlebot/2.1; +http://www.google.com/bot.html)"
78.119.64.6 - - [28/Jul/2024:00:02:21 +0200] "GET /?i=new-arrival-gucci-handbag-091-best-gifts-for-your-mm-9wrw4KS7 HTTP/1.1" 200 1884 "-" "Python/3.10 aiohttp/3.9.3"
66.249.70.109 - - [28/Jul/2024:00:02:21 +0200] "GET /?m=converter-para-pdf-online-z-r1eK9DhA HTTP/1.1" 200 4088 "-" "Mozilla/5.0 (Linux; Android 6.0.1; Nexus 5X Build/MMB29P) AppleWebKit/537.36 (KHTML, like Gecko) Chrome/126.0.6478.126 Mobile Safari/537.36 (compatible; GoogleOther)"
66.249.70.7 - - [28/Jul/2024:00:02:21 +0200] "GET /?i=guitar-quote-and-never-underestimate-an-old-man-with-mm-025N6DTx HTTP/1.1" 200 7554 "-" "Mozilla/5.0 (Linux; Android 6.0.1; Nexus 5X Build/MMB29P) AppleWebKit/537.36 (KHTML, like Gecko) Chrome/126.0.6478.126 Mobile Safari/537.36 (compatible; Googlebot/2.1; +http://www.google.com/bot.html)"
66.249.70.8 - - [28/Jul/2024:00:02:21 +0200] "GET /?i=the-science-of-fingerprints-mm-bP5nBDiX HTTP/1.1" 200 6740 "-" "Mozilla/5.0 (Linux; Android 6.0.1; Nexus 5X Build/MMB29P) AppleWebKit/537.36 (KHTML, like Gecko) Chrome/126.0.6478.126 Mobile Safari/537.36 (compatible; Googlebot/2.1; +http://www.google.com/bot.html)"
66.249.70.2 - - [28/Jul/2024:00:02:21 +0200] "GET /?i=alondy-single-din-car-stereo-with-cd-dvd-player-mm-DN50w0ck HTTP/1.1" 200 7322 "-" "Mozilla/5.0 (Linux; Android 6.0.1; Nexus 5X Build/MMB29P) AppleWebKit/537.36 (KHTML, like Gecko) Chrome/126.0.6478.126 Mobile Safari/537.36 (compatible; Googlebot/2.1; +http://www.google.com/bot.html)"
66.249.70.2 - - [28/Jul/2024:00:02:21 +0200] "GET /?i=what-is-sogou-and-how-to-get-started-chinafy-mm-DxMrAbfk HTTP/1.1" 200 6687 "-" "Mozilla/5.0 (Linux; Android 6.0.1; Nexus 5X Build/MMB29P) AppleWebKit/537.36 (KHTML, like Gecko) Chrome/126.0.6478.126 Mobile Safari/537.36 (compatible; Googlebot/2.1; +http://www.google.com/bot.html)"
66.249.70.8 - - [28/Jul/2024:00:02:21 +0200] "GET /?i=housepital-%C2%BFsabes-qu%C3%A9-es-la-hipoxia-silenciosa-facebook-mm-dpJaNFe HTTP/1.1" 200 11269 "-" "Mozilla/5.0 (Linux; Android 6.0.1; Nexus 5X Build/MMB29P) AppleWebKit/537.36 (KHTML, like Gecko) Chrome/126.0.6478.126 Mobile Safari/537.36 (compatible; Googlebot/2.1; +http://www.google.com/bot.html)"
66.249.70.8 - - [28/Jul/2024:00:02:21 +0200] "GET /?i=lexar-nm790-4tb-nvme-pcie-ssd-mm-6JXMXYcN HTTP/1.1" 200 7745 "-" "Mozilla/5.0 (Linux; Android 6.0.1; Nexus 5X Build/MMB29P) AppleWebKit/537.36 (KHTML, like Gecko) Chrome/126.0.6478.126 Mobile Safari/537.36 (compatible; Googlebot/2.1; +http://www.google.com/bot.html)"
66.249.70.4 - - [28/Jul/2024:00:02:19 +0200] "GET /web/index.php?play=w777th%E0%B8%A7%E0%B8%AD-%E0%B9%80%E0%B8%A5%E0%B8%97-10-%E0%B8%A3%E0%B8%B1%E0%B8%9A-100 HTTP/1.1" 200 25932 "-" "Mozilla/5.0 (Linux; Android 6.0.1; Nexus 5X Build/MMB29P) AppleWebKit/537.36 (KHTML, like Gecko) Chrome/126.0.6478.126 Mobile Safari/537.36 (compatible; Googlebot/2.1; +http://www.google.com/bot.html)"
66.249.70.3 - - [28/Jul/2024:00:02:22 +0200] "GET /en/?i=bikol-dictionary-pdf-pdf-nature-mm-Q51vo7FX HTTP/1.1" 200 7148 "-" "Mozilla/5.0 (Linux; Android 6.0.1; Nexus 5X Build/MMB29P) AppleWebKit/537.36 (KHTML, like Gecko) Chrome/126.0.6478.126 Mobile Safari/537.36 (compatible; GoogleOther)"
66.249.70.2 - - [28/Jul/2024:00:02:22 +0200] "GET /?i=a-s-lesson-plan-pdf-rotation-earth-mm-nK02XAtE HTTP/1.1" 200 11098 "-" "Mozilla/5.0 (Linux; Android 6.0.1; Nexus 5X Build/MMB29P) AppleWebKit/537.36 (KHTML, like Gecko) Chrome/126.0.6478.126 Mobile Safari/537.36 (compatible; Googlebot/2.1; +http://www.google.com/bot.html)"
66.249.70.7 - - [28/Jul/2024:00:02:22 +0200] "GET /?i=agrus-kos-wojek-veteran-%C2%B7-grn-guild-kit-gk1-mm-Qaq0DRTX HTTP/1.1" 200 7875 "-" "Mozilla/5.0 (Linux; Android 6.0.1; Nexus 5X Build/MMB29P) AppleWebKit/537.36 (KHTML, like Gecko) Chrome/126.0.6478.126 Mobile Safari/537.36 (compatible; Googlebot/2.1; +http://www.google.com/bot.html)"
66.249.70.8 - - [28/Jul/2024:00:02:22 +0200] "GET /?i=viennetta-ice-i-could-destroy-a-box-in-a-mm-r9xvNkF4 HTTP/1.1" 200 7619 "-" "Mozilla/5.0 (Linux; Android 6.0.1; Nexus 5X Build/MMB29P) AppleWebKit/537.36 (KHTML, like Gecko) Chrome/126.0.6478.126 Mobile Safari/537.36 (compatible; Googlebot/2.1; +http://www.google.com/bot.html)"
66.249.70.3 - - [28/Jul/2024:00:02:22 +0200] "GET /?i=bay-of-plenty-jurien-bayview-realty-mm-QaO3RRHX HTTP/1.1" 200 6828 "-" "Mozilla/5.0 (Linux; Android 6.0.1; Nexus 5X Build/MMB29P) AppleWebKit/537.36 (KHTML, like Gecko) Chrome/126.0.6478.126 Mobile Safari/537.36 (compatible; Googlebot/2.1; +http://www.google.com/bot.html)"
66.249.70.1 - - [28/Jul/2024:00:02:22 +0200] "GET /?i=can-we-get-an-increased-zoom-in-game-r-mm-RKzYqLT5 HTTP/1.1" 200 8368 "-" "Mozilla/5.0 (Linux; Android 6.0.1; Nexus 5X Build/MMB29P) AppleWebKit/537.36 (KHTML, like Gecko) Chrome/126.0.6478.126 Mobile Safari/537.36 (compatible; Googlebot/2.1; +http://www.google.com/bot.html)"
66.249.70.7 - - [28/Jul/2024:00:02:22 +0200] "GET /?i=murrah-buffalo-wikipedia-mm-X2YvAmHX HTTP/1.1" 200 7304 "-" "Mozilla/5.0 (Linux; Android 6.0.1; Nexus 5X Build/MMB29P) AppleWebKit/537.36 (KHTML, like Gecko) Chrome/126.0.6478.126 Mobile Safari/537.36 (compatible; Googlebot/2.1; +http://www.google.com/bot.html)"
66.249.70.3 - - [28/Jul/2024:00:02:22 +0200] "GET /?i=is-talk-no-jutsu-real-or-a-joke-from-mm-vqvOWJCV HTTP/1.1" 200 10998 "-" "Mozilla/5.0 (Linux; Android 6.0.1; Nexus 5X Build/MMB29P) AppleWebKit/537.36 (KHTML, like Gecko) Chrome/126.0.6478.126 Mobile Safari/537.36 (compatible; Googlebot/2.1; +http://www.google.com/bot.html)"
66.249.70.109 - - [28/Jul/2024:00:02:22 +0200] "GET /?m=wie-kann-ich-jpg-in-word-umwandeln-updf-zz-Zd37kPUz HTTP/1.1" 200 7016 "-" "Mozilla/5.0 (Linux; Android 6.0.1; Nexus 5X Build/MMB29P) AppleWebKit/537.36 (KHTML, like Gecko) Chrome/126.0.6478.126 Mobile Safari/537.36 (compatible; GoogleOther)"
78.119.64.6 - - [28/Jul/2024:00:02:22 +0200] "GET /it/?i=authentic-gucci-gg-canvas-sukey-two-way-tote-bag-mm-Y0grebFn HTTP/1.1" 200 1884 "-" "Python/3.10 aiohttp/3.9.3"
66.249.70.4 - - [28/Jul/2024:00:02:22 +0200] "GET /?i=malaysian-royal-air-force-hi-res-stock-photography-and-mm-JrBk0ws1 HTTP/1.1" 200 6673 "-" "Mozilla/5.0 (Linux; Android 6.0.1; Nexus 5X Build/MMB29P) AppleWebKit/537.36 (KHTML, like Gecko) Chrome/126.0.6478.126 Mobile Safari/537.36 (compatible; Googlebot/2.1; +http://www.google.com/bot.html)"
66.249.70.1 - - [28/Jul/2024:00:02:22 +0200] "GET /?i=aerox-155-wallpapers-wallpaper-cave-mm-aYjGNYCN HTTP/1.1" 200 10514 "-" "Mozilla/5.0 (Linux; Android 6.0.1; Nexus 5X Build/MMB29P) AppleWebKit/537.36 (KHTML, like Gecko) Chrome/126.0.6478.126 Mobile Safari/537.36 (compatible; Googlebot/2.1; +http://www.google.com/bot.html)"
66.249.70.8 - - [28/Jul/2024:00:02:22 +0200] "GET /?i=mantra-sun-city-from-surfers-paradise-hotel-deals-reviews-mm-X7G9PRTX HTTP/1.1" 200 7090 "-" "Mozilla/5.0 (Linux; Android 6.0.1; Nexus 5X Build/MMB29P) AppleWebKit/537.36 (KHTML, like Gecko) Chrome/126.0.6478.126 Mobile Safari/537.36 (compatible; Googlebot/2.1; +http://www.google.com/bot.html)"
187.39.108.252 - - [28/Jul/2024:00:02:22 +0200] "GET /?i=loja-cearamor-camisa-mauri%C3%A7%C3%A3o-bolado-facebook-mm-EMDn9Nc3 HTTP/1.1" 200 2519 "-" "Mozilla/5.0 (Windows NT 10.0; Win64; x64) AppleWebKit/537.36 (KHTML, like Gecko) Chrome/126.0.0.0 Safari/537.36"
66.249.70.7 - - [28/Jul/2024:00:02:23 +0200] "GET /?i=pre-islamic-arabia-mm-ENJMLkt3 HTTP/1.1" 200 6874 "-" "Mozilla/5.0 (Linux; Android 6.0.1; Nexus 5X Build/MMB29P) AppleWebKit/537.36 (KHTML, like Gecko) Chrome/126.0.6478.126 Mobile Safari/537.36 (compatible; Googlebot/2.1; +http://www.google.com/bot.html)"
66.249.70.2 - - [28/Jul/2024:00:02:23 +0200] "GET /?i=file-folder-mockup-on-behance-mm-6KOkmjsN HTTP/1.1" 200 6579 "-" "Mozilla/5.0 (Linux; Android 6.0.1; Nexus 5X Build/MMB29P) AppleWebKit/537.36 (KHTML, like Gecko) Chrome/126.0.6478.126 Mobile Safari/537.36 (compatible; Googlebot/2.1; +http://www.google.com/bot.html)"
66.249.70.8 - - [28/Jul/2024:00:02:23 +0200] "GET /?i=94-02-dodge-crossover-steering-kit-ri-fab-mm-P35pNbhB HTTP/1.1" 200 7168 "-" "Mozilla/5.0 (Linux; Android 6.0.1; Nexus 5X Build/MMB29P) AppleWebKit/537.36 (KHTML, like Gecko) Chrome/126.0.6478.126 Mobile Safari/537.36 (compatible; Googlebot/2.1; +http://www.google.com/bot.html)"
187.39.108.252 - - [28/Jul/2024:00:02:23 +0200] "GET /css/style.css?v=1 HTTP/1.1" 200 11362 "https://www.congress-intercultural.eu/?i=loja-cearamor-camisa-mauri%C3%A7%C3%A3o-bolado-facebook-mm-EMDn9Nc3" "Mozilla/5.0 (Windows NT 10.0; Win64; x64) AppleWebKit/537.36 (KHTML, like Gecko) Chrome/126.0.0.0 Safari/537.36"
66.249.70.7 - - [28/Jul/2024:00:02:23 +0200] "GET /?i=budweiser-the-king-of-beers-but-not-photo-jottings-mm-2pqbPxcj HTTP/1.1" 200 7220 "-" "Mozilla/5.0 (Linux; Android 6.0.1; Nexus 5X Build/MMB29P) AppleWebKit/537.36 (KHTML, like Gecko) Chrome/126.0.6478.126 Mobile Safari/537.36 (compatible; Googlebot/2.1; +http://www.google.com/bot.html)"
66.249.70.7 - - [28/Jul/2024:00:02:23 +0200] "GET /?i=verduras-congeladas-en-freidora-de-aire-cecotec-mm-qJQoAESj HTTP/1.1" 200 6666 "-" "Mozilla/5.0 (Linux; Android 6.0.1; Nexus 5X Build/MMB29P) AppleWebKit/537.36 (KHTML, like Gecko) Chrome/126.0.6478.126 Mobile Safari/537.36 (compatible; Googlebot/2.1; +http://www.google.com/bot.html)"
66.249.70.4 - - [28/Jul/2024:00:02:23 +0200] "GET /it/?i=corsage-2022-%E2%80%93-gateway-film-center-mm-BAM3N2hV HTTP/1.1" 200 7386 "-" "Mozilla/5.0 (Linux; Android 6.0.1; Nexus 5X Build/MMB29P) AppleWebKit/537.36 (KHTML, like Gecko) Chrome/126.0.6478.126 Mobile Safari/537.36 (compatible; Googlebot/2.1; +http://www.google.com/bot.html)"
187.39.108.252 - - [28/Jul/2024:00:02:23 +0200] "GET /js/fancybox/jquery.fancybox.css HTTP/1.1" 200 1509 "https://www.congress-intercultural.eu/?i=loja-cearamor-camisa-mauri%C3%A7%C3%A3o-bolado-facebook-mm-EMDn9Nc3" "Mozilla/5.0 (Windows NT 10.0; Win64; x64) AppleWebKit/537.36 (KHTML, like Gecko) Chrome/126.0.0.0 Safari/537.36"
157.55.39.51 - - [28/Jul/2024:00:02:23 +0200] "GET /?i=%D0%84%D0%B3%D0%B8%D0%BF%D0%B5%D1%82%D1%81%D1%8C%D0%BA%D0%B8%D0%B9-%D1%84%D1%83%D0%BD%D1%82-%D0%92%D1%96%D0%BA%D1%96%D0%BF%D0%B5%D0%B4%D1%96%D1%8F-mm-4BBO0mU6 HTTP/1.1" 200 10845 "-" "Mozilla/5.0 AppleWebKit/537.36 (KHTML, like Gecko; compatible; bingbot/2.0; +http://www.bing.com/bingbot.htm) Chrome/116.0.1938.76 Safari/537.36"
66.249.70.2 - - [28/Jul/2024:00:02:23 +0200] "GET /?i=en-wikipedia-org-pdf-file-format-dos-mm-1wkRkPs7 HTTP/1.1" 200 7070 "-" "Mozilla/5.0 (Linux; Android 6.0.1; Nexus 5X Build/MMB29P) AppleWebKit/537.36 (KHTML, like Gecko) Chrome/126.0.6478.126 Mobile Safari/537.36 (compatible; Googlebot/2.1; +http://www.google.com/bot.html)"
66.249.70.1 - - [28/Jul/2024:00:02:23 +0200] "GET /?i=source-35mm-reversed-idling-faucet-cartridge-on-mm-zYg4m5H5 HTTP/1.1" 200 7037 "-" "Mozilla/5.0 (Linux; Android 6.0.1; Nexus 5X Build/MMB29P) AppleWebKit/537.36 (KHTML, like Gecko) Chrome/126.0.6478.126 Mobile Safari/537.36 (compatible; Googlebot/2.1; +http://www.google.com/bot.html)"
187.39.108.252 - - [28/Jul/2024:00:02:23 +0200] "GET /css/jquery.selectBox.css HTTP/1.1" 200 1918 "https://www.congress-intercultural.eu/?i=loja-cearamor-camisa-mauri%C3%A7%C3%A3o-bolado-facebook-mm-EMDn9Nc3" "Mozilla/5.0 (Windows NT 10.0; Win64; x64) AppleWebKit/537.36 (KHTML, like Gecko) Chrome/126.0.0.0 Safari/537.36"
66.249.70.109 - - [28/Jul/2024:00:02:23 +0200] "GET /?m=20+-relieving-letter-templates-in-pdf-zz-wDd33t7 HTTP/1.1" 200 6920 "-" "Mozilla/5.0 (Linux; Android 6.0.1; Nexus 5X Build/MMB29P) AppleWebKit/537.36 (KHTML, like Gecko) Chrome/126.0.6478.126 Mobile Safari/537.36 (compatible; GoogleOther)"
187.39.108.252 - - [28/Jul/2024:00:02:23 +0200] "GET /css/slicknav.css HTTP/1.1" 200 1909 "https://www.congress-intercultural.eu/?i=loja-cearamor-camisa-mauri%C3%A7%C3%A3o-bolado-facebook-mm-EMDn9Nc3" "Mozilla/5.0 (Windows NT 10.0; Win64; x64) AppleWebKit/537.36 (KHTML, like Gecko) Chrome/126.0.0.0 Safari/537.36"
187.39.108.252 - - [28/Jul/2024:00:02:23 +0200] "GET /css/font-awesome.min.css HTTP/1.1" 200 7118 "https://www.congress-intercultural.eu/?i=loja-cearamor-camisa-mauri%C3%A7%C3%A3o-bolado-facebook-mm-EMDn9Nc3" "Mozilla/5.0 (Windows NT 10.0; Win64; x64) AppleWebKit/537.36 (KHTML, like Gecko) Chrome/126.0.0.0 Safari/537.36"
187.39.108.252 - - [28/Jul/2024:00:02:23 +0200] "GET /js/libs/modernizr.js HTTP/1.1" 200 10201 "https://www.congress-intercultural.eu/?i=loja-cearamor-camisa-mauri%C3%A7%C3%A3o-bolado-facebook-mm-EMDn9Nc3" "Mozilla/5.0 (Windows NT 10.0; Win64; x64) AppleWebKit/537.36 (KHTML, like Gecko) Chrome/126.0.0.0 Safari/537.36"
187.39.108.252 - - [28/Jul/2024:00:02:23 +0200] "GET /js/libs/jquery-1.7.1.min.js HTTP/1.1" 200 37534 "https://www.congress-intercultural.eu/?i=loja-cearamor-camisa-mauri%C3%A7%C3%A3o-bolado-facebook-mm-EMDn9Nc3" "Mozilla/5.0 (Windows NT 10.0; Win64; x64) AppleWebKit/537.36 (KHTML, like Gecko) Chrome/126.0.0.0 Safari/537.36"
187.39.108.252 - - [28/Jul/2024:00:02:23 +0200] "GET /js/libs/jquery.imagesloaded.min.js HTTP/1.1" 200 4814 "https://www.congress-intercultural.eu/?i=loja-cearamor-camisa-mauri%C3%A7%C3%A3o-bolado-facebook-mm-EMDn9Nc3" "Mozilla/5.0 (Windows NT 10.0; Win64; x64) AppleWebKit/537.36 (KHTML, like Gecko) Chrome/126.0.0.0 Safari/537.36"
66.249.70.3 - - [28/Jul/2024:00:02:23 +0200] "GET /?i=what-s-the-deeper-meaning-of-the-birth-of-mm-jnejm1U9 HTTP/1.1" 200 7739 "-" "Mozilla/5.0 (Linux; Android 6.0.1; Nexus 5X Build/MMB29P) AppleWebKit/537.36 (KHTML, like Gecko) Chrome/126.0.6478.126 Mobile Safari/537.36 (compatible; Googlebot/2.1; +http://www.google.com/bot.html)"
157.55.39.51 - - [28/Jul/2024:00:02:23 +0200] "GET /it/?i=%D7%94%D7%99%D7%95%D7%9D-%D7%91%D7%9C%D7%95%D7%92%D7%95%D7%9C%D7%93%D7%AA-%D7%A2%D7%9D-%D7%A2%D7%95%D7%92%D7%AA-%D7%A9%D7%9B%D7%91%D7%95%D7%AA-%D7%95%D7%94%D7%9E%D7%95%D7%9F-%D7%A1%D7%95%D7%9B%D7%A8%D7%99%D7%95%D7%AA-%D7%A6%D7%91%D7%A2%D7%95%D7%A0%D7%99%D7%95%D7%AA-%D7%90%D7%95%D7%A4%D7%94-mm-nG064buE HTTP/1.1" 200 6937 "-" "Mozilla/5.0 AppleWebKit/537.36 (KHTML, like Gecko; compatible; bingbot/2.0; +http://www.bing.com/bingbot.htm) Chrome/116.0.1938.76 Safari/537.36"
212.120.225.7 - - [28/Jul/2024:00:02:23 +0200] "GET /?i=philippines-piso-km-202a-prices-values-ngc-mm-aOD9YBTN HTTP/1.1" 200 4355 "https://www.google.com/" "Mozilla/5.0 (Linux; Android 10; K) AppleWebKit/537.36 (KHTML, like Gecko) Chrome/127.0.0.0 Mobile Safari/537.36"
187.39.108.252 - - [28/Jul/2024:00:02:24 +0200] "GET /js/libs/jquery.masonry.min.js HTTP/1.1" 200 2656 "https://www.congress-intercultural.eu/?i=loja-cearamor-camisa-mauri%C3%A7%C3%A3o-bolado-facebook-mm-EMDn9Nc3" "Mozilla/5.0 (Windows NT 10.0; Win64; x64) AppleWebKit/537.36 (KHTML, like Gecko) Chrome/126.0.0.0 Safari/537.36"
187.39.108.252 - - [28/Jul/2024:00:02:24 +0200] "GET /js/fancybox/jquery.mousewheel-3.0.6.pack.js HTTP/1.1" 200 1132 "https://www.congress-intercultural.eu/?i=loja-cearamor-camisa-mauri%C3%A7%C3%A3o-bolado-facebook-mm-EMDn9Nc3" "Mozilla/5.0 (Windows NT 10.0; Win64; x64) AppleWebKit/537.36 (KHTML, like Gecko) Chrome/126.0.0.0 Safari/537.36"
187.39.108.252 - - [28/Jul/2024:00:02:24 +0200] "GET /js/fancybox/jquery.fancybox.pack.js HTTP/1.1" 200 6327 "https://www.congress-intercultural.eu/?i=loja-cearamor-camisa-mauri%C3%A7%C3%A3o-bolado-facebook-mm-EMDn9Nc3" "Mozilla/5.0 (Windows NT 10.0; Win64; x64) AppleWebKit/537.36 (KHTML, like Gecko) Chrome/126.0.0.0 Safari/537.36"
66.249.70.2 - - [28/Jul/2024:00:02:24 +0200] "GET /?i=find-more-sewing-machine-singer-model-247-with-table-mm-d2zMR0Se HTTP/1.1" 200 7211 "-" "Mozilla/5.0 (Linux; Android 6.0.1; Nexus 5X Build/MMB29P) AppleWebKit/537.36 (KHTML, like Gecko) Chrome/126.0.6478.126 Mobile Safari/537.36 (compatible; Googlebot/2.1; +http://www.google.com/bot.html)"
66.249.70.1 - - [28/Jul/2024:00:02:23 +0200] "GET /?i=cyndi-lauper-lp-back-cover-a-night-to-remember-mm-v5nBQrIV HTTP/1.1" 200 7164 "-" "Mozilla/5.0 (Linux; Android 6.0.1; Nexus 5X Build/MMB29P) AppleWebKit/537.36 (KHTML, like Gecko) Chrome/126.0.6478.126 Mobile Safari/537.36 (compatible; Googlebot/2.1; +http://www.google.com/bot.html)"
187.39.108.252 - - [28/Jul/2024:00:02:24 +0200] "GET /js/jquery.slicknav.js HTTP/1.1" 200 5102 "https://www.congress-intercultural.eu/?i=loja-cearamor-camisa-mauri%C3%A7%C3%A3o-bolado-facebook-mm-EMDn9Nc3" "Mozilla/5.0 (Windows NT 10.0; Win64; x64) AppleWebKit/537.36 (KHTML, like Gecko) Chrome/126.0.0.0 Safari/537.36"
187.39.108.252 - - [28/Jul/2024:00:02:24 +0200] "GET /fonts/roboto-regular-webfont.woff2 HTTP/1.1" 200 69206 "https://www.congress-intercultural.eu/css/style.css?v=1" "Mozilla/5.0 (Windows NT 10.0; Win64; x64) AppleWebKit/537.36 (KHTML, like Gecko) Chrome/126.0.0.0 Safari/537.36"
66.249.70.1 - - [28/Jul/2024:00:02:24 +0200] "GET /?i=what-is-a-government-company-meaning-features-and-suitability-mm-Onb0qBiX HTTP/1.1" 200 6998 "-" "Mozilla/5.0 (Linux; Android 6.0.1; Nexus 5X Build/MMB29P) AppleWebKit/537.36 (KHTML, like Gecko) Chrome/126.0.6478.126 Mobile Safari/537.36 (compatible; Googlebot/2.1; +http://www.google.com/bot.html)"
66.249.70.8 - - [28/Jul/2024:00:02:24 +0200] "GET /?i=vtg-empty-1979-jim-beam-ducks-unlimited-canvasback-drake-mm-Axz5bQHO HTTP/1.1" 200 7228 "-" "Mozilla/5.0 (Linux; Android 6.0.1; Nexus 5X Build/MMB29P) AppleWebKit/537.36 (KHTML, like Gecko) Chrome/126.0.6478.126 Mobile Safari/537.36 (compatible; Googlebot/2.1; +http://www.google.com/bot.html)"
187.39.108.252 - - [28/Jul/2024:00:02:24 +0200] "GET /js/jquery.selectBox.min.js HTTP/1.1" 200 3755 "https://www.congress-intercultural.eu/?i=loja-cearamor-camisa-mauri%C3%A7%C3%A3o-bolado-facebook-mm-EMDn9Nc3" "Mozilla/5.0 (Windows NT 10.0; Win64; x64) AppleWebKit/537.36 (KHTML, like Gecko) Chrome/126.0.0.0 Safari/537.36"
68.192.71.3 - - [28/Jul/2024:00:02:24 +0200] "GET /?i=kiis-fm-the-official-fictional-radio-stations-wiki-fandom-mm-DxW7xPFk HTTP/1.1" 200 4354 "https://www.google.com/" "Mozilla/5.0 (Linux; Android 9; KFTRWI) AppleWebKit/537.36 (KHTML, like Gecko) Silk/124.5.1 like Chrome/124.0.6367.248 Safari/537.36"
