34.248.148.180 - - [28/Jul/2024:00:07:03 +0200] "GET /fonts/opensans-condlight-webfont.woff HTTP/1.1" 200 1881 "https://www.congress-intercultural.eu/css/style.css?v=1" "Mozilla/5.0 (X11; Linux x86_64) AppleWebKit/537.36 (KHTML, like Gecko) HeadlessChrome/119.0.6045.105 Safari/537.36"
34.248.148.180 - - [28/Jul/2024:00:07:05 +0200] "GET /fonts/OpenSans-CondLight-webfont.ttf HTTP/1.1" 200 36843 "https://www.congress-intercultural.eu/css/style.css?v=1" "Mozilla/5.0 (X11; Linux x86_64) AppleWebKit/537.36 (KHTML, like Gecko) HeadlessChrome/119.0.6045.105 Safari/537.36"
66.249.70.2 - - [28/Jul/2024:00:07:05 +0200] "GET /it/?i=czytanie-z-ksi%C3%84%E2%84%A2gi-proroka-izajasza-ty%C3%85%E2%80%BA-panie-liturgical-center-mm-rAYAkRS4 HTTP/1.1" 200 10853 "-" "Mozilla/5.0 (Linux; Android 6.0.1; Nexus 5X Build/MMB29P) AppleWebKit/537.36 (KHTML, like Gecko) Chrome/126.0.6478.126 Mobile Safari/537.36 (compatible; Googlebot/2.1; +http://www.google.com/bot.html)"
66.249.70.8 - - [28/Jul/2024:00:07:05 +0200] "GET /?i=math-opoly-board-game-themes-classroom-themes-game-themes-mm-vqLvD9cV HTTP/1.1" 200 7050 "-" "Mozilla/5.0 (Linux; Android 6.0.1; Nexus 5X Build/MMB29P) AppleWebKit/537.36 (KHTML, like Gecko) Chrome/126.0.6478.126 Mobile Safari/537.36 (compatible; Googlebot/2.1; +http://www.google.com/bot.html)"
52.167.144.229 - - [28/Jul/2024:00:07:05 +0200] "GET /?i=horses-hd-wallpapers-pxfuel-mm-evDBGAug HTTP/1.1" 200 6794 "-" "Mozilla/5.0 AppleWebKit/537.36 (KHTML, like Gecko; compatible; bingbot/2.0; +http://www.bing.com/bingbot.htm) Chrome/116.0.1938.76 Safari/537.36"
66.249.70.7 - - [28/Jul/2024:00:07:05 +0200] "GET /?i=la-femme-a-line-long-lace-bodice-plus-size-mm-GqJxx6Fd HTTP/1.1" 200 7780 "-" "Mozilla/5.0 (Linux; Android 6.0.1; Nexus 5X Build/MMB29P) AppleWebKit/537.36 (KHTML, like Gecko) Chrome/126.0.6478.126 Mobile Safari/537.36 (compatible; Googlebot/2.1; +http://www.google.com/bot.html)"
66.249.70.2 - - [28/Jul/2024:00:07:05 +0200] "GET /?i=17th-weapons-squadron-hi-res-stock-photography-and-images-mm-V296pPt6 HTTP/1.1" 200 8314 "-" "Mozilla/5.0 (Linux; Android 6.0.1; Nexus 5X Build/MMB29P) AppleWebKit/537.36 (KHTML, like Gecko) Chrome/126.0.6478.126 Mobile Safari/537.36 (compatible; Googlebot/2.1; +http://www.google.com/bot.html)"
66.249.70.2 - - [28/Jul/2024:00:07:05 +0200] "GET /?i=ether-beings-foyou-fyp-woketiktok-9etherbeings-wakeuptime-tiktok-mm-E2gmedC3 HTTP/1.1" 200 7518 "-" "Mozilla/5.0 (Linux; Android 6.0.1; Nexus 5X Build/MMB29P) AppleWebKit/537.36 (KHTML, like Gecko) Chrome/126.0.6478.126 Mobile Safari/537.36 (compatible; Googlebot/2.1; +http://www.google.com/bot.html)"
66.249.70.3 - - [28/Jul/2024:00:07:05 +0200] "GET /?i=jp-tlw-junior-render-by-dracokhajiit-on-deviantart-mm-zYDKXdh5 HTTP/1.1" 200 10435 "-" "Mozilla/5.0 (Linux; Android 6.0.1; Nexus 5X Build/MMB29P) AppleWebKit/537.36 (KHTML, like Gecko) Chrome/126.0.6478.126 Mobile Safari/537.36 (compatible; Googlebot/2.1; +http://www.google.com/bot.html)"
66.249.70.2 - - [28/Jul/2024:00:07:05 +0200] "GET /?i=metazoo-black-knight-satellite-ufo-theme-deck-unboxing-mm-mGNbmAUX HTTP/1.1" 200 7278 "-" "Mozilla/5.0 (Linux; Android 6.0.1; Nexus 5X Build/MMB29P) AppleWebKit/537.36 (KHTML, like Gecko) Chrome/126.0.6478.126 Mobile Safari/537.36 (compatible; Googlebot/2.1; +http://www.google.com/bot.html)"
66.249.70.6 - - [28/Jul/2024:00:07:05 +0200] "GET /?i=endnote-google-docs-cwyw-mm-EPOjG6H3 HTTP/1.1" 200 6588 "-" "Mozilla/5.0 (Linux; Android 6.0.1; Nexus 5X Build/MMB29P) AppleWebKit/537.36 (KHTML, like Gecko) Chrome/126.0.6478.126 Mobile Safari/537.36 (compatible; Googlebot/2.1; +http://www.google.com/bot.html)"
66.249.70.2 - - [28/Jul/2024:00:07:05 +0200] "GET /?i=the-g-ro-check-in-classic-bag-might-just-mm-LwJevLud HTTP/1.1" 200 7152 "-" "Mozilla/5.0 (Linux; Android 6.0.1; Nexus 5X Build/MMB29P) AppleWebKit/537.36 (KHTML, like Gecko) Chrome/126.0.6478.126 Mobile Safari/537.36 (compatible; Googlebot/2.1; +http://www.google.com/bot.html)"
66.249.70.3 - - [28/Jul/2024:00:07:05 +0200] "GET /?i=how-to-write-an-op-ed-mm-LKkAN0Id HTTP/1.1" 200 7079 "-" "Mozilla/5.0 (Linux; Android 6.0.1; Nexus 5X Build/MMB29P) AppleWebKit/537.36 (KHTML, like Gecko) Chrome/126.0.6478.126 Mobile Safari/537.36 (compatible; Googlebot/2.1; +http://www.google.com/bot.html)"
52.167.144.229 - - [28/Jul/2024:00:07:05 +0200] "GET /?i=obturator-foramen-%E2%80%93-earth-s-lab-mm-97V6VJH7 HTTP/1.1" 200 6902 "-" "Mozilla/5.0 (iPhone; CPU iPhone OS 7_0 like Mac OS X) AppleWebKit/537.51.1 (KHTML, like Gecko) Version/7.0 Mobile/11A465 Safari/9537.53 (compatible; bingbot/2.0; +http://www.bing.com/bingbot.htm)"
49.228.127.101 - - [28/Jul/2024:00:07:05 +0200] "GET /?i=life-lessons-with-uramichi-oniisan-anime-teased-mm-dpG9z3ie HTTP/1.1" 200 4355 "https://www.google.com/" "Mozilla/5.0 (iPhone; CPU iPhone OS 17_5_1 like Mac OS X) AppleWebKit/605.1.15 (KHTML, like Gecko) Version/17.5 Mobile/15E148 Safari/604.1"
66.249.70.5 - - [28/Jul/2024:00:07:05 +0200] "GET /?i=phase-voltage-current-protector-three-phase-voltage-protection-three-mm-dG933Nte HTTP/1.1" 200 11318 "-" "Mozilla/5.0 (Linux; Android 6.0.1; Nexus 5X Build/MMB29P) AppleWebKit/537.36 (KHTML, like Gecko) Chrome/126.0.6478.126 Mobile Safari/537.36 (compatible; Googlebot/2.1; +http://www.google.com/bot.html)"
66.249.70.6 - - [28/Jul/2024:00:07:05 +0200] "GET /?i=the-sony-a7-iv-what-s-coming-next-fstoppers-mm-JxN1nOU1 HTTP/1.1" 200 7336 "-" "Mozilla/5.0 (Linux; Android 6.0.1; Nexus 5X Build/MMB29P) AppleWebKit/537.36 (KHTML, like Gecko) Chrome/126.0.6478.126 Mobile Safari/537.36 (compatible; Googlebot/2.1; +http://www.google.com/bot.html)"
66.249.70.4 - - [28/Jul/2024:00:07:06 +0200] "GET /?i=questions-and-answers-for-lg-6912a40002e-lamp-halogen-page-mm-Pem6r4tB HTTP/1.1" 200 10729 "-" "Mozilla/5.0 (Linux; Android 6.0.1; Nexus 5X Build/MMB29P) AppleWebKit/537.36 (KHTML, like Gecko) Chrome/126.0.6478.126 Mobile Safari/537.36 (compatible; Googlebot/2.1; +http://www.google.com/bot.html)"
66.249.70.6 - - [28/Jul/2024:00:07:06 +0200] "GET /?i=starbucks-japan-is-releasing-a-special-kate-spade-merchandise-mm-APnk3MtO HTTP/1.1" 200 7270 "-" "Mozilla/5.0 (Linux; Android 6.0.1; Nexus 5X Build/MMB29P) AppleWebKit/537.36 (KHTML, like Gecko) Chrome/126.0.6478.126 Mobile Safari/537.36 (compatible; Googlebot/2.1; +http://www.google.com/bot.html)"
52.167.144.229 - - [28/Jul/2024:00:07:06 +0200] "GET /?i=all%C3%B4-prof-r%C3%A9sum%C3%A9-du-contrat-social-de-rousseau-le-mm-dYbOvDFe HTTP/1.1" 200 7124 "-" "Mozilla/5.0 (iPhone; CPU iPhone OS 7_0 like Mac OS X) AppleWebKit/537.51.1 (KHTML, like Gecko) Version/7.0 Mobile/11A465 Safari/9537.53 (compatible; bingbot/2.0; +http://www.bing.com/bingbot.htm)"
66.249.70.3 - - [28/Jul/2024:00:07:06 +0200] "GET /?i=mkv-to-3gp-%E2%80%93-convert-mkv-to-3gp-videos-mm-rOxbNRH4 HTTP/1.1" 200 6458 "-" "Mozilla/5.0 (Linux; Android 6.0.1; Nexus 5X Build/MMB29P) AppleWebKit/537.36 (KHTML, like Gecko) Chrome/126.0.6478.126 Mobile Safari/537.36 (compatible; Googlebot/2.1; +http://www.google.com/bot.html)"
66.249.70.4 - - [28/Jul/2024:00:07:06 +0200] "GET /?i=vintage-mid-century-black-lacquer-hand-painted-mother-of-mm-v1w3GJSV HTTP/1.1" 200 10998 "-" "Mozilla/5.0 (Linux; Android 6.0.1; Nexus 5X Build/MMB29P) AppleWebKit/537.36 (KHTML, like Gecko) Chrome/126.0.6478.126 Mobile Safari/537.36 (compatible; Googlebot/2.1; +http://www.google.com/bot.html)"
66.249.70.5 - - [28/Jul/2024:00:07:06 +0200] "GET /?i=35-best-halloween-books-for-kids-weareteachers-mm-L5LmEPfd HTTP/1.1" 200 6570 "-" "Mozilla/5.0 (Linux; Android 6.0.1; Nexus 5X Build/MMB29P) AppleWebKit/537.36 (KHTML, like Gecko) Chrome/126.0.6478.126 Mobile Safari/537.36 (compatible; Googlebot/2.1; +http://www.google.com/bot.html)"
66.249.70.2 - - [28/Jul/2024:00:07:06 +0200] "GET /?i=pay-for-your-way-dummy-flight-ticket-mm-6j30NhN HTTP/1.1" 200 7085 "-" "Mozilla/5.0 (Linux; Android 6.0.1; Nexus 5X Build/MMB29P) AppleWebKit/537.36 (KHTML, like Gecko) Chrome/126.0.6478.126 Mobile Safari/537.36 (compatible; Googlebot/2.1; +http://www.google.com/bot.html)"
52.167.144.229 - - [28/Jul/2024:00:07:06 +0200] "GET /?i=virtualdj-pro-infinity-free-download-my-software-free-mm-EnQvkdC3 HTTP/1.1" 200 6961 "-" "Mozilla/5.0 (iPhone; CPU iPhone OS 7_0 like Mac OS X) AppleWebKit/537.51.1 (KHTML, like Gecko) Version/7.0 Mobile/11A465 Safari/9537.53 (compatible; bingbot/2.0; +http://www.bing.com/bingbot.htm)"
188.81.68.176 - - [28/Jul/2024:00:07:06 +0200] "GET /?i=hjc-cs-15-rako-mc21-helmet-unboxing-features-first-mm-kkr70NCo HTTP/1.1" 200 4356 "https://www.google.com/" "Mozilla/5.0 (iPhone; CPU iPhone OS 17_5_1 like Mac OS X) AppleWebKit/605.1.15 (KHTML, like Gecko) Version/17.5 Mobile/15E148 Safari/604.1"
66.249.70.5 - - [28/Jul/2024:00:07:06 +0200] "GET /?i=regions-of-abdomen-organs-in-left-hypochondriac-region-made-mm-ev97qvug HTTP/1.1" 200 10639 "-" "Mozilla/5.0 (Linux; Android 6.0.1; Nexus 5X Build/MMB29P) AppleWebKit/537.36 (KHTML, like Gecko) Chrome/126.0.6478.126 Mobile Safari/537.36 (compatible; Googlebot/2.1; +http://www.google.com/bot.html)"
66.249.70.6 - - [28/Jul/2024:00:07:06 +0200] "GET /?i=mercedes-e350-hre-wheels-20-p40sc-satin-black-michelin-mm-LvYkPhd HTTP/1.1" 200 6882 "-" "Mozilla/5.0 (Linux; Android 6.0.1; Nexus 5X Build/MMB29P) AppleWebKit/537.36 (KHTML, like Gecko) Chrome/126.0.6478.126 Mobile Safari/537.36 (compatible; Googlebot/2.1; +http://www.google.com/bot.html)"
66.249.70.4 - - [28/Jul/2024:00:07:06 +0200] "GET /?i=number-sign-design-template-element-orange-icon-vector-image-mm-A9nMVptO HTTP/1.1" 200 6612 "-" "Mozilla/5.0 (Linux; Android 6.0.1; Nexus 5X Build/MMB29P) AppleWebKit/537.36 (KHTML, like Gecko) Chrome/126.0.6478.126 Mobile Safari/537.36 (compatible; Googlebot/2.1; +http://www.google.com/bot.html)"
66.249.70.5 - - [28/Jul/2024:00:07:06 +0200] "GET /?i=solved-on-the-model-below-label-the-following-mm-Pbb3DEfB HTTP/1.1" 200 6961 "-" "Mozilla/5.0 (Linux; Android 6.0.1; Nexus 5X Build/MMB29P) AppleWebKit/537.36 (KHTML, like Gecko) Chrome/126.0.6478.126 Mobile Safari/537.36 (compatible; Googlebot/2.1; +http://www.google.com/bot.html)"
66.249.70.7 - - [28/Jul/2024:00:07:06 +0200] "GET /?i=women-s-50-s-style-round-earrings-1950s-costumes-mm-zWkEmbT5 HTTP/1.1" 200 7609 "-" "Mozilla/5.0 (Linux; Android 6.0.1; Nexus 5X Build/MMB29P) AppleWebKit/537.36 (KHTML, like Gecko) Chrome/126.0.6478.126 Mobile Safari/537.36 (compatible; Googlebot/2.1; +http://www.google.com/bot.html)"
66.249.70.3 - - [28/Jul/2024:00:07:06 +0200] "GET /?i=qiao-ling-%D0%9D%D0%BE%D0%B2%D0%BE%D0%B3%D0%BE%D0%B4%D0%BD%D0%B8%D0%B5-%D0%B7%D0%B0%D0%BF%D0%B8%D1%81%D0%BA%D0%B8-%D0%90%D0%BD%D0%B8%D0%BC%D0%B5-%D0%9F%D0%B5%D1%80%D1%81%D1%8B-mm-MLKkEeIo HTTP/1.1" 200 8102 "-" "Mozilla/5.0 (Linux; Android 6.0.1; Nexus 5X Build/MMB29P) AppleWebKit/537.36 (KHTML, like Gecko) Chrome/126.0.6478.126 Mobile Safari/537.36 (compatible; Googlebot/2.1; +http://www.google.com/bot.html)"
66.249.70.1 - - [28/Jul/2024:00:07:07 +0200] "GET /?i=lesser-pavey-william-morris-compton-mug-set-of-2-mm-w2b3xLSk HTTP/1.1" 200 7153 "-" "Mozilla/5.0 (Linux; Android 6.0.1; Nexus 5X Build/MMB29P) AppleWebKit/537.36 (KHTML, like Gecko) Chrome/126.0.6478.126 Mobile Safari/537.36 (compatible; Googlebot/2.1; +http://www.google.com/bot.html)"
66.249.70.6 - - [28/Jul/2024:00:07:07 +0200] "GET /?i=fiat-450-dt-4%C3%974-ne-gjendje-te-mir-pune-mm-LM3zLhd HTTP/1.1" 200 6848 "-" "Mozilla/5.0 (Linux; Android 6.0.1; Nexus 5X Build/MMB29P) AppleWebKit/537.36 (KHTML, like Gecko) Chrome/126.0.6478.126 Mobile Safari/537.36 (compatible; Googlebot/2.1; +http://www.google.com/bot.html)"
66.249.70.2 - - [28/Jul/2024:00:07:07 +0200] "GET /?i=pack-55-cub-scouts-m-4WkBjOT6 HTTP/1.1" 200 4050 "-" "Mozilla/5.0 (Linux; Android 6.0.1; Nexus 5X Build/MMB29P) AppleWebKit/537.36 (KHTML, like Gecko) Chrome/126.0.6478.126 Mobile Safari/537.36 (compatible; Googlebot/2.1; +http://www.google.com/bot.html)"
136.243.228.194 - - [28/Jul/2024:00:07:07 +0200] "GET /?i=used-point-on-x-rt-%40usedpointtz-oppo-a12-ram-mm-60GnEWSN HTTP/1.1" 200 1816 "-" "Mozilla/5.0 (compatible; DataForSeoBot/1.0; +https://dataforseo.com/dataforseo-bot)"
66.249.70.1 - - [28/Jul/2024:00:07:07 +0200] "GET /?i=ski-mask-rave-crystal-mask-embroidery-balaclava-ski-mask-mm-A7rnbbFO HTTP/1.1" 200 11450 "-" "Mozilla/5.0 (Linux; Android 6.0.1; Nexus 5X Build/MMB29P) AppleWebKit/537.36 (KHTML, like Gecko) Chrome/126.0.6478.126 Mobile Safari/537.36 (compatible; Googlebot/2.1; +http://www.google.com/bot.html)"
66.249.70.5 - - [28/Jul/2024:00:07:07 +0200] "GET /?i=thousand-sons-kill-team-new-warpcoven-white-dwarf-issue-mm-ENjgjpT3 HTTP/1.1" 200 7383 "-" "Mozilla/5.0 (Linux; Android 6.0.1; Nexus 5X Build/MMB29P) AppleWebKit/537.36 (KHTML, like Gecko) Chrome/126.0.6478.126 Mobile Safari/537.36 (compatible; Googlebot/2.1; +http://www.google.com/bot.html)"
66.249.70.1 - - [28/Jul/2024:00:07:07 +0200] "GET /?i=cbse-class-12th-syllabus-2023-24-all-subjects-leverage-mm-46v3OBs6 HTTP/1.1" 200 7474 "-" "Mozilla/5.0 (Linux; Android 6.0.1; Nexus 5X Build/MMB29P) AppleWebKit/537.36 (KHTML, like Gecko) Chrome/126.0.6478.126 Mobile Safari/537.36 (compatible; Googlebot/2.1; +http://www.google.com/bot.html)"
66.249.70.3 - - [28/Jul/2024:00:07:07 +0200] "GET /it/?i=buettikofer-s-epauletted-fruit-bat-wikipedia-mm-JXazKBt1 HTTP/1.1" 200 7145 "-" "Mozilla/5.0 (Linux; Android 6.0.1; Nexus 5X Build/MMB29P) AppleWebKit/537.36 (KHTML, like Gecko) Chrome/126.0.6478.126 Mobile Safari/537.36 (compatible; Googlebot/2.1; +http://www.google.com/bot.html)"
86.151.166.117 - - [28/Jul/2024:00:07:07 +0200] "GET /?i=naughtyhood-gothic-dress-for-women-halloween-costumes-for-women-mm-goQEjvT7 HTTP/1.1" 200 4354 "https://www.google.com/" "Mozilla/5.0 (Linux; Android 10; K) AppleWebKit/537.36 (KHTML, like Gecko) Chrome/127.0.0.0 Mobile Safari/537.36"
66.249.70.2 - - [28/Jul/2024:00:07:07 +0200] "GET /?i=mennonite-hats-new-zealand-mm-V25z4Mt6 HTTP/1.1" 200 7520 "-" "Mozilla/5.0 (Linux; Android 6.0.1; Nexus 5X Build/MMB29P) AppleWebKit/537.36 (KHTML, like Gecko) Chrome/126.0.6478.126 Mobile Safari/537.36 (compatible; Googlebot/2.1; +http://www.google.com/bot.html)"
66.249.70.2 - - [28/Jul/2024:00:07:07 +0200] "GET /?i=oracle-block-size-[determine-minimum]-mm-XgEBGwFX HTTP/1.1" 200 7270 "-" "Mozilla/5.0 (Linux; Android 6.0.1; Nexus 5X Build/MMB29P) AppleWebKit/537.36 (KHTML, like Gecko) Chrome/126.0.6478.126 Mobile Safari/537.36 (compatible; Googlebot/2.1; +http://www.google.com/bot.html)"
66.249.70.1 - - [28/Jul/2024:00:07:07 +0200] "GET /?i=sri-vaikhanasa-bhagavad-sastram-the-processional-diety-of-lord-mm-okjgAkfL HTTP/1.1" 200 7198 "-" "Mozilla/5.0 (Linux; Android 6.0.1; Nexus 5X Build/MMB29P) AppleWebKit/537.36 (KHTML, like Gecko) Chrome/126.0.6478.126 Mobile Safari/537.36 (compatible; Googlebot/2.1; +http://www.google.com/bot.html)"
66.249.70.5 - - [28/Jul/2024:00:07:08 +0200] "GET /?i=don-julio-70-%C2%BFes-bueno-rese%C3%B1a-opini%C3%B3n-mm-wq50Ewhk HTTP/1.1" 200 7464 "-" "Mozilla/5.0 (Linux; Android 6.0.1; Nexus 5X Build/MMB29P) AppleWebKit/537.36 (KHTML, like Gecko) Chrome/126.0.6478.126 Mobile Safari/537.36 (compatible; Googlebot/2.1; +http://www.google.com/bot.html)"
181.174.90.172 - - [28/Jul/2024:00:07:08 +0200] "GET /?i=neurofenac-laboratorios-brulab-mm-E0JWJ7u3 HTTP/1.1" 200 4355 "android-app://com.google.android.googlequicksearchbox/" "Mozilla/5.0 (Linux; Android 10; K) AppleWebKit/537.36 (KHTML, like Gecko) Chrome/126.0.0.0 Mobile Safari/537.36"
66.249.70.3 - - [28/Jul/2024:00:07:08 +0200] "GET /?i=gre-tutors-in-nyc-gre-prep-tutoring-by-ny-mm-YE6nxLsn HTTP/1.1" 200 6872 "-" "Mozilla/5.0 (Linux; Android 6.0.1; Nexus 5X Build/MMB29P) AppleWebKit/537.36 (KHTML, like Gecko) Chrome/126.0.6478.126 Mobile Safari/537.36 (compatible; Googlebot/2.1; +http://www.google.com/bot.html)"
66.249.70.5 - - [28/Jul/2024:00:07:08 +0200] "GET /de/?i=23-team-single-elimination-bracket-printable-in-pdf-interbasket-mm-WkVxJVFe HTTP/1.1" 200 10946 "-" "Mozilla/5.0 (Linux; Android 6.0.1; Nexus 5X Build/MMB29P) AppleWebKit/537.36 (KHTML, like Gecko) Chrome/126.0.6478.126 Mobile Safari/537.36 (compatible; GoogleOther)"
66.249.70.6 - - [28/Jul/2024:00:07:08 +0200] "GET /?i=kriyya-soft-613-body-wave-blonde-lace-front-wigs-mm-RNgENAu5 HTTP/1.1" 200 7549 "-" "Mozilla/5.0 (Linux; Android 6.0.1; Nexus 5X Build/MMB29P) AppleWebKit/537.36 (KHTML, like Gecko) Chrome/126.0.6478.126 Mobile Safari/537.36 (compatible; Googlebot/2.1; +http://www.google.com/bot.html)"
66.249.70.4 - - [28/Jul/2024:00:07:08 +0200] "GET /?i=ok-taxi-atlanta-ga-mm-bWWvN2sX HTTP/1.1" 200 6751 "-" "Mozilla/5.0 (Linux; Android 6.0.1; Nexus 5X Build/MMB29P) AppleWebKit/537.36 (KHTML, like Gecko) Chrome/126.0.6478.126 Mobile Safari/537.36 (compatible; Googlebot/2.1; +http://www.google.com/bot.html)"
66.249.70.1 - - [28/Jul/2024:00:07:08 +0200] "GET /?i=historia-para-3%C2%BA-pasado-presente-y-mm-4bMA5EH6 HTTP/1.1" 200 7346 "-" "Mozilla/5.0 (Linux; Android 6.0.1; Nexus 5X Build/MMB29P) AppleWebKit/537.36 (KHTML, like Gecko) Chrome/126.0.6478.126 Mobile Safari/537.36 (compatible; Googlebot/2.1; +http://www.google.com/bot.html)"
66.249.70.3 - - [28/Jul/2024:00:07:08 +0200] "GET /?i=diy-paper-plate-watermelon-fans-craft-such-a-cute-mm-20N7PaIj HTTP/1.1" 200 6586 "-" "Mozilla/5.0 (Linux; Android 6.0.1; Nexus 5X Build/MMB29P) AppleWebKit/537.36 (KHTML, like Gecko) Chrome/126.0.6478.126 Mobile Safari/537.36 (compatible; Googlebot/2.1; +http://www.google.com/bot.html)"
66.249.70.3 - - [28/Jul/2024:00:07:08 +0200] "GET /?i=molinillo-de-caf%C3%A9-manual-moler-caf%C3%A9-cereales-nueces-frijoles-mm-R5k00wu5 HTTP/1.1" 200 7577 "-" "Mozilla/5.0 (Linux; Android 6.0.1; Nexus 5X Build/MMB29P) AppleWebKit/537.36 (KHTML, like Gecko) Chrome/126.0.6478.126 Mobile Safari/537.36 (compatible; Googlebot/2.1; +http://www.google.com/bot.html)"
66.249.70.8 - - [28/Jul/2024:00:07:08 +0200] "GET /?i=mht-cet-syllabus-2024-check-subject-wise-syllabus-mm-WPzXgLce HTTP/1.1" 200 6592 "-" "Mozilla/5.0 (Linux; Android 6.0.1; Nexus 5X Build/MMB29P) AppleWebKit/537.36 (KHTML, like Gecko) Chrome/126.0.6478.126 Mobile Safari/537.36 (compatible; Googlebot/2.1; +http://www.google.com/bot.html)"
66.249.70.5 - - [28/Jul/2024:00:07:09 +0200] "GET /?i=npt-thread-pdf-pdf-mm-7xrdoAt0 HTTP/1.1" 200 6706 "-" "Mozilla/5.0 (Linux; Android 6.0.1; Nexus 5X Build/MMB29P) AppleWebKit/537.36 (KHTML, like Gecko) Chrome/126.0.6478.126 Mobile Safari/537.36 (compatible; Googlebot/2.1; +http://www.google.com/bot.html)"
66.249.70.3 - - [28/Jul/2024:00:07:08 +0200] "GET /?i=%E2%96%B3libra%E2%96%B3-on-x-el-hor%C3%B3scopo-diario-del-25-de-mm-aOa3WkcN HTTP/1.1" 200 10881 "-" "Mozilla/5.0 (Linux; Android 6.0.1; Nexus 5X Build/MMB29P) AppleWebKit/537.36 (KHTML, like Gecko) Chrome/126.0.6478.126 Mobile Safari/537.36 (compatible; Googlebot/2.1; +http://www.google.com/bot.html)"
207.46.13.54 - - [28/Jul/2024:00:07:09 +0200] "GET /?i=convert-pounds-to-kilograms-in-excel-google-sheets-automate-mm-KgAYNxuN HTTP/1.1" 200 7092 "-" "Mozilla/5.0 (iPhone; CPU iPhone OS 7_0 like Mac OS X) AppleWebKit/537.51.1 (KHTML, like Gecko) Version/7.0 Mobile/11A465 Safari/9537.53 (compatible; bingbot/2.0; +http://www.bing.com/bingbot.htm)"
217.113.194.246 - - [28/Jul/2024:00:07:08 +0200] "GET /fr/initiative/304-norvec-a-%EF%BF%BDaydunyasa-%EF%BF%BDna-ceayitlilik-getirme---oslo--norvec.html HTTP/1.1" 200 2488 "-" "Mozilla/5.0 (compatible; Barkrowler/0.9; +https://babbar.tech/crawler)"
66.249.70.8 - - [28/Jul/2024:00:07:09 +0200] "GET /?i=canyoning-at-wadi-mujib-dumitrip-mm-xgv949hq HTTP/1.1" 200 11005 "-" "Mozilla/5.0 (Linux; Android 6.0.1; Nexus 5X Build/MMB29P) AppleWebKit/537.36 (KHTML, like Gecko) Chrome/126.0.6478.126 Mobile Safari/537.36 (compatible; GoogleOther)"
66.249.70.2 - - [28/Jul/2024:00:07:09 +0200] "GET /?i=ellahi-hum-unhen-dekhen-ya-unka-dekhna-abbas-bangash-mm-j1X0VMT9 HTTP/1.1" 200 7120 "-" "Mozilla/5.0 (Linux; Android 6.0.1; Nexus 5X Build/MMB29P) AppleWebKit/537.36 (KHTML, like Gecko) Chrome/126.0.6478.126 Mobile Safari/537.36 (compatible; Googlebot/2.1; +http://www.google.com/bot.html)"
66.249.70.5 - - [28/Jul/2024:00:07:09 +0200] "GET /?i=30x40-west-facing-house-vastu-plan-house-plan-and-mm-kbRnRGIo HTTP/1.1" 200 6818 "-" "Mozilla/5.0 (Linux; Android 6.0.1; Nexus 5X Build/MMB29P) AppleWebKit/537.36 (KHTML, like Gecko) Chrome/126.0.6478.126 Mobile Safari/537.36 (compatible; Googlebot/2.1; +http://www.google.com/bot.html)"
37.210.99.89 - - [28/Jul/2024:00:07:09 +0200] "GET /?i=what-is-sapphire-gemstone-facts-and-information-mm-LJX9gzcd HTTP/1.1" 200 4355 "https://www.google.com/" "Mozilla/5.0 (Linux; Android 10; K) AppleWebKit/537.36 (KHTML, like Gecko) Chrome/126.0.0.0 Mobile Safari/537.36"
66.249.70.3 - - [28/Jul/2024:00:07:09 +0200] "GET /?i=single-soon-7-vinyl-mm-a9ELobHN HTTP/1.1" 200 7272 "-" "Mozilla/5.0 (Linux; Android 6.0.1; Nexus 5X Build/MMB29P) AppleWebKit/537.36 (KHTML, like Gecko) Chrome/126.0.6478.126 Mobile Safari/537.36 (compatible; Googlebot/2.1; +http://www.google.com/bot.html)"
66.249.70.7 - - [28/Jul/2024:00:07:09 +0200] "GET /?i=tiers-disposable-tea-party-flamingos-cake-stand-floral-cake-mm-jbQXkqU9 HTTP/1.1" 200 7254 "-" "Mozilla/5.0 (Linux; Android 6.0.1; Nexus 5X Build/MMB29P) AppleWebKit/537.36 (KHTML, like Gecko) Chrome/126.0.6478.126 Mobile Safari/537.36 (compatible; Googlebot/2.1; +http://www.google.com/bot.html)"
66.249.70.2 - - [28/Jul/2024:00:07:09 +0200] "GET /?i=moon-stainless-steel-soap-dish-with-tumbler-holder-by-mm-LKQBdzcd HTTP/1.1" 200 7740 "-" "Mozilla/5.0 (Linux; Android 6.0.1; Nexus 5X Build/MMB29P) AppleWebKit/537.36 (KHTML, like Gecko) Chrome/126.0.6478.126 Mobile Safari/537.36 (compatible; Googlebot/2.1; +http://www.google.com/bot.html)"
66.249.70.3 - - [28/Jul/2024:00:07:09 +0200] "GET /?i=solved-calculate-the-mass-of-kcro4-molar-mass-294-mm-a5E0NBhN HTTP/1.1" 200 7507 "-" "Mozilla/5.0 (Linux; Android 6.0.1; Nexus 5X Build/MMB29P) AppleWebKit/537.36 (KHTML, like Gecko) Chrome/126.0.6478.126 Mobile Safari/537.36 (compatible; Googlebot/2.1; +http://www.google.com/bot.html)"
66.249.70.4 - - [28/Jul/2024:00:07:09 +0200] "GET /?i=%E9%99%90%E5%AE%9A%E5%93%81%E3%80%91uverworld-eden-%E3%82%B9%E3%82%A6%E3%82%A7%E3%83%83%E3%83%88-%E3%80%90%E3%82%AA%E3%83%B3%E3%83%A9%E3%82%A4%E3%83%B3%E9%99%90%E5%AE%9A%E5%95%86%E5%93%81%E3%80%91-mm-rLdPjkS4 HTTP/1.1" 200 7716 "-" "Mozilla/5.0 (Linux; Android 6.0.1; Nexus 5X Build/MMB29P) AppleWebKit/537.36 (KHTML, like Gecko) Chrome/126.0.6478.126 Mobile Safari/537.36 (compatible; Googlebot/2.1; +http://www.google.com/bot.html)"
66.249.70.4 - - [28/Jul/2024:00:07:09 +0200] "GET /?i=can-you-put-aluminum-foil-in-the-microwave-detailed-mm-3m9rEI6 HTTP/1.1" 200 6910 "-" "Mozilla/5.0 (Linux; Android 6.0.1; Nexus 5X Build/MMB29P) AppleWebKit/537.36 (KHTML, like Gecko) Chrome/126.0.6478.126 Mobile Safari/537.36 (compatible; Googlebot/2.1; +http://www.google.com/bot.html)"
66.249.70.6 - - [28/Jul/2024:00:07:09 +0200] "GET /?i=ride-along-with-equine-motorcoach-family-rving-magazine-mm-qPqMASj HTTP/1.1" 200 6873 "-" "Mozilla/5.0 (Linux; Android 6.0.1; Nexus 5X Build/MMB29P) AppleWebKit/537.36 (KHTML, like Gecko) Chrome/126.0.6478.126 Mobile Safari/537.36 (compatible; Googlebot/2.1; +http://www.google.com/bot.html)"
207.46.13.54 - - [28/Jul/2024:00:07:09 +0200] "GET /?i=dynamic-compressive-behaviour-of-weld-joints-sciencedirect-mm-k3B0BdUo HTTP/1.1" 200 7688 "-" "Mozilla/5.0 (iPhone; CPU iPhone OS 7_0 like Mac OS X) AppleWebKit/537.51.1 (KHTML, like Gecko) Version/7.0 Mobile/11A465 Safari/9537.53 (compatible; bingbot/2.0; +http://www.bing.com/bingbot.htm)"
66.249.70.8 - - [28/Jul/2024:00:07:09 +0200] "GET /?i=semi-automatic-manual-tin-can-sealing-machine-tin-can-mm-gP6KjAU7 HTTP/1.1" 200 7480 "-" "Mozilla/5.0 (Linux; Android 6.0.1; Nexus 5X Build/MMB29P) AppleWebKit/537.36 (KHTML, like Gecko) Chrome/126.0.6478.126 Mobile Safari/537.36 (compatible; Googlebot/2.1; +http://www.google.com/bot.html)"
66.249.70.5 - - [28/Jul/2024:00:07:10 +0200] "GET /it/?i=the-one-where-jennifer-aniston-gets-grilled-by-sandra-mm-kGz2VxIo HTTP/1.1" 200 6865 "-" "Mozilla/5.0 (Linux; Android 6.0.1; Nexus 5X Build/MMB29P) AppleWebKit/537.36 (KHTML, like Gecko) Chrome/126.0.6478.126 Mobile Safari/537.36 (compatible; Googlebot/2.1; +http://www.google.com/bot.html)"
66.249.70.5 - - [28/Jul/2024:00:07:10 +0200] "GET /?i=luxury-hotel-in-bangkok-anantara-riverside-deluxe-room-mm-pOO5NBFj HTTP/1.1" 200 7907 "-" "Mozilla/5.0 (Linux; Android 6.0.1; Nexus 5X Build/MMB29P) AppleWebKit/537.36 (KHTML, like Gecko) Chrome/126.0.6478.126 Mobile Safari/537.36 (compatible; Googlebot/2.1; +http://www.google.com/bot.html)"
2.28.27.250 - - [28/Jul/2024:00:07:10 +0200] "GET /it/?i=morrisons-get-your-crates-of-beer-in-for-christmas-mm-anxOz6HN HTTP/1.1" 200 4355 "https://www.google.com/" "Mozilla/5.0 (Linux; Android 10; K) AppleWebKit/537.36 (KHTML, like Gecko) Chrome/126.0.0.0 Mobile Safari/537.36"
66.249.70.8 - - [28/Jul/2024:00:07:10 +0200] "GET /?i=juan-luna-spoliarium-framed-print-mm-50D6Xmfm HTTP/1.1" 200 7020 "-" "Mozilla/5.0 (Linux; Android 6.0.1; Nexus 5X Build/MMB29P) AppleWebKit/537.36 (KHTML, like Gecko) Chrome/126.0.6478.126 Mobile Safari/537.36 (compatible; Googlebot/2.1; +http://www.google.com/bot.html)"
66.249.70.110 - - [28/Jul/2024:00:07:10 +0200] "GET /?m=nanda-nic-noc-2015-indonesia-pdf-pdf-nursing-health-zz-woKdj4I7 HTTP/1.1" 200 10866 "-" "Mozilla/5.0 (Linux; Android 6.0.1; Nexus 5X Build/MMB29P) AppleWebKit/537.36 (KHTML, like Gecko) Chrome/126.0.6478.126 Mobile Safari/537.36 (compatible; GoogleOther)"
66.249.70.2 - - [28/Jul/2024:00:07:10 +0200] "GET /?i=gp-power-heute-bekamm-ein-sch%C3%B6ner-bmw-e28-mit-mm-Dkj3Vtk HTTP/1.1" 200 7398 "-" "Mozilla/5.0 (Linux; Android 6.0.1; Nexus 5X Build/MMB29P) AppleWebKit/537.36 (KHTML, like Gecko) Chrome/126.0.6478.126 Mobile Safari/537.36 (compatible; Googlebot/2.1; +http://www.google.com/bot.html)"
207.46.13.54 - - [28/Jul/2024:00:07:10 +0200] "GET /?i=tsw3-routes-not-showing-m-GJxoJACd HTTP/1.1" 200 5018 "-" "Mozilla/5.0 (iPhone; CPU iPhone OS 7_0 like Mac OS X) AppleWebKit/537.51.1 (KHTML, like Gecko) Version/7.0 Mobile/11A465 Safari/9537.53 (compatible; bingbot/2.0; +http://www.bing.com/bingbot.htm)"
66.249.70.1 - - [28/Jul/2024:00:07:10 +0200] "GET /?i=safari-explorers-a-huge-african-themed-minecraft-r-minecraftbuilds-mm-vVqjoPtV HTTP/1.1" 200 7114 "-" "Mozilla/5.0 (Linux; Android 6.0.1; Nexus 5X Build/MMB29P) AppleWebKit/537.36 (KHTML, like Gecko) Chrome/126.0.6478.126 Mobile Safari/537.36 (compatible; Googlebot/2.1; +http://www.google.com/bot.html)"
66.249.70.7 - - [28/Jul/2024:00:07:10 +0200] "GET /?i=principles-of-irrigation-engineering-arid-lands-water-supply-storage-mm-BkdLQXIV HTTP/1.1" 200 8860 "-" "Mozilla/5.0 (Linux; Android 6.0.1; Nexus 5X Build/MMB29P) AppleWebKit/537.36 (KHTML, like Gecko) Chrome/126.0.6478.126 Mobile Safari/537.36 (compatible; Googlebot/2.1; +http://www.google.com/bot.html)"
66.249.70.3 - - [28/Jul/2024:00:07:10 +0200] "GET /?i=sexto-grado-grupo-serie-num%C3%89rica-de-al-mm-G96zVpId HTTP/1.1" 200 7156 "-" "Mozilla/5.0 (Linux; Android 6.0.1; Nexus 5X Build/MMB29P) AppleWebKit/537.36 (KHTML, like Gecko) Chrome/126.0.6478.126 Mobile Safari/537.36 (compatible; Googlebot/2.1; +http://www.google.com/bot.html)"
66.249.70.5 - - [28/Jul/2024:00:07:10 +0200] "GET /?i=acer-z1-601-tear-down-mm-GjnD2LHd HTTP/1.1" 200 7296 "-" "Mozilla/5.0 (Linux; Android 6.0.1; Nexus 5X Build/MMB29P) AppleWebKit/537.36 (KHTML, like Gecko) Chrome/126.0.6478.126 Mobile Safari/537.36 (compatible; Googlebot/2.1; +http://www.google.com/bot.html)"
66.249.70.5 - - [28/Jul/2024:00:07:10 +0200] "GET /ru/?i=lisa-gardiner-rusta%EF%BD%9Ctiktok-s%C3%B6kning-mm-jbRNnnu9 HTTP/1.1" 200 6922 "-" "Mozilla/5.0 (Linux; Android 6.0.1; Nexus 5X Build/MMB29P) AppleWebKit/537.36 (KHTML, like Gecko) Chrome/126.0.6478.126 Mobile Safari/537.36 (compatible; Googlebot/2.1; +http://www.google.com/bot.html)"
66.249.70.6 - - [28/Jul/2024:00:07:10 +0200] "GET /?i=lenovo-ideapad-320-15abr-mm-PnG33LiB HTTP/1.1" 200 7124 "-" "Mozilla/5.0 (Linux; Android 6.0.1; Nexus 5X Build/MMB29P) AppleWebKit/537.36 (KHTML, like Gecko) Chrome/126.0.6478.126 Mobile Safari/537.36 (compatible; Googlebot/2.1; +http://www.google.com/bot.html)"
66.249.70.1 - - [28/Jul/2024:00:07:11 +0200] "GET /?i=ferxxo-vol-1-by-feid-on-tidal-mm-X9B9vwTX HTTP/1.1" 200 7547 "-" "Mozilla/5.0 (Linux; Android 6.0.1; Nexus 5X Build/MMB29P) AppleWebKit/537.36 (KHTML, like Gecko) Chrome/126.0.6478.126 Mobile Safari/537.36 (compatible; Googlebot/2.1; +http://www.google.com/bot.html)"
66.249.70.7 - - [28/Jul/2024:00:07:11 +0200] "GET /?i=huawei-mate-pad-t10-fuchsia-d%C3%B6nebilen-standl%C4%B1-k%C4%B1l%C4%B1f-fuchsia-mm-KN1z3PcN HTTP/1.1" 200 7304 "-" "Mozilla/5.0 (Linux; Android 6.0.1; Nexus 5X Build/MMB29P) AppleWebKit/537.36 (KHTML, like Gecko) Chrome/126.0.6478.126 Mobile Safari/537.36 (compatible; Googlebot/2.1; +http://www.google.com/bot.html)"
66.249.70.6 - - [28/Jul/2024:00:07:11 +0200] "GET /?i=gabapentin-for-perioperative-analgesia-in-otorhinolaryngology%E2%80%93head-and-neck-surgery-mm-NJKO0MTd HTTP/1.1" 200 11358 "-" "Mozilla/5.0 (Linux; Android 6.0.1; Nexus 5X Build/MMB29P) AppleWebKit/537.36 (KHTML, like Gecko) Chrome/126.0.6478.126 Mobile Safari/537.36 (compatible; Googlebot/2.1; +http://www.google.com/bot.html)"
66.249.70.1 - - [28/Jul/2024:00:07:11 +0200] "GET /?i=bing-larry-and-the-rejects-on-tumblr-mm-K2Vn4PFN HTTP/1.1" 200 8575 "-" "Mozilla/5.0 (Linux; Android 6.0.1; Nexus 5X Build/MMB29P) AppleWebKit/537.36 (KHTML, like Gecko) Chrome/126.0.6478.126 Mobile Safari/537.36 (compatible; Googlebot/2.1; +http://www.google.com/bot.html)"
66.249.70.7 - - [28/Jul/2024:00:07:11 +0200] "GET /?i=file-sri-krishna-devaraya-at-wikimedia-commons-mm-r7dDxRu4 HTTP/1.1" 200 11339 "-" "Mozilla/5.0 (Linux; Android 6.0.1; Nexus 5X Build/MMB29P) AppleWebKit/537.36 (KHTML, like Gecko) Chrome/126.0.6478.126 Mobile Safari/537.36 (compatible; Googlebot/2.1; +http://www.google.com/bot.html)"
66.249.70.8 - - [28/Jul/2024:00:07:11 +0200] "GET /?i=vivo-v25-mobile-phone-specs-and-price-vivo-global-mm-K0gkwkFN HTTP/1.1" 200 7677 "-" "Mozilla/5.0 (Linux; Android 6.0.1; Nexus 5X Build/MMB29P) AppleWebKit/537.36 (KHTML, like Gecko) Chrome/126.0.6478.126 Mobile Safari/537.36 (compatible; Googlebot/2.1; +http://www.google.com/bot.html)"
66.249.70.7 - - [28/Jul/2024:00:07:11 +0200] "GET /?i=minolta-md-rokkor-50mm-blog-pinterest-i%E2%80%A6-flickr-mm-G3pvbEhd HTTP/1.1" 200 7009 "-" "Mozilla/5.0 (Linux; Android 6.0.1; Nexus 5X Build/MMB29P) AppleWebKit/537.36 (KHTML, like Gecko) Chrome/126.0.6478.126 Mobile Safari/537.36 (compatible; Googlebot/2.1; +http://www.google.com/bot.html)"
66.249.70.1 - - [28/Jul/2024:00:07:11 +0200] "GET /?i=program-course-bcom-a-f-class-tybcom-a-f-mm-zEBMaDC5 HTTP/1.1" 200 7395 "-" "Mozilla/5.0 (Linux; Android 6.0.1; Nexus 5X Build/MMB29P) AppleWebKit/537.36 (KHTML, like Gecko) Chrome/126.0.6478.126 Mobile Safari/537.36 (compatible; Googlebot/2.1; +http://www.google.com/bot.html)"
66.249.70.8 - - [28/Jul/2024:00:07:11 +0200] "GET /?i=turtle-beach-stealth-pro-review-phenomenal-with-a-price-mm-kpPPkBSo HTTP/1.1" 200 11190 "-" "Mozilla/5.0 (Linux; Android 6.0.1; Nexus 5X Build/MMB29P) AppleWebKit/537.36 (KHTML, like Gecko) Chrome/126.0.6478.126 Mobile Safari/537.36 (compatible; Googlebot/2.1; +http://www.google.com/bot.html)"
66.249.70.1 - - [28/Jul/2024:00:07:11 +0200] "GET /it/?i=vers%C3%ADculo-del-d%C3%ADa-mateo-22-37-rv60-mm-A0xGXKtO HTTP/1.1" 200 6124 "-" "Mozilla/5.0 (Linux; Android 6.0.1; Nexus 5X Build/MMB29P) AppleWebKit/537.36 (KHTML, like Gecko) Chrome/126.0.6478.126 Mobile Safari/537.36 (compatible; Googlebot/2.1; +http://www.google.com/bot.html)"
66.249.70.5 - - [28/Jul/2024:00:07:11 +0200] "GET /?i=beautiful-happy-64th-birthday-images-and-funny-cards-mm-vgNz5cV HTTP/1.1" 200 7440 "-" "Mozilla/5.0 (Linux; Android 6.0.1; Nexus 5X Build/MMB29P) AppleWebKit/537.36 (KHTML, like Gecko) Chrome/126.0.6478.126 Mobile Safari/537.36 (compatible; Googlebot/2.1; +http://www.google.com/bot.html)"
66.249.70.3 - - [28/Jul/2024:00:07:12 +0200] "GET /?i=servis-onar%C4%B1m-bak%C4%B1m-yedek-par%C3%A7a-ar%C4%B1zal%C4%B1-bilgisayar-laptop-notebook-mm-bYAOMniX HTTP/1.1" 200 7534 "-" "Mozilla/5.0 (Linux; Android 6.0.1; Nexus 5X Build/MMB29P) AppleWebKit/537.36 (KHTML, like Gecko) Chrome/126.0.6478.126 Mobile Safari/537.36 (compatible; Googlebot/2.1; +http://www.google.com/bot.html)"
66.249.70.4 - - [28/Jul/2024:00:07:12 +0200] "GET /?i=incandescent-light-bulb-wikipedia-mm-a7wwGKIN HTTP/1.1" 200 7205 "-" "Mozilla/5.0 (Linux; Android 6.0.1; Nexus 5X Build/MMB29P) AppleWebKit/537.36 (KHTML, like Gecko) Chrome/126.0.6478.126 Mobile Safari/537.36 (compatible; Googlebot/2.1; +http://www.google.com/bot.html)"
136.243.228.194 - - [28/Jul/2024:00:07:11 +0200] "GET /?i=tak-akan-ada-samsung-galaxy-a74-tahun-depan-seri-mm-d1JJWVFe HTTP/1.1" 200 1816 "-" "Mozilla/5.0 (compatible; DataForSeoBot/1.0; +https://dataforseo.com/dataforseo-bot)"
66.249.70.7 - - [28/Jul/2024:00:07:12 +0200] "GET /100/?i=ppl-a-ecqb-ppl-examination-questions-pdf-airspeed-flight-mm-V1oV6zu6 HTTP/1.1" 200 10625 "-" "Mozilla/5.0 (Linux; Android 6.0.1; Nexus 5X Build/MMB29P) AppleWebKit/537.36 (KHTML, like Gecko) Chrome/126.0.6478.126 Mobile Safari/537.36 (compatible; GoogleOther)"
66.249.70.6 - - [28/Jul/2024:00:07:12 +0200] "GET /?i=best-buddypress-themes-for-wordpress-herothemes-mm-a7NevrFN HTTP/1.1" 200 7079 "-" "Mozilla/5.0 (Linux; Android 6.0.1; Nexus 5X Build/MMB29P) AppleWebKit/537.36 (KHTML, like Gecko) Chrome/126.0.6478.126 Mobile Safari/537.36 (compatible; Googlebot/2.1; +http://www.google.com/bot.html)"
66.249.70.5 - - [28/Jul/2024:00:07:12 +0200] "GET /?i=wanderlust-dj-nippon-sushi-bandar-baru-bangi-mm-aRmjKwTN HTTP/1.1" 200 6788 "-" "Mozilla/5.0 (Linux; Android 6.0.1; Nexus 5X Build/MMB29P) AppleWebKit/537.36 (KHTML, like Gecko) Chrome/126.0.6478.126 Mobile Safari/537.36 (compatible; Googlebot/2.1; +http://www.google.com/bot.html)"
66.249.70.8 - - [28/Jul/2024:00:07:12 +0200] "GET /?i=hp-0957-2119-100-240v-50-60hz-32v-printer-mm-1nRAk7c7 HTTP/1.1" 200 7165 "-" "Mozilla/5.0 (Linux; Android 6.0.1; Nexus 5X Build/MMB29P) AppleWebKit/537.36 (KHTML, like Gecko) Chrome/126.0.6478.126 Mobile Safari/537.36 (compatible; Googlebot/2.1; +http://www.google.com/bot.html)"
66.249.70.5 - - [28/Jul/2024:00:07:12 +0200] "GET /?i=enhanced-resonant-two%E2%80%90degree-of-freedom%E2%80%90based-pid-controller-for-grid%E2%80%90integrated-mm-xYopXOCq HTTP/1.1" 200 7920 "-" "Mozilla/5.0 (Linux; Android 6.0.1; Nexus 5X Build/MMB29P) AppleWebKit/537.36 (KHTML, like Gecko) Chrome/126.0.6478.126 Mobile Safari/537.36 (compatible; Googlebot/2.1; +http://www.google.com/bot.html)"
66.249.70.7 - - [28/Jul/2024:00:07:12 +0200] "GET /?i=seven-last-words-abs-cbn-good-friday-10-april-mm-22GBVkcj HTTP/1.1" 200 7163 "-" "Mozilla/5.0 (Linux; Android 6.0.1; Nexus 5X Build/MMB29P) AppleWebKit/537.36 (KHTML, like Gecko) Chrome/126.0.6478.126 Mobile Safari/537.36 (compatible; Googlebot/2.1; +http://www.google.com/bot.html)"
66.249.70.1 - - [28/Jul/2024:00:07:12 +0200] "GET /?i=butein-suppresses-hepatocellular-carcinoma-growth-via-modulating-aurora-b-mm-Kb1rLRSN HTTP/1.1" 200 8050 "-" "Mozilla/5.0 (Linux; Android 6.0.1; Nexus 5X Build/MMB29P) AppleWebKit/537.36 (KHTML, like Gecko) Chrome/126.0.6478.126 Mobile Safari/537.36 (compatible; Googlebot/2.1; +http://www.google.com/bot.html)"
66.249.70.1 - - [28/Jul/2024:00:07:12 +0200] "GET /?i=mobile-home-exterior-doors-mobile-home-outfitters-mm-E2L31kC3 HTTP/1.1" 200 7526 "-" "Mozilla/5.0 (Linux; Android 6.0.1; Nexus 5X Build/MMB29P) AppleWebKit/537.36 (KHTML, like Gecko) Chrome/126.0.6478.126 Mobile Safari/537.36 (compatible; Googlebot/2.1; +http://www.google.com/bot.html)"
66.249.70.8 - - [28/Jul/2024:00:07:12 +0200] "GET /?i=lena-ivory-silk-skirt-top-set-mm-eY5ENRSg HTTP/1.1" 200 7350 "-" "Mozilla/5.0 (Linux; Android 6.0.1; Nexus 5X Build/MMB29P) AppleWebKit/537.36 (KHTML, like Gecko) Chrome/126.0.6478.126 Mobile Safari/537.36 (compatible; Googlebot/2.1; +http://www.google.com/bot.html)"
66.249.70.2 - - [28/Jul/2024:00:07:13 +0200] "GET /?i=faze-clan-announces-naruto-shippuden-product-collaboration-launch-set-mm-rLnr3Ai4 HTTP/1.1" 200 7528 "-" "Mozilla/5.0 (Linux; Android 6.0.1; Nexus 5X Build/MMB29P) AppleWebKit/537.36 (KHTML, like Gecko) Chrome/126.0.6478.126 Mobile Safari/537.36 (compatible; Googlebot/2.1; +http://www.google.com/bot.html)"
66.249.70.1 - - [28/Jul/2024:00:07:13 +0200] "GET /?i=sports-cristiano-ronaldo-4k-ultra-hd-wallpaper-mm-OKMd3PsX HTTP/1.1" 200 6582 "-" "Mozilla/5.0 (Linux; Android 6.0.1; Nexus 5X Build/MMB29P) AppleWebKit/537.36 (KHTML, like Gecko) Chrome/126.0.6478.126 Mobile Safari/537.36 (compatible; Googlebot/2.1; +http://www.google.com/bot.html)"
195.87.216.120 - - [28/Jul/2024:00:07:13 +0200] "GET /it/?i=marco-polo-keshig-mongol-masks-created-by-marcopolo-costumer-mm-XWDz6fX HTTP/1.1" 200 4354 "https://www.google.com/" "Mozilla/5.0 (Linux; Android 10; K) AppleWebKit/537.36 (KHTML, like Gecko) Chrome/126.0.0.0 Mobile Safari/537.36"
66.249.70.7 - - [28/Jul/2024:00:07:13 +0200] "GET /?i=nhl-teams-with-the-most-stanley-cup-wins-1915-mm-rW5Pzpc4 HTTP/1.1" 200 6845 "-" "Mozilla/5.0 (Linux; Android 6.0.1; Nexus 5X Build/MMB29P) AppleWebKit/537.36 (KHTML, like Gecko) Chrome/126.0.6478.126 Mobile Safari/537.36 (compatible; Googlebot/2.1; +http://www.google.com/bot.html)"
66.249.70.5 - - [28/Jul/2024:00:07:13 +0200] "GET /?i=bas-de-surv%C3%AAtement-lacoste-noir-vinted-mm-kQWEANco HTTP/1.1" 200 7452 "-" "Mozilla/5.0 (Linux; Android 6.0.1; Nexus 5X Build/MMB29P) AppleWebKit/537.36 (KHTML, like Gecko) Chrome/126.0.6478.126 Mobile Safari/537.36 (compatible; Googlebot/2.1; +http://www.google.com/bot.html)"
66.249.70.96 - - [28/Jul/2024:00:07:13 +0200] "GET /?m=pdf]-long-term-and-standard-incubations-of-wst-1-zz-LKbDBzHk HTTP/1.1" 200 11281 "-" "Mozilla/5.0 (Linux; Android 6.0.1; Nexus 5X Build/MMB29P) AppleWebKit/537.36 (KHTML, like Gecko) Chrome/126.0.6478.126 Mobile Safari/537.36 (compatible; GoogleOther)"
66.249.70.1 - - [28/Jul/2024:00:07:13 +0200] "GET /?i=the-adorable-mess-our-foot-washing-ceremony-mm-9Eo6jJu7 HTTP/1.1" 200 7205 "-" "Mozilla/5.0 (Linux; Android 6.0.1; Nexus 5X Build/MMB29P) AppleWebKit/537.36 (KHTML, like Gecko) Chrome/126.0.6478.126 Mobile Safari/537.36 (compatible; Googlebot/2.1; +http://www.google.com/bot.html)"
66.249.70.7 - - [28/Jul/2024:00:07:13 +0200] "GET /?i=-mm-P6O9jJFB HTTP/1.1" 200 7056 "-" "Mozilla/5.0 (Linux; Android 6.0.1; Nexus 5X Build/MMB29P) AppleWebKit/537.36 (KHTML, like Gecko) Chrome/126.0.6478.126 Mobile Safari/537.36 (compatible; Googlebot/2.1; +http://www.google.com/bot.html)"
66.249.70.4 - - [28/Jul/2024:00:07:13 +0200] "GET /?i=flower-shop-tour-arizona-flower-market-mm-oP7DV1HL HTTP/1.1" 200 7442 "-" "Mozilla/5.0 (Linux; Android 6.0.1; Nexus 5X Build/MMB29P) AppleWebKit/537.36 (KHTML, like Gecko) Chrome/126.0.6478.126 Mobile Safari/537.36 (compatible; Googlebot/2.1; +http://www.google.com/bot.html)"
66.249.70.8 - - [28/Jul/2024:00:07:13 +0200] "GET /?i=panasonic-mm-1oPNobh7 HTTP/1.1" 200 11715 "-" "Mozilla/5.0 (Linux; Android 6.0.1; Nexus 5X Build/MMB29P) AppleWebKit/537.36 (KHTML, like Gecko) Chrome/126.0.6478.126 Mobile Safari/537.36 (compatible; Googlebot/2.1; +http://www.google.com/bot.html)"
66.249.70.5 - - [28/Jul/2024:00:07:13 +0200] "GET /?i=jurassic-world-super-colossal-giant-dino-mm-vgLQPrcV HTTP/1.1" 200 7242 "-" "Mozilla/5.0 (Linux; Android 6.0.1; Nexus 5X Build/MMB29P) AppleWebKit/537.36 (KHTML, like Gecko) Chrome/126.0.6478.126 Mobile Safari/537.36 (compatible; Googlebot/2.1; +http://www.google.com/bot.html)"
66.249.70.6 - - [28/Jul/2024:00:07:13 +0200] "GET /it/?i=layec-on-x-ferrari-288-gto-x-mm-0gdO9wux HTTP/1.1" 200 7220 "-" "Mozilla/5.0 (Linux; Android 6.0.1; Nexus 5X Build/MMB29P) AppleWebKit/537.36 (KHTML, like Gecko) Chrome/126.0.6478.126 Mobile Safari/537.36 (compatible; Googlebot/2.1; +http://www.google.com/bot.html)"
45.18.188.245 - - [28/Jul/2024:00:07:13 +0200] "GET /?i=13-going-on-30-cast-see-what-the-stars-mm-ML2Bazfo HTTP/1.1" 200 4356 "https://www.google.com/" "Mozilla/5.0 (Linux; Android 10; K) AppleWebKit/537.36 (KHTML, like Gecko) Chrome/127.0.0.0 Mobile Safari/537.36"
66.249.70.1 - - [28/Jul/2024:00:07:14 +0200] "GET /?i=yama-glass-cup-coffee-tea-french-press-25oz-mm-v5NzYJUV HTTP/1.1" 200 7309 "-" "Mozilla/5.0 (Linux; Android 6.0.1; Nexus 5X Build/MMB29P) AppleWebKit/537.36 (KHTML, like Gecko) Chrome/126.0.6478.126 Mobile Safari/537.36 (compatible; Googlebot/2.1; +http://www.google.com/bot.html)"
66.249.70.3 - - [28/Jul/2024:00:07:14 +0200] "GET /?i=dermestid-beetle-kits-skull-taxidermy-mm-m2kVNAUX HTTP/1.1" 200 7162 "-" "Mozilla/5.0 (Linux; Android 6.0.1; Nexus 5X Build/MMB29P) AppleWebKit/537.36 (KHTML, like Gecko) Chrome/126.0.6478.126 Mobile Safari/537.36 (compatible; Googlebot/2.1; +http://www.google.com/bot.html)"
66.249.70.8 - - [28/Jul/2024:00:07:14 +0200] "GET /?i=how-to-wrap-horse-legs-and-how-to-roll-mm-VvKXo6C6 HTTP/1.1" 200 10880 "-" "Mozilla/5.0 (Linux; Android 6.0.1; Nexus 5X Build/MMB29P) AppleWebKit/537.36 (KHTML, like Gecko) Chrome/126.0.6478.126 Mobile Safari/537.36 (compatible; Googlebot/2.1; +http://www.google.com/bot.html)"
201.77.13.177 - - [28/Jul/2024:00:07:13 +0200] "GET /?i=celular-barato-com-c%C3%A2mera-boa-veja-a-lista-dos-mm-gbjd0rC7 HTTP/1.1" 200 5719 "-" "Dalvik/2.1.0 (Linux; U; Android 13; SM-A127M Build/TP1A.220624.014) AppleWebKit [PB/175] (KHTML, like Gecko) Chrome/108.0.0.0 Mobile Safari/537.36"
66.249.70.8 - - [28/Jul/2024:00:07:14 +0200] "GET /?i=mtg-realm-epic-magic-the-gathering-wall-art-jace-mm-o4rdreuL HTTP/1.1" 200 7596 "-" "Mozilla/5.0 (Linux; Android 6.0.1; Nexus 5X Build/MMB29P) AppleWebKit/537.36 (KHTML, like Gecko) Chrome/126.0.6478.126 Mobile Safari/537.36 (compatible; Googlebot/2.1; +http://www.google.com/bot.html)"
66.249.70.2 - - [28/Jul/2024:00:07:14 +0200] "GET /?i=how-much-do-you-earn-per-day-with-admob-mm-EPE3VpH3 HTTP/1.1" 200 6826 "-" "Mozilla/5.0 (Linux; Android 6.0.1; Nexus 5X Build/MMB29P) AppleWebKit/537.36 (KHTML, like Gecko) Chrome/126.0.6478.126 Mobile Safari/537.36 (compatible; Googlebot/2.1; +http://www.google.com/bot.html)"
66.249.70.8 - - [28/Jul/2024:00:07:14 +0200] "GET /?i=rose-cut-diamonds-everything-you-need-to-know-mm-1w7A3vf7 HTTP/1.1" 200 10910 "-" "Mozilla/5.0 (Linux; Android 6.0.1; Nexus 5X Build/MMB29P) AppleWebKit/537.36 (KHTML, like Gecko) Chrome/126.0.6478.126 Mobile Safari/537.36 (compatible; Googlebot/2.1; +http://www.google.com/bot.html)"
66.249.70.6 - - [28/Jul/2024:00:07:14 +0200] "GET /?i=colorful-varieties-of-koi-fish-drawing-pattern-drink-coaster-mm-KrMWPPiN HTTP/1.1" 200 7213 "-" "Mozilla/5.0 (Linux; Android 6.0.1; Nexus 5X Build/MMB29P) AppleWebKit/537.36 (KHTML, like Gecko) Chrome/126.0.6478.126 Mobile Safari/537.36 (compatible; Googlebot/2.1; +http://www.google.com/bot.html)"
157.55.39.62 - - [28/Jul/2024:00:07:14 +0200] "GET /?i=security-market-indices-cfa-level-m-XpJgKHX HTTP/1.1" 200 8341 "-" "Mozilla/5.0 AppleWebKit/537.36 (KHTML, like Gecko; compatible; bingbot/2.0; +http://www.bing.com/bingbot.htm) Chrome/116.0.1938.76 Safari/537.36"
66.249.70.6 - - [28/Jul/2024:00:07:14 +0200] "GET /fr/?i=double-rv-wall-hugger-recliner-sofa-with-console-available-mm-nmN4PKIE HTTP/1.1" 200 7078 "-" "Mozilla/5.0 (Linux; Android 6.0.1; Nexus 5X Build/MMB29P) AppleWebKit/537.36 (KHTML, like Gecko) Chrome/126.0.6478.126 Mobile Safari/537.36 (compatible; Googlebot/2.1; +http://www.google.com/bot.html)"
66.249.70.8 - - [28/Jul/2024:00:07:14 +0200] "GET /?i=obarter-x5-1200w-2-60v30ah-13inch-electric-scooter-adult-mm-JBbn7XU1 HTTP/1.1" 200 7496 "-" "Mozilla/5.0 (Linux; Android 6.0.1; Nexus 5X Build/MMB29P) AppleWebKit/537.36 (KHTML, like Gecko) Chrome/126.0.6478.126 Mobile Safari/537.36 (compatible; Googlebot/2.1; +http://www.google.com/bot.html)"
66.249.70.6 - - [28/Jul/2024:00:07:14 +0200] "GET /?i=persona-golden-fusion-solutions-for-the-empress-social-link-mm-XK0x0whX HTTP/1.1" 200 10637 "-" "Mozilla/5.0 (Linux; Android 6.0.1; Nexus 5X Build/MMB29P) AppleWebKit/537.36 (KHTML, like Gecko) Chrome/126.0.6478.126 Mobile Safari/537.36 (compatible; Googlebot/2.1; +http://www.google.com/bot.html)"
66.249.70.4 - - [28/Jul/2024:00:07:14 +0200] "GET /?i=durkopp-adler-industrial-sewing-machine-t134520-mm-X2BpanHX HTTP/1.1" 200 7064 "-" "Mozilla/5.0 (Linux; Android 6.0.1; Nexus 5X Build/MMB29P) AppleWebKit/537.36 (KHTML, like Gecko) Chrome/126.0.6478.126 Mobile Safari/537.36 (compatible; Googlebot/2.1; +http://www.google.com/bot.html)"
98.156.2.24 - - [28/Jul/2024:00:07:14 +0200] "GET /?i=is-there-any-difference-between-the-chinese-and-the-mm-V13JzH6 HTTP/1.1" 200 4353 "https://www.google.com/" "Mozilla/5.0 (iPhone; CPU iPhone OS 17_5_1 like Mac OS X) AppleWebKit/605.1.15 (KHTML, like Gecko) Version/17.5 Mobile/15E148 Safari/604.1"
66.249.70.8 - - [28/Jul/2024:00:07:15 +0200] "GET /?i=30-squadron-hi-res-stock-photography-and-images-alamy-mm-KbnVjRcN HTTP/1.1" 200 7868 "-" "Mozilla/5.0 (Linux; Android 6.0.1; Nexus 5X Build/MMB29P) AppleWebKit/537.36 (KHTML, like Gecko) Chrome/126.0.6478.126 Mobile Safari/537.36 (compatible; Googlebot/2.1; +http://www.google.com/bot.html)"
157.55.39.62 - - [28/Jul/2024:00:07:15 +0200] "GET /?i=free-ai-image-generator-online-text-to-image-app-mm-vQpRwaSV HTTP/1.1" 200 7214 "-" "Mozilla/5.0 AppleWebKit/537.36 (KHTML, like Gecko; compatible; bingbot/2.0; +http://www.bing.com/bingbot.htm) Chrome/116.0.1938.76 Safari/537.36"
66.249.70.7 - - [28/Jul/2024:00:07:15 +0200] "GET /?i=rosie-the-riveter-costume-clothes-shoes-hair-scarf-mm-AXgAnQHO HTTP/1.1" 200 7651 "-" "Mozilla/5.0 (Linux; Android 6.0.1; Nexus 5X Build/MMB29P) AppleWebKit/537.36 (KHTML, like Gecko) Chrome/126.0.6478.126 Mobile Safari/537.36 (compatible; Googlebot/2.1; +http://www.google.com/bot.html)"
66.249.70.5 - - [28/Jul/2024:00:07:15 +0200] "GET /?i=ppt-medieval-feudal-system-powerpoint-presentation-free-download-id-mm-qD3Ypdhj HTTP/1.1" 200 7234 "-" "Mozilla/5.0 (Linux; Android 6.0.1; Nexus 5X Build/MMB29P) AppleWebKit/537.36 (KHTML, like Gecko) Chrome/126.0.6478.126 Mobile Safari/537.36 (compatible; Googlebot/2.1; +http://www.google.com/bot.html)"
66.249.70.8 - - [28/Jul/2024:00:07:15 +0200] "GET /?i=rust-oleum-241758-watco-butcher-block-oil-food-grade-mm-KNOWGLFN HTTP/1.1" 200 7018 "-" "Mozilla/5.0 (Linux; Android 6.0.1; Nexus 5X Build/MMB29P) AppleWebKit/537.36 (KHTML, like Gecko) Chrome/126.0.6478.126 Mobile Safari/537.36 (compatible; Googlebot/2.1; +http://www.google.com/bot.html)"
66.249.70.4 - - [28/Jul/2024:00:07:15 +0200] "GET /?i=boiler-pressure-controls-101-contractor-mm-geQPreF7 HTTP/1.1" 200 7110 "-" "Mozilla/5.0 (Linux; Android 6.0.1; Nexus 5X Build/MMB29P) AppleWebKit/537.36 (KHTML, like Gecko) Chrome/126.0.6478.126 Mobile Safari/537.36 (compatible; Googlebot/2.1; +http://www.google.com/bot.html)"
66.249.70.1 - - [28/Jul/2024:00:07:15 +0200] "GET /?i=do-s-and-don-ts-usps-news-link-mm-7nojKaU0 HTTP/1.1" 200 7114 "-" "Mozilla/5.0 (Linux; Android 6.0.1; Nexus 5X Build/MMB29P) AppleWebKit/537.36 (KHTML, like Gecko) Chrome/126.0.6478.126 Mobile Safari/537.36 (compatible; Googlebot/2.1; +http://www.google.com/bot.html)"
66.249.70.2 - - [28/Jul/2024:00:07:15 +0200] "GET /?i=s-200ve-vega-sa-5-gammon-missile-site-design-mm-w2jqm6fk HTTP/1.1" 200 7389 "-" "Mozilla/5.0 (Linux; Android 6.0.1; Nexus 5X Build/MMB29P) AppleWebKit/537.36 (KHTML, like Gecko) Chrome/126.0.6478.126 Mobile Safari/537.36 (compatible; Googlebot/2.1; +http://www.google.com/bot.html)"
66.249.70.4 - - [28/Jul/2024:00:07:15 +0200] "GET /?i=4-00-wallow-in-self-pity;-4-30-stare-mm-ExmaJpH3 HTTP/1.1" 200 10591 "-" "Mozilla/5.0 (Linux; Android 6.0.1; Nexus 5X Build/MMB29P) AppleWebKit/537.36 (KHTML, like Gecko) Chrome/126.0.6478.126 Mobile Safari/537.36 (compatible; Googlebot/2.1; +http://www.google.com/bot.html)"
66.249.70.3 - - [28/Jul/2024:00:07:15 +0200] "GET /?i=sfakia-greece-2023-best-places-to-visit-tripadvisor-mm-aeQkrjFN HTTP/1.1" 200 6606 "-" "Mozilla/5.0 (Linux; Android 6.0.1; Nexus 5X Build/MMB29P) AppleWebKit/537.36 (KHTML, like Gecko) Chrome/126.0.6478.126 Mobile Safari/537.36 (compatible; Googlebot/2.1; +http://www.google.com/bot.html)"
77.174.79.59 - - [28/Jul/2024:00:07:15 +0200] "GET /?i=things-you-should-know-about-jinro-soju-jinro-soju-mm-3aGMAMs6 HTTP/1.1" 200 4356 "https://www.google.com/" "Mozilla/5.0 (Linux; Android 10; K) AppleWebKit/537.36 (KHTML, like Gecko) Chrome/127.0.0.0 Mobile Safari/537.36"
136.243.228.194 - - [28/Jul/2024:00:07:15 +0200] "GET /?i=%C4%90i%E1%BB%87n-tho%E1%BA%A1i-samsung-galaxy-a03s-ch%C3%ADnh-h%C3%A3ng-di-%C4%90%E1%BB%99ng-mm-122MJYf7 HTTP/1.1" 200 1816 "-" "Mozilla/5.0 (compatible; DataForSeoBot/1.0; +https://dataforseo.com/dataforseo-bot)"
66.249.70.109 - - [28/Jul/2024:00:07:16 +0200] "GET /?m=avis-actions-pdf-zz-YX8XGBUq HTTP/1.1" 200 10583 "-" "Mozilla/5.0 (Linux; Android 6.0.1; Nexus 5X Build/MMB29P) AppleWebKit/537.36 (KHTML, like Gecko) Chrome/126.0.6478.126 Mobile Safari/537.36 (compatible; GoogleOther)"
66.249.70.8 - - [28/Jul/2024:00:07:16 +0200] "GET /?i=icc-on-x-the-beauty-of-the-game-at-mm-d2PVg3Se HTTP/1.1" 200 5865 "-" "Mozilla/5.0 (Linux; Android 6.0.1; Nexus 5X Build/MMB29P) AppleWebKit/537.36 (KHTML, like Gecko) Chrome/126.0.6478.126 Mobile Safari/537.36 (compatible; Googlebot/2.1; +http://www.google.com/bot.html)"
66.249.70.3 - - [28/Jul/2024:00:07:16 +0200] "GET /?i=p0031-p0051-fix-tacoma-world-mm-X79JJ3CX HTTP/1.1" 200 10890 "-" "Mozilla/5.0 (Linux; Android 6.0.1; Nexus 5X Build/MMB29P) AppleWebKit/537.36 (KHTML, like Gecko) Chrome/126.0.6478.126 Mobile Safari/537.36 (compatible; Googlebot/2.1; +http://www.google.com/bot.html)"
66.249.70.8 - - [28/Jul/2024:00:07:16 +0200] "GET /?i=wholesale-wedding-anniversary-greeting-cards-mm-6ngmgjfN HTTP/1.1" 200 7100 "-" "Mozilla/5.0 (Linux; Android 6.0.1; Nexus 5X Build/MMB29P) AppleWebKit/537.36 (KHTML, like Gecko) Chrome/126.0.6478.126 Mobile Safari/537.36 (compatible; Googlebot/2.1; +http://www.google.com/bot.html)"
