66.249.70.5 - - [28/Jul/2024:00:03:58 +0200] "GET /?i=nmgc-national-multicultural-greek-council-mm-z6AR40c5 HTTP/1.1" 200 6354 "-" "Mozilla/5.0 (Linux; Android 6.0.1; Nexus 5X Build/MMB29P) AppleWebKit/537.36 (KHTML, like Gecko) Chrome/126.0.6478.126 Mobile Safari/537.36 (compatible; Googlebot/2.1; +http://www.google.com/bot.html)"
66.249.70.4 - - [28/Jul/2024:00:03:58 +0200] "GET /it/?i=you-can-now-dress-your-chicken-in-a-tutu-mm-E5KRD6C3 HTTP/1.1" 200 7265 "-" "Mozilla/5.0 (Linux; Android 6.0.1; Nexus 5X Build/MMB29P) AppleWebKit/537.36 (KHTML, like Gecko) Chrome/126.0.6478.126 Mobile Safari/537.36 (compatible; Googlebot/2.1; +http://www.google.com/bot.html)"
66.249.70.6 - - [28/Jul/2024:00:03:58 +0200] "GET /?i=lawyers-office-decor-gift-for-lawyers-justice-art-print-mm-KMb4OkcN HTTP/1.1" 200 7137 "-" "Mozilla/5.0 (Linux; Android 6.0.1; Nexus 5X Build/MMB29P) AppleWebKit/537.36 (KHTML, like Gecko) Chrome/126.0.6478.126 Mobile Safari/537.36 (compatible; Googlebot/2.1; +http://www.google.com/bot.html)"
66.249.70.1 - - [28/Jul/2024:00:03:59 +0200] "GET /?i=%EB%AF%B8%EC%93%B0%EB%B9%84%EC%8B%9C%EC%A0%84%EA%B8%B0-edu]-qj61bt11n-%EB%A1%9C%EC%BB%AC%EA%B5%AD-%EC%97%B0%EA%B2%B0%EB%B0%A9%EB%B2%95-mm-rqMqa7h4 HTTP/1.1" 200 6748 "-" "Mozilla/5.0 (Linux; Android 6.0.1; Nexus 5X Build/MMB29P) AppleWebKit/537.36 (KHTML, like Gecko) Chrome/126.0.6478.126 Mobile Safari/537.36 (compatible; Googlebot/2.1; +http://www.google.com/bot.html)"
66.249.70.6 - - [28/Jul/2024:00:03:59 +0200] "GET /en/?i=wh-flat-roof-solar-mounting-system-manufacturers-and-suppliers-mm-3arEnns6 HTTP/1.1" 200 7571 "-" "Mozilla/5.0 (Linux; Android 6.0.1; Nexus 5X Build/MMB29P) AppleWebKit/537.36 (KHTML, like Gecko) Chrome/126.0.6478.126 Mobile Safari/537.36 (compatible; Googlebot/2.1; +http://www.google.com/bot.html)"
66.249.70.4 - - [28/Jul/2024:00:03:59 +0200] "GET /?i=manillar-alpcross-der-lenker-31-8-x-750mm-9%C2%BA-mm-do69eXfe HTTP/1.1" 200 6930 "-" "Mozilla/5.0 (Linux; Android 6.0.1; Nexus 5X Build/MMB29P) AppleWebKit/537.36 (KHTML, like Gecko) Chrome/126.0.6478.126 Mobile Safari/537.36 (compatible; Googlebot/2.1; +http://www.google.com/bot.html)"
66.249.70.1 - - [28/Jul/2024:00:03:59 +0200] "GET /?i=5s-implementation-in-food-industry-department-of-mechanical-engineering-mm-oEqpW4tL HTTP/1.1" 200 7585 "-" "Mozilla/5.0 (Linux; Android 6.0.1; Nexus 5X Build/MMB29P) AppleWebKit/537.36 (KHTML, like Gecko) Chrome/126.0.6478.126 Mobile Safari/537.36 (compatible; Googlebot/2.1; +http://www.google.com/bot.html)"
66.249.70.4 - - [28/Jul/2024:00:03:59 +0200] "GET /?i=heidi-klum-is-unrecognizable-in-most-elaborate-halloween-costume-mm-Qaon29HX HTTP/1.1" 200 8230 "-" "Mozilla/5.0 (Linux; Android 6.0.1; Nexus 5X Build/MMB29P) AppleWebKit/537.36 (KHTML, like Gecko) Chrome/126.0.6478.126 Mobile Safari/537.36 (compatible; Googlebot/2.1; +http://www.google.com/bot.html)"
66.249.70.8 - - [28/Jul/2024:00:03:59 +0200] "GET /en/?i=str-equivalent-book-fill-online-printable-fillable-blank-pdffiller-mm-KBBXbRfN HTTP/1.1" 200 10614 "-" "Mozilla/5.0 (Linux; Android 6.0.1; Nexus 5X Build/MMB29P) AppleWebKit/537.36 (KHTML, like Gecko) Chrome/126.0.6478.126 Mobile Safari/537.36 (compatible; GoogleOther)"
66.249.70.6 - - [28/Jul/2024:00:03:59 +0200] "GET /?i=pet-overpopulation-crossword-wordmint-mm-XYv9KmFX HTTP/1.1" 200 6617 "-" "Mozilla/5.0 (Linux; Android 6.0.1; Nexus 5X Build/MMB29P) AppleWebKit/537.36 (KHTML, like Gecko) Chrome/126.0.6478.126 Mobile Safari/537.36 (compatible; Googlebot/2.1; +http://www.google.com/bot.html)"
66.249.70.1 - - [28/Jul/2024:00:03:59 +0200] "GET /?i=ford-fiesta-abs-traction-control-light-fuse-location-mm-6xY2RLFN HTTP/1.1" 200 6832 "-" "Mozilla/5.0 (Linux; Android 6.0.1; Nexus 5X Build/MMB29P) AppleWebKit/537.36 (KHTML, like Gecko) Chrome/126.0.6478.126 Mobile Safari/537.36 (compatible; Googlebot/2.1; +http://www.google.com/bot.html)"
66.249.70.6 - - [28/Jul/2024:00:03:59 +0200] "GET /?i=pin-on-venezuela-en-un-viaje-mm-Eq69bdH3 HTTP/1.1" 200 6804 "-" "Mozilla/5.0 (Linux; Android 6.0.1; Nexus 5X Build/MMB29P) AppleWebKit/537.36 (KHTML, like Gecko) Chrome/126.0.6478.126 Mobile Safari/537.36 (compatible; Googlebot/2.1; +http://www.google.com/bot.html)"
52.167.144.174 - - [28/Jul/2024:00:03:59 +0200] "GET /?i=upcoming-new-mod-for-xnet-r-feedthebeast-mm-BX46qeUV HTTP/1.1" 200 7150 "-" "Mozilla/5.0 AppleWebKit/537.36 (KHTML, like Gecko; compatible; bingbot/2.0; +http://www.bing.com/bingbot.htm) Chrome/116.0.1938.76 Safari/537.36"
66.249.70.5 - - [28/Jul/2024:00:03:59 +0200] "GET /?i=how-to-convert-btu-hr-to-tons-per-hour-mm-mG9YrGHX HTTP/1.1" 200 6961 "-" "Mozilla/5.0 (Linux; Android 6.0.1; Nexus 5X Build/MMB29P) AppleWebKit/537.36 (KHTML, like Gecko) Chrome/126.0.6478.126 Mobile Safari/537.36 (compatible; Googlebot/2.1; +http://www.google.com/bot.html)"
66.249.70.4 - - [28/Jul/2024:00:03:59 +0200] "GET /?i=business-standard-hindi-june-02-2023-digital-mm-51kj5JSm HTTP/1.1" 200 7505 "-" "Mozilla/5.0 (Linux; Android 6.0.1; Nexus 5X Build/MMB29P) AppleWebKit/537.36 (KHTML, like Gecko) Chrome/126.0.6478.126 Mobile Safari/537.36 (compatible; Googlebot/2.1; +http://www.google.com/bot.html)"
168.205.233.28 - - [28/Jul/2024:00:03:59 +0200] "GET /it/?i=o-melhor-jogo-de-carros-para-celular-em-mundo-mm-kGqwgzco HTTP/1.1" 200 4355 "https://www.google.com/" "Mozilla/5.0 (Linux; Android 10; K) AppleWebKit/537.36 (KHTML, like Gecko) Chrome/126.0.0.0 Mobile Safari/537.36"
66.249.70.6 - - [28/Jul/2024:00:04:00 +0200] "GET /?i=tiny-boxers-cotton-underwear-pack-%E2%80%93-natural-resources-pregnancy-mm-1rjQPrI7 HTTP/1.1" 200 7366 "-" "Mozilla/5.0 (Linux; Android 6.0.1; Nexus 5X Build/MMB29P) AppleWebKit/537.36 (KHTML, like Gecko) Chrome/126.0.6478.126 Mobile Safari/537.36 (compatible; Googlebot/2.1; +http://www.google.com/bot.html)"
52.167.144.174 - - [28/Jul/2024:00:04:00 +0200] "GET /?i=file-ca-portes-is%C3%A8re-carte-wikimedia-commons-mm-VvM2vAC6 HTTP/1.1" 200 7253 "-" "Mozilla/5.0 AppleWebKit/537.36 (KHTML, like Gecko; compatible; bingbot/2.0; +http://www.bing.com/bingbot.htm) Chrome/116.0.1938.76 Safari/537.36"
218.164.28.147 - - [28/Jul/2024:00:03:59 +0200] "GET /?i=what-is-a-ship-trim-mm-mwQBGHX HTTP/1.1" 200 5777 "-" "Mozilla/5.0 (Macintosh; Intel Mac OS X 10_15_7) AppleWebKit/605.1.15 (KHTML, like Gecko) Version/17.5 Safari/605.1.15"
66.249.70.2 - - [28/Jul/2024:00:04:00 +0200] "GET /?i=yorkim-28mm-festoon-led-bulb-error-free-29mm-de3175-mm-mrw22GtX HTTP/1.1" 200 7856 "-" "Mozilla/5.0 (Linux; Android 6.0.1; Nexus 5X Build/MMB29P) AppleWebKit/537.36 (KHTML, like Gecko) Chrome/126.0.6478.126 Mobile Safari/537.36 (compatible; Googlebot/2.1; +http://www.google.com/bot.html)"
66.249.70.2 - - [28/Jul/2024:00:04:00 +0200] "GET /?i=hp-elitebook-840-g5-notebook-pc-3jx61ea-price-in-mm-MQGeoRfo HTTP/1.1" 200 7748 "-" "Mozilla/5.0 (Linux; Android 6.0.1; Nexus 5X Build/MMB29P) AppleWebKit/537.36 (KHTML, like Gecko) Chrome/126.0.6478.126 Mobile Safari/537.36 (compatible; Googlebot/2.1; +http://www.google.com/bot.html)"
66.249.70.4 - - [28/Jul/2024:00:04:00 +0200] "GET /?i=pdas-full-form-m-vVqP2vTV HTTP/1.1" 200 3902 "-" "Mozilla/5.0 (Linux; Android 6.0.1; Nexus 5X Build/MMB29P) AppleWebKit/537.36 (KHTML, like Gecko) Chrome/126.0.6478.126 Mobile Safari/537.36 (compatible; Googlebot/2.1; +http://www.google.com/bot.html)"
66.249.70.7 - - [28/Jul/2024:00:04:00 +0200] "GET /?i=devlet-dairelerinde-f-klavye-d%C3%B6nemi-mm-R5meJAc5 HTTP/1.1" 200 6738 "-" "Mozilla/5.0 (Linux; Android 6.0.1; Nexus 5X Build/MMB29P) AppleWebKit/537.36 (KHTML, like Gecko) Chrome/126.0.6478.126 Mobile Safari/537.36 (compatible; Googlebot/2.1; +http://www.google.com/bot.html)"
66.249.70.2 - - [28/Jul/2024:00:04:00 +0200] "GET /?i=judkins-right-coronary-catheter-%E2%80%93-all-about-cardiovascular-system-mm-Do50eDtk HTTP/1.1" 200 10626 "-" "Mozilla/5.0 (Linux; Android 6.0.1; Nexus 5X Build/MMB29P) AppleWebKit/537.36 (KHTML, like Gecko) Chrome/126.0.6478.126 Mobile Safari/537.36 (compatible; Googlebot/2.1; +http://www.google.com/bot.html)"
66.249.70.6 - - [28/Jul/2024:00:04:00 +0200] "GET /?i=rangka-bebek-modif-kx85-mm-doJPGDie HTTP/1.1" 200 7276 "-" "Mozilla/5.0 (Linux; Android 6.0.1; Nexus 5X Build/MMB29P) AppleWebKit/537.36 (KHTML, like Gecko) Chrome/126.0.6478.126 Mobile Safari/537.36 (compatible; Googlebot/2.1; +http://www.google.com/bot.html)"
52.167.144.174 - - [28/Jul/2024:00:04:00 +0200] "GET /it/?i=southwire-500-18-rg6-dual-shield-cu-catv-cm-mm-qx0jASj HTTP/1.1" 200 7176 "-" "Mozilla/5.0 AppleWebKit/537.36 (KHTML, like Gecko; compatible; bingbot/2.0; +http://www.bing.com/bingbot.htm) Chrome/116.0.1938.76 Safari/537.36"
66.249.70.8 - - [28/Jul/2024:00:04:00 +0200] "GET /?i=civil-engineer-s-hub-solan-mm-m2emzeuX HTTP/1.1" 200 7931 "-" "Mozilla/5.0 (Linux; Android 6.0.1; Nexus 5X Build/MMB29P) AppleWebKit/537.36 (KHTML, like Gecko) Chrome/126.0.6478.126 Mobile Safari/537.36 (compatible; Googlebot/2.1; +http://www.google.com/bot.html)"
66.249.70.2 - - [28/Jul/2024:00:04:00 +0200] "GET /?i=porsche-944-turbo-coup%C3%A9-1989-marketplace-for-porsche-sports-mm-7ooxvYT0 HTTP/1.1" 200 10495 "-" "Mozilla/5.0 (Linux; Android 6.0.1; Nexus 5X Build/MMB29P) AppleWebKit/537.36 (KHTML, like Gecko) Chrome/126.0.6478.126 Mobile Safari/537.36 (compatible; Googlebot/2.1; +http://www.google.com/bot.html)"
217.113.194.86 - - [28/Jul/2024:00:04:00 +0200] "GET /de/initiative/172-parla-na-%EF%BF%BDn-a-%EF%BF%BDspanyolca-dili-aaya-%EF%BF%BD---parla--a-%EF%BF%BDspanya.html HTTP/1.1" 200 2488 "-" "Mozilla/5.0 (compatible; Barkrowler/0.9; +https://babbar.tech/crawler)"
66.249.70.5 - - [28/Jul/2024:00:04:00 +0200] "GET /?i=latest-and-trendy-lace-short-gown-styles-for-all-mm-LA9REzid HTTP/1.1" 200 6790 "-" "Mozilla/5.0 (Linux; Android 6.0.1; Nexus 5X Build/MMB29P) AppleWebKit/537.36 (KHTML, like Gecko) Chrome/126.0.6478.126 Mobile Safari/537.36 (compatible; Googlebot/2.1; +http://www.google.com/bot.html)"
66.249.70.3 - - [28/Jul/2024:00:04:00 +0200] "GET /?i=through-hole-port-shielded-modular-connectors-ethernet-connectors-datasheets-mm-9DOMR5T7 HTTP/1.1" 200 6618 "-" "Mozilla/5.0 (Linux; Android 6.0.1; Nexus 5X Build/MMB29P) AppleWebKit/537.36 (KHTML, like Gecko) Chrome/126.0.6478.126 Mobile Safari/537.36 (compatible; Googlebot/2.1; +http://www.google.com/bot.html)"
66.249.70.7 - - [28/Jul/2024:00:04:01 +0200] "GET /?i=flight-report-singapore-airlines-sq-916-%E2%80%93-singapore-to-mm-QjXLJBSX HTTP/1.1" 200 7087 "-" "Mozilla/5.0 (Linux; Android 6.0.1; Nexus 5X Build/MMB29P) AppleWebKit/537.36 (KHTML, like Gecko) Chrome/126.0.6478.126 Mobile Safari/537.36 (compatible; Googlebot/2.1; +http://www.google.com/bot.html)"
66.249.70.8 - - [28/Jul/2024:00:04:01 +0200] "GET /?i=vintage-krementz-tie-bar-engraved-d-1960-s-gold-mm-BwdKjmUV HTTP/1.1" 200 7015 "-" "Mozilla/5.0 (Linux; Android 6.0.1; Nexus 5X Build/MMB29P) AppleWebKit/537.36 (KHTML, like Gecko) Chrome/126.0.6478.126 Mobile Safari/537.36 (compatible; Googlebot/2.1; +http://www.google.com/bot.html)"
102.89.22.129 - - [28/Jul/2024:00:04:01 +0200] "GET /?i=new-shacman-f3000-6x4-340hp-dump-tipper-truck-good-mm-0YzYpAUx HTTP/1.1" 200 4355 "https://www.google.com/" "Mozilla/5.0 (Linux; Android 10; K) AppleWebKit/537.36 (KHTML, like Gecko) Chrome/126.0.0.0 Mobile Safari/537.36"
66.249.70.1 - - [28/Jul/2024:00:04:01 +0200] "GET /?i=general-information-82nd-airborne-division-museum-mm-N3G3gbUd HTTP/1.1" 200 7108 "-" "Mozilla/5.0 (Linux; Android 6.0.1; Nexus 5X Build/MMB29P) AppleWebKit/537.36 (KHTML, like Gecko) Chrome/126.0.6478.126 Mobile Safari/537.36 (compatible; Googlebot/2.1; +http://www.google.com/bot.html)"
66.249.70.3 - - [28/Jul/2024:00:04:01 +0200] "GET /?i=2023-australia-calendar-with-holidays-mm-n7eka6SE HTTP/1.1" 200 6849 "-" "Mozilla/5.0 (Linux; Android 6.0.1; Nexus 5X Build/MMB29P) AppleWebKit/537.36 (KHTML, like Gecko) Chrome/126.0.6478.126 Mobile Safari/537.36 (compatible; Googlebot/2.1; +http://www.google.com/bot.html)"
187.191.39.132 - - [28/Jul/2024:00:04:01 +0200] "GET /?i=hello-kitty-tetera-walmart%EF%BD%9Cb%C3%BAsqueda-de-tiktok-mm-gb0jgeu7 HTTP/1.1" 200 4355 "https://www.google.com/" "Mozilla/5.0 (Linux; Android 10; K) AppleWebKit/537.36 (KHTML, like Gecko) Chrome/127.0.0.0 Mobile Safari/537.36"
66.249.70.5 - - [28/Jul/2024:00:04:01 +0200] "GET /?i=real-steel-series-ambush-action-figure-the-boxing-superhero-mm-WL3q7dFe HTTP/1.1" 200 7629 "-" "Mozilla/5.0 (Linux; Android 6.0.1; Nexus 5X Build/MMB29P) AppleWebKit/537.36 (KHTML, like Gecko) Chrome/126.0.6478.126 Mobile Safari/537.36 (compatible; Googlebot/2.1; +http://www.google.com/bot.html)"
66.249.70.7 - - [28/Jul/2024:00:04:01 +0200] "GET /?i=ho-brass-omi-union-pacific-61-veranda-turbine-w-mm-k11RD0So HTTP/1.1" 200 6768 "-" "Mozilla/5.0 (Linux; Android 6.0.1; Nexus 5X Build/MMB29P) AppleWebKit/537.36 (KHTML, like Gecko) Chrome/126.0.6478.126 Mobile Safari/537.36 (compatible; Googlebot/2.1; +http://www.google.com/bot.html)"
136.243.228.194 - - [28/Jul/2024:00:04:01 +0200] "GET /?i=homtom-s77-full-specification-price-review-comparison-mm-2bejkmij HTTP/1.1" 200 1816 "-" "Mozilla/5.0 (compatible; DataForSeoBot/1.0; +https://dataforseo.com/dataforseo-bot)"
66.249.70.3 - - [28/Jul/2024:00:04:01 +0200] "GET /?i=sustainable-condenser-water-system-strategies-consulting-specifying-engineer-mm-J0JDYvu1 HTTP/1.1" 200 7268 "-" "Mozilla/5.0 (Linux; Android 6.0.1; Nexus 5X Build/MMB29P) AppleWebKit/537.36 (KHTML, like Gecko) Chrome/126.0.6478.126 Mobile Safari/537.36 (compatible; Googlebot/2.1; +http://www.google.com/bot.html)"
66.249.70.3 - - [28/Jul/2024:00:04:01 +0200] "GET /?i=complex-numbers-exercise-part-class-11-maths-maharashtra-board-mm-RKg15ni5 HTTP/1.1" 200 7669 "-" "Mozilla/5.0 (Linux; Android 6.0.1; Nexus 5X Build/MMB29P) AppleWebKit/537.36 (KHTML, like Gecko) Chrome/126.0.6478.126 Mobile Safari/537.36 (compatible; Googlebot/2.1; +http://www.google.com/bot.html)"
66.249.70.110 - - [28/Jul/2024:00:04:01 +0200] "GET /?m=best-pdf-to-jpg-converter-software-for-windows-free-zz-QDvMNos4 HTTP/1.1" 200 10262 "-" "Mozilla/5.0 (Linux; Android 6.0.1; Nexus 5X Build/MMB29P) AppleWebKit/537.36 (KHTML, like Gecko) Chrome/126.0.6478.126 Mobile Safari/537.36 (compatible; GoogleOther)"
66.249.70.6 - - [28/Jul/2024:00:04:01 +0200] "GET /it/?i=nct-on-twitter-in-2023-nct-nct-kun-nct-mm-PKD2JEsB HTTP/1.1" 200 7547 "-" "Mozilla/5.0 (Linux; Android 6.0.1; Nexus 5X Build/MMB29P) AppleWebKit/537.36 (KHTML, like Gecko) Chrome/126.0.6478.126 Mobile Safari/537.36 (compatible; Googlebot/2.1; +http://www.google.com/bot.html)"
66.249.70.3 - - [28/Jul/2024:00:04:01 +0200] "GET /?i=ppt-personal-goals-powerpoint-presentation-free-download-id-7712281-mm-qpVXrrFj HTTP/1.1" 200 11138 "-" "Mozilla/5.0 (Linux; Android 6.0.1; Nexus 5X Build/MMB29P) AppleWebKit/537.36 (KHTML, like Gecko) Chrome/126.0.6478.126 Mobile Safari/537.36 (compatible; Googlebot/2.1; +http://www.google.com/bot.html)"
66.249.70.6 - - [28/Jul/2024:00:04:02 +0200] "GET /?i=starbucks-coffee-samsung-m30s-back-cover-sirphire-in-mm-KbakzLiN HTTP/1.1" 200 6540 "-" "Mozilla/5.0 (Linux; Android 6.0.1; Nexus 5X Build/MMB29P) AppleWebKit/537.36 (KHTML, like Gecko) Chrome/126.0.6478.126 Mobile Safari/537.36 (compatible; Googlebot/2.1; +http://www.google.com/bot.html)"
66.249.70.8 - - [28/Jul/2024:00:04:02 +0200] "GET /?i=zoom-gfx-5-multi-effects-guitar-pedal-reverb-mm-42zQYRT6 HTTP/1.1" 200 7068 "-" "Mozilla/5.0 (Linux; Android 6.0.1; Nexus 5X Build/MMB29P) AppleWebKit/537.36 (KHTML, like Gecko) Chrome/126.0.6478.126 Mobile Safari/537.36 (compatible; Googlebot/2.1; +http://www.google.com/bot.html)"
66.249.70.4 - - [28/Jul/2024:00:04:02 +0200] "GET /?i=deadpool-60s-cartoon-custom-vhs-cover-60s-cartoons-vhs-mm-PW7BJ5sB HTTP/1.1" 200 11509 "-" "Mozilla/5.0 (Linux; Android 6.0.1; Nexus 5X Build/MMB29P) AppleWebKit/537.36 (KHTML, like Gecko) Chrome/126.0.6478.126 Mobile Safari/537.36 (compatible; Googlebot/2.1; +http://www.google.com/bot.html)"
66.249.70.1 - - [28/Jul/2024:00:04:02 +0200] "GET /it/?i=trigonometry-formulas-list-of-all-trigonometric-formulas-mm-n2o0k9HE HTTP/1.1" 200 6467 "-" "Mozilla/5.0 (Linux; Android 6.0.1; Nexus 5X Build/MMB29P) AppleWebKit/537.36 (KHTML, like Gecko) Chrome/126.0.6478.126 Mobile Safari/537.36 (compatible; Googlebot/2.1; +http://www.google.com/bot.html)"
66.249.70.1 - - [28/Jul/2024:00:04:02 +0200] "GET /?i=hp-pen-drive-32gb-gray-hp-pen-drive-nehru-mm-rNv6Y7I4 HTTP/1.1" 200 7208 "-" "Mozilla/5.0 (Linux; Android 6.0.1; Nexus 5X Build/MMB29P) AppleWebKit/537.36 (KHTML, like Gecko) Chrome/126.0.6478.126 Mobile Safari/537.36 (compatible; Googlebot/2.1; +http://www.google.com/bot.html)"
66.249.70.7 - - [28/Jul/2024:00:04:02 +0200] "GET /?i=fire-j-letter-logo-and-icon-design-graphic-by-mm-9N27Vds7 HTTP/1.1" 200 6864 "-" "Mozilla/5.0 (Linux; Android 6.0.1; Nexus 5X Build/MMB29P) AppleWebKit/537.36 (KHTML, like Gecko) Chrome/126.0.6478.126 Mobile Safari/537.36 (compatible; Googlebot/2.1; +http://www.google.com/bot.html)"
66.249.70.2 - - [28/Jul/2024:00:04:02 +0200] "GET /?i=is-the-era-of-the-$100+-graphing-calculator-coming-mm-OQ4dqQhX HTTP/1.1" 200 7088 "-" "Mozilla/5.0 (Linux; Android 6.0.1; Nexus 5X Build/MMB29P) AppleWebKit/537.36 (KHTML, like Gecko) Chrome/126.0.6478.126 Mobile Safari/537.36 (compatible; Googlebot/2.1; +http://www.google.com/bot.html)"
66.249.70.1 - - [28/Jul/2024:00:04:02 +0200] "GET /?i=herringbone-chain-necklace-in-14k-solid-yellow-gold-16-mm-G00mG6Td HTTP/1.1" 200 7022 "-" "Mozilla/5.0 (Linux; Android 6.0.1; Nexus 5X Build/MMB29P) AppleWebKit/537.36 (KHTML, like Gecko) Chrome/126.0.6478.126 Mobile Safari/537.36 (compatible; Googlebot/2.1; +http://www.google.com/bot.html)"
66.249.70.7 - - [28/Jul/2024:00:04:02 +0200] "GET /?i=drider-%C2%B7-adventures-in-the-forgotten-realms-afr-98-mm-k4M13Oco HTTP/1.1" 200 11143 "-" "Mozilla/5.0 (Linux; Android 6.0.1; Nexus 5X Build/MMB29P) AppleWebKit/537.36 (KHTML, like Gecko) Chrome/126.0.6478.126 Mobile Safari/537.36 (compatible; Googlebot/2.1; +http://www.google.com/bot.html)"
66.249.70.8 - - [28/Jul/2024:00:04:02 +0200] "GET /?i=85mm-get-up-and-shoot-sean-tucker-photography-mm-v2zvqpHV HTTP/1.1" 200 7085 "-" "Mozilla/5.0 (Linux; Android 6.0.1; Nexus 5X Build/MMB29P) AppleWebKit/537.36 (KHTML, like Gecko) Chrome/126.0.6478.126 Mobile Safari/537.36 (compatible; Googlebot/2.1; +http://www.google.com/bot.html)"
66.249.70.4 - - [28/Jul/2024:00:04:03 +0200] "GET /?i=craft-breweries-and-distilleries-along-florida-s-scenic-highway-mm-5QOdE2cm HTTP/1.1" 200 7245 "-" "Mozilla/5.0 (Linux; Android 6.0.1; Nexus 5X Build/MMB29P) AppleWebKit/537.36 (KHTML, like Gecko) Chrome/126.0.6478.126 Mobile Safari/537.36 (compatible; Googlebot/2.1; +http://www.google.com/bot.html)"
66.249.70.2 - - [28/Jul/2024:00:04:03 +0200] "GET /?i=vsz-10100-zoom-lenses-mm-g61B1rH7 HTTP/1.1" 200 6648 "-" "Mozilla/5.0 (Linux; Android 6.0.1; Nexus 5X Build/MMB29P) AppleWebKit/537.36 (KHTML, like Gecko) Chrome/126.0.6478.126 Mobile Safari/537.36 (compatible; Googlebot/2.1; +http://www.google.com/bot.html)"
66.249.70.8 - - [28/Jul/2024:00:04:03 +0200] "GET /?i=prime-video-demon-slayer-kimetsu-no-yaiba-swordsmith-village-mm-N794oXFd HTTP/1.1" 200 11538 "-" "Mozilla/5.0 (Linux; Android 6.0.1; Nexus 5X Build/MMB29P) AppleWebKit/537.36 (KHTML, like Gecko) Chrome/126.0.6478.126 Mobile Safari/537.36 (compatible; Googlebot/2.1; +http://www.google.com/bot.html)"
66.249.70.1 - - [28/Jul/2024:00:04:03 +0200] "GET /?i=%E7%BB%B4%E8%BE%BE%E5%A4%A7%E5%8D%B7%E7%BA%B8%E5%8E%95%E7%BA%B8%E5%AE%B6%E7%94%A8%E5%8E%95%E6%89%80%E5%95%86%E7%94%A8%E5%A4%A7%E7%9B%98%E7%BA%B8%E6%95%B4%E7%AE%B1%E8%B6%85%E5%A4%A7%E5%8D%B7%E5%A4%A7%E5%8F%B7%E5%8D%AB%E7%94%9F%E7%BA%B8%E5%B7%BE%E5%AE%9E%E6%83%A0%E8%A3%85-taobao-mm-VGrvWPT6 HTTP/1.1" 200 7693 "-" "Mozilla/5.0 (Linux; Android 6.0.1; Nexus 5X Build/MMB29P) AppleWebKit/537.36 (KHTML, like Gecko) Chrome/126.0.6478.126 Mobile Safari/537.36 (compatible; Googlebot/2.1; +http://www.google.com/bot.html)"
66.249.70.7 - - [28/Jul/2024:00:04:03 +0200] "GET /?i=%E0%A4%B6%E0%A5%81%E0%A4%AD-%E0%A4%B8%E0%A4%82%E0%A4%A7%E0%A5%8D%E0%A4%AF%E0%A4%BE-%E0%A4%B8%E0%A5%81%E0%A4%B5%E0%A4%BF%E0%A4%9A%E0%A4%BE%E0%A4%B0-good-evening-hindi-%E0%A4%B6%E0%A5%81%E0%A4%AD-%E0%A4%B8%E0%A4%82%E0%A4%A7%E0%A5%8D%E0%A4%AF%E0%A4%BE-%E0%A4%B9%E0%A4%BF%E0%A4%82%E0%A4%A6%E0%A5%80-mm-LegAmdfd HTTP/1.1" 200 7406 "-" "Mozilla/5.0 (Linux; Android 6.0.1; Nexus 5X Build/MMB29P) AppleWebKit/537.36 (KHTML, like Gecko) Chrome/126.0.6478.126 Mobile Safari/537.36 (compatible; Googlebot/2.1; +http://www.google.com/bot.html)"
66.249.70.8 - - [28/Jul/2024:00:04:03 +0200] "GET /it/initiative/308---%EF%BF%BD-diversity-undertaking-tilburg--%EF%BF%BD--dot---la-diversita-intraprendente.html/?i=dorma-catalog-pdf-mm-EkEJX6h3 HTTP/1.1" 200 11190 "-" "Mozilla/5.0 (Linux; Android 6.0.1; Nexus 5X Build/MMB29P) AppleWebKit/537.36 (KHTML, like Gecko) Chrome/126.0.6478.126 Mobile Safari/537.36 (compatible; GoogleOther)"
66.249.70.6 - - [28/Jul/2024:00:04:03 +0200] "GET /?i=radio-rf-amplifier-circuits-projects-electroschematics-mm-PbvNYEfB HTTP/1.1" 200 7320 "-" "Mozilla/5.0 (Linux; Android 6.0.1; Nexus 5X Build/MMB29P) AppleWebKit/537.36 (KHTML, like Gecko) Chrome/126.0.6478.126 Mobile Safari/537.36 (compatible; Googlebot/2.1; +http://www.google.com/bot.html)"
66.249.70.4 - - [28/Jul/2024:00:04:03 +0200] "GET /?i=apathit-gadyansh-%E0%A4%85%E0%A4%AA%E0%A4%A0%E0%A4%BF%E0%A4%A4-%E0%A4%97%E0%A4%A6%E0%A4%AF%E0%A4%82%E0%A4%B6-mm-Ega2rS3 HTTP/1.1" 200 7412 "-" "Mozilla/5.0 (Linux; Android 6.0.1; Nexus 5X Build/MMB29P) AppleWebKit/537.36 (KHTML, like Gecko) Chrome/126.0.6478.126 Mobile Safari/537.36 (compatible; Googlebot/2.1; +http://www.google.com/bot.html)"
80.62.116.198 - - [28/Jul/2024:00:04:03 +0200] "GET /?i=what-style-of-tattoo-is-this-r-tattoodesigns-mm-kBQqENIo HTTP/1.1" 200 3837 "-" "Mozilla/5.0 (iPhone; CPU iPhone OS 17_5_1 like Mac OS X) AppleWebKit/605.1.15 (KHTML, like Gecko) Version/17.5 Mobile/15E148 Safari/604.1"
66.249.70.1 - - [28/Jul/2024:00:04:03 +0200] "GET /?i=boil-water-notice-in-effect-for-northwest-harris-county-mm-12z2P4i7 HTTP/1.1" 200 10920 "-" "Mozilla/5.0 (Linux; Android 6.0.1; Nexus 5X Build/MMB29P) AppleWebKit/537.36 (KHTML, like Gecko) Chrome/126.0.6478.126 Mobile Safari/537.36 (compatible; Googlebot/2.1; +http://www.google.com/bot.html)"
66.249.70.8 - - [28/Jul/2024:00:04:03 +0200] "GET /?i=what-to-put-in-your-hen-party-hangover-kits-mm-XngPaRTX HTTP/1.1" 200 6752 "-" "Mozilla/5.0 (Linux; Android 6.0.1; Nexus 5X Build/MMB29P) AppleWebKit/537.36 (KHTML, like Gecko) Chrome/126.0.6478.126 Mobile Safari/537.36 (compatible; Googlebot/2.1; +http://www.google.com/bot.html)"
66.249.70.3 - - [28/Jul/2024:00:04:03 +0200] "GET /?i=products-sami-pharmaceuticals-pvt-limited-mm-BkRrA1CV HTTP/1.1" 200 6678 "-" "Mozilla/5.0 (Linux; Android 6.0.1; Nexus 5X Build/MMB29P) AppleWebKit/537.36 (KHTML, like Gecko) Chrome/126.0.6478.126 Mobile Safari/537.36 (compatible; Googlebot/2.1; +http://www.google.com/bot.html)"
66.249.70.2 - - [28/Jul/2024:00:04:03 +0200] "GET /?i=victorian-wedding-dresses-you-ll-love-mm-9baBGes7 HTTP/1.1" 200 7897 "-" "Mozilla/5.0 (Linux; Android 6.0.1; Nexus 5X Build/MMB29P) AppleWebKit/537.36 (KHTML, like Gecko) Chrome/126.0.6478.126 Mobile Safari/537.36 (compatible; Googlebot/2.1; +http://www.google.com/bot.html)"
66.249.70.4 - - [28/Jul/2024:00:04:04 +0200] "GET /?i=recovered-wwi-german-u-boat-revives-sea-monster-tales-mm-6x3nNNIN HTTP/1.1" 200 6913 "-" "Mozilla/5.0 (Linux; Android 6.0.1; Nexus 5X Build/MMB29P) AppleWebKit/537.36 (KHTML, like Gecko) Chrome/126.0.6478.126 Mobile Safari/537.36 (compatible; Googlebot/2.1; +http://www.google.com/bot.html)"
66.249.70.6 - - [28/Jul/2024:00:04:04 +0200] "GET /?i=linux-driven-router-gateway-unleashes-5g-nr-mm-EN4q9Os3 HTTP/1.1" 200 6932 "-" "Mozilla/5.0 (Linux; Android 6.0.1; Nexus 5X Build/MMB29P) AppleWebKit/537.36 (KHTML, like Gecko) Chrome/126.0.6478.126 Mobile Safari/537.36 (compatible; Googlebot/2.1; +http://www.google.com/bot.html)"
66.249.70.8 - - [28/Jul/2024:00:04:04 +0200] "GET /?i=vipmotoz-bright-white-smd-led-license-plate-light-compatible-mm-QL56w7hX HTTP/1.1" 200 7900 "-" "Mozilla/5.0 (Linux; Android 6.0.1; Nexus 5X Build/MMB29P) AppleWebKit/537.36 (KHTML, like Gecko) Chrome/126.0.6478.126 Mobile Safari/537.36 (compatible; Googlebot/2.1; +http://www.google.com/bot.html)"
66.249.70.1 - - [28/Jul/2024:00:04:04 +0200] "GET /?i=pin-en-puertas-decoradas-mm-J0LXgwu1 HTTP/1.1" 200 7417 "-" "Mozilla/5.0 (Linux; Android 6.0.1; Nexus 5X Build/MMB29P) AppleWebKit/537.36 (KHTML, like Gecko) Chrome/126.0.6478.126 Mobile Safari/537.36 (compatible; Googlebot/2.1; +http://www.google.com/bot.html)"
212.102.49.72 - - [28/Jul/2024:00:04:04 +0200] "HEAD /?i=post-punk-magazine-indiegogo-mm-kewwJ0fo HTTP/1.1" 200 4203 "-" "Mozilla/5.0 (Linux; Android 10; K) AppleWebKit/537.36 (KHTML, like Gecko) Chrome/126.0.0.0 Mobile Safari/537.36"
66.249.70.2 - - [28/Jul/2024:00:04:04 +0200] "GET /?i=the-real-meaning-of-joshua-1-9-be-strong-mm-dYE0A3Ie HTTP/1.1" 200 7183 "-" "Mozilla/5.0 (Linux; Android 6.0.1; Nexus 5X Build/MMB29P) AppleWebKit/537.36 (KHTML, like Gecko) Chrome/126.0.6478.126 Mobile Safari/537.36 (compatible; Googlebot/2.1; +http://www.google.com/bot.html)"
66.249.70.7 - - [28/Jul/2024:00:04:04 +0200] "GET /?i=citizen-ch-432-bp-monitor-white-price-in-india-mm-L6E6Yncd HTTP/1.1" 200 7396 "-" "Mozilla/5.0 (Linux; Android 6.0.1; Nexus 5X Build/MMB29P) AppleWebKit/537.36 (KHTML, like Gecko) Chrome/126.0.6478.126 Mobile Safari/537.36 (compatible; Googlebot/2.1; +http://www.google.com/bot.html)"
66.249.70.1 - - [28/Jul/2024:00:04:04 +0200] "GET /?i=test-prep-mom-lexington-ky-mm-nnKAEbUE HTTP/1.1" 200 6797 "-" "Mozilla/5.0 (Linux; Android 6.0.1; Nexus 5X Build/MMB29P) AppleWebKit/537.36 (KHTML, like Gecko) Chrome/126.0.6478.126 Mobile Safari/537.36 (compatible; Googlebot/2.1; +http://www.google.com/bot.html)"
66.249.70.4 - - [28/Jul/2024:00:04:04 +0200] "GET /?i=tamirul-millat-kamil-madrasah-tongi-campus-gazipura-mm-LVrm0cd HTTP/1.1" 200 6430 "-" "Mozilla/5.0 (Linux; Android 6.0.1; Nexus 5X Build/MMB29P) AppleWebKit/537.36 (KHTML, like Gecko) Chrome/126.0.6478.126 Mobile Safari/537.36 (compatible; Googlebot/2.1; +http://www.google.com/bot.html)"
66.249.70.2 - - [28/Jul/2024:00:04:04 +0200] "GET /?i=%E0%AC%93%E0%AC%A1%E0%AC%BC%E0%AC%BF%E0%AC%B6%E0%AC%BE-%E0%AC%B0%E0%AC%BE%E0%AC%9C%E0%AD%8D%E0%AD%9F-%E0%AC%B8%E0%AC%A1%E0%AC%BC%E0%AC%95-%E0%AC%AA%E0%AC%B0%E0%AC%BF%E0%AC%AC%E0%AC%B9%E0%AC%A8-%E0%AC%A8%E0%AC%BF%E0%AC%97%E0%AC%AE-osrtc-on-x-notice-mm-mYQqvAHX HTTP/1.1" 200 7714 "-" "Mozilla/5.0 (Linux; Android 6.0.1; Nexus 5X Build/MMB29P) AppleWebKit/537.36 (KHTML, like Gecko) Chrome/126.0.6478.126 Mobile Safari/537.36 (compatible; Googlebot/2.1; +http://www.google.com/bot.html)"
66.249.70.8 - - [28/Jul/2024:00:04:04 +0200] "GET /?i=otways-tourist-park-mm-q6mKBxSj HTTP/1.1" 200 6898 "-" "Mozilla/5.0 (Linux; Android 6.0.1; Nexus 5X Build/MMB29P) AppleWebKit/537.36 (KHTML, like Gecko) Chrome/126.0.6478.126 Mobile Safari/537.36 (compatible; Googlebot/2.1; +http://www.google.com/bot.html)"
66.249.70.8 - - [28/Jul/2024:00:04:04 +0200] "GET /it/?i=jensen-jta-230r-user-manual-pdf-download-manualslib-mm-43Y6V5C6 HTTP/1.1" 200 7024 "-" "Mozilla/5.0 (Linux; Android 6.0.1; Nexus 5X Build/MMB29P) AppleWebKit/537.36 (KHTML, like Gecko) Chrome/126.0.6478.126 Mobile Safari/537.36 (compatible; GoogleOther)"
66.249.70.3 - - [28/Jul/2024:00:04:05 +0200] "GET /?i=goli-women-s-complete-multi-gummies-mm-9DVO7Ks7 HTTP/1.1" 200 7423 "-" "Mozilla/5.0 (Linux; Android 6.0.1; Nexus 5X Build/MMB29P) AppleWebKit/537.36 (KHTML, like Gecko) Chrome/126.0.6478.126 Mobile Safari/537.36 (compatible; Googlebot/2.1; +http://www.google.com/bot.html)"
66.249.70.7 - - [28/Jul/2024:00:04:05 +0200] "GET /?i=house-plans-8x7-with-bedrooms-mm-RK0Dm5U5 HTTP/1.1" 200 7023 "-" "Mozilla/5.0 (Linux; Android 6.0.1; Nexus 5X Build/MMB29P) AppleWebKit/537.36 (KHTML, like Gecko) Chrome/126.0.6478.126 Mobile Safari/537.36 (compatible; Googlebot/2.1; +http://www.google.com/bot.html)"
66.249.70.6 - - [28/Jul/2024:00:04:05 +0200] "GET /?i=barakkat-satin-oud-edp-by-fragrance-world-100ml-mm-g2RwDOt7 HTTP/1.1" 200 7447 "-" "Mozilla/5.0 (Linux; Android 6.0.1; Nexus 5X Build/MMB29P) AppleWebKit/537.36 (KHTML, like Gecko) Chrome/126.0.6478.126 Mobile Safari/537.36 (compatible; Googlebot/2.1; +http://www.google.com/bot.html)"
66.249.70.7 - - [28/Jul/2024:00:04:05 +0200] "GET /?i=7age-forum-mm-goRw7qS7 HTTP/1.1" 200 6824 "-" "Mozilla/5.0 (Linux; Android 6.0.1; Nexus 5X Build/MMB29P) AppleWebKit/537.36 (KHTML, like Gecko) Chrome/126.0.6478.126 Mobile Safari/537.36 (compatible; Googlebot/2.1; +http://www.google.com/bot.html)"
24.45.36.198 - - [28/Jul/2024:00:04:05 +0200] "GET /en/?i=mario-luigi-dream-team-part-14-mm-rLzNVYh4 HTTP/1.1" 200 4355 "https://www.google.com/" "Mozilla/5.0 (iPhone; CPU iPhone OS 17_5_1 like Mac OS X) AppleWebKit/605.1.15 (KHTML, like Gecko) Version/17.5 Mobile/15E148 Safari/604.1"
66.249.70.3 - - [28/Jul/2024:00:04:05 +0200] "GET /?i=zimbabwean-dollar-wikipedia-mm-LRB2NVId HTTP/1.1" 200 7345 "-" "Mozilla/5.0 (Linux; Android 6.0.1; Nexus 5X Build/MMB29P) AppleWebKit/537.36 (KHTML, like Gecko) Chrome/126.0.6478.126 Mobile Safari/537.36 (compatible; Googlebot/2.1; +http://www.google.com/bot.html)"
66.249.70.2 - - [28/Jul/2024:00:04:05 +0200] "GET /?i=asus-a1400ea-vips351-core-i3-1115g4-8gb-512gb-indie-mm-de6oVTe HTTP/1.1" 200 8024 "-" "Mozilla/5.0 (Linux; Android 6.0.1; Nexus 5X Build/MMB29P) AppleWebKit/537.36 (KHTML, like Gecko) Chrome/126.0.6478.126 Mobile Safari/537.36 (compatible; Googlebot/2.1; +http://www.google.com/bot.html)"
66.249.70.1 - - [28/Jul/2024:00:04:05 +0200] "GET /?i=dr-simi-plush-doll-for-sale-in-phoenix-az-mm-64Am0cN HTTP/1.1" 200 7262 "-" "Mozilla/5.0 (Linux; Android 6.0.1; Nexus 5X Build/MMB29P) AppleWebKit/537.36 (KHTML, like Gecko) Chrome/126.0.6478.126 Mobile Safari/537.36 (compatible; Googlebot/2.1; +http://www.google.com/bot.html)"
136.243.228.194 - - [28/Jul/2024:00:04:05 +0200] "GET /?i=samsung-galaxy-s21-s21-plus-5g-g996b-ds-inci-mm-P3RW2LsB HTTP/1.1" 200 1816 "-" "Mozilla/5.0 (compatible; DataForSeoBot/1.0; +https://dataforseo.com/dataforseo-bot)"
66.249.70.8 - - [28/Jul/2024:00:04:05 +0200] "GET /?i=top-ten-anime-now%EF%BD%9Ctiktok-search-mm-qY4NkDUj HTTP/1.1" 200 6968 "-" "Mozilla/5.0 (Linux; Android 6.0.1; Nexus 5X Build/MMB29P) AppleWebKit/537.36 (KHTML, like Gecko) Chrome/126.0.6478.126 Mobile Safari/537.36 (compatible; Googlebot/2.1; +http://www.google.com/bot.html)"
66.249.70.5 - - [28/Jul/2024:00:04:05 +0200] "GET /?i=rapid-fire%E2%84%A2-1-x-3-4-reducing-pre-soldered-mm-6OkN4CN HTTP/1.1" 200 10747 "-" "Mozilla/5.0 (Linux; Android 6.0.1; Nexus 5X Build/MMB29P) AppleWebKit/537.36 (KHTML, like Gecko) Chrome/126.0.6478.126 Mobile Safari/537.36 (compatible; Googlebot/2.1; +http://www.google.com/bot.html)"
66.249.70.3 - - [28/Jul/2024:00:04:05 +0200] "GET /?i=ch552g-picoavr-isp+updi-combo-programmer-easyeda-open-source-hardware-mm-QLYJ1RSX HTTP/1.1" 200 7005 "-" "Mozilla/5.0 (Linux; Android 6.0.1; Nexus 5X Build/MMB29P) AppleWebKit/537.36 (KHTML, like Gecko) Chrome/126.0.6478.126 Mobile Safari/537.36 (compatible; Googlebot/2.1; +http://www.google.com/bot.html)"
66.249.70.1 - - [28/Jul/2024:00:04:06 +0200] "GET /?i=round-to-nearest-ten-math-elementary-math-3rd-grade-mm-pGmQg1sj HTTP/1.1" 200 7358 "-" "Mozilla/5.0 (Linux; Android 6.0.1; Nexus 5X Build/MMB29P) AppleWebKit/537.36 (KHTML, like Gecko) Chrome/126.0.6478.126 Mobile Safari/537.36 (compatible; Googlebot/2.1; +http://www.google.com/bot.html)"
66.249.70.5 - - [28/Jul/2024:00:04:06 +0200] "GET /?i=10-best-public-swimming-pools-in-arizona-mm-o6JKebuL HTTP/1.1" 200 10818 "-" "Mozilla/5.0 (Linux; Android 6.0.1; Nexus 5X Build/MMB29P) AppleWebKit/537.36 (KHTML, like Gecko) Chrome/126.0.6478.126 Mobile Safari/537.36 (compatible; Googlebot/2.1; +http://www.google.com/bot.html)"
66.249.70.6 - - [28/Jul/2024:00:04:06 +0200] "GET /?i=charmander-008-078-common-reverse-holo-pokemon-singles-%C2%BB-mm-pbQXeaij HTTP/1.1" 200 6932 "-" "Mozilla/5.0 (Linux; Android 6.0.1; Nexus 5X Build/MMB29P) AppleWebKit/537.36 (KHTML, like Gecko) Chrome/126.0.6478.126 Mobile Safari/537.36 (compatible; Googlebot/2.1; +http://www.google.com/bot.html)"
66.249.70.3 - - [28/Jul/2024:00:04:06 +0200] "GET /?i=catch-22-major-major-major-meme-majorly-hit-the-mm-kKerWNuo HTTP/1.1" 200 6799 "-" "Mozilla/5.0 (Linux; Android 6.0.1; Nexus 5X Build/MMB29P) AppleWebKit/537.36 (KHTML, like Gecko) Chrome/126.0.6478.126 Mobile Safari/537.36 (compatible; Googlebot/2.1; +http://www.google.com/bot.html)"
66.249.70.5 - - [28/Jul/2024:00:04:06 +0200] "GET /?i=sarah-yarkin-@sarahyarkin-mm-q6qGb0ij HTTP/1.1" 200 10429 "-" "Mozilla/5.0 (Linux; Android 6.0.1; Nexus 5X Build/MMB29P) AppleWebKit/537.36 (KHTML, like Gecko) Chrome/126.0.6478.126 Mobile Safari/537.36 (compatible; Googlebot/2.1; +http://www.google.com/bot.html)"
64.43.50.152 - - [28/Jul/2024:00:04:06 +0200] "GET /?i=polka-dot-wedding-dress-editorial-london-wedding-ideas-mm-B10Rp1sV HTTP/1.1" 200 4355 "https://www.google.com/" "Mozilla/5.0 (iPhone; CPU iPhone OS 17_5_1 like Mac OS X) AppleWebKit/605.1.15 (KHTML, like Gecko) Version/17.5 Mobile/15E148 Safari/604.1"
66.249.70.6 - - [28/Jul/2024:00:04:06 +0200] "GET /?i=anne-s-bridals-west-paducah-ky-mm-YEjeAJHn HTTP/1.1" 200 6930 "-" "Mozilla/5.0 (Linux; Android 6.0.1; Nexus 5X Build/MMB29P) AppleWebKit/537.36 (KHTML, like Gecko) Chrome/126.0.6478.126 Mobile Safari/537.36 (compatible; Googlebot/2.1; +http://www.google.com/bot.html)"
66.249.70.109 - - [28/Jul/2024:00:04:06 +0200] "GET /?m=45-%CE%95%CE%9A%CE%A0%CE%9B%CE%97%CE%9A%CE%A4%CE%99%CE%9A%CE%91-%CE%BB%CF%8C%CE%B3%CE%B9%CE%B1-%CF%84%CE%BF%CF%85-%CE%9D%CE%AF%CE%BA%CE%BF%CF%85-%CE%9A%CE%B1%CE%B6%CE%B1%CE%BD%CF%84%CE%B6%CE%AC%CE%BA%CE%B7-%CF%80%CE%BF%CF%85-%CE%B8%CE%B1-%CF%86%CE%AD%CF%81%CE%BF%CF%85%CE%BD-zz-lXaN4bFv HTTP/1.1" 200 11962 "-" "Mozilla/5.0 (Linux; Android 6.0.1; Nexus 5X Build/MMB29P) AppleWebKit/537.36 (KHTML, like Gecko) Chrome/126.0.6478.126 Mobile Safari/537.36 (compatible; Googlebot/2.1; +http://www.google.com/bot.html)"
66.249.70.1 - - [28/Jul/2024:00:04:06 +0200] "GET /?i=clifton-wilton-on-x-gn15cww-arriva-bus-in-maidstone-mm-3dOwEMt6 HTTP/1.1" 200 6984 "-" "Mozilla/5.0 (Linux; Android 6.0.1; Nexus 5X Build/MMB29P) AppleWebKit/537.36 (KHTML, like Gecko) Chrome/126.0.6478.126 Mobile Safari/537.36 (compatible; Googlebot/2.1; +http://www.google.com/bot.html)"
66.249.70.3 - - [28/Jul/2024:00:04:06 +0200] "GET /en/?i=pdf]-asap7-a-7-nm-finfet-predictive-process-design-mm-PW7zWMTB HTTP/1.1" 200 10568 "-" "Mozilla/5.0 (Linux; Android 6.0.1; Nexus 5X Build/MMB29P) AppleWebKit/537.36 (KHTML, like Gecko) Chrome/126.0.6478.126 Mobile Safari/537.36 (compatible; GoogleOther)"
66.249.70.2 - - [28/Jul/2024:00:04:06 +0200] "GET /?i=pork-sung-buns-a-chinese-bakery-classic-the-woks-mm-rAj25ki4 HTTP/1.1" 200 7117 "-" "Mozilla/5.0 (Linux; Android 6.0.1; Nexus 5X Build/MMB29P) AppleWebKit/537.36 (KHTML, like Gecko) Chrome/126.0.6478.126 Mobile Safari/537.36 (compatible; Googlebot/2.1; +http://www.google.com/bot.html)"
66.249.70.8 - - [28/Jul/2024:00:04:06 +0200] "GET /?i=box-outline-1720x968-png-download-pngkit-mm-d2LQo0Se HTTP/1.1" 200 6346 "-" "Mozilla/5.0 (Linux; Android 6.0.1; Nexus 5X Build/MMB29P) AppleWebKit/537.36 (KHTML, like Gecko) Chrome/126.0.6478.126 Mobile Safari/537.36 (compatible; Googlebot/2.1; +http://www.google.com/bot.html)"
66.249.70.6 - - [28/Jul/2024:00:04:07 +0200] "GET /?i=eau-de-parfum-%E2%80%93-mixture-mm-wMPbdktk HTTP/1.1" 200 7595 "-" "Mozilla/5.0 (Linux; Android 6.0.1; Nexus 5X Build/MMB29P) AppleWebKit/537.36 (KHTML, like Gecko) Chrome/126.0.6478.126 Mobile Safari/537.36 (compatible; Googlebot/2.1; +http://www.google.com/bot.html)"
66.249.70.2 - - [28/Jul/2024:00:04:07 +0200] "GET /?i=bmw-m4-f80-m3-side-skirt-extensions-carbon-fiber-mm-wBn6X6fk HTTP/1.1" 200 11093 "-" "Mozilla/5.0 (Linux; Android 6.0.1; Nexus 5X Build/MMB29P) AppleWebKit/537.36 (KHTML, like Gecko) Chrome/126.0.6478.126 Mobile Safari/537.36 (compatible; Googlebot/2.1; +http://www.google.com/bot.html)"
66.249.70.5 - - [28/Jul/2024:00:04:07 +0200] "GET /?i=let-s-make-16-games-in-c-outrun-pseudo-mm-kk7Xoduo HTTP/1.1" 200 6487 "-" "Mozilla/5.0 (Linux; Android 6.0.1; Nexus 5X Build/MMB29P) AppleWebKit/537.36 (KHTML, like Gecko) Chrome/126.0.6478.126 Mobile Safari/537.36 (compatible; Googlebot/2.1; +http://www.google.com/bot.html)"
66.249.70.1 - - [28/Jul/2024:00:04:07 +0200] "GET /?i=friedensreich-hundertwasser-house-born-in-stockholm-dies-in-paris-mm-1V902zS7 HTTP/1.1" 200 7739 "-" "Mozilla/5.0 (Linux; Android 6.0.1; Nexus 5X Build/MMB29P) AppleWebKit/537.36 (KHTML, like Gecko) Chrome/126.0.6478.126 Mobile Safari/537.36 (compatible; Googlebot/2.1; +http://www.google.com/bot.html)"
66.249.70.4 - - [28/Jul/2024:00:04:07 +0200] "GET /?i=tractor-parts-mm-pKDrkBij HTTP/1.1" 200 7110 "-" "Mozilla/5.0 (Linux; Android 6.0.1; Nexus 5X Build/MMB29P) AppleWebKit/537.36 (KHTML, like Gecko) Chrome/126.0.6478.126 Mobile Safari/537.36 (compatible; Googlebot/2.1; +http://www.google.com/bot.html)"
66.249.70.5 - - [28/Jul/2024:00:04:07 +0200] "GET /?i=to-sand-or-not-to-sand-that-is-my-mm-EdVVVOH3 HTTP/1.1" 200 7414 "-" "Mozilla/5.0 (Linux; Android 6.0.1; Nexus 5X Build/MMB29P) AppleWebKit/537.36 (KHTML, like Gecko) Chrome/126.0.6478.126 Mobile Safari/537.36 (compatible; Googlebot/2.1; +http://www.google.com/bot.html)"
66.249.70.5 - - [28/Jul/2024:00:04:07 +0200] "GET /?i=el-sid-brushless-water-circulating-pumps-solar-power-dc-mm-bn0ExhX HTTP/1.1" 200 7277 "-" "Mozilla/5.0 (Linux; Android 6.0.1; Nexus 5X Build/MMB29P) AppleWebKit/537.36 (KHTML, like Gecko) Chrome/126.0.6478.126 Mobile Safari/537.36 (compatible; Googlebot/2.1; +http://www.google.com/bot.html)"
66.249.70.4 - - [28/Jul/2024:00:04:07 +0200] "GET /?i=cookermore-high-pressure-protect-mini-portable-gas-geyser-instant-mm-mopbLGfX HTTP/1.1" 200 7848 "-" "Mozilla/5.0 (Linux; Android 6.0.1; Nexus 5X Build/MMB29P) AppleWebKit/537.36 (KHTML, like Gecko) Chrome/126.0.6478.126 Mobile Safari/537.36 (compatible; Googlebot/2.1; +http://www.google.com/bot.html)"
46.219.134.166 - - [28/Jul/2024:00:04:07 +0200] "GET /?i=prime-video-pinkfong-car-songs-spanish-version-mm-D7vQY5ik HTTP/1.1" 200 4356 "https://www.google.com/" "Mozilla/5.0 (Linux; Android 10; K) AppleWebKit/537.36 (KHTML, like Gecko) Chrome/126.0.0.0 Mobile Safari/537.36"
66.249.70.4 - - [28/Jul/2024:00:04:07 +0200] "GET /?i=best-large-schrader-wood-stove-for-sale-mm-5gBXjHm HTTP/1.1" 200 10955 "-" "Mozilla/5.0 (Linux; Android 6.0.1; Nexus 5X Build/MMB29P) AppleWebKit/537.36 (KHTML, like Gecko) Chrome/126.0.6478.126 Mobile Safari/537.36 (compatible; Googlebot/2.1; +http://www.google.com/bot.html)"
66.249.70.7 - - [28/Jul/2024:00:04:07 +0200] "GET /?i=tripp-lite-wallmount-rack-enclosure-3u-vertical-low-profile-mm-Ko9YQahN HTTP/1.1" 200 7186 "-" "Mozilla/5.0 (Linux; Android 6.0.1; Nexus 5X Build/MMB29P) AppleWebKit/537.36 (KHTML, like Gecko) Chrome/126.0.6478.126 Mobile Safari/537.36 (compatible; Googlebot/2.1; +http://www.google.com/bot.html)"
66.249.70.5 - - [28/Jul/2024:00:04:07 +0200] "GET /?i=hunter-x-hunter-371-lost-in-anime-mm-1ow5kvF7 HTTP/1.1" 200 6936 "-" "Mozilla/5.0 (Linux; Android 6.0.1; Nexus 5X Build/MMB29P) AppleWebKit/537.36 (KHTML, like Gecko) Chrome/126.0.6478.126 Mobile Safari/537.36 (compatible; Googlebot/2.1; +http://www.google.com/bot.html)"
66.249.70.6 - - [28/Jul/2024:00:04:07 +0200] "GET /ru/?i=how-famous-uk-landmarks-would-look-if-they-were-mm-0vYAPDHx HTTP/1.1" 200 7708 "-" "Mozilla/5.0 (Linux; Android 6.0.1; Nexus 5X Build/MMB29P) AppleWebKit/537.36 (KHTML, like Gecko) Chrome/126.0.6478.126 Mobile Safari/537.36 (compatible; Googlebot/2.1; +http://www.google.com/bot.html)"
66.249.70.7 - - [28/Jul/2024:00:04:07 +0200] "GET /?i=know-what-these-different-dals-are-called-in-english-mm-bB4Vn0cX HTTP/1.1" 200 7189 "-" "Mozilla/5.0 (Linux; Android 6.0.1; Nexus 5X Build/MMB29P) AppleWebKit/537.36 (KHTML, like Gecko) Chrome/126.0.6478.126 Mobile Safari/537.36 (compatible; Googlebot/2.1; +http://www.google.com/bot.html)"
66.249.70.8 - - [28/Jul/2024:00:04:08 +0200] "GET /?i=restored-hp-5800-twr-desktop-pc-with-intel-core-mm-5oK2PYum HTTP/1.1" 200 7760 "-" "Mozilla/5.0 (Linux; Android 6.0.1; Nexus 5X Build/MMB29P) AppleWebKit/537.36 (KHTML, like Gecko) Chrome/126.0.6478.126 Mobile Safari/537.36 (compatible; Googlebot/2.1; +http://www.google.com/bot.html)"
66.249.70.4 - - [28/Jul/2024:00:04:08 +0200] "GET /?i=is-77-kg-very-bad-for-a-16-yr-mm-O2POaBFX HTTP/1.1" 200 7168 "-" "Mozilla/5.0 (Linux; Android 6.0.1; Nexus 5X Build/MMB29P) AppleWebKit/537.36 (KHTML, like Gecko) Chrome/126.0.6478.126 Mobile Safari/537.36 (compatible; Googlebot/2.1; +http://www.google.com/bot.html)"
66.249.70.7 - - [28/Jul/2024:00:04:08 +0200] "GET /it/?i=xg-grl-gvng-wallpapers-r-xgalx-mm-ngPxo6UE HTTP/1.1" 200 7284 "-" "Mozilla/5.0 (Linux; Android 6.0.1; Nexus 5X Build/MMB29P) AppleWebKit/537.36 (KHTML, like Gecko) Chrome/126.0.6478.126 Mobile Safari/537.36 (compatible; Googlebot/2.1; +http://www.google.com/bot.html)"
66.249.70.5 - - [28/Jul/2024:00:04:08 +0200] "GET /?i=orange-mazda-rx-7-wallpaper-gif-cool-lively-free-mm-1zwvbPf7 HTTP/1.1" 200 6940 "-" "Mozilla/5.0 (Linux; Android 6.0.1; Nexus 5X Build/MMB29P) AppleWebKit/537.36 (KHTML, like Gecko) Chrome/126.0.6478.126 Mobile Safari/537.36 (compatible; Googlebot/2.1; +http://www.google.com/bot.html)"
66.249.70.2 - - [28/Jul/2024:00:04:08 +0200] "GET /?i=25-pomodoro-timer-hours-study-no-music-study-for-mm-XQ15bRtX HTTP/1.1" 200 6734 "-" "Mozilla/5.0 (Linux; Android 6.0.1; Nexus 5X Build/MMB29P) AppleWebKit/537.36 (KHTML, like Gecko) Chrome/126.0.6478.126 Mobile Safari/537.36 (compatible; Googlebot/2.1; +http://www.google.com/bot.html)"
66.249.70.4 - - [28/Jul/2024:00:04:08 +0200] "GET /?i=september-14-1984-the-very-first-mtv-video-music-mm-a5bKkjtN HTTP/1.1" 200 7970 "-" "Mozilla/5.0 (Linux; Android 6.0.1; Nexus 5X Build/MMB29P) AppleWebKit/537.36 (KHTML, like Gecko) Chrome/126.0.6478.126 Mobile Safari/537.36 (compatible; Googlebot/2.1; +http://www.google.com/bot.html)"
89.155.104.116 - - [28/Jul/2024:00:04:08 +0200] "GET /it/?i=blue-alpha-gear-low-profile-edc-belt-big-tex-mm-do6XgNCe HTTP/1.1" 200 4355 "https://www.google.com/" "Mozilla/5.0 (X11; Linux x86_64) AppleWebKit/537.36 (KHTML, like Gecko) Chrome/126.0.0.0 Safari/537.36"
201.214.219.241 - - [28/Jul/2024:00:04:08 +0200] "GET /it/?i=50+-problemas-de-matem%C3%A1ticas-hojas-de-trabajo-para-grado-mm-Kb2nokSN HTTP/1.1" 200 1097 "https://www.google.com/" "Mozilla/5.0 (Linux; Android 10; K) AppleWebKit/537.36 (KHTML, like Gecko) Chrome/127.0.0.0 Mobile Safari/537.36"
66.249.70.8 - - [28/Jul/2024:00:04:08 +0200] "GET /tr/?i=lady-popular-fashion-arena-international-play-now-available-on-mm-RBpaXwu5 HTTP/1.1" 200 6891 "-" "Mozilla/5.0 (Linux; Android 6.0.1; Nexus 5X Build/MMB29P) AppleWebKit/537.36 (KHTML, like Gecko) Chrome/126.0.6478.126 Mobile Safari/537.36 (compatible; Googlebot/2.1; +http://www.google.com/bot.html)"
66.249.70.109 - - [28/Jul/2024:00:04:08 +0200] "GET /?m=jpg-to-pdf-convert-your-images-to-pdfs-online-zz-xLXr1KS1 HTTP/1.1" 200 10669 "-" "Mozilla/5.0 (Linux; Android 6.0.1; Nexus 5X Build/MMB29P) AppleWebKit/537.36 (KHTML, like Gecko) Chrome/126.0.6478.126 Mobile Safari/537.36 (compatible; GoogleOther)"
66.249.70.1 - - [28/Jul/2024:00:04:08 +0200] "GET /?i=wallpaper-wall-stickers-3d-wood-grain-vinyl-self-adhesive-mm-mLDP0WTX HTTP/1.1" 200 7946 "-" "Mozilla/5.0 (Linux; Android 6.0.1; Nexus 5X Build/MMB29P) AppleWebKit/537.36 (KHTML, like Gecko) Chrome/126.0.6478.126 Mobile Safari/537.36 (compatible; Googlebot/2.1; +http://www.google.com/bot.html)"
110.144.193.150 - - [28/Jul/2024:00:04:08 +0200] "GET /?i=happy-birthday-in-heaven-wish-you-happy-birthday-images-mm-LrqY5zFd HTTP/1.1" 200 4354 "https://www.google.com/" "Mozilla/5.0 (iPhone; CPU iPhone OS 17_5_1 like Mac OS X) AppleWebKit/605.1.15 (KHTML, like Gecko) Version/17.5 Mobile/15E148 Safari/604.1"
84.15.190.125 - - [28/Jul/2024:00:04:08 +0200] "GET /?i=file-1996-toyota-curren-xs-4at-3s-fe-wikipedia-mm-qLg9Erfj HTTP/1.1" 200 4354 "https://www.google.com/" "Mozilla/5.0 (Linux; Android 10; K) AppleWebKit/537.36 (KHTML, like Gecko) Chrome/126.0.0.0 Mobile Safari/537.36"
207.46.13.54 - - [28/Jul/2024:00:04:09 +0200] "GET /?i=fundwave-interview-questions-m-bW63XDUX HTTP/1.1" 200 8536 "-" "Mozilla/5.0 AppleWebKit/537.36 (KHTML, like Gecko; compatible; bingbot/2.0; +http://www.bing.com/bingbot.htm) Chrome/116.0.1938.76 Safari/537.36"
66.249.70.1 - - [28/Jul/2024:00:04:09 +0200] "GET /?i=buy-royal-blue-large-luffy-one-piece-t-shirt-mm-XYB3q6IX HTTP/1.1" 200 6909 "-" "Mozilla/5.0 (Linux; Android 6.0.1; Nexus 5X Build/MMB29P) AppleWebKit/537.36 (KHTML, like Gecko) Chrome/126.0.6478.126 Mobile Safari/537.36 (compatible; Googlebot/2.1; +http://www.google.com/bot.html)"
66.249.70.8 - - [28/Jul/2024:00:04:09 +0200] "GET /?i=blue-red-sports-jersey-template-for-team-uniforms-and-mm-E66L6u3 HTTP/1.1" 200 11793 "-" "Mozilla/5.0 (Linux; Android 6.0.1; Nexus 5X Build/MMB29P) AppleWebKit/537.36 (KHTML, like Gecko) Chrome/126.0.6478.126 Mobile Safari/537.36 (compatible; Googlebot/2.1; +http://www.google.com/bot.html)"
66.249.70.7 - - [28/Jul/2024:00:04:09 +0200] "GET /?i=the-swarmlord-mm-Y0RRbdfn HTTP/1.1" 200 7363 "-" "Mozilla/5.0 (Linux; Android 6.0.1; Nexus 5X Build/MMB29P) AppleWebKit/537.36 (KHTML, like Gecko) Chrome/126.0.6478.126 Mobile Safari/537.36 (compatible; Googlebot/2.1; +http://www.google.com/bot.html)"
66.249.70.6 - - [28/Jul/2024:00:04:09 +0200] "GET /?i=tesol-quarterly-vol-54-no-mm-60XxJ4iN HTTP/1.1" 200 7277 "-" "Mozilla/5.0 (Linux; Android 6.0.1; Nexus 5X Build/MMB29P) AppleWebKit/537.36 (KHTML, like Gecko) Chrome/126.0.6478.126 Mobile Safari/537.36 (compatible; Googlebot/2.1; +http://www.google.com/bot.html)"
37.119.13.129 - - [28/Jul/2024:00:04:08 +0200] "GET /?i=twiga-beach-a-savelletri-nulla-di-fatto-per-la-mm-zbNNgKF5 HTTP/1.1" 200 5802 "-" "Mozilla/5.0 (iPhone; CPU iPhone OS 17_5_1 like Mac OS X) AppleWebKit/605.1.15 (KHTML, like Gecko) Version/17.5 Mobile/15E148 Safari/604.1"
217.113.194.87 - - [28/Jul/2024:00:04:09 +0200] "GET /de/initiative/42-il-dialogo-interculturale--le-sfide-della-teoria--della-pratica-e-della-ricerca---p--holmes--2014-.html HTTP/1.1" 200 2488 "-" "Mozilla/5.0 (compatible; Barkrowler/0.9; +https://babbar.tech/crawler)"
66.249.70.2 - - [28/Jul/2024:00:04:09 +0200] "GET /ru/?i=hogwarts-legacy-revelio-room%EF%BD%9Cwyszukiwanie-na-tiktoku-mm-Qm1Pq9tX HTTP/1.1" 200 7741 "-" "Mozilla/5.0 (Linux; Android 6.0.1; Nexus 5X Build/MMB29P) AppleWebKit/537.36 (KHTML, like Gecko) Chrome/126.0.6478.126 Mobile Safari/537.36 (compatible; Googlebot/2.1; +http://www.google.com/bot.html)"
66.249.70.3 - - [28/Jul/2024:00:04:09 +0200] "GET /?i=my-attempt-at-redesigning-the-malaysian-flag-r-vexillology-mm-2zpJvzcj HTTP/1.1" 200 6820 "-" "Mozilla/5.0 (Linux; Android 6.0.1; Nexus 5X Build/MMB29P) AppleWebKit/537.36 (KHTML, like Gecko) Chrome/126.0.6478.126 Mobile Safari/537.36 (compatible; Googlebot/2.1; +http://www.google.com/bot.html)"
66.249.70.6 - - [28/Jul/2024:00:04:09 +0200] "GET /?i=best-pain-killer-tablets-pakistan-pakistan-wafadar-inshallah-tiktok-mm-k2oXRkco HTTP/1.1" 200 10573 "-" "Mozilla/5.0 (Linux; Android 6.0.1; Nexus 5X Build/MMB29P) AppleWebKit/537.36 (KHTML, like Gecko) Chrome/126.0.6478.126 Mobile Safari/537.36 (compatible; Googlebot/2.1; +http://www.google.com/bot.html)"
136.243.228.194 - - [28/Jul/2024:00:04:09 +0200] "GET /?i=oppo-a12-4-64gb-official-new-singapur-telecom-facebook-mm-JxbdGBu1 HTTP/1.1" 200 1816 "-" "Mozilla/5.0 (compatible; DataForSeoBot/1.0; +https://dataforseo.com/dataforseo-bot)"
66.249.70.1 - - [28/Jul/2024:00:04:09 +0200] "GET /?i=jj-in-the-green-shirt-ignore-the-glitch-idk-mm-V2nRgnt6 HTTP/1.1" 200 7267 "-" "Mozilla/5.0 (Linux; Android 6.0.1; Nexus 5X Build/MMB29P) AppleWebKit/537.36 (KHTML, like Gecko) Chrome/126.0.6478.126 Mobile Safari/537.36 (compatible; Googlebot/2.1; +http://www.google.com/bot.html)"
66.249.70.6 - - [28/Jul/2024:00:04:09 +0200] "GET /?i=knit-hats-mm-amQXgwHN HTTP/1.1" 200 7321 "-" "Mozilla/5.0 (Linux; Android 6.0.1; Nexus 5X Build/MMB29P) AppleWebKit/537.36 (KHTML, like Gecko) Chrome/126.0.6478.126 Mobile Safari/537.36 (compatible; Googlebot/2.1; +http://www.google.com/bot.html)"
66.249.70.1 - - [28/Jul/2024:00:04:09 +0200] "GET /?i=fetus-with-two-months-royalty-free-vector-image-mm-n2zBartE HTTP/1.1" 200 6463 "-" "Mozilla/5.0 (Linux; Android 6.0.1; Nexus 5X Build/MMB29P) AppleWebKit/537.36 (KHTML, like Gecko) Chrome/126.0.6478.126 Mobile Safari/537.36 (compatible; Googlebot/2.1; +http://www.google.com/bot.html)"
66.249.70.5 - - [28/Jul/2024:00:04:09 +0200] "GET /?i=cool-school-digital-art-by-hashtagblank-clothing-fine-art-mm-RBKDppC5 HTTP/1.1" 200 7258 "-" "Mozilla/5.0 (Linux; Android 6.0.1; Nexus 5X Build/MMB29P) AppleWebKit/537.36 (KHTML, like Gecko) Chrome/126.0.6478.126 Mobile Safari/537.36 (compatible; Googlebot/2.1; +http://www.google.com/bot.html)"
66.249.70.8 - - [28/Jul/2024:00:04:09 +0200] "GET /?i=100-white-and-gold-wallpapers-mm-PnJwpJcB HTTP/1.1" 200 6931 "-" "Mozilla/5.0 (Linux; Android 6.0.1; Nexus 5X Build/MMB29P) AppleWebKit/537.36 (KHTML, like Gecko) Chrome/126.0.6478.126 Mobile Safari/537.36 (compatible; Googlebot/2.1; +http://www.google.com/bot.html)"
66.249.70.3 - - [28/Jul/2024:00:04:10 +0200] "GET /?i=top-south-movie-imdb-2023-india-south-new-movie-mm-4jJw26H6 HTTP/1.1" 200 7224 "-" "Mozilla/5.0 (Linux; Android 6.0.1; Nexus 5X Build/MMB29P) AppleWebKit/537.36 (KHTML, like Gecko) Chrome/126.0.6478.126 Mobile Safari/537.36 (compatible; Googlebot/2.1; +http://www.google.com/bot.html)"
207.46.13.54 - - [28/Jul/2024:00:04:09 +0200] "GET /?s=rspb-visitor-center-loch-lomond-architecture-floor-plans-visitor-mm-MNRDK7co HTTP/1.1" 200 7703 "-" "Mozilla/5.0 AppleWebKit/537.36 (KHTML, like Gecko; compatible; bingbot/2.0; +http://www.bing.com/bingbot.htm) Chrome/116.0.1938.76 Safari/537.36"
